{"id":62199,"date":"2026-04-15T11:24:57","date_gmt":"2026-04-15T09:24:57","guid":{"rendered":"https:\/\/ironsky.pl\/sklep\/produkt\/platforma-robocza-anycubic-do-photon-mono-m7-pro-m7\/"},"modified":"2026-04-22T02:23:23","modified_gmt":"2026-04-22T00:23:23","slug":"platforma-robocza-anycubic-do-photon-mono-m7-pro-m7","status":"publish","type":"product","link":"https:\/\/ironsky.pl\/sklep\/produkt\/platforma-robocza-anycubic-do-photon-mono-m7-pro-m7\/","title":{"rendered":"Platforma robocza Anycubic do Photon Mono M7 Pro\/M7"},"content":{"rendered":"<h3>Platforma robocza Anycubic do Photon Mono M7 Pro\/M7<\/h3>\n<p>Platforma robocza Anycubic przeznaczona do modeli Photon Mono M7 Pro oraz M7 to solidne i praktyczne rozwi\u0105zanie, kt\u00f3re u\u0142atwia codzienn\u0105 prac\u0119 z drukark\u0105 3D. Dzi\u0119ki laserowo grawerowanej powierzchni zapewnia lepsz\u0105 przyczepno\u015b\u0107 wydruk\u00f3w, co zmniejsza ryzyko ich odklejania si\u0119 w trakcie procesu i przek\u0142ada si\u0119 na wi\u0119ksz\u0105 skuteczno\u015b\u0107 drukowania. Konstrukcja w czarnym kolorze jest estetyczna i odporna na zabrudzenia, a odpowiednio dobrane wymiary oraz waga sprawiaj\u0105, \u017ce platforma jest stabilna, a jednocze\u015bnie wygodna w monta\u017cu i obs\u0142udze.<\/p>\n<p>\n<img decoding=\"async\" src=\"https:\/\/assets.innpro.pl\/20808\/27633\/1.jpg\" border=\"0\" alt=\"Czarna platforma robocza Anycubic o g\u0142adkiej, p\u0142askiej powierzchni z uchwytem mocuj\u0105cym u g\u00f3ry.\" \/>\n<\/p>\n<div class=\"table-wrapper\">\n<p>\u00a0<\/p>\n<h3><\/h3>\n<table>\n<tbody>\n<tr>\n<th>Producent<\/th>\n<td>Anycubic<\/td>\n<\/tr>\n<tr>\n<th>Wymiary<\/th>\n<td>275 \u00d7 173 \u00d7 102 mm<\/td>\n<\/tr>\n<tr>\n<th>Waga<\/th>\n<td>922 g<\/td>\n<\/tr>\n<tr>\n<th>Kompatybilno\u015b\u0107<\/th>\n<td>Anycubic Photon Mono M7 Pro, Anycubic Photon Mono M7<\/td>\n<\/tr>\n<tr>\n<th>Powierzchnia<\/th>\n<td>Laserowo grawerowana<\/td>\n<\/tr>\n<tr><\/tr>\n<\/tbody>\n<\/table>\n<\/div>\n","protected":false},"excerpt":{"rendered":"<p>Platforma robocza Anycubic do Photon Mono M7 Pro\/M7 Platforma robocza Anycubic przeznaczona do modeli Photon Mono M7 Pro oraz M7<\/p>\n","protected":false},"featured_media":62200,"comment_status":"closed","ping_status":"open","template":"","meta":{"_acf_changed":false},"product_brand":[],"product_cat":[6226,6222,6217],"product_tag":[],"class_list":{"0":"post-62199","1":"product","2":"type-product","3":"status-publish","4":"has-post-thumbnail","6":"product_cat-akcesoria-do-drukarek-3d","7":"product_cat-druk-3d-technologie-kreatywne","8":"product_cat-technologie-kreatywne","9":"pa_okres-gwarancji-5757","10":"pa_producent-anycubic","12":"first","13":"outofstock","14":"taxable","15":"shipping-taxable","16":"purchasable","17":"product-type-simple"},"acf":[],"yoast_head":"<!-- This site is optimized with the Yoast SEO plugin v27.2 - https:\/\/yoast.com\/product\/yoast-seo-wordpress\/ -->\n<title>Platforma robocza Anycubic do Photon Mono M7 Pro\/M7 - IRONSKY.PL Sklep z Dronami<\/title>\n<meta name=\"description\" content=\"Platforma robocza Anycubic do Photon Mono M7 Pro\/M7 - \u2705 sklep z dronami i fachowym doradztwem. \u2705 Tutaj kupisz produkty DJI, Yuneec, Parrot, Syma i wiele innych, a tak\u017ce kursy i licencje na operatora drona.\" \/>\n<meta name=\"robots\" content=\"index, follow, max-snippet:-1, max-image-preview:large, max-video-preview:-1\" \/>\n<link rel=\"canonical\" href=\"https:\/\/ironsky.pl\/sklep\/produkt\/platforma-robocza-anycubic-do-photon-mono-m7-pro-m7\/\" \/>\n<meta property=\"og:locale\" content=\"pl_PL\" \/>\n<meta property=\"og:type\" content=\"article\" \/>\n<meta property=\"og:title\" content=\"Platforma robocza Anycubic do Photon Mono M7 Pro\/M7 - IRONSKY.PL Sklep z Dronami\" \/>\n<meta property=\"og:description\" content=\"Platforma robocza Anycubic do Photon Mono M7 Pro\/M7 - \u2705 sklep z dronami i fachowym doradztwem. \u2705 Tutaj kupisz produkty DJI, Yuneec, Parrot, Syma i wiele innych, a tak\u017ce kursy i licencje na operatora drona.\" \/>\n<meta property=\"og:url\" content=\"https:\/\/ironsky.pl\/sklep\/produkt\/platforma-robocza-anycubic-do-photon-mono-m7-pro-m7\/\" \/>\n<meta property=\"og:site_name\" content=\"IRONSKY.PL Sklep z Dronami\" \/>\n<meta property=\"article:modified_time\" content=\"2026-04-22T00:23:23+00:00\" \/>\n<meta property=\"og:image\" content=\"https:\/\/ironsky.pl\/sklep\/wp-content\/uploads\/2026\/04\/59658_2.jpg\" \/>\n\t<meta property=\"og:image:width\" content=\"800\" \/>\n\t<meta property=\"og:image:height\" content=\"800\" \/>\n\t<meta property=\"og:image:type\" content=\"image\/jpeg\" \/>\n<meta name=\"twitter:card\" content=\"summary_large_image\" \/>\n<meta name=\"twitter:label1\" content=\"Szacowany czas czytania\" \/>\n\t<meta name=\"twitter:data1\" content=\"1 minuta\" \/>\n<script type=\"application\/ld+json\" class=\"yoast-schema-graph\">{\"@context\":\"https:\/\/schema.org\",\"@graph\":[{\"@type\":\"WebPage\",\"@id\":\"https:\/\/ironsky.pl\/sklep\/produkt\/platforma-robocza-anycubic-do-photon-mono-m7-pro-m7\/\",\"url\":\"https:\/\/ironsky.pl\/sklep\/produkt\/platforma-robocza-anycubic-do-photon-mono-m7-pro-m7\/\",\"name\":\"Platforma robocza Anycubic do Photon Mono M7 Pro\/M7 - IRONSKY.PL Sklep z Dronami\",\"isPartOf\":{\"@id\":\"https:\/\/ironsky.pl\/sklep\/#website\"},\"primaryImageOfPage\":{\"@id\":\"https:\/\/ironsky.pl\/sklep\/produkt\/platforma-robocza-anycubic-do-photon-mono-m7-pro-m7\/#primaryimage\"},\"image\":{\"@id\":\"https:\/\/ironsky.pl\/sklep\/produkt\/platforma-robocza-anycubic-do-photon-mono-m7-pro-m7\/#primaryimage\"},\"thumbnailUrl\":\"https:\/\/ironsky.pl\/sklep\/wp-content\/uploads\/2026\/04\/59658_2.jpg\",\"datePublished\":\"2026-04-15T09:24:57+00:00\",\"dateModified\":\"2026-04-22T00:23:23+00:00\",\"description\":\"Platforma robocza Anycubic do Photon Mono M7 Pro\/M7 - \u2705 sklep z dronami i fachowym doradztwem. \u2705 Tutaj kupisz produkty DJI, Yuneec, Parrot, Syma i wiele innych, a tak\u017ce kursy i licencje na operatora drona.\",\"breadcrumb\":{\"@id\":\"https:\/\/ironsky.pl\/sklep\/produkt\/platforma-robocza-anycubic-do-photon-mono-m7-pro-m7\/#breadcrumb\"},\"inLanguage\":\"pl-PL\",\"potentialAction\":[{\"@type\":\"ReadAction\",\"target\":[\"https:\/\/ironsky.pl\/sklep\/produkt\/platforma-robocza-anycubic-do-photon-mono-m7-pro-m7\/\"]}]},{\"@type\":\"ImageObject\",\"inLanguage\":\"pl-PL\",\"@id\":\"https:\/\/ironsky.pl\/sklep\/produkt\/platforma-robocza-anycubic-do-photon-mono-m7-pro-m7\/#primaryimage\",\"url\":\"https:\/\/ironsky.pl\/sklep\/wp-content\/uploads\/2026\/04\/59658_2.jpg\",\"contentUrl\":\"https:\/\/ironsky.pl\/sklep\/wp-content\/uploads\/2026\/04\/59658_2.jpg\",\"width\":800,\"height\":800},{\"@type\":\"BreadcrumbList\",\"@id\":\"https:\/\/ironsky.pl\/sklep\/produkt\/platforma-robocza-anycubic-do-photon-mono-m7-pro-m7\/#breadcrumb\",\"itemListElement\":[{\"@type\":\"ListItem\",\"position\":1,\"name\":\"Strona g\u0142\u00f3wna\",\"item\":\"https:\/\/ironsky.pl\/sklep\/\"},{\"@type\":\"ListItem\",\"position\":2,\"name\":\"Wszystkie produkty\",\"item\":\"https:\/\/ironsky.pl\/sklep\/produkty\/\"},{\"@type\":\"ListItem\",\"position\":3,\"name\":\"Platforma robocza Anycubic do Photon Mono M7 Pro\/M7\"}]},{\"@type\":\"WebSite\",\"@id\":\"https:\/\/ironsky.pl\/sklep\/#website\",\"url\":\"https:\/\/ironsky.pl\/sklep\/\",\"name\":\"IRONSKY.PL Sklep z Dronami\",\"description\":\"IRONSKY.PL Sklep z Dronami\",\"potentialAction\":[{\"@type\":\"SearchAction\",\"target\":{\"@type\":\"EntryPoint\",\"urlTemplate\":\"https:\/\/ironsky.pl\/sklep\/?s={search_term_string}\"},\"query-input\":{\"@type\":\"PropertyValueSpecification\",\"valueRequired\":true,\"valueName\":\"search_term_string\"}}],\"inLanguage\":\"pl-PL\"}]}<\/script>\n<!-- \/ Yoast SEO plugin. -->","yoast_head_json":{"title":"Platforma robocza Anycubic do Photon Mono M7 Pro\/M7 - IRONSKY.PL Sklep z Dronami","description":"Platforma robocza Anycubic do Photon Mono M7 Pro\/M7 - \u2705 sklep z dronami i fachowym doradztwem. \u2705 Tutaj kupisz produkty DJI, Yuneec, Parrot, Syma i wiele innych, a tak\u017ce kursy i licencje na operatora drona.","robots":{"index":"index","follow":"follow","max-snippet":"max-snippet:-1","max-image-preview":"max-image-preview:large","max-video-preview":"max-video-preview:-1"},"canonical":"https:\/\/ironsky.pl\/sklep\/produkt\/platforma-robocza-anycubic-do-photon-mono-m7-pro-m7\/","og_locale":"pl_PL","og_type":"article","og_title":"Platforma robocza Anycubic do Photon Mono M7 Pro\/M7 - IRONSKY.PL Sklep z Dronami","og_description":"Platforma robocza Anycubic do Photon Mono M7 Pro\/M7 - \u2705 sklep z dronami i fachowym doradztwem. \u2705 Tutaj kupisz produkty DJI, Yuneec, Parrot, Syma i wiele innych, a tak\u017ce kursy i licencje na operatora drona.","og_url":"https:\/\/ironsky.pl\/sklep\/produkt\/platforma-robocza-anycubic-do-photon-mono-m7-pro-m7\/","og_site_name":"IRONSKY.PL Sklep z Dronami","article_modified_time":"2026-04-22T00:23:23+00:00","og_image":[{"width":800,"height":800,"url":"https:\/\/ironsky.pl\/sklep\/wp-content\/uploads\/2026\/04\/59658_2.jpg","type":"image\/jpeg"}],"twitter_card":"summary_large_image","twitter_misc":{"Szacowany czas czytania":"1 minuta"},"schema":{"@context":"https:\/\/schema.org","@graph":[{"@type":"WebPage","@id":"https:\/\/ironsky.pl\/sklep\/produkt\/platforma-robocza-anycubic-do-photon-mono-m7-pro-m7\/","url":"https:\/\/ironsky.pl\/sklep\/produkt\/platforma-robocza-anycubic-do-photon-mono-m7-pro-m7\/","name":"Platforma robocza Anycubic do Photon Mono M7 Pro\/M7 - IRONSKY.PL Sklep z Dronami","isPartOf":{"@id":"https:\/\/ironsky.pl\/sklep\/#website"},"primaryImageOfPage":{"@id":"https:\/\/ironsky.pl\/sklep\/produkt\/platforma-robocza-anycubic-do-photon-mono-m7-pro-m7\/#primaryimage"},"image":{"@id":"https:\/\/ironsky.pl\/sklep\/produkt\/platforma-robocza-anycubic-do-photon-mono-m7-pro-m7\/#primaryimage"},"thumbnailUrl":"https:\/\/ironsky.pl\/sklep\/wp-content\/uploads\/2026\/04\/59658_2.jpg","datePublished":"2026-04-15T09:24:57+00:00","dateModified":"2026-04-22T00:23:23+00:00","description":"Platforma robocza Anycubic do Photon Mono M7 Pro\/M7 - \u2705 sklep z dronami i fachowym doradztwem. \u2705 Tutaj kupisz produkty DJI, Yuneec, Parrot, Syma i wiele innych, a tak\u017ce kursy i licencje na operatora drona.","breadcrumb":{"@id":"https:\/\/ironsky.pl\/sklep\/produkt\/platforma-robocza-anycubic-do-photon-mono-m7-pro-m7\/#breadcrumb"},"inLanguage":"pl-PL","potentialAction":[{"@type":"ReadAction","target":["https:\/\/ironsky.pl\/sklep\/produkt\/platforma-robocza-anycubic-do-photon-mono-m7-pro-m7\/"]}]},{"@type":"ImageObject","inLanguage":"pl-PL","@id":"https:\/\/ironsky.pl\/sklep\/produkt\/platforma-robocza-anycubic-do-photon-mono-m7-pro-m7\/#primaryimage","url":"https:\/\/ironsky.pl\/sklep\/wp-content\/uploads\/2026\/04\/59658_2.jpg","contentUrl":"https:\/\/ironsky.pl\/sklep\/wp-content\/uploads\/2026\/04\/59658_2.jpg","width":800,"height":800},{"@type":"BreadcrumbList","@id":"https:\/\/ironsky.pl\/sklep\/produkt\/platforma-robocza-anycubic-do-photon-mono-m7-pro-m7\/#breadcrumb","itemListElement":[{"@type":"ListItem","position":1,"name":"Strona g\u0142\u00f3wna","item":"https:\/\/ironsky.pl\/sklep\/"},{"@type":"ListItem","position":2,"name":"Wszystkie produkty","item":"https:\/\/ironsky.pl\/sklep\/produkty\/"},{"@type":"ListItem","position":3,"name":"Platforma robocza Anycubic do Photon Mono M7 Pro\/M7"}]},{"@type":"WebSite","@id":"https:\/\/ironsky.pl\/sklep\/#website","url":"https:\/\/ironsky.pl\/sklep\/","name":"IRONSKY.PL Sklep z Dronami","description":"IRONSKY.PL Sklep z Dronami","potentialAction":[{"@type":"SearchAction","target":{"@type":"EntryPoint","urlTemplate":"https:\/\/ironsky.pl\/sklep\/?s={search_term_string}"},"query-input":{"@type":"PropertyValueSpecification","valueRequired":true,"valueName":"search_term_string"}}],"inLanguage":"pl-PL"}]}},"_links":{"self":[{"href":"https:\/\/ironsky.pl\/sklep\/wp-json\/wp\/v2\/product\/62199","targetHints":{"allow":["GET"]}}],"collection":[{"href":"https:\/\/ironsky.pl\/sklep\/wp-json\/wp\/v2\/product"}],"about":[{"href":"https:\/\/ironsky.pl\/sklep\/wp-json\/wp\/v2\/types\/product"}],"replies":[{"embeddable":true,"href":"https:\/\/ironsky.pl\/sklep\/wp-json\/wp\/v2\/comments?post=62199"}],"wp:featuredmedia":[{"embeddable":true,"href":"https:\/\/ironsky.pl\/sklep\/wp-json\/wp\/v2\/media\/62200"}],"wp:attachment":[{"href":"https:\/\/ironsky.pl\/sklep\/wp-json\/wp\/v2\/media?parent=62199"}],"wp:term":[{"taxonomy":"product_brand","embeddable":true,"href":"https:\/\/ironsky.pl\/sklep\/wp-json\/wp\/v2\/product_brand?post=62199"},{"taxonomy":"product_cat","embeddable":true,"href":"https:\/\/ironsky.pl\/sklep\/wp-json\/wp\/v2\/product_cat?post=62199"},{"taxonomy":"product_tag","embeddable":true,"href":"https:\/\/ironsky.pl\/sklep\/wp-json\/wp\/v2\/product_tag?post=62199"}],"curies":[{"name":"wp","href":"https:\/\/api.w.org\/{rel}","templated":true}]}}