{"id":61647,"date":"2026-04-15T11:19:47","date_gmt":"2026-04-15T09:19:47","guid":{"rendered":"https:\/\/ironsky.pl\/sklep\/produkt\/mini-pc-geekom-it15-intel-core-ultra-9-285h-32gb-1tb-win-11-pro\/"},"modified":"2026-04-15T11:19:51","modified_gmt":"2026-04-15T09:19:51","slug":"mini-pc-geekom-it15-intel-core-ultra-9-285h-32gb-1tb-win-11-pro","status":"publish","type":"product","link":"https:\/\/ironsky.pl\/sklep\/produkt\/mini-pc-geekom-it15-intel-core-ultra-9-285h-32gb-1tb-win-11-pro\/","title":{"rendered":"Mini PC GEEKOM IT15 Intel\u00ae Core\u2122 Ultra 9 285H 32GB 1TB + Win 11 Pro"},"content":{"rendered":"<h3>Mini PC GEEKOM IT15 Intel\u00ae Core\u2122 Ultra 9 285H 32GB 1TB + Win 11 Pro<\/h3>\n<p>GEEKOM IT15 to wyj\u0105tkowo wydajny mini PC stworzony z my\u015bl\u0105 o pracy \u2014 zar\u00f3wno tej codziennej, jak i profesjonalnej. Dzi\u0119ki procesorowi Intel\u00ae Core\u2122 Ultra 9 285H, 32 GB szybkiej pami\u0119ci DDR5 i dopracowanej konstrukcji, ten niewielki komputer sprawdzi si\u0119 w trakcie r\u00f3\u017cnych zada\u0144. Komputer jest fabrycznie wyposa\u017cony w system Windows 11 Pro, ale oferuje tak\u017ce wsparcie dla alternatywnych system\u00f3w, takich jak Ubuntu, Manjaro czy Android x86.<\/p>\n<p>\n<img decoding=\"async\" src=\"https:\/\/assets.innpro.pl\/19830\/26427\/2.jpg\" border=\"0\" alt=\"2 czarne MINI PC Geekom na czarnym stole i granatowym tle\" \/>\n<\/p>\n<h3>Moc wielordzeniowego CPU<\/h3>\n<p>Sercem urz\u0105dzenia jest procesor Intel\u00ae Core\u2122 Ultra 9 285H, kt\u00f3ry oferuje do 16 fizycznych rdzeni bez technologii Hyper-Threading. Takie rozwi\u0105zanie pozwala uzyska\u0107 wy\u017csz\u0105 wydajno\u015b\u0107 jednow\u0105tkow\u0105, lepsz\u0105 kontrol\u0119 nad zu\u017cyciem energii i bardziej stabiln\u0105 prac\u0119 pod du\u017cym obci\u0105\u017ceniem. Dzi\u0119ki taktowaniu do 5,4 GHz oraz technologii Intel Quick Sync Video, IT15 \u015bwietnie radzi sobie z edycj\u0105 wideo, kodowaniem materia\u0142\u00f3w, transmisjami na \u017cywo czy zaawansowan\u0105 prac\u0105.<\/p>\n<p>\n<img decoding=\"async\" src=\"https:\/\/assets.innpro.pl\/19830\/26427\/10.jpg\" border=\"0\" alt=\"Elementy wewn\u0119trzne MINI PC i procesor Intel\" \/>\n<\/p>\n<h3>Stabilna i cicha praca<\/h3>\n<p>Zastosowane w tym modelu ch\u0142odzenie IceBlast 2.0 \u0142\u0105czy du\u017cy radiator, dwie rurki cieplne, wydajne wentylatory oraz wysokiej jako\u015bci materia\u0142y termiczne. To wszystko pozwala utrzyma\u0107 nisk\u0105 temperatur\u0119 pracy nawet przy edycji 4K, korzystaniu z maszyn wirtualnych czy kompilacji projekt\u00f3w. Sprz\u0119t pracuje stabilnie i cicho, co ma znaczenie zar\u00f3wno w biurze, jak i w domowym \u015brodowisku pracy.<\/p>\n<p>\n<img decoding=\"async\" src=\"https:\/\/assets.innpro.pl\/19830\/26427\/6.jpg\" border=\"0\" alt=\"2 monitory na biurku, MINI PC, klawiatura, aparat i inne urz\u0105dzenia w pokoju z niebieskim pod\u015bwietleniem\" \/>\n<\/p>\n<h3>Wytrzyma\u0142a obudowa<\/h3>\n<p>Ca\u0142kowicie metalowa konstrukcja obudowy \u2014 w tym wewn\u0119trzne wzmocnienie \u2014 sprawia, \u017ce IT15 jest odporny na nacisk i uszkodzenia mechaniczne. Urz\u0105dzenie przechodzi rygorystyczne testy odporno\u015bci na wstrz\u0105sy, temperatur\u0119, wilgotno\u015b\u0107 i d\u0142ugotrwa\u0142\u0105 prac\u0119.\u00a0<\/p>\n<p>\n<img decoding=\"async\" src=\"https:\/\/assets.innpro.pl\/19830\/26427\/9.jpg\" border=\"0\" alt=\"Zbli\u017cenie na porty i przycisk zasilania MINIC PC na ciemnym tle z niebiesko-fioletowym pod\u015bwietleniem\" \/>\n<\/p>\n<h3>Wbudowane porty<\/h3>\n<p>MINI PC oferuje 2 porty USB4 Type-C (z obs\u0142ug\u0105 eGPU, \u0142adowania i obrazu), cztery USB-A, dwa HDMI, a tak\u017ce port LAN 2.5Gbps. IT15 obs\u0142uguje do czterech monitor\u00f3w jednocze\u015bnie, co u\u0142atwia prac\u0119 wielozadaniow\u0105 lub edycj\u0119 tre\u015bci w wysokiej rozdzielczo\u015bci. Z kolei modu\u0142 Wi-Fi 7 i Bluetooth 5.4 zapewniaj\u0105 b\u0142yskawiczn\u0105 i stabiln\u0105 \u0142\u0105czno\u015b\u0107 bezprzewodow\u0105 \u2014 niezale\u017cnie od tego, czy prowadzisz wideokonferencj\u0119, pracujesz w chmurze czy przesy\u0142asz du\u017ce pliki.<\/p>\n<p>\n<img decoding=\"async\" src=\"https:\/\/assets.innpro.pl\/19830\/26427\/17.jpg\" border=\"0\" alt=\"Zbli\u017cenie na porty czarnego mini pc na niebiesko-fioletowym tle\" \/>\n<\/p>\n<div class=\"table-wrapper\">\n<p>\u00a0<\/p>\n<h3><\/h3>\n<table>\n<tbody>\n<tr>\n<th>Producent<\/th>\n<td>Geekom<\/td>\n<\/tr>\n<tr>\n<th>Model<\/th>\n<td>IT15<\/td>\n<\/tr>\n<tr>\n<th>Procesor<\/th>\n<td>Intel\u00ae Core\u2122 Ultra 9 285H<\/td>\n<\/tr>\n<tr>\n<th>Rdzenie <\/th>\n<td>16<\/td>\n<\/tr>\n<tr>\n<th>Taktowanie<\/th>\n<td>do 5.4 GHz (tryb Turbo Boost)<\/td>\n<\/tr>\n<tr>\n<th>Pami\u0119\u0107 RAM<\/th>\n<td>32 GB DDR5<\/td>\n<\/tr>\n<tr>\n<th>Dysk<\/th>\n<td>1 TB<\/td>\n<\/tr>\n<tr>\n<th>Porty<\/th>\n<td>2 \u00d7 USB4 Type-C<br \/>4 \u00d7 USB-A 3.2 Gen2<br \/>2 \u00d7 HDMI 2.0<br \/>1 \u00d7 RJ-45 LAN (2.5Gbps)<\/td>\n<\/tr>\n<tr>\n<th>\u0141\u0105czno\u015b\u0107 bezprzewodowa<\/th>\n<td>Wi-Fi 7<br \/>Bluetooth 5.4<\/td>\n<\/tr>\n<tr>\n<th>System operacyjny<\/th>\n<td>Windows 11 Pro (preinstalowany), Ubuntu, Manjaro, Android x86 (obs\u0142ugiwane systemy)<\/td>\n<\/tr>\n<\/tbody>\n<\/table>\n<\/div>\n","protected":false},"excerpt":{"rendered":"<p>Mini PC GEEKOM IT15 Intel\u00ae Core\u2122 Ultra 9 285H 32GB 1TB + Win 11 Pro GEEKOM IT15 to wyj\u0105tkowo wydajny<\/p>\n","protected":false},"featured_media":61648,"comment_status":"closed","ping_status":"open","template":"","meta":{"_acf_changed":false},"product_brand":[],"product_cat":[5929,6006],"product_tag":[],"class_list":{"0":"post-61647","1":"product","2":"type-product","3":"status-publish","4":"has-post-thumbnail","6":"product_cat-akcesoria-it","7":"product_cat-mini-pc","8":"pa_okres-gwarancji-5757","9":"pa_producent-geekom","11":"first","12":"outofstock","13":"taxable","14":"shipping-taxable","15":"purchasable","16":"product-type-simple"},"acf":[],"yoast_head":"<!-- This site is optimized with the Yoast SEO plugin v27.2 - https:\/\/yoast.com\/product\/yoast-seo-wordpress\/ -->\n<title>Mini PC GEEKOM IT15 Intel\u00ae Core\u2122 Ultra 9 285H 32GB 1TB + Win 11 Pro - IRONSKY.PL Sklep z Dronami<\/title>\n<meta name=\"description\" content=\"Mini PC GEEKOM IT15 Intel\u00ae Core\u2122 Ultra 9 285H 32GB 1TB + Win 11 Pro - \u2705 sklep z dronami i fachowym doradztwem. \u2705 Tutaj kupisz produkty DJI, Yuneec, Parrot, Syma i wiele innych, a tak\u017ce kursy i licencje na operatora drona.\" \/>\n<meta name=\"robots\" content=\"index, follow, max-snippet:-1, max-image-preview:large, max-video-preview:-1\" \/>\n<link rel=\"canonical\" href=\"https:\/\/ironsky.pl\/sklep\/produkt\/mini-pc-geekom-it15-intel-core-ultra-9-285h-32gb-1tb-win-11-pro\/\" \/>\n<meta property=\"og:locale\" content=\"pl_PL\" \/>\n<meta property=\"og:type\" content=\"article\" \/>\n<meta property=\"og:title\" content=\"Mini PC GEEKOM IT15 Intel\u00ae Core\u2122 Ultra 9 285H 32GB 1TB + Win 11 Pro - IRONSKY.PL Sklep z Dronami\" \/>\n<meta property=\"og:description\" content=\"Mini PC GEEKOM IT15 Intel\u00ae Core\u2122 Ultra 9 285H 32GB 1TB + Win 11 Pro - \u2705 sklep z dronami i fachowym doradztwem. \u2705 Tutaj kupisz produkty DJI, Yuneec, Parrot, Syma i wiele innych, a tak\u017ce kursy i licencje na operatora drona.\" \/>\n<meta property=\"og:url\" content=\"https:\/\/ironsky.pl\/sklep\/produkt\/mini-pc-geekom-it15-intel-core-ultra-9-285h-32gb-1tb-win-11-pro\/\" \/>\n<meta property=\"og:site_name\" content=\"IRONSKY.PL Sklep z Dronami\" \/>\n<meta property=\"article:modified_time\" content=\"2026-04-15T09:19:51+00:00\" \/>\n<meta property=\"og:image\" content=\"https:\/\/ironsky.pl\/sklep\/wp-content\/uploads\/2026\/04\/58313_1.jpg\" \/>\n\t<meta property=\"og:image:width\" content=\"800\" \/>\n\t<meta property=\"og:image:height\" content=\"800\" \/>\n\t<meta property=\"og:image:type\" content=\"image\/jpeg\" \/>\n<meta name=\"twitter:card\" content=\"summary_large_image\" \/>\n<meta name=\"twitter:label1\" content=\"Szacowany czas czytania\" \/>\n\t<meta name=\"twitter:data1\" content=\"2 minuty\" \/>\n<script type=\"application\/ld+json\" class=\"yoast-schema-graph\">{\"@context\":\"https:\/\/schema.org\",\"@graph\":[{\"@type\":\"WebPage\",\"@id\":\"https:\/\/ironsky.pl\/sklep\/produkt\/mini-pc-geekom-it15-intel-core-ultra-9-285h-32gb-1tb-win-11-pro\/\",\"url\":\"https:\/\/ironsky.pl\/sklep\/produkt\/mini-pc-geekom-it15-intel-core-ultra-9-285h-32gb-1tb-win-11-pro\/\",\"name\":\"Mini PC GEEKOM IT15 Intel\u00ae Core\u2122 Ultra 9 285H 32GB 1TB + Win 11 Pro - IRONSKY.PL Sklep z Dronami\",\"isPartOf\":{\"@id\":\"https:\/\/ironsky.pl\/sklep\/#website\"},\"primaryImageOfPage\":{\"@id\":\"https:\/\/ironsky.pl\/sklep\/produkt\/mini-pc-geekom-it15-intel-core-ultra-9-285h-32gb-1tb-win-11-pro\/#primaryimage\"},\"image\":{\"@id\":\"https:\/\/ironsky.pl\/sklep\/produkt\/mini-pc-geekom-it15-intel-core-ultra-9-285h-32gb-1tb-win-11-pro\/#primaryimage\"},\"thumbnailUrl\":\"https:\/\/ironsky.pl\/sklep\/wp-content\/uploads\/2026\/04\/58313_1.jpg\",\"datePublished\":\"2026-04-15T09:19:47+00:00\",\"dateModified\":\"2026-04-15T09:19:51+00:00\",\"description\":\"Mini PC GEEKOM IT15 Intel\u00ae Core\u2122 Ultra 9 285H 32GB 1TB + Win 11 Pro - \u2705 sklep z dronami i fachowym doradztwem. \u2705 Tutaj kupisz produkty DJI, Yuneec, Parrot, Syma i wiele innych, a tak\u017ce kursy i licencje na operatora drona.\",\"breadcrumb\":{\"@id\":\"https:\/\/ironsky.pl\/sklep\/produkt\/mini-pc-geekom-it15-intel-core-ultra-9-285h-32gb-1tb-win-11-pro\/#breadcrumb\"},\"inLanguage\":\"pl-PL\",\"potentialAction\":[{\"@type\":\"ReadAction\",\"target\":[\"https:\/\/ironsky.pl\/sklep\/produkt\/mini-pc-geekom-it15-intel-core-ultra-9-285h-32gb-1tb-win-11-pro\/\"]}]},{\"@type\":\"ImageObject\",\"inLanguage\":\"pl-PL\",\"@id\":\"https:\/\/ironsky.pl\/sklep\/produkt\/mini-pc-geekom-it15-intel-core-ultra-9-285h-32gb-1tb-win-11-pro\/#primaryimage\",\"url\":\"https:\/\/ironsky.pl\/sklep\/wp-content\/uploads\/2026\/04\/58313_1.jpg\",\"contentUrl\":\"https:\/\/ironsky.pl\/sklep\/wp-content\/uploads\/2026\/04\/58313_1.jpg\",\"width\":800,\"height\":800},{\"@type\":\"BreadcrumbList\",\"@id\":\"https:\/\/ironsky.pl\/sklep\/produkt\/mini-pc-geekom-it15-intel-core-ultra-9-285h-32gb-1tb-win-11-pro\/#breadcrumb\",\"itemListElement\":[{\"@type\":\"ListItem\",\"position\":1,\"name\":\"Strona g\u0142\u00f3wna\",\"item\":\"https:\/\/ironsky.pl\/sklep\/\"},{\"@type\":\"ListItem\",\"position\":2,\"name\":\"Wszystkie produkty\",\"item\":\"https:\/\/ironsky.pl\/sklep\/produkty\/\"},{\"@type\":\"ListItem\",\"position\":3,\"name\":\"Mini PC GEEKOM IT15 Intel\u00ae Core\u2122 Ultra 9 285H 32GB 1TB + Win 11 Pro\"}]},{\"@type\":\"WebSite\",\"@id\":\"https:\/\/ironsky.pl\/sklep\/#website\",\"url\":\"https:\/\/ironsky.pl\/sklep\/\",\"name\":\"IRONSKY.PL Sklep z Dronami\",\"description\":\"IRONSKY.PL Sklep z Dronami\",\"potentialAction\":[{\"@type\":\"SearchAction\",\"target\":{\"@type\":\"EntryPoint\",\"urlTemplate\":\"https:\/\/ironsky.pl\/sklep\/?s={search_term_string}\"},\"query-input\":{\"@type\":\"PropertyValueSpecification\",\"valueRequired\":true,\"valueName\":\"search_term_string\"}}],\"inLanguage\":\"pl-PL\"}]}<\/script>\n<!-- \/ Yoast SEO plugin. -->","yoast_head_json":{"title":"Mini PC GEEKOM IT15 Intel\u00ae Core\u2122 Ultra 9 285H 32GB 1TB + Win 11 Pro - IRONSKY.PL Sklep z Dronami","description":"Mini PC GEEKOM IT15 Intel\u00ae Core\u2122 Ultra 9 285H 32GB 1TB + Win 11 Pro - \u2705 sklep z dronami i fachowym doradztwem. \u2705 Tutaj kupisz produkty DJI, Yuneec, Parrot, Syma i wiele innych, a tak\u017ce kursy i licencje na operatora drona.","robots":{"index":"index","follow":"follow","max-snippet":"max-snippet:-1","max-image-preview":"max-image-preview:large","max-video-preview":"max-video-preview:-1"},"canonical":"https:\/\/ironsky.pl\/sklep\/produkt\/mini-pc-geekom-it15-intel-core-ultra-9-285h-32gb-1tb-win-11-pro\/","og_locale":"pl_PL","og_type":"article","og_title":"Mini PC GEEKOM IT15 Intel\u00ae Core\u2122 Ultra 9 285H 32GB 1TB + Win 11 Pro - IRONSKY.PL Sklep z Dronami","og_description":"Mini PC GEEKOM IT15 Intel\u00ae Core\u2122 Ultra 9 285H 32GB 1TB + Win 11 Pro - \u2705 sklep z dronami i fachowym doradztwem. \u2705 Tutaj kupisz produkty DJI, Yuneec, Parrot, Syma i wiele innych, a tak\u017ce kursy i licencje na operatora drona.","og_url":"https:\/\/ironsky.pl\/sklep\/produkt\/mini-pc-geekom-it15-intel-core-ultra-9-285h-32gb-1tb-win-11-pro\/","og_site_name":"IRONSKY.PL Sklep z Dronami","article_modified_time":"2026-04-15T09:19:51+00:00","og_image":[{"width":800,"height":800,"url":"https:\/\/ironsky.pl\/sklep\/wp-content\/uploads\/2026\/04\/58313_1.jpg","type":"image\/jpeg"}],"twitter_card":"summary_large_image","twitter_misc":{"Szacowany czas czytania":"2 minuty"},"schema":{"@context":"https:\/\/schema.org","@graph":[{"@type":"WebPage","@id":"https:\/\/ironsky.pl\/sklep\/produkt\/mini-pc-geekom-it15-intel-core-ultra-9-285h-32gb-1tb-win-11-pro\/","url":"https:\/\/ironsky.pl\/sklep\/produkt\/mini-pc-geekom-it15-intel-core-ultra-9-285h-32gb-1tb-win-11-pro\/","name":"Mini PC GEEKOM IT15 Intel\u00ae Core\u2122 Ultra 9 285H 32GB 1TB + Win 11 Pro - IRONSKY.PL Sklep z Dronami","isPartOf":{"@id":"https:\/\/ironsky.pl\/sklep\/#website"},"primaryImageOfPage":{"@id":"https:\/\/ironsky.pl\/sklep\/produkt\/mini-pc-geekom-it15-intel-core-ultra-9-285h-32gb-1tb-win-11-pro\/#primaryimage"},"image":{"@id":"https:\/\/ironsky.pl\/sklep\/produkt\/mini-pc-geekom-it15-intel-core-ultra-9-285h-32gb-1tb-win-11-pro\/#primaryimage"},"thumbnailUrl":"https:\/\/ironsky.pl\/sklep\/wp-content\/uploads\/2026\/04\/58313_1.jpg","datePublished":"2026-04-15T09:19:47+00:00","dateModified":"2026-04-15T09:19:51+00:00","description":"Mini PC GEEKOM IT15 Intel\u00ae Core\u2122 Ultra 9 285H 32GB 1TB + Win 11 Pro - \u2705 sklep z dronami i fachowym doradztwem. \u2705 Tutaj kupisz produkty DJI, Yuneec, Parrot, Syma i wiele innych, a tak\u017ce kursy i licencje na operatora drona.","breadcrumb":{"@id":"https:\/\/ironsky.pl\/sklep\/produkt\/mini-pc-geekom-it15-intel-core-ultra-9-285h-32gb-1tb-win-11-pro\/#breadcrumb"},"inLanguage":"pl-PL","potentialAction":[{"@type":"ReadAction","target":["https:\/\/ironsky.pl\/sklep\/produkt\/mini-pc-geekom-it15-intel-core-ultra-9-285h-32gb-1tb-win-11-pro\/"]}]},{"@type":"ImageObject","inLanguage":"pl-PL","@id":"https:\/\/ironsky.pl\/sklep\/produkt\/mini-pc-geekom-it15-intel-core-ultra-9-285h-32gb-1tb-win-11-pro\/#primaryimage","url":"https:\/\/ironsky.pl\/sklep\/wp-content\/uploads\/2026\/04\/58313_1.jpg","contentUrl":"https:\/\/ironsky.pl\/sklep\/wp-content\/uploads\/2026\/04\/58313_1.jpg","width":800,"height":800},{"@type":"BreadcrumbList","@id":"https:\/\/ironsky.pl\/sklep\/produkt\/mini-pc-geekom-it15-intel-core-ultra-9-285h-32gb-1tb-win-11-pro\/#breadcrumb","itemListElement":[{"@type":"ListItem","position":1,"name":"Strona g\u0142\u00f3wna","item":"https:\/\/ironsky.pl\/sklep\/"},{"@type":"ListItem","position":2,"name":"Wszystkie produkty","item":"https:\/\/ironsky.pl\/sklep\/produkty\/"},{"@type":"ListItem","position":3,"name":"Mini PC GEEKOM IT15 Intel\u00ae Core\u2122 Ultra 9 285H 32GB 1TB + Win 11 Pro"}]},{"@type":"WebSite","@id":"https:\/\/ironsky.pl\/sklep\/#website","url":"https:\/\/ironsky.pl\/sklep\/","name":"IRONSKY.PL Sklep z Dronami","description":"IRONSKY.PL Sklep z Dronami","potentialAction":[{"@type":"SearchAction","target":{"@type":"EntryPoint","urlTemplate":"https:\/\/ironsky.pl\/sklep\/?s={search_term_string}"},"query-input":{"@type":"PropertyValueSpecification","valueRequired":true,"valueName":"search_term_string"}}],"inLanguage":"pl-PL"}]}},"_links":{"self":[{"href":"https:\/\/ironsky.pl\/sklep\/wp-json\/wp\/v2\/product\/61647","targetHints":{"allow":["GET"]}}],"collection":[{"href":"https:\/\/ironsky.pl\/sklep\/wp-json\/wp\/v2\/product"}],"about":[{"href":"https:\/\/ironsky.pl\/sklep\/wp-json\/wp\/v2\/types\/product"}],"replies":[{"embeddable":true,"href":"https:\/\/ironsky.pl\/sklep\/wp-json\/wp\/v2\/comments?post=61647"}],"wp:featuredmedia":[{"embeddable":true,"href":"https:\/\/ironsky.pl\/sklep\/wp-json\/wp\/v2\/media\/61648"}],"wp:attachment":[{"href":"https:\/\/ironsky.pl\/sklep\/wp-json\/wp\/v2\/media?parent=61647"}],"wp:term":[{"taxonomy":"product_brand","embeddable":true,"href":"https:\/\/ironsky.pl\/sklep\/wp-json\/wp\/v2\/product_brand?post=61647"},{"taxonomy":"product_cat","embeddable":true,"href":"https:\/\/ironsky.pl\/sklep\/wp-json\/wp\/v2\/product_cat?post=61647"},{"taxonomy":"product_tag","embeddable":true,"href":"https:\/\/ironsky.pl\/sklep\/wp-json\/wp\/v2\/product_tag?post=61647"}],"curies":[{"name":"wp","href":"https:\/\/api.w.org\/{rel}","templated":true}]}}