{"id":61377,"date":"2026-04-15T11:16:31","date_gmt":"2026-04-15T09:16:31","guid":{"rendered":"https:\/\/ironsky.pl\/sklep\/produkt\/torba-tomtoc-gameon-g50-switch-2-joycarry-sling-czarny\/"},"modified":"2026-04-22T01:24:23","modified_gmt":"2026-04-21T23:24:23","slug":"torba-tomtoc-gameon-g50-switch-2-joycarry-sling-czarny","status":"publish","type":"product","link":"https:\/\/ironsky.pl\/sklep\/produkt\/torba-tomtoc-gameon-g50-switch-2-joycarry-sling-czarny\/","title":{"rendered":"Torba TOMTOC GameOn-G50 Switch 2 JoyCarry Sling (czarny)"},"content":{"rendered":"<h3>Torba Tomtoc GameOn-G50 Switch 2 JoyCarry Sling (czarny)<\/h3>\n<p>Torba Tomtoc GameOn-G50 zosta\u0142a zaprojektowana z my\u015bl\u0105 o u\u017cytkownikach konsoli Nintendo Switch 2, kt\u00f3rzy szukaj\u0105 lekkiego, kompaktowego i wygodnego sposobu na przenoszenie sprz\u0119tu. Pomie\u015bci etui z konsol\u0105 (np. Slim Case G05), a elastyczne zamkni\u0119cie typu \u015bci\u0105gacz umo\u017cliwia szybki dost\u0119p do zawarto\u015bci, jednocze\u015bnie chroni\u0105c j\u0105 przed przypadkowym wypadaniem. Ca\u0142o\u015b\u0107 sprawdzi si\u0119 zar\u00f3wno w podr\u00f3\u017cy, jak i na co dzie\u0144 \u2013 podczas spaceru lub podr\u00f3\u017cy.<\/p>\n<p>\n<img decoding=\"async\" src=\"https:\/\/assets.innpro.pl\/19301\/25732\/8-Torba-GameOn-G50-Switch-2-JoyCarry-Sling-lifestyle-8.jpg\" border=\"0\" alt=\"M\u0119\u017cczyzna w szarej bluzie i czarnych spodniach z przewieszon\u0105 przez rami\u0119 torb\u0105 \" \/>\n<\/p>\n<h3>Pojemna<\/h3>\n<p>Mimo niewielkich rozmiar\u00f3w torba zaskakuje pojemno\u015bci\u0105. G\u0142\u00f3wna komora bez problemu pomie\u015bci butelk\u0119 z wod\u0105, powerbank lub parasolk\u0119, a przednia kiesze\u0144 z suwakiem \u015bwietnie nada si\u0119 na telefon, s\u0142uchawki, klucze czy karty. Dzi\u0119ki przemy\u015blanemu uk\u0142adowi torba \u0142\u0105czy funkcjonalno\u015b\u0107 dla gracza z miejscem na codzienne drobiazgi.<\/p>\n<p>\n<img decoding=\"async\" src=\"https:\/\/assets.innpro.pl\/19301\/25732\/3-Torba-GameOn-G50-Switch-2-JoyCarry-Sling-lifestyle-3.jpg\" border=\"0\" alt=\"Konsola Nintendo Switch w etui pakowana do czarnej torby le\u017c\u0105cej na stoliku\" \/>\n<\/p>\n<h3>Trwa\u0142a i lekka<\/h3>\n<p>GameOn-G50 mo\u017cna nosi\u0107 na dwa sposoby \u2014 przez rami\u0119 lub w d\u0142oni, korzystaj\u0105c z uchwytu ze \u015bci\u0105gaczem. Wodoodporna tkanina, trwa\u0142e suwaki YKK i lekka konstrukcja sprawiaj\u0105, \u017ce torba jest wygodna w u\u017cytkowaniu i gotowa na codzienne u\u017cytkowanie.<\/p>\n<p>\n<img decoding=\"async\" src=\"https:\/\/assets.innpro.pl\/19301\/25732\/2-Torba-GameOn-G50-Switch-2-JoyCarry-Sling-lifestyle-2.jpg\" border=\"0\" alt=\"M\u0119\u017cczyzna w ciemnych spodenkach i jasnych butach trzyma w d\u0142oni czarn\u0105 torb\u0119\" \/>\n<\/p>\n<div class=\"table-wrapper\">\n<p>\u00a0<\/p>\n<h3><\/h3>\n<table>\n<tbody>\n<tr>\n<th>Producent<\/th>\n<td>Tomtoc<\/td>\n<\/tr>\n<tr>\n<th>Model<\/th>\n<td>G50S1D1<\/td>\n<\/tr>\n<tr>\n<th>Kolor<\/th>\n<td>czarny<\/td>\n<\/tr>\n<tr>\n<th>Kompatybilno\u015b\u0107<\/th>\n<td>Nintendo Switch 2<\/td>\n<\/tr>\n<\/tbody>\n<\/table>\n<\/div>\n","protected":false},"excerpt":{"rendered":"<p>Torba Tomtoc GameOn-G50 Switch 2 JoyCarry Sling (czarny) Torba Tomtoc GameOn-G50 zosta\u0142a zaprojektowana z my\u015bl\u0105 o u\u017cytkownikach konsoli Nintendo Switch<\/p>\n","protected":false},"featured_media":61378,"comment_status":"closed","ping_status":"open","template":"","meta":{"_acf_changed":false},"product_brand":[],"product_cat":[5929,5955],"product_tag":[],"class_list":{"0":"post-61377","1":"product","2":"type-product","3":"status-publish","4":"has-post-thumbnail","6":"product_cat-akcesoria-it","7":"product_cat-przenoszenie","8":"pa_okres-gwarancji-5757","9":"pa_producent-tomtoc","11":"first","12":"instock","13":"taxable","14":"shipping-taxable","15":"purchasable","16":"product-type-simple"},"acf":[],"yoast_head":"<!-- This site is optimized with the Yoast SEO plugin v27.2 - https:\/\/yoast.com\/product\/yoast-seo-wordpress\/ -->\n<title>Torba TOMTOC GameOn-G50 Switch 2 JoyCarry Sling (czarny) - IRONSKY.PL Sklep z Dronami<\/title>\n<meta name=\"description\" content=\"Torba TOMTOC GameOn-G50 Switch 2 JoyCarry Sling (czarny) - \u2705 sklep z dronami i fachowym doradztwem. \u2705 Tutaj kupisz produkty DJI, Yuneec, Parrot, Syma i wiele innych, a tak\u017ce kursy i licencje na operatora drona.\" \/>\n<meta name=\"robots\" content=\"index, follow, max-snippet:-1, max-image-preview:large, max-video-preview:-1\" \/>\n<link rel=\"canonical\" href=\"https:\/\/ironsky.pl\/sklep\/produkt\/torba-tomtoc-gameon-g50-switch-2-joycarry-sling-czarny\/\" \/>\n<meta property=\"og:locale\" content=\"pl_PL\" \/>\n<meta property=\"og:type\" content=\"article\" \/>\n<meta property=\"og:title\" content=\"Torba TOMTOC GameOn-G50 Switch 2 JoyCarry Sling (czarny) - IRONSKY.PL Sklep z Dronami\" \/>\n<meta property=\"og:description\" content=\"Torba TOMTOC GameOn-G50 Switch 2 JoyCarry Sling (czarny) - \u2705 sklep z dronami i fachowym doradztwem. \u2705 Tutaj kupisz produkty DJI, Yuneec, Parrot, Syma i wiele innych, a tak\u017ce kursy i licencje na operatora drona.\" \/>\n<meta property=\"og:url\" content=\"https:\/\/ironsky.pl\/sklep\/produkt\/torba-tomtoc-gameon-g50-switch-2-joycarry-sling-czarny\/\" \/>\n<meta property=\"og:site_name\" content=\"IRONSKY.PL Sklep z Dronami\" \/>\n<meta property=\"article:modified_time\" content=\"2026-04-21T23:24:23+00:00\" \/>\n<meta property=\"og:image\" content=\"https:\/\/ironsky.pl\/sklep\/wp-content\/uploads\/2026\/04\/57029_1.jpg\" \/>\n\t<meta property=\"og:image:width\" content=\"800\" \/>\n\t<meta property=\"og:image:height\" content=\"800\" \/>\n\t<meta property=\"og:image:type\" content=\"image\/jpeg\" \/>\n<meta name=\"twitter:card\" content=\"summary_large_image\" \/>\n<meta name=\"twitter:label1\" content=\"Szacowany czas czytania\" \/>\n\t<meta name=\"twitter:data1\" content=\"1 minuta\" \/>\n<script type=\"application\/ld+json\" class=\"yoast-schema-graph\">{\"@context\":\"https:\/\/schema.org\",\"@graph\":[{\"@type\":\"WebPage\",\"@id\":\"https:\/\/ironsky.pl\/sklep\/produkt\/torba-tomtoc-gameon-g50-switch-2-joycarry-sling-czarny\/\",\"url\":\"https:\/\/ironsky.pl\/sklep\/produkt\/torba-tomtoc-gameon-g50-switch-2-joycarry-sling-czarny\/\",\"name\":\"Torba TOMTOC GameOn-G50 Switch 2 JoyCarry Sling (czarny) - IRONSKY.PL Sklep z Dronami\",\"isPartOf\":{\"@id\":\"https:\/\/ironsky.pl\/sklep\/#website\"},\"primaryImageOfPage\":{\"@id\":\"https:\/\/ironsky.pl\/sklep\/produkt\/torba-tomtoc-gameon-g50-switch-2-joycarry-sling-czarny\/#primaryimage\"},\"image\":{\"@id\":\"https:\/\/ironsky.pl\/sklep\/produkt\/torba-tomtoc-gameon-g50-switch-2-joycarry-sling-czarny\/#primaryimage\"},\"thumbnailUrl\":\"https:\/\/ironsky.pl\/sklep\/wp-content\/uploads\/2026\/04\/57029_1.jpg\",\"datePublished\":\"2026-04-15T09:16:31+00:00\",\"dateModified\":\"2026-04-21T23:24:23+00:00\",\"description\":\"Torba TOMTOC GameOn-G50 Switch 2 JoyCarry Sling (czarny) - \u2705 sklep z dronami i fachowym doradztwem. \u2705 Tutaj kupisz produkty DJI, Yuneec, Parrot, Syma i wiele innych, a tak\u017ce kursy i licencje na operatora drona.\",\"breadcrumb\":{\"@id\":\"https:\/\/ironsky.pl\/sklep\/produkt\/torba-tomtoc-gameon-g50-switch-2-joycarry-sling-czarny\/#breadcrumb\"},\"inLanguage\":\"pl-PL\",\"potentialAction\":[{\"@type\":\"ReadAction\",\"target\":[\"https:\/\/ironsky.pl\/sklep\/produkt\/torba-tomtoc-gameon-g50-switch-2-joycarry-sling-czarny\/\"]}]},{\"@type\":\"ImageObject\",\"inLanguage\":\"pl-PL\",\"@id\":\"https:\/\/ironsky.pl\/sklep\/produkt\/torba-tomtoc-gameon-g50-switch-2-joycarry-sling-czarny\/#primaryimage\",\"url\":\"https:\/\/ironsky.pl\/sklep\/wp-content\/uploads\/2026\/04\/57029_1.jpg\",\"contentUrl\":\"https:\/\/ironsky.pl\/sklep\/wp-content\/uploads\/2026\/04\/57029_1.jpg\",\"width\":800,\"height\":800},{\"@type\":\"BreadcrumbList\",\"@id\":\"https:\/\/ironsky.pl\/sklep\/produkt\/torba-tomtoc-gameon-g50-switch-2-joycarry-sling-czarny\/#breadcrumb\",\"itemListElement\":[{\"@type\":\"ListItem\",\"position\":1,\"name\":\"Strona g\u0142\u00f3wna\",\"item\":\"https:\/\/ironsky.pl\/sklep\/\"},{\"@type\":\"ListItem\",\"position\":2,\"name\":\"Wszystkie produkty\",\"item\":\"https:\/\/ironsky.pl\/sklep\/produkty\/\"},{\"@type\":\"ListItem\",\"position\":3,\"name\":\"Torba TOMTOC GameOn-G50 Switch 2 JoyCarry Sling (czarny)\"}]},{\"@type\":\"WebSite\",\"@id\":\"https:\/\/ironsky.pl\/sklep\/#website\",\"url\":\"https:\/\/ironsky.pl\/sklep\/\",\"name\":\"IRONSKY.PL Sklep z Dronami\",\"description\":\"IRONSKY.PL Sklep z Dronami\",\"potentialAction\":[{\"@type\":\"SearchAction\",\"target\":{\"@type\":\"EntryPoint\",\"urlTemplate\":\"https:\/\/ironsky.pl\/sklep\/?s={search_term_string}\"},\"query-input\":{\"@type\":\"PropertyValueSpecification\",\"valueRequired\":true,\"valueName\":\"search_term_string\"}}],\"inLanguage\":\"pl-PL\"}]}<\/script>\n<!-- \/ Yoast SEO plugin. -->","yoast_head_json":{"title":"Torba TOMTOC GameOn-G50 Switch 2 JoyCarry Sling (czarny) - IRONSKY.PL Sklep z Dronami","description":"Torba TOMTOC GameOn-G50 Switch 2 JoyCarry Sling (czarny) - \u2705 sklep z dronami i fachowym doradztwem. \u2705 Tutaj kupisz produkty DJI, Yuneec, Parrot, Syma i wiele innych, a tak\u017ce kursy i licencje na operatora drona.","robots":{"index":"index","follow":"follow","max-snippet":"max-snippet:-1","max-image-preview":"max-image-preview:large","max-video-preview":"max-video-preview:-1"},"canonical":"https:\/\/ironsky.pl\/sklep\/produkt\/torba-tomtoc-gameon-g50-switch-2-joycarry-sling-czarny\/","og_locale":"pl_PL","og_type":"article","og_title":"Torba TOMTOC GameOn-G50 Switch 2 JoyCarry Sling (czarny) - IRONSKY.PL Sklep z Dronami","og_description":"Torba TOMTOC GameOn-G50 Switch 2 JoyCarry Sling (czarny) - \u2705 sklep z dronami i fachowym doradztwem. \u2705 Tutaj kupisz produkty DJI, Yuneec, Parrot, Syma i wiele innych, a tak\u017ce kursy i licencje na operatora drona.","og_url":"https:\/\/ironsky.pl\/sklep\/produkt\/torba-tomtoc-gameon-g50-switch-2-joycarry-sling-czarny\/","og_site_name":"IRONSKY.PL Sklep z Dronami","article_modified_time":"2026-04-21T23:24:23+00:00","og_image":[{"width":800,"height":800,"url":"https:\/\/ironsky.pl\/sklep\/wp-content\/uploads\/2026\/04\/57029_1.jpg","type":"image\/jpeg"}],"twitter_card":"summary_large_image","twitter_misc":{"Szacowany czas czytania":"1 minuta"},"schema":{"@context":"https:\/\/schema.org","@graph":[{"@type":"WebPage","@id":"https:\/\/ironsky.pl\/sklep\/produkt\/torba-tomtoc-gameon-g50-switch-2-joycarry-sling-czarny\/","url":"https:\/\/ironsky.pl\/sklep\/produkt\/torba-tomtoc-gameon-g50-switch-2-joycarry-sling-czarny\/","name":"Torba TOMTOC GameOn-G50 Switch 2 JoyCarry Sling (czarny) - IRONSKY.PL Sklep z Dronami","isPartOf":{"@id":"https:\/\/ironsky.pl\/sklep\/#website"},"primaryImageOfPage":{"@id":"https:\/\/ironsky.pl\/sklep\/produkt\/torba-tomtoc-gameon-g50-switch-2-joycarry-sling-czarny\/#primaryimage"},"image":{"@id":"https:\/\/ironsky.pl\/sklep\/produkt\/torba-tomtoc-gameon-g50-switch-2-joycarry-sling-czarny\/#primaryimage"},"thumbnailUrl":"https:\/\/ironsky.pl\/sklep\/wp-content\/uploads\/2026\/04\/57029_1.jpg","datePublished":"2026-04-15T09:16:31+00:00","dateModified":"2026-04-21T23:24:23+00:00","description":"Torba TOMTOC GameOn-G50 Switch 2 JoyCarry Sling (czarny) - \u2705 sklep z dronami i fachowym doradztwem. \u2705 Tutaj kupisz produkty DJI, Yuneec, Parrot, Syma i wiele innych, a tak\u017ce kursy i licencje na operatora drona.","breadcrumb":{"@id":"https:\/\/ironsky.pl\/sklep\/produkt\/torba-tomtoc-gameon-g50-switch-2-joycarry-sling-czarny\/#breadcrumb"},"inLanguage":"pl-PL","potentialAction":[{"@type":"ReadAction","target":["https:\/\/ironsky.pl\/sklep\/produkt\/torba-tomtoc-gameon-g50-switch-2-joycarry-sling-czarny\/"]}]},{"@type":"ImageObject","inLanguage":"pl-PL","@id":"https:\/\/ironsky.pl\/sklep\/produkt\/torba-tomtoc-gameon-g50-switch-2-joycarry-sling-czarny\/#primaryimage","url":"https:\/\/ironsky.pl\/sklep\/wp-content\/uploads\/2026\/04\/57029_1.jpg","contentUrl":"https:\/\/ironsky.pl\/sklep\/wp-content\/uploads\/2026\/04\/57029_1.jpg","width":800,"height":800},{"@type":"BreadcrumbList","@id":"https:\/\/ironsky.pl\/sklep\/produkt\/torba-tomtoc-gameon-g50-switch-2-joycarry-sling-czarny\/#breadcrumb","itemListElement":[{"@type":"ListItem","position":1,"name":"Strona g\u0142\u00f3wna","item":"https:\/\/ironsky.pl\/sklep\/"},{"@type":"ListItem","position":2,"name":"Wszystkie produkty","item":"https:\/\/ironsky.pl\/sklep\/produkty\/"},{"@type":"ListItem","position":3,"name":"Torba TOMTOC GameOn-G50 Switch 2 JoyCarry Sling (czarny)"}]},{"@type":"WebSite","@id":"https:\/\/ironsky.pl\/sklep\/#website","url":"https:\/\/ironsky.pl\/sklep\/","name":"IRONSKY.PL Sklep z Dronami","description":"IRONSKY.PL Sklep z Dronami","potentialAction":[{"@type":"SearchAction","target":{"@type":"EntryPoint","urlTemplate":"https:\/\/ironsky.pl\/sklep\/?s={search_term_string}"},"query-input":{"@type":"PropertyValueSpecification","valueRequired":true,"valueName":"search_term_string"}}],"inLanguage":"pl-PL"}]}},"_links":{"self":[{"href":"https:\/\/ironsky.pl\/sklep\/wp-json\/wp\/v2\/product\/61377","targetHints":{"allow":["GET"]}}],"collection":[{"href":"https:\/\/ironsky.pl\/sklep\/wp-json\/wp\/v2\/product"}],"about":[{"href":"https:\/\/ironsky.pl\/sklep\/wp-json\/wp\/v2\/types\/product"}],"replies":[{"embeddable":true,"href":"https:\/\/ironsky.pl\/sklep\/wp-json\/wp\/v2\/comments?post=61377"}],"wp:featuredmedia":[{"embeddable":true,"href":"https:\/\/ironsky.pl\/sklep\/wp-json\/wp\/v2\/media\/61378"}],"wp:attachment":[{"href":"https:\/\/ironsky.pl\/sklep\/wp-json\/wp\/v2\/media?parent=61377"}],"wp:term":[{"taxonomy":"product_brand","embeddable":true,"href":"https:\/\/ironsky.pl\/sklep\/wp-json\/wp\/v2\/product_brand?post=61377"},{"taxonomy":"product_cat","embeddable":true,"href":"https:\/\/ironsky.pl\/sklep\/wp-json\/wp\/v2\/product_cat?post=61377"},{"taxonomy":"product_tag","embeddable":true,"href":"https:\/\/ironsky.pl\/sklep\/wp-json\/wp\/v2\/product_tag?post=61377"}],"curies":[{"name":"wp","href":"https:\/\/api.w.org\/{rel}","templated":true}]}}