{"id":61355,"date":"2026-04-15T11:16:31","date_gmt":"2026-04-15T09:16:31","guid":{"rendered":"https:\/\/ironsky.pl\/sklep\/produkt\/torba-na-ramie-na-laptopa-tomtoc-defender-a40-16-czarna\/"},"modified":"2026-04-21T23:21:35","modified_gmt":"2026-04-21T21:21:35","slug":"torba-na-ramie-na-laptopa-tomtoc-defender-a40-16-czarna","status":"publish","type":"product","link":"https:\/\/ironsky.pl\/sklep\/produkt\/torba-na-ramie-na-laptopa-tomtoc-defender-a40-16-czarna\/","title":{"rendered":"Torba na rami\u0119 na laptopa TOMTOC Defender-A40 16&#8243; (czarna)"},"content":{"rendered":"<h3>Torba na rami\u0119 na laptopa Tomtoc Defender-A40 (czarny)<\/h3>\n<p>Torba na rami\u0119 Tomtoc Defender-A40 to praktyczne rozwi\u0105zanie dla tych, kt\u00f3rzy potrzebuj\u0105 ochrony dla swojego laptopa i dobrze zorganizowanej przestrzeni na akcesoria. Dzi\u0119ki kompaktowej, ale pojemnej konstrukcji, sprawdzi si\u0119 zar\u00f3wno w codziennych dojazdach do pracy, jak i podczas podr\u00f3\u017cy s\u0142u\u017cbowych. Model ten \u0142\u0105czy funkcjonalno\u015b\u0107 z prostym wygl\u0105dem.<\/p>\n<p>\n<img decoding=\"async\" src=\"https:\/\/assets.innpro.pl\/19297\/25728\/10-Torba-na-ramie-do-laptopa-Defender-A40-lifestyle-10.jpg\" border=\"0\" alt=\"Osoba w d\u017cinsowej koszuli z czarn\u0105 torb\u0105 na ramieniu i smartfonem w d\u0142oni\" \/>\n<\/p>\n<h3>Przemy\u015blany uk\u0142ad wn\u0119trza<\/h3>\n<p>Wn\u0119trze torby zaprojektowano z my\u015bl\u0105 o wygodnym dost\u0119pie do najwa\u017cniejszych rzeczy. G\u0142\u00f3wna komora pozwala na bezpieczne przechowywanie laptopa, a dodatkowe kieszenie pomieszcz\u0105 zasilacz, myszk\u0119, klawiatur\u0119, dokumenty itp. Ukryta kiesze\u0144 z ty\u0142u \u015bwietnie sprawdzi si\u0119 do przechowywania notatek czy drobnych przedmiot\u00f3w, kt\u00f3re chcesz mie\u0107 pod r\u0119k\u0105.<\/p>\n<p>\n<img decoding=\"async\" src=\"https:\/\/assets.innpro.pl\/19297\/25728\/8-Torba-na-ramie-do-laptopa-Defender-A40-lifestyle-8.jpg\" border=\"0\" alt=\"Laptop wyjmowany z czarnej torby tomtoc na biurku obok klawiatury i innych drobiazg\u00f3w\" \/>\n<\/p>\n<h3>Ochrona z ka\u017cdej strony<\/h3>\n<p>Torba wyposa\u017cona jest w wewn\u0119trzne, mi\u0119kkie wype\u0142nienie, kt\u00f3re amortyzuje wstrz\u0105sy i chroni laptopa przed zarysowaniami. Dodatkowo boczne otwarcie umo\u017cliwia szybki dost\u0119p do urz\u0105dzenia, bez konieczno\u015bci ca\u0142kowitego rozpinania torby \u2014 sprawdzi si\u0119 w podr\u00f3\u017cy czy podczas spotka\u0144.<\/p>\n<p>\n<img decoding=\"async\" src=\"https:\/\/assets.innpro.pl\/19297\/25728\/2-Torba-na-ramie-do-laptopa-Defender-A40-lifestyle-2.jpg\" border=\"0\" alt=\"Czarna torba na laptopa z szar\u0105, mi\u0119kk\u0105 wy\u015bci\u00f3\u0142k\u0105\" \/>\n<\/p>\n<h3>Wytrzyma\u0142e materia\u0142y i odporno\u015b\u0107 na zachlapania<\/h3>\n<p>Zewn\u0119trzna warstwa wykonana zosta\u0142a z materia\u0142\u00f3w pochodz\u0105cych w 100% z recyklingu butelek PET, co czyni torb\u0119 bardziej przyjazn\u0105 \u015brodowisku. Tkanina jest odporna na zachlapania, co zapewnia podstawow\u0105 ochron\u0119 zawarto\u015bci w razie nag\u0142ej zmiany pogody. Wysokiej klasy zamek YKK dzia\u0142a p\u0142ynnie i jest odporny na intensywne u\u017cytkowanie.<\/p>\n<p>\n<img decoding=\"async\" src=\"https:\/\/assets.innpro.pl\/19297\/25728\/4-Torba-na-ramie-do-laptopa-Defender-A40-lifestyle-4.jpg\" border=\"0\" alt=\"Zbli\u017cenie na materia\u0142 czarnej torby na laptopa z kropelkami wody\" \/>\n<\/p>\n<h3>Wygoda noszenia<\/h3>\n<p>Torba zosta\u0142a wyposa\u017cona w regulowany pasek na rami\u0119 oraz mi\u0119kki uchwyt do noszenia w d\u0142oni. To umo\u017cliwia wygodne dopasowanie do indywidualnych preferencji \u2014 niezale\u017cnie od tego, czy przemieszczasz si\u0119 pieszo, rowerem czy \u015brodkami transportu publicznego.<\/p>\n<p>\n<img decoding=\"async\" src=\"https:\/\/assets.innpro.pl\/19297\/25728\/9-Torba-na-ramie-do-laptopa-Defender-A40-lifestyle-9.jpg\" border=\"0\" alt=\"Zbli\u017cenie na pasek torby na\u0142o\u017conej na rami\u0119 osoby z d\u017cinsowej koszuli\" \/>\n<\/p>\n<div class=\"table-wrapper\">\n<p>\u00a0<\/p>\n<h3><\/h3>\n<table>\n<tbody>\n<tr>\n<th>Producent<\/th>\n<td>Tomtoc<\/td>\n<\/tr>\n<tr>\n<th>Model<\/th>\n<td>A40F3D1<\/td>\n<\/tr>\n<tr>\n<th>Kolor<\/th>\n<td>czarny<\/td>\n<\/tr>\n<\/tbody>\n<\/table>\n<\/div>\n","protected":false},"excerpt":{"rendered":"<p>Torba na rami\u0119 na laptopa Tomtoc Defender-A40 (czarny) Torba na rami\u0119 Tomtoc Defender-A40 to praktyczne rozwi\u0105zanie dla tych, kt\u00f3rzy potrzebuj\u0105<\/p>\n","protected":false},"featured_media":61356,"comment_status":"closed","ping_status":"open","template":"","meta":{"_acf_changed":false},"product_brand":[],"product_cat":[5929,5955],"product_tag":[],"class_list":{"0":"post-61355","1":"product","2":"type-product","3":"status-publish","4":"has-post-thumbnail","6":"product_cat-akcesoria-it","7":"product_cat-przenoszenie","8":"pa_okres-gwarancji-5757","9":"pa_producent-tomtoc","11":"first","12":"instock","13":"taxable","14":"shipping-taxable","15":"purchasable","16":"product-type-simple"},"acf":[],"yoast_head":"<!-- This site is optimized with the Yoast SEO plugin v27.2 - https:\/\/yoast.com\/product\/yoast-seo-wordpress\/ -->\n<title>Torba na rami\u0119 na laptopa TOMTOC Defender-A40 16&quot; (czarna) - IRONSKY.PL Sklep z Dronami<\/title>\n<meta name=\"description\" content=\"Torba na rami\u0119 na laptopa TOMTOC Defender-A40 16&quot; (czarna) - \u2705 sklep z dronami i fachowym doradztwem. \u2705 Tutaj kupisz produkty DJI, Yuneec, Parrot, Syma i wiele innych, a tak\u017ce kursy i licencje na operatora drona.\" \/>\n<meta name=\"robots\" content=\"index, follow, max-snippet:-1, max-image-preview:large, max-video-preview:-1\" \/>\n<link rel=\"canonical\" href=\"https:\/\/ironsky.pl\/sklep\/produkt\/torba-na-ramie-na-laptopa-tomtoc-defender-a40-16-czarna\/\" \/>\n<meta property=\"og:locale\" content=\"pl_PL\" \/>\n<meta property=\"og:type\" content=\"article\" \/>\n<meta property=\"og:title\" content=\"Torba na rami\u0119 na laptopa TOMTOC Defender-A40 16&quot; (czarna) - IRONSKY.PL Sklep z Dronami\" \/>\n<meta property=\"og:description\" content=\"Torba na rami\u0119 na laptopa TOMTOC Defender-A40 16&quot; (czarna) - \u2705 sklep z dronami i fachowym doradztwem. \u2705 Tutaj kupisz produkty DJI, Yuneec, Parrot, Syma i wiele innych, a tak\u017ce kursy i licencje na operatora drona.\" \/>\n<meta property=\"og:url\" content=\"https:\/\/ironsky.pl\/sklep\/produkt\/torba-na-ramie-na-laptopa-tomtoc-defender-a40-16-czarna\/\" \/>\n<meta property=\"og:site_name\" content=\"IRONSKY.PL Sklep z Dronami\" \/>\n<meta property=\"article:modified_time\" content=\"2026-04-21T21:21:35+00:00\" \/>\n<meta property=\"og:image\" content=\"https:\/\/ironsky.pl\/sklep\/wp-content\/uploads\/2026\/04\/57025_1.jpg\" \/>\n\t<meta property=\"og:image:width\" content=\"800\" \/>\n\t<meta property=\"og:image:height\" content=\"800\" \/>\n\t<meta property=\"og:image:type\" content=\"image\/jpeg\" \/>\n<meta name=\"twitter:card\" content=\"summary_large_image\" \/>\n<meta name=\"twitter:label1\" content=\"Szacowany czas czytania\" \/>\n\t<meta name=\"twitter:data1\" content=\"1 minuta\" \/>\n<script type=\"application\/ld+json\" class=\"yoast-schema-graph\">{\"@context\":\"https:\/\/schema.org\",\"@graph\":[{\"@type\":\"WebPage\",\"@id\":\"https:\/\/ironsky.pl\/sklep\/produkt\/torba-na-ramie-na-laptopa-tomtoc-defender-a40-16-czarna\/\",\"url\":\"https:\/\/ironsky.pl\/sklep\/produkt\/torba-na-ramie-na-laptopa-tomtoc-defender-a40-16-czarna\/\",\"name\":\"Torba na rami\u0119 na laptopa TOMTOC Defender-A40 16\\\" (czarna) - IRONSKY.PL Sklep z Dronami\",\"isPartOf\":{\"@id\":\"https:\/\/ironsky.pl\/sklep\/#website\"},\"primaryImageOfPage\":{\"@id\":\"https:\/\/ironsky.pl\/sklep\/produkt\/torba-na-ramie-na-laptopa-tomtoc-defender-a40-16-czarna\/#primaryimage\"},\"image\":{\"@id\":\"https:\/\/ironsky.pl\/sklep\/produkt\/torba-na-ramie-na-laptopa-tomtoc-defender-a40-16-czarna\/#primaryimage\"},\"thumbnailUrl\":\"https:\/\/ironsky.pl\/sklep\/wp-content\/uploads\/2026\/04\/57025_1.jpg\",\"datePublished\":\"2026-04-15T09:16:31+00:00\",\"dateModified\":\"2026-04-21T21:21:35+00:00\",\"description\":\"Torba na rami\u0119 na laptopa TOMTOC Defender-A40 16\\\" (czarna) - \u2705 sklep z dronami i fachowym doradztwem. \u2705 Tutaj kupisz produkty DJI, Yuneec, Parrot, Syma i wiele innych, a tak\u017ce kursy i licencje na operatora drona.\",\"breadcrumb\":{\"@id\":\"https:\/\/ironsky.pl\/sklep\/produkt\/torba-na-ramie-na-laptopa-tomtoc-defender-a40-16-czarna\/#breadcrumb\"},\"inLanguage\":\"pl-PL\",\"potentialAction\":[{\"@type\":\"ReadAction\",\"target\":[\"https:\/\/ironsky.pl\/sklep\/produkt\/torba-na-ramie-na-laptopa-tomtoc-defender-a40-16-czarna\/\"]}]},{\"@type\":\"ImageObject\",\"inLanguage\":\"pl-PL\",\"@id\":\"https:\/\/ironsky.pl\/sklep\/produkt\/torba-na-ramie-na-laptopa-tomtoc-defender-a40-16-czarna\/#primaryimage\",\"url\":\"https:\/\/ironsky.pl\/sklep\/wp-content\/uploads\/2026\/04\/57025_1.jpg\",\"contentUrl\":\"https:\/\/ironsky.pl\/sklep\/wp-content\/uploads\/2026\/04\/57025_1.jpg\",\"width\":800,\"height\":800},{\"@type\":\"BreadcrumbList\",\"@id\":\"https:\/\/ironsky.pl\/sklep\/produkt\/torba-na-ramie-na-laptopa-tomtoc-defender-a40-16-czarna\/#breadcrumb\",\"itemListElement\":[{\"@type\":\"ListItem\",\"position\":1,\"name\":\"Strona g\u0142\u00f3wna\",\"item\":\"https:\/\/ironsky.pl\/sklep\/\"},{\"@type\":\"ListItem\",\"position\":2,\"name\":\"Wszystkie produkty\",\"item\":\"https:\/\/ironsky.pl\/sklep\/produkty\/\"},{\"@type\":\"ListItem\",\"position\":3,\"name\":\"Torba na rami\u0119 na laptopa TOMTOC Defender-A40 16&#8243; (czarna)\"}]},{\"@type\":\"WebSite\",\"@id\":\"https:\/\/ironsky.pl\/sklep\/#website\",\"url\":\"https:\/\/ironsky.pl\/sklep\/\",\"name\":\"IRONSKY.PL Sklep z Dronami\",\"description\":\"IRONSKY.PL Sklep z Dronami\",\"potentialAction\":[{\"@type\":\"SearchAction\",\"target\":{\"@type\":\"EntryPoint\",\"urlTemplate\":\"https:\/\/ironsky.pl\/sklep\/?s={search_term_string}\"},\"query-input\":{\"@type\":\"PropertyValueSpecification\",\"valueRequired\":true,\"valueName\":\"search_term_string\"}}],\"inLanguage\":\"pl-PL\"}]}<\/script>\n<!-- \/ Yoast SEO plugin. -->","yoast_head_json":{"title":"Torba na rami\u0119 na laptopa TOMTOC Defender-A40 16\" (czarna) - IRONSKY.PL Sklep z Dronami","description":"Torba na rami\u0119 na laptopa TOMTOC Defender-A40 16\" (czarna) - \u2705 sklep z dronami i fachowym doradztwem. \u2705 Tutaj kupisz produkty DJI, Yuneec, Parrot, Syma i wiele innych, a tak\u017ce kursy i licencje na operatora drona.","robots":{"index":"index","follow":"follow","max-snippet":"max-snippet:-1","max-image-preview":"max-image-preview:large","max-video-preview":"max-video-preview:-1"},"canonical":"https:\/\/ironsky.pl\/sklep\/produkt\/torba-na-ramie-na-laptopa-tomtoc-defender-a40-16-czarna\/","og_locale":"pl_PL","og_type":"article","og_title":"Torba na rami\u0119 na laptopa TOMTOC Defender-A40 16\" (czarna) - IRONSKY.PL Sklep z Dronami","og_description":"Torba na rami\u0119 na laptopa TOMTOC Defender-A40 16\" (czarna) - \u2705 sklep z dronami i fachowym doradztwem. \u2705 Tutaj kupisz produkty DJI, Yuneec, Parrot, Syma i wiele innych, a tak\u017ce kursy i licencje na operatora drona.","og_url":"https:\/\/ironsky.pl\/sklep\/produkt\/torba-na-ramie-na-laptopa-tomtoc-defender-a40-16-czarna\/","og_site_name":"IRONSKY.PL Sklep z Dronami","article_modified_time":"2026-04-21T21:21:35+00:00","og_image":[{"width":800,"height":800,"url":"https:\/\/ironsky.pl\/sklep\/wp-content\/uploads\/2026\/04\/57025_1.jpg","type":"image\/jpeg"}],"twitter_card":"summary_large_image","twitter_misc":{"Szacowany czas czytania":"1 minuta"},"schema":{"@context":"https:\/\/schema.org","@graph":[{"@type":"WebPage","@id":"https:\/\/ironsky.pl\/sklep\/produkt\/torba-na-ramie-na-laptopa-tomtoc-defender-a40-16-czarna\/","url":"https:\/\/ironsky.pl\/sklep\/produkt\/torba-na-ramie-na-laptopa-tomtoc-defender-a40-16-czarna\/","name":"Torba na rami\u0119 na laptopa TOMTOC Defender-A40 16\" (czarna) - IRONSKY.PL Sklep z Dronami","isPartOf":{"@id":"https:\/\/ironsky.pl\/sklep\/#website"},"primaryImageOfPage":{"@id":"https:\/\/ironsky.pl\/sklep\/produkt\/torba-na-ramie-na-laptopa-tomtoc-defender-a40-16-czarna\/#primaryimage"},"image":{"@id":"https:\/\/ironsky.pl\/sklep\/produkt\/torba-na-ramie-na-laptopa-tomtoc-defender-a40-16-czarna\/#primaryimage"},"thumbnailUrl":"https:\/\/ironsky.pl\/sklep\/wp-content\/uploads\/2026\/04\/57025_1.jpg","datePublished":"2026-04-15T09:16:31+00:00","dateModified":"2026-04-21T21:21:35+00:00","description":"Torba na rami\u0119 na laptopa TOMTOC Defender-A40 16\" (czarna) - \u2705 sklep z dronami i fachowym doradztwem. \u2705 Tutaj kupisz produkty DJI, Yuneec, Parrot, Syma i wiele innych, a tak\u017ce kursy i licencje na operatora drona.","breadcrumb":{"@id":"https:\/\/ironsky.pl\/sklep\/produkt\/torba-na-ramie-na-laptopa-tomtoc-defender-a40-16-czarna\/#breadcrumb"},"inLanguage":"pl-PL","potentialAction":[{"@type":"ReadAction","target":["https:\/\/ironsky.pl\/sklep\/produkt\/torba-na-ramie-na-laptopa-tomtoc-defender-a40-16-czarna\/"]}]},{"@type":"ImageObject","inLanguage":"pl-PL","@id":"https:\/\/ironsky.pl\/sklep\/produkt\/torba-na-ramie-na-laptopa-tomtoc-defender-a40-16-czarna\/#primaryimage","url":"https:\/\/ironsky.pl\/sklep\/wp-content\/uploads\/2026\/04\/57025_1.jpg","contentUrl":"https:\/\/ironsky.pl\/sklep\/wp-content\/uploads\/2026\/04\/57025_1.jpg","width":800,"height":800},{"@type":"BreadcrumbList","@id":"https:\/\/ironsky.pl\/sklep\/produkt\/torba-na-ramie-na-laptopa-tomtoc-defender-a40-16-czarna\/#breadcrumb","itemListElement":[{"@type":"ListItem","position":1,"name":"Strona g\u0142\u00f3wna","item":"https:\/\/ironsky.pl\/sklep\/"},{"@type":"ListItem","position":2,"name":"Wszystkie produkty","item":"https:\/\/ironsky.pl\/sklep\/produkty\/"},{"@type":"ListItem","position":3,"name":"Torba na rami\u0119 na laptopa TOMTOC Defender-A40 16&#8243; (czarna)"}]},{"@type":"WebSite","@id":"https:\/\/ironsky.pl\/sklep\/#website","url":"https:\/\/ironsky.pl\/sklep\/","name":"IRONSKY.PL Sklep z Dronami","description":"IRONSKY.PL Sklep z Dronami","potentialAction":[{"@type":"SearchAction","target":{"@type":"EntryPoint","urlTemplate":"https:\/\/ironsky.pl\/sklep\/?s={search_term_string}"},"query-input":{"@type":"PropertyValueSpecification","valueRequired":true,"valueName":"search_term_string"}}],"inLanguage":"pl-PL"}]}},"_links":{"self":[{"href":"https:\/\/ironsky.pl\/sklep\/wp-json\/wp\/v2\/product\/61355","targetHints":{"allow":["GET"]}}],"collection":[{"href":"https:\/\/ironsky.pl\/sklep\/wp-json\/wp\/v2\/product"}],"about":[{"href":"https:\/\/ironsky.pl\/sklep\/wp-json\/wp\/v2\/types\/product"}],"replies":[{"embeddable":true,"href":"https:\/\/ironsky.pl\/sklep\/wp-json\/wp\/v2\/comments?post=61355"}],"wp:featuredmedia":[{"embeddable":true,"href":"https:\/\/ironsky.pl\/sklep\/wp-json\/wp\/v2\/media\/61356"}],"wp:attachment":[{"href":"https:\/\/ironsky.pl\/sklep\/wp-json\/wp\/v2\/media?parent=61355"}],"wp:term":[{"taxonomy":"product_brand","embeddable":true,"href":"https:\/\/ironsky.pl\/sklep\/wp-json\/wp\/v2\/product_brand?post=61355"},{"taxonomy":"product_cat","embeddable":true,"href":"https:\/\/ironsky.pl\/sklep\/wp-json\/wp\/v2\/product_cat?post=61355"},{"taxonomy":"product_tag","embeddable":true,"href":"https:\/\/ironsky.pl\/sklep\/wp-json\/wp\/v2\/product_tag?post=61355"}],"curies":[{"name":"wp","href":"https:\/\/api.w.org\/{rel}","templated":true}]}}