{"id":61321,"date":"2026-04-15T11:16:31","date_gmt":"2026-04-15T09:16:31","guid":{"rendered":"https:\/\/ironsky.pl\/sklep\/produkt\/pochlaniacz-dymu-creality-falcon-ap1\/"},"modified":"2026-04-21T06:20:16","modified_gmt":"2026-04-21T04:20:16","slug":"pochlaniacz-dymu-creality-falcon-ap1","status":"publish","type":"product","link":"https:\/\/ironsky.pl\/sklep\/produkt\/pochlaniacz-dymu-creality-falcon-ap1\/","title":{"rendered":"Poch\u0142aniacz dymu Creality Falcon AP1"},"content":{"rendered":"<h3>Poch\u0142aniacz dymu Creality Falcon AP1<\/h3>\n<p>Creality Falcon AP1 to zaawansowany poch\u0142aniacz dymu, kt\u00f3ry zapewnia do 99% skuteczno\u015bci oczyszczania powietrza dzi\u0119ki innowacyjnemu przep\u0142ywowi powietrza 360\u00b0 oraz wielostopniowemu systemowi filtracji z filtrem HEPA i w\u0119glem aktywnym. Wysoka wydajno\u015b\u0107, inteligentne sterowanie Wi-Fi z automatyczn\u0105 synchronizacj\u0105 pracy, monitoring jako\u015bci powietrza PM2.5 w czasie rzeczywistym, wydajne filtry oraz cicha praca sprawiaj\u0105, \u017ce Falcon AP1 to niezawodne i komfortowe rozwi\u0105zanie do skutecznego usuwania dymu i zapach\u00f3w, stworzone z my\u015bl\u0105 o bezpiecznej i spokojnej pracy.<\/p>\n<p>\n<img decoding=\"async\" src=\"https:\/\/assets.innpro.pl\/19432\/25891\/Pochlaniacz-dymu-Creality-Falcon-AP1-lifestyle-1.jpg\" border=\"0\" alt=\"Poch\u0142aniacz dymu w czarnej obudowie ustawiony na jasnej powierzchni.\" \/>\n<\/p>\n<h3>Oddychaj bezpiecznie, tw\u00f3rz bez ogranicze\u0144<\/h3>\n<p>Falcon AP1 potrafi automatycznie dobra\u0107 najlepsze ustawienia do obrabianych materia\u0142\u00f3w. Dzi\u0119ki funkcji Auto-Tune urz\u0105dzenie pracuje zawsze z optymaln\u0105 wydajno\u015bci\u0105, co przek\u0142ada si\u0119 na skuteczniejsze wychwytywanie dymu i opar\u00f3w oraz stabilne warunki w miejscu pracy. Wysokowydajny filtr HEPA o du\u017cej powierzchni roboczej (a\u017c 3 m\u00b2) skutecznie wychwytuje do 99,97% drobnych cz\u0105stek o wielko\u015bci 0,3 \u03bcm, zapewniaj\u0105c wysoki poziom ochrony przed py\u0142ami i mikrozanieczyszczeniami, kt\u00f3re s\u0105 niewidoczne go\u0142ym okiem.<\/p>\n<p>\n<img decoding=\"async\" src=\"https:\/\/assets.innpro.pl\/19432\/25891\/Pochlaniacz-dymu-Creality-Falcon-AP1-lifestyle-5.jpg\" border=\"0\" alt=\"Przep\u0142yw powietrza przez filtr w poch\u0142aniaczu dymu przedstawiony z efektami graficznymi.\" \/>\n<\/p>\n<h3>Inteligentny przep\u0142yw powietrza<\/h3>\n<p>Sercem urz\u0105dzenia jest innowacyjny system przep\u0142ywu powietrza 360\u00b0, wspierany przez wydajny silnik. Rozwi\u0105zanie to umo\u017cliwia szybkie i precyzyjne wychwytywanie dymu bezpo\u015brednio u \u017ar\u00f3d\u0142a, zanim zd\u0105\u017cy on rozprzestrzeni\u0107 si\u0119 w pomieszczeniu. Pr\u0119dko\u015b\u0107 powietrza do 20 m\/s gwarantuje b\u0142yskawiczne przechwytywanie dymu i opar\u00f3w. Wydajno\u015b\u0107 przep\u0142ywu 250 m\u00b3\/h zapewnia efektywn\u0105 cyrkulacj\u0119 powietrza w ca\u0142ym obszarze roboczym. Natomiast imponuj\u0105ca si\u0142a ssania 1700 Pa umo\u017cliwia skuteczne odsysanie zanieczyszcze\u0144 dok\u0142adnie tam, gdzie powstaj\u0105.<\/p>\n<p>\n<img decoding=\"async\" src=\"https:\/\/assets.innpro.pl\/19432\/25891\/Pochlaniacz-dymu-Creality-Falcon-AP1-lifestyle-7.jpg\" border=\"0\" alt=\"Przezroczysty widok wewn\u0119trznej struktury poch\u0142aniacza dymu z zaznaczonymi filtrami i przep\u0142ywem powietrza.\" \/>\n<\/p>\n<h3>Zaawansowana filtracja i monitoring<\/h3>\n<p>Pi\u0119ciostopniowy system filtracji zosta\u0142 zaprojektowany tak, aby maksymalnie eliminowa\u0107 dym, opary i nieprzyjemne zapachy, wychwytuj\u0105c nawet najdrobniejsze cz\u0105stki. Wbudowany cyfrowy wy\u015bwietlacz PM2.5 pozwala na bie\u017c\u0105co kontrolowa\u0107 jako\u015b\u0107 powietrza wok\u00f3\u0142 stanowiska pracy, a system monitorowania cyklu \u017cycia filtr\u00f3w na bie\u017c\u0105co analizuje ich stopie\u0144 zu\u017cycia. Aktualne dane o poziomie szkodliwych cz\u0105stek daj\u0105 pe\u0142n\u0105 \u015bwiadomo\u015b\u0107 skuteczno\u015bci oczyszczania i pomagaj\u0105 utrzyma\u0107 zdrowe warunki w ka\u017cdym momencie.<\/p>\n<p>\n<img decoding=\"async\" src=\"https:\/\/assets.innpro.pl\/19432\/25891\/Pochlaniacz-dymu-Creality-Falcon-AP1-lifestyle-6.jpg\" border=\"0\" alt=\"Czarny poch\u0142aniacz dymu z wy\u015bwietlaczem cyfrowym zawieszony nad przezroczyst\u0105 powierzchni\u0105.\" \/>\n<\/p>\n<h3>Wygodne sterowanie zdalne<\/h3>\n<p>Falcon AP1 to pierwszy na \u015bwiecie poch\u0142aniacz dymu sterowany przez Wi-Fi, kt\u00f3ry oferuje pe\u0142n\u0105 integracj\u0119 i inteligentne funkcje, takie jak: automatyczne w\u0142\u0105czanie i wy\u0142\u0105czanie zsynchronizowane z laserami Falcon, op\u00f3\u017anione wy\u0142\u0105czanie, kt\u00f3re mo\u017cna dostosowa\u0107, aby mie\u0107 pewno\u015b\u0107, \u017ce wszystkie opary zostan\u0105 usuni\u0119te, a tak\u017ce zdalne sterowanie, monitorowanie jako\u015bci powietrza oraz detekcja zu\u017cycia filtra. Wszystko dla maksymalnej wygody i kontroli.<\/p>\n<p>\n<img decoding=\"async\" src=\"https:\/\/assets.innpro.pl\/19432\/25891\/Pochlaniacz-dymu-Creality-Falcon-AP1-lifestyle-3.jpg\" border=\"0\" alt=\"R\u0119ka trzymaj\u0105ca smartfon z aplikacj\u0105 do zdalnego sterowania poch\u0142aniaczem dymu.\" \/>\n<\/p>\n<h3>Maksymalna absorpcja zapach\u00f3w<\/h3>\n<p>Zastosowany ultrag\u0119sty wk\u0142ad w\u0119glowy o masie 1,4 kg skutecznie wychwytuje zanieczyszczenia na poziomie molekularnym. System ten zosta\u0142 zaprojektowany z my\u015bl\u0105 o eliminacji intensywnych zapach\u00f3w, takich jak opary pochodz\u0105ce z obr\u00f3bki akrylu czy sk\u00f3ry. Zaawansowana konstrukcja systemu filtracji pozwala znacz\u0105co ograniczy\u0107 przestoje i koszty eksploatacyjne. Standardowy filtr dzia\u0142a nawet do 1 000 godzin, natomiast filtr w\u0119glowy V-Fold a\u017c do 1 500 godzin. To wynik nawet 5-krotnie lepszy ni\u017c \u015brednia rynkowa, kt\u00f3ra wynosi oko\u0142o 200 godzin, co czyni AP1 rozwi\u0105zaniem niezwykle trwa\u0142ym i op\u0142acalnym.<\/p>\n<p>\n<img decoding=\"async\" src=\"https:\/\/assets.innpro.pl\/19432\/25891\/Pochlaniacz-dymu-Creality-Falcon-AP1-lifestyle-11.jpg\" border=\"0\" alt=\"Przekr\u00f3j pokazuj\u0105cy cztery warstwy filtr\u00f3w o r\u00f3\u017cnych strukturach w poch\u0142aniaczu dymu.\" \/>\n<\/p>\n<h3>Inteligentna i cicha praca<\/h3>\n<p>Urz\u0105dzenie automatycznie dobiera optymalny tryb filtracji w zale\u017cno\u015bci od tego, czy realizowane jest ci\u0119cie czy grawerowanie. Takie rozwi\u0105zanie pozwala utrzyma\u0107 wysok\u0105 skuteczno\u015b\u0107 oczyszczania bez konieczno\u015bci Twojej r\u0119cznej ingerencji. Co wi\u0119cej, mimo zaawansowanej technologii i wysokiej mocy oczyszczania, Falcon AP1 pracuje niezwykle cicho. Poziom ha\u0142asu wynosz\u0105cy jedynie 57 dB sprawia, \u017ce urz\u0105dzenie nie rozprasza i nie zak\u0142\u00f3ca koncentracji, umo\u017cliwiaj\u0105c komfortow\u0105 prac\u0119 nawet w zamkni\u0119tych przestrzeniach.<\/p>\n<p>\n<img decoding=\"async\" src=\"https:\/\/assets.innpro.pl\/19432\/25891\/Pochlaniacz-dymu-Creality-Falcon-AP1-lifestyle-10.jpg\" border=\"0\" alt=\"Trzy urz\u0105dzenia Creality, w tym poch\u0142aniacz dymu Falcon, ustawione obok siebie.\" \/>\n<\/p>\n<h3>W zestawie<\/h3>\n<ul class=\"list-disc pl-5\">\n<li>poch\u0142aniacz dymu<\/li>\n<li>filtr 1 (zamontowany fabrycznie)<\/li>\n<li>filtr 2 (zamontowany fabrycznie)<\/li>\n<li>zaciski do w\u0119\u017ca x2<\/li>\n<li>przew\u00f3d zasilaj\u0105cy<\/li>\n<li>z\u0142\u0105cze kana\u0142u powietrznego<\/li>\n<li>kabel danych Type-C<\/li>\n<li>rura wydechowa<\/li>\n<li>instrukcja obs\u0142ugi<\/li>\n<\/ul>\n<div class=\"table-wrapper\">\n<p>\u00a0<\/p>\n<h3><\/h3>\n<table>\n<tbody>\n<tr>\n<th>Producent<\/th>\n<td>Creality<\/td>\n<\/tr>\n<tr>\n<th>Model<\/th>\n<td>Falcon AP1<\/td>\n<\/tr>\n<tr>\n<th>Wymiary produktu<\/th>\n<td>460 x 270 x 430 mm<\/td>\n<\/tr>\n<tr>\n<th>Waga<\/th>\n<td>10 kg<\/td>\n<\/tr>\n<tr>\n<th>Rozmiar kana\u0142u wlotowego powietrza<\/th>\n<td>\u044465 mm<\/td>\n<\/tr>\n<tr>\n<th>Napi\u0119cie wej\u015bciowe<\/th>\n<td>110\u2013230 V ~ 50\u201360 Hz<\/td>\n<\/tr>\n<tr>\n<th>Napi\u0119cie wyj\u015bciowe<\/th>\n<td>DC24V<\/td>\n<\/tr>\n<tr>\n<th>Maksymalna moc<\/th>\n<td>150W<\/td>\n<\/tr>\n<tr>\n<th>Ha\u0142as podczas pracy<\/th>\n<td>&lt;62dB<\/td>\n<\/tr>\n<tr>\n<th>Maksymalny przep\u0142yw powietrza<\/th>\n<td>250M3\/h<\/td>\n<\/tr>\n<tr>\n<th>Temperatura pracy<\/th>\n<td>-20~50\u00b0C<\/td>\n<\/tr>\n<tr>\n<th>Certyfikaty bezpiecze\u0144stwa<\/th>\n<td>CE, ROHS, FCC<\/td>\n<\/tr>\n<tr>\n<th>Konfiguracja filtr\u00f3w<\/th>\n<td>Wysokowydajny filtr kompozytowy HEPA, filtr z w\u0119glem aktywnym<\/td>\n<\/tr>\n<\/tbody>\n<\/table>\n<\/div>\n","protected":false},"excerpt":{"rendered":"<p>Poch\u0142aniacz dymu Creality Falcon AP1 Creality Falcon AP1 to zaawansowany poch\u0142aniacz dymu, kt\u00f3ry zapewnia do 99% skuteczno\u015bci oczyszczania powietrza dzi\u0119ki<\/p>\n","protected":false},"featured_media":61322,"comment_status":"closed","ping_status":"open","template":"","meta":{"_acf_changed":false},"product_brand":[],"product_cat":[6220,6218,6217],"product_tag":[],"class_list":{"0":"post-61321","1":"product","2":"type-product","3":"status-publish","4":"has-post-thumbnail","6":"product_cat-akcesoria-grawerki-i-wycinarki-laserowe","7":"product_cat-grawerki-i-wycinarki-laserowe","8":"product_cat-technologie-kreatywne","9":"pa_okres-gwarancji-5757","10":"pa_producent-creality","12":"first","13":"instock","14":"taxable","15":"shipping-taxable","16":"purchasable","17":"product-type-simple"},"acf":[],"yoast_head":"<!-- This site is optimized with the Yoast SEO plugin v27.2 - https:\/\/yoast.com\/product\/yoast-seo-wordpress\/ -->\n<title>Poch\u0142aniacz dymu Creality Falcon AP1 - IRONSKY.PL Sklep z Dronami<\/title>\n<meta name=\"description\" content=\"Poch\u0142aniacz dymu Creality Falcon AP1 - \u2705 sklep z dronami i fachowym doradztwem. \u2705 Tutaj kupisz produkty DJI, Yuneec, Parrot, Syma i wiele innych, a tak\u017ce kursy i licencje na operatora drona.\" \/>\n<meta name=\"robots\" content=\"index, follow, max-snippet:-1, max-image-preview:large, max-video-preview:-1\" \/>\n<link rel=\"canonical\" href=\"https:\/\/ironsky.pl\/sklep\/produkt\/pochlaniacz-dymu-creality-falcon-ap1\/\" \/>\n<meta property=\"og:locale\" content=\"pl_PL\" \/>\n<meta property=\"og:type\" content=\"article\" \/>\n<meta property=\"og:title\" content=\"Poch\u0142aniacz dymu Creality Falcon AP1 - IRONSKY.PL Sklep z Dronami\" \/>\n<meta property=\"og:description\" content=\"Poch\u0142aniacz dymu Creality Falcon AP1 - \u2705 sklep z dronami i fachowym doradztwem. \u2705 Tutaj kupisz produkty DJI, Yuneec, Parrot, Syma i wiele innych, a tak\u017ce kursy i licencje na operatora drona.\" \/>\n<meta property=\"og:url\" content=\"https:\/\/ironsky.pl\/sklep\/produkt\/pochlaniacz-dymu-creality-falcon-ap1\/\" \/>\n<meta property=\"og:site_name\" content=\"IRONSKY.PL Sklep z Dronami\" \/>\n<meta property=\"article:modified_time\" content=\"2026-04-21T04:20:16+00:00\" \/>\n<meta property=\"og:image\" content=\"https:\/\/ironsky.pl\/sklep\/wp-content\/uploads\/2026\/04\/56952_5.jpg\" \/>\n\t<meta property=\"og:image:width\" content=\"800\" \/>\n\t<meta property=\"og:image:height\" content=\"800\" \/>\n\t<meta property=\"og:image:type\" content=\"image\/jpeg\" \/>\n<meta name=\"twitter:card\" content=\"summary_large_image\" \/>\n<meta name=\"twitter:label1\" content=\"Szacowany czas czytania\" \/>\n\t<meta name=\"twitter:data1\" content=\"3 minuty\" \/>\n<script type=\"application\/ld+json\" class=\"yoast-schema-graph\">{\"@context\":\"https:\/\/schema.org\",\"@graph\":[{\"@type\":\"WebPage\",\"@id\":\"https:\/\/ironsky.pl\/sklep\/produkt\/pochlaniacz-dymu-creality-falcon-ap1\/\",\"url\":\"https:\/\/ironsky.pl\/sklep\/produkt\/pochlaniacz-dymu-creality-falcon-ap1\/\",\"name\":\"Poch\u0142aniacz dymu Creality Falcon AP1 - IRONSKY.PL Sklep z Dronami\",\"isPartOf\":{\"@id\":\"https:\/\/ironsky.pl\/sklep\/#website\"},\"primaryImageOfPage\":{\"@id\":\"https:\/\/ironsky.pl\/sklep\/produkt\/pochlaniacz-dymu-creality-falcon-ap1\/#primaryimage\"},\"image\":{\"@id\":\"https:\/\/ironsky.pl\/sklep\/produkt\/pochlaniacz-dymu-creality-falcon-ap1\/#primaryimage\"},\"thumbnailUrl\":\"https:\/\/ironsky.pl\/sklep\/wp-content\/uploads\/2026\/04\/56952_5.jpg\",\"datePublished\":\"2026-04-15T09:16:31+00:00\",\"dateModified\":\"2026-04-21T04:20:16+00:00\",\"description\":\"Poch\u0142aniacz dymu Creality Falcon AP1 - \u2705 sklep z dronami i fachowym doradztwem. \u2705 Tutaj kupisz produkty DJI, Yuneec, Parrot, Syma i wiele innych, a tak\u017ce kursy i licencje na operatora drona.\",\"breadcrumb\":{\"@id\":\"https:\/\/ironsky.pl\/sklep\/produkt\/pochlaniacz-dymu-creality-falcon-ap1\/#breadcrumb\"},\"inLanguage\":\"pl-PL\",\"potentialAction\":[{\"@type\":\"ReadAction\",\"target\":[\"https:\/\/ironsky.pl\/sklep\/produkt\/pochlaniacz-dymu-creality-falcon-ap1\/\"]}]},{\"@type\":\"ImageObject\",\"inLanguage\":\"pl-PL\",\"@id\":\"https:\/\/ironsky.pl\/sklep\/produkt\/pochlaniacz-dymu-creality-falcon-ap1\/#primaryimage\",\"url\":\"https:\/\/ironsky.pl\/sklep\/wp-content\/uploads\/2026\/04\/56952_5.jpg\",\"contentUrl\":\"https:\/\/ironsky.pl\/sklep\/wp-content\/uploads\/2026\/04\/56952_5.jpg\",\"width\":800,\"height\":800},{\"@type\":\"BreadcrumbList\",\"@id\":\"https:\/\/ironsky.pl\/sklep\/produkt\/pochlaniacz-dymu-creality-falcon-ap1\/#breadcrumb\",\"itemListElement\":[{\"@type\":\"ListItem\",\"position\":1,\"name\":\"Strona g\u0142\u00f3wna\",\"item\":\"https:\/\/ironsky.pl\/sklep\/\"},{\"@type\":\"ListItem\",\"position\":2,\"name\":\"Wszystkie produkty\",\"item\":\"https:\/\/ironsky.pl\/sklep\/produkty\/\"},{\"@type\":\"ListItem\",\"position\":3,\"name\":\"Poch\u0142aniacz dymu Creality Falcon AP1\"}]},{\"@type\":\"WebSite\",\"@id\":\"https:\/\/ironsky.pl\/sklep\/#website\",\"url\":\"https:\/\/ironsky.pl\/sklep\/\",\"name\":\"IRONSKY.PL Sklep z Dronami\",\"description\":\"IRONSKY.PL Sklep z Dronami\",\"potentialAction\":[{\"@type\":\"SearchAction\",\"target\":{\"@type\":\"EntryPoint\",\"urlTemplate\":\"https:\/\/ironsky.pl\/sklep\/?s={search_term_string}\"},\"query-input\":{\"@type\":\"PropertyValueSpecification\",\"valueRequired\":true,\"valueName\":\"search_term_string\"}}],\"inLanguage\":\"pl-PL\"}]}<\/script>\n<!-- \/ Yoast SEO plugin. -->","yoast_head_json":{"title":"Poch\u0142aniacz dymu Creality Falcon AP1 - IRONSKY.PL Sklep z Dronami","description":"Poch\u0142aniacz dymu Creality Falcon AP1 - \u2705 sklep z dronami i fachowym doradztwem. \u2705 Tutaj kupisz produkty DJI, Yuneec, Parrot, Syma i wiele innych, a tak\u017ce kursy i licencje na operatora drona.","robots":{"index":"index","follow":"follow","max-snippet":"max-snippet:-1","max-image-preview":"max-image-preview:large","max-video-preview":"max-video-preview:-1"},"canonical":"https:\/\/ironsky.pl\/sklep\/produkt\/pochlaniacz-dymu-creality-falcon-ap1\/","og_locale":"pl_PL","og_type":"article","og_title":"Poch\u0142aniacz dymu Creality Falcon AP1 - IRONSKY.PL Sklep z Dronami","og_description":"Poch\u0142aniacz dymu Creality Falcon AP1 - \u2705 sklep z dronami i fachowym doradztwem. \u2705 Tutaj kupisz produkty DJI, Yuneec, Parrot, Syma i wiele innych, a tak\u017ce kursy i licencje na operatora drona.","og_url":"https:\/\/ironsky.pl\/sklep\/produkt\/pochlaniacz-dymu-creality-falcon-ap1\/","og_site_name":"IRONSKY.PL Sklep z Dronami","article_modified_time":"2026-04-21T04:20:16+00:00","og_image":[{"width":800,"height":800,"url":"https:\/\/ironsky.pl\/sklep\/wp-content\/uploads\/2026\/04\/56952_5.jpg","type":"image\/jpeg"}],"twitter_card":"summary_large_image","twitter_misc":{"Szacowany czas czytania":"3 minuty"},"schema":{"@context":"https:\/\/schema.org","@graph":[{"@type":"WebPage","@id":"https:\/\/ironsky.pl\/sklep\/produkt\/pochlaniacz-dymu-creality-falcon-ap1\/","url":"https:\/\/ironsky.pl\/sklep\/produkt\/pochlaniacz-dymu-creality-falcon-ap1\/","name":"Poch\u0142aniacz dymu Creality Falcon AP1 - IRONSKY.PL Sklep z Dronami","isPartOf":{"@id":"https:\/\/ironsky.pl\/sklep\/#website"},"primaryImageOfPage":{"@id":"https:\/\/ironsky.pl\/sklep\/produkt\/pochlaniacz-dymu-creality-falcon-ap1\/#primaryimage"},"image":{"@id":"https:\/\/ironsky.pl\/sklep\/produkt\/pochlaniacz-dymu-creality-falcon-ap1\/#primaryimage"},"thumbnailUrl":"https:\/\/ironsky.pl\/sklep\/wp-content\/uploads\/2026\/04\/56952_5.jpg","datePublished":"2026-04-15T09:16:31+00:00","dateModified":"2026-04-21T04:20:16+00:00","description":"Poch\u0142aniacz dymu Creality Falcon AP1 - \u2705 sklep z dronami i fachowym doradztwem. \u2705 Tutaj kupisz produkty DJI, Yuneec, Parrot, Syma i wiele innych, a tak\u017ce kursy i licencje na operatora drona.","breadcrumb":{"@id":"https:\/\/ironsky.pl\/sklep\/produkt\/pochlaniacz-dymu-creality-falcon-ap1\/#breadcrumb"},"inLanguage":"pl-PL","potentialAction":[{"@type":"ReadAction","target":["https:\/\/ironsky.pl\/sklep\/produkt\/pochlaniacz-dymu-creality-falcon-ap1\/"]}]},{"@type":"ImageObject","inLanguage":"pl-PL","@id":"https:\/\/ironsky.pl\/sklep\/produkt\/pochlaniacz-dymu-creality-falcon-ap1\/#primaryimage","url":"https:\/\/ironsky.pl\/sklep\/wp-content\/uploads\/2026\/04\/56952_5.jpg","contentUrl":"https:\/\/ironsky.pl\/sklep\/wp-content\/uploads\/2026\/04\/56952_5.jpg","width":800,"height":800},{"@type":"BreadcrumbList","@id":"https:\/\/ironsky.pl\/sklep\/produkt\/pochlaniacz-dymu-creality-falcon-ap1\/#breadcrumb","itemListElement":[{"@type":"ListItem","position":1,"name":"Strona g\u0142\u00f3wna","item":"https:\/\/ironsky.pl\/sklep\/"},{"@type":"ListItem","position":2,"name":"Wszystkie produkty","item":"https:\/\/ironsky.pl\/sklep\/produkty\/"},{"@type":"ListItem","position":3,"name":"Poch\u0142aniacz dymu Creality Falcon AP1"}]},{"@type":"WebSite","@id":"https:\/\/ironsky.pl\/sklep\/#website","url":"https:\/\/ironsky.pl\/sklep\/","name":"IRONSKY.PL Sklep z Dronami","description":"IRONSKY.PL Sklep z Dronami","potentialAction":[{"@type":"SearchAction","target":{"@type":"EntryPoint","urlTemplate":"https:\/\/ironsky.pl\/sklep\/?s={search_term_string}"},"query-input":{"@type":"PropertyValueSpecification","valueRequired":true,"valueName":"search_term_string"}}],"inLanguage":"pl-PL"}]}},"_links":{"self":[{"href":"https:\/\/ironsky.pl\/sklep\/wp-json\/wp\/v2\/product\/61321","targetHints":{"allow":["GET"]}}],"collection":[{"href":"https:\/\/ironsky.pl\/sklep\/wp-json\/wp\/v2\/product"}],"about":[{"href":"https:\/\/ironsky.pl\/sklep\/wp-json\/wp\/v2\/types\/product"}],"replies":[{"embeddable":true,"href":"https:\/\/ironsky.pl\/sklep\/wp-json\/wp\/v2\/comments?post=61321"}],"wp:featuredmedia":[{"embeddable":true,"href":"https:\/\/ironsky.pl\/sklep\/wp-json\/wp\/v2\/media\/61322"}],"wp:attachment":[{"href":"https:\/\/ironsky.pl\/sklep\/wp-json\/wp\/v2\/media?parent=61321"}],"wp:term":[{"taxonomy":"product_brand","embeddable":true,"href":"https:\/\/ironsky.pl\/sklep\/wp-json\/wp\/v2\/product_brand?post=61321"},{"taxonomy":"product_cat","embeddable":true,"href":"https:\/\/ironsky.pl\/sklep\/wp-json\/wp\/v2\/product_cat?post=61321"},{"taxonomy":"product_tag","embeddable":true,"href":"https:\/\/ironsky.pl\/sklep\/wp-json\/wp\/v2\/product_tag?post=61321"}],"curies":[{"name":"wp","href":"https:\/\/api.w.org\/{rel}","templated":true}]}}