{"id":61252,"date":"2026-04-15T11:15:29","date_gmt":"2026-04-15T09:15:29","guid":{"rendered":"https:\/\/ironsky.pl\/sklep\/produkt\/torba-na-aparat-sunnylife-do-osmo-nano-czarna\/"},"modified":"2026-04-15T11:23:53","modified_gmt":"2026-04-15T09:23:53","slug":"torba-na-aparat-sunnylife-do-osmo-nano-czarna","status":"publish","type":"product","link":"https:\/\/ironsky.pl\/sklep\/produkt\/torba-na-aparat-sunnylife-do-osmo-nano-czarna\/","title":{"rendered":"Torba na aparat Sunnylife do Osmo Nano (czarna)"},"content":{"rendered":"<h3>Torba Sunnylife do DJI Osmo Nano (czarna)<\/h3>\n<p>Zadbaj o bezpieczny transport swojej kamery DJI Osmo Nano. Torba Sunnylife skutecznie ochroni j\u0105 przed uszkodzeniem i zapewni do niej szybki, wygodny dost\u0119p. Twarda konstrukcja, precyzyjne dopasowanie i bardzo ma\u0142e wymiary sprawiaj\u0105, \u017ce akcesorium idealnie sprawdza si\u0119 podczas codziennego u\u017cytkowania, spacer\u00f3w i nagra\u0144 w terenie.<\/p>\n<p>\n<img decoding=\"async\" src=\"https:\/\/assets.innpro.pl\/19051\/25397\/Torba-na-aparat-Sunnylife-do-Osmo-Nano-czarna-lifestyle-3.jpg\" border=\"0\" alt=\"D\u0142o\u0144 trzymaj\u0105ca czarne etui Sunnylife na rozmytym tle\" \/>\n<\/p>\n<h3>Precyzyjne dopasowanie do DJI Osmo Nano<\/h3>\n<p>Wn\u0119trze etui zosta\u0142o zaprojektowane specjalnie dla DJI Osmo Nano, co zapewnia stabilne u\u0142o\u017cenie urz\u0105dzenia i skuteczn\u0105 ochron\u0119 obiektywu i ekranu. Kamera jest pewnie osadzona, bez luz\u00f3w, co minimalizuje ryzyko przesuwania si\u0119 podczas transportu.<\/p>\n<p>\n<img decoding=\"async\" src=\"https:\/\/assets.innpro.pl\/19051\/25397\/Torba-na-aparat-Sunnylife-do-Osmo-Nano-czarna-lifestyle-6.jpg\" border=\"0\" alt=\"Otwarte szare etui Sunnylife z kamer\u0105 sportow\u0105 i przegrodami na akcesoria\" \/>\n<\/p>\n<h3>Szybki monta\u017c akcesori\u00f3w<\/h3>\n<p>Przemy\u015blana konstrukcja umo\u017cliwia bezpo\u015brednie pod\u0142\u0105czenie Osmo Nano do adaptera bez konieczno\u015bci ca\u0142kowitego otwierania etui. Mo\u017cesz wi\u0119c na przyk\u0142ad transportowa\u0107 kamer\u0119 zamontowan\u0105 na wysi\u0119gniku. To pozwala szybko przej\u015b\u0107 do nagrywania, co jest szczeg\u00f3lnie przydatne przy spontanicznych uj\u0119ciach.<\/p>\n<p>\n<img decoding=\"async\" src=\"https:\/\/assets.innpro.pl\/19051\/25397\/Torba-na-aparat-Sunnylife-do-Osmo-Nano-czarna-lifestyle-2.jpg\" border=\"0\" alt=\"Szare etui na statywie oraz pomara\u0144czowe etui na wysi\u0119gniku w kieszeni torby\" \/>\n<\/p>\n<h3>Kompaktowy rozmiar i pe\u0142na mobilno\u015b\u0107<\/h3>\n<p>Kompaktowy format etui sprawia, \u017ce bez problemu mie\u015bci si\u0119 ono w d\u0142oni, kieszeni czy torbie. Mo\u017ce Ci towarzyszy\u0107 niemal wsz\u0119dzie! W zestawie znajdziesz te\u017c praktyczny karabi\u0144czyk, za pomoc\u0105 kt\u00f3rego z \u0142atwo\u015bci\u0105 przymocujesz akcesorium na przyk\u0142ad do plecaka. Dzi\u0119ki temu kamera b\u0119dzie zawsze pod r\u0119k\u0105 \u2013 bez konieczno\u015bci si\u0119gania do wn\u0119trza baga\u017cu!<\/p>\n<p>\n<img decoding=\"async\" src=\"https:\/\/assets.innpro.pl\/19051\/25397\/Torba-na-aparat-Sunnylife-do-Osmo-Nano-czarna-lifestyle-4.jpg\" border=\"0\" alt=\"Pomara\u0144czowe etui Sunnylife przymocowane do paska plecaka\" \/>\n<\/p>\n<h3>Trwa\u0142a konstrukcja<\/h3>\n<p>Etui zosta\u0142o wykonane z matowej sk\u00f3ry PU po\u0142\u0105czonej z tworzywem EVA. Zastosowane materia\u0142y zapewniaj\u0105 odporno\u015b\u0107 na wod\u0119, wilgo\u0107 i kurz, dzi\u0119ki czemu kamera jest lepiej chroniona w r\u00f3\u017cnych warunkach u\u017cytkowania. Ponadto sztywna obudowa skutecznie zabezpiecza sprz\u0119t przed uderzeniami i naciskiem, zmniejszaj\u0105c ryzyko jego uszkodzenia. Do tego dochodzi g\u0142adka powierzchnia, precyzyjne szycie i solidny zamek b\u0142yskawiczny.<\/p>\n<p>\n<img decoding=\"async\" src=\"https:\/\/assets.innpro.pl\/19051\/25397\/Torba-na-aparat-Sunnylife-do-Osmo-Nano-czarna-lifestyle-1.jpg\" border=\"0\" alt=\"Otwarte pomara\u0144czowe etui z kamer\u0105 sportow\u0105 i akcesoriami obok trzech zamkni\u0119tych etui w r\u00f3\u017cnych kolorach\" \/>\n<\/p>\n<h3>W zestawie<\/h3>\n<ul class=\"list-disc pl-5\">\n<li>Torba<\/li>\n<li>Karabi\u0144czyk<\/li>\n<\/ul>\n<div class=\"table-wrapper\">\n<p>\u00a0<\/p>\n<h3><\/h3>\n<table>\n<tbody>\n<tr>\n<th>Producent<\/th>\n<td>Sunnylife<\/td>\n<\/tr>\n<tr>\n<th>Nazwa<\/th>\n<td>Sunnylife Mini Case<\/td>\n<\/tr>\n<tr>\n<th>Model<\/th>\n<td>ON-B0101<\/td>\n<\/tr>\n<tr>\n<th>Kompatybilno\u015b\u0107<\/th>\n<td>DJI Osmo Nano<\/td>\n<\/tr>\n<tr>\n<th>Materia\u0142<\/th>\n<td>Sk\u00f3ra PU + EVA<\/td>\n<\/tr>\n<tr>\n<th>Waga<\/th>\n<td>44 g<\/td>\n<\/tr>\n<tr>\n<th>Wymiary<\/th>\n<td>96 \u00d7 80 \u00d7 45 mm<\/td>\n<\/tr>\n<tr>\n<th>Kolor<\/th>\n<td>Czarny<\/td>\n<\/tr>\n<\/tbody>\n<\/table>\n<\/div>\n","protected":false},"excerpt":{"rendered":"<p>Torba Sunnylife do DJI Osmo Nano (czarna) Zadbaj o bezpieczny transport swojej kamery DJI Osmo Nano. Torba Sunnylife skutecznie ochroni<\/p>\n","protected":false},"featured_media":61253,"comment_status":"closed","ping_status":"open","template":"","meta":{"_acf_changed":false},"product_brand":[],"product_cat":[1130,6174,1128],"product_tag":[],"class_list":{"0":"post-61252","1":"product","2":"type-product","3":"status-publish","4":"has-post-thumbnail","6":"product_cat-akcesoria-foto","7":"product_cat-do-aparatow-i-kamer","8":"product_cat-foto-wideo","9":"pa_okres-gwarancji-5757","10":"pa_producent-sunnylife","12":"first","13":"outofstock","14":"taxable","15":"shipping-taxable","16":"purchasable","17":"product-type-simple"},"acf":[],"yoast_head":"<!-- This site is optimized with the Yoast SEO plugin v27.2 - https:\/\/yoast.com\/product\/yoast-seo-wordpress\/ -->\n<title>Torba na aparat Sunnylife do Osmo Nano (czarna) - IRONSKY.PL Sklep z Dronami<\/title>\n<meta name=\"description\" content=\"Torba na aparat Sunnylife do Osmo Nano (czarna) - \u2705 sklep z dronami i fachowym doradztwem. \u2705 Tutaj kupisz produkty DJI, Yuneec, Parrot, Syma i wiele innych, a tak\u017ce kursy i licencje na operatora drona.\" \/>\n<meta name=\"robots\" content=\"index, follow, max-snippet:-1, max-image-preview:large, max-video-preview:-1\" \/>\n<link rel=\"canonical\" href=\"https:\/\/ironsky.pl\/sklep\/produkt\/torba-na-aparat-sunnylife-do-osmo-nano-czarna\/\" \/>\n<meta property=\"og:locale\" content=\"pl_PL\" \/>\n<meta property=\"og:type\" content=\"article\" \/>\n<meta property=\"og:title\" content=\"Torba na aparat Sunnylife do Osmo Nano (czarna) - IRONSKY.PL Sklep z Dronami\" \/>\n<meta property=\"og:description\" content=\"Torba na aparat Sunnylife do Osmo Nano (czarna) - \u2705 sklep z dronami i fachowym doradztwem. \u2705 Tutaj kupisz produkty DJI, Yuneec, Parrot, Syma i wiele innych, a tak\u017ce kursy i licencje na operatora drona.\" \/>\n<meta property=\"og:url\" content=\"https:\/\/ironsky.pl\/sklep\/produkt\/torba-na-aparat-sunnylife-do-osmo-nano-czarna\/\" \/>\n<meta property=\"og:site_name\" content=\"IRONSKY.PL Sklep z Dronami\" \/>\n<meta property=\"article:modified_time\" content=\"2026-04-15T09:23:53+00:00\" \/>\n<meta property=\"og:image\" content=\"https:\/\/ironsky.pl\/sklep\/wp-content\/uploads\/2026\/04\/56701_1.jpg\" \/>\n\t<meta property=\"og:image:width\" content=\"800\" \/>\n\t<meta property=\"og:image:height\" content=\"800\" \/>\n\t<meta property=\"og:image:type\" content=\"image\/jpeg\" \/>\n<meta name=\"twitter:card\" content=\"summary_large_image\" \/>\n<meta name=\"twitter:label1\" content=\"Szacowany czas czytania\" \/>\n\t<meta name=\"twitter:data1\" content=\"2 minuty\" \/>\n<script type=\"application\/ld+json\" class=\"yoast-schema-graph\">{\"@context\":\"https:\/\/schema.org\",\"@graph\":[{\"@type\":\"WebPage\",\"@id\":\"https:\/\/ironsky.pl\/sklep\/produkt\/torba-na-aparat-sunnylife-do-osmo-nano-czarna\/\",\"url\":\"https:\/\/ironsky.pl\/sklep\/produkt\/torba-na-aparat-sunnylife-do-osmo-nano-czarna\/\",\"name\":\"Torba na aparat Sunnylife do Osmo Nano (czarna) - IRONSKY.PL Sklep z Dronami\",\"isPartOf\":{\"@id\":\"https:\/\/ironsky.pl\/sklep\/#website\"},\"primaryImageOfPage\":{\"@id\":\"https:\/\/ironsky.pl\/sklep\/produkt\/torba-na-aparat-sunnylife-do-osmo-nano-czarna\/#primaryimage\"},\"image\":{\"@id\":\"https:\/\/ironsky.pl\/sklep\/produkt\/torba-na-aparat-sunnylife-do-osmo-nano-czarna\/#primaryimage\"},\"thumbnailUrl\":\"https:\/\/ironsky.pl\/sklep\/wp-content\/uploads\/2026\/04\/56701_1.jpg\",\"datePublished\":\"2026-04-15T09:15:29+00:00\",\"dateModified\":\"2026-04-15T09:23:53+00:00\",\"description\":\"Torba na aparat Sunnylife do Osmo Nano (czarna) - \u2705 sklep z dronami i fachowym doradztwem. \u2705 Tutaj kupisz produkty DJI, Yuneec, Parrot, Syma i wiele innych, a tak\u017ce kursy i licencje na operatora drona.\",\"breadcrumb\":{\"@id\":\"https:\/\/ironsky.pl\/sklep\/produkt\/torba-na-aparat-sunnylife-do-osmo-nano-czarna\/#breadcrumb\"},\"inLanguage\":\"pl-PL\",\"potentialAction\":[{\"@type\":\"ReadAction\",\"target\":[\"https:\/\/ironsky.pl\/sklep\/produkt\/torba-na-aparat-sunnylife-do-osmo-nano-czarna\/\"]}]},{\"@type\":\"ImageObject\",\"inLanguage\":\"pl-PL\",\"@id\":\"https:\/\/ironsky.pl\/sklep\/produkt\/torba-na-aparat-sunnylife-do-osmo-nano-czarna\/#primaryimage\",\"url\":\"https:\/\/ironsky.pl\/sklep\/wp-content\/uploads\/2026\/04\/56701_1.jpg\",\"contentUrl\":\"https:\/\/ironsky.pl\/sklep\/wp-content\/uploads\/2026\/04\/56701_1.jpg\",\"width\":800,\"height\":800},{\"@type\":\"BreadcrumbList\",\"@id\":\"https:\/\/ironsky.pl\/sklep\/produkt\/torba-na-aparat-sunnylife-do-osmo-nano-czarna\/#breadcrumb\",\"itemListElement\":[{\"@type\":\"ListItem\",\"position\":1,\"name\":\"Strona g\u0142\u00f3wna\",\"item\":\"https:\/\/ironsky.pl\/sklep\/\"},{\"@type\":\"ListItem\",\"position\":2,\"name\":\"Wszystkie produkty\",\"item\":\"https:\/\/ironsky.pl\/sklep\/produkty\/\"},{\"@type\":\"ListItem\",\"position\":3,\"name\":\"Torba na aparat Sunnylife do Osmo Nano (czarna)\"}]},{\"@type\":\"WebSite\",\"@id\":\"https:\/\/ironsky.pl\/sklep\/#website\",\"url\":\"https:\/\/ironsky.pl\/sklep\/\",\"name\":\"IRONSKY.PL Sklep z Dronami\",\"description\":\"IRONSKY.PL Sklep z Dronami\",\"potentialAction\":[{\"@type\":\"SearchAction\",\"target\":{\"@type\":\"EntryPoint\",\"urlTemplate\":\"https:\/\/ironsky.pl\/sklep\/?s={search_term_string}\"},\"query-input\":{\"@type\":\"PropertyValueSpecification\",\"valueRequired\":true,\"valueName\":\"search_term_string\"}}],\"inLanguage\":\"pl-PL\"}]}<\/script>\n<!-- \/ Yoast SEO plugin. -->","yoast_head_json":{"title":"Torba na aparat Sunnylife do Osmo Nano (czarna) - IRONSKY.PL Sklep z Dronami","description":"Torba na aparat Sunnylife do Osmo Nano (czarna) - \u2705 sklep z dronami i fachowym doradztwem. \u2705 Tutaj kupisz produkty DJI, Yuneec, Parrot, Syma i wiele innych, a tak\u017ce kursy i licencje na operatora drona.","robots":{"index":"index","follow":"follow","max-snippet":"max-snippet:-1","max-image-preview":"max-image-preview:large","max-video-preview":"max-video-preview:-1"},"canonical":"https:\/\/ironsky.pl\/sklep\/produkt\/torba-na-aparat-sunnylife-do-osmo-nano-czarna\/","og_locale":"pl_PL","og_type":"article","og_title":"Torba na aparat Sunnylife do Osmo Nano (czarna) - IRONSKY.PL Sklep z Dronami","og_description":"Torba na aparat Sunnylife do Osmo Nano (czarna) - \u2705 sklep z dronami i fachowym doradztwem. \u2705 Tutaj kupisz produkty DJI, Yuneec, Parrot, Syma i wiele innych, a tak\u017ce kursy i licencje na operatora drona.","og_url":"https:\/\/ironsky.pl\/sklep\/produkt\/torba-na-aparat-sunnylife-do-osmo-nano-czarna\/","og_site_name":"IRONSKY.PL Sklep z Dronami","article_modified_time":"2026-04-15T09:23:53+00:00","og_image":[{"width":800,"height":800,"url":"https:\/\/ironsky.pl\/sklep\/wp-content\/uploads\/2026\/04\/56701_1.jpg","type":"image\/jpeg"}],"twitter_card":"summary_large_image","twitter_misc":{"Szacowany czas czytania":"2 minuty"},"schema":{"@context":"https:\/\/schema.org","@graph":[{"@type":"WebPage","@id":"https:\/\/ironsky.pl\/sklep\/produkt\/torba-na-aparat-sunnylife-do-osmo-nano-czarna\/","url":"https:\/\/ironsky.pl\/sklep\/produkt\/torba-na-aparat-sunnylife-do-osmo-nano-czarna\/","name":"Torba na aparat Sunnylife do Osmo Nano (czarna) - IRONSKY.PL Sklep z Dronami","isPartOf":{"@id":"https:\/\/ironsky.pl\/sklep\/#website"},"primaryImageOfPage":{"@id":"https:\/\/ironsky.pl\/sklep\/produkt\/torba-na-aparat-sunnylife-do-osmo-nano-czarna\/#primaryimage"},"image":{"@id":"https:\/\/ironsky.pl\/sklep\/produkt\/torba-na-aparat-sunnylife-do-osmo-nano-czarna\/#primaryimage"},"thumbnailUrl":"https:\/\/ironsky.pl\/sklep\/wp-content\/uploads\/2026\/04\/56701_1.jpg","datePublished":"2026-04-15T09:15:29+00:00","dateModified":"2026-04-15T09:23:53+00:00","description":"Torba na aparat Sunnylife do Osmo Nano (czarna) - \u2705 sklep z dronami i fachowym doradztwem. \u2705 Tutaj kupisz produkty DJI, Yuneec, Parrot, Syma i wiele innych, a tak\u017ce kursy i licencje na operatora drona.","breadcrumb":{"@id":"https:\/\/ironsky.pl\/sklep\/produkt\/torba-na-aparat-sunnylife-do-osmo-nano-czarna\/#breadcrumb"},"inLanguage":"pl-PL","potentialAction":[{"@type":"ReadAction","target":["https:\/\/ironsky.pl\/sklep\/produkt\/torba-na-aparat-sunnylife-do-osmo-nano-czarna\/"]}]},{"@type":"ImageObject","inLanguage":"pl-PL","@id":"https:\/\/ironsky.pl\/sklep\/produkt\/torba-na-aparat-sunnylife-do-osmo-nano-czarna\/#primaryimage","url":"https:\/\/ironsky.pl\/sklep\/wp-content\/uploads\/2026\/04\/56701_1.jpg","contentUrl":"https:\/\/ironsky.pl\/sklep\/wp-content\/uploads\/2026\/04\/56701_1.jpg","width":800,"height":800},{"@type":"BreadcrumbList","@id":"https:\/\/ironsky.pl\/sklep\/produkt\/torba-na-aparat-sunnylife-do-osmo-nano-czarna\/#breadcrumb","itemListElement":[{"@type":"ListItem","position":1,"name":"Strona g\u0142\u00f3wna","item":"https:\/\/ironsky.pl\/sklep\/"},{"@type":"ListItem","position":2,"name":"Wszystkie produkty","item":"https:\/\/ironsky.pl\/sklep\/produkty\/"},{"@type":"ListItem","position":3,"name":"Torba na aparat Sunnylife do Osmo Nano (czarna)"}]},{"@type":"WebSite","@id":"https:\/\/ironsky.pl\/sklep\/#website","url":"https:\/\/ironsky.pl\/sklep\/","name":"IRONSKY.PL Sklep z Dronami","description":"IRONSKY.PL Sklep z Dronami","potentialAction":[{"@type":"SearchAction","target":{"@type":"EntryPoint","urlTemplate":"https:\/\/ironsky.pl\/sklep\/?s={search_term_string}"},"query-input":{"@type":"PropertyValueSpecification","valueRequired":true,"valueName":"search_term_string"}}],"inLanguage":"pl-PL"}]}},"_links":{"self":[{"href":"https:\/\/ironsky.pl\/sklep\/wp-json\/wp\/v2\/product\/61252","targetHints":{"allow":["GET"]}}],"collection":[{"href":"https:\/\/ironsky.pl\/sklep\/wp-json\/wp\/v2\/product"}],"about":[{"href":"https:\/\/ironsky.pl\/sklep\/wp-json\/wp\/v2\/types\/product"}],"replies":[{"embeddable":true,"href":"https:\/\/ironsky.pl\/sklep\/wp-json\/wp\/v2\/comments?post=61252"}],"wp:featuredmedia":[{"embeddable":true,"href":"https:\/\/ironsky.pl\/sklep\/wp-json\/wp\/v2\/media\/61253"}],"wp:attachment":[{"href":"https:\/\/ironsky.pl\/sklep\/wp-json\/wp\/v2\/media?parent=61252"}],"wp:term":[{"taxonomy":"product_brand","embeddable":true,"href":"https:\/\/ironsky.pl\/sklep\/wp-json\/wp\/v2\/product_brand?post=61252"},{"taxonomy":"product_cat","embeddable":true,"href":"https:\/\/ironsky.pl\/sklep\/wp-json\/wp\/v2\/product_cat?post=61252"},{"taxonomy":"product_tag","embeddable":true,"href":"https:\/\/ironsky.pl\/sklep\/wp-json\/wp\/v2\/product_tag?post=61252"}],"curies":[{"name":"wp","href":"https:\/\/api.w.org\/{rel}","templated":true}]}}