{"id":61228,"date":"2026-04-15T11:15:06","date_gmt":"2026-04-15T09:15:06","guid":{"rendered":"https:\/\/ironsky.pl\/sklep\/produkt\/torba-sunnylife-standard-combo-do-action-6-czarna\/"},"modified":"2026-04-15T11:15:20","modified_gmt":"2026-04-15T09:15:20","slug":"torba-sunnylife-standard-combo-do-action-6-czarna","status":"publish","type":"product","link":"https:\/\/ironsky.pl\/sklep\/produkt\/torba-sunnylife-standard-combo-do-action-6-czarna\/","title":{"rendered":"Torba Sunnylife Standard Combo do Action 6 (czarna)"},"content":{"rendered":"<h3>Torba Sunnylife Standard Combo do DJI Osmo Action 6 (czarna)<\/h3>\n<p>Torba Sunnylife Standard Combo do kamer z serii Osmo Action umo\u017cliwia bezpieczne przechowywanie i transport urz\u0105dzenia wraz z akcesoriami. Twarda konstrukcja, precyzyjnie zaprojektowane wn\u0119trze oraz wygodna forma przenoszenia sprawiaj\u0105, \u017ce sprz\u0119t jest skutecznie chroniony, a jednocze\u015bnie \u0142atwo dost\u0119pny podczas podr\u00f3\u017cy i codziennego u\u017cytkowania. W zestawie znajdziesz tak\u017ce karabi\u0144czyk, kt\u00f3ry pozwala przypi\u0105\u0107 etui na przyk\u0142ad do plecaka. Produkt jest kompatybilne z kamerami DJI Osmo Action 6, DJI Osmo Action 5 Pro, DJI Osmo Action 4 i DJI Osmo Action 3.<\/p>\n<p>\n<img decoding=\"async\" src=\"https:\/\/assets.innpro.pl\/19036\/25381\/Torba-Standard-Combo-do-Action-6-lifestyle-2.jpg\" border=\"0\" alt=\"Dwa zamkni\u0119te futera\u0142y w kolorach pomara\u0144czowym i czarnym ustawione na bia\u0142ym tle\" \/>\n<\/p>\n<h3>Stworzona dla zestawu Standard Combo<\/h3>\n<p>Torba pozwala przechowywa\u0107 kamer\u0119 wraz z ramk\u0105 ochronn\u0105 oraz zestaw akcesori\u00f3w, takich jak kabel PD, adapter monta\u017cowy, zakrzywiona i p\u0142aska podstawa samoprzylepna, \u015bruba blokuj\u0105ca i dodatkowy akumulator. Wszystkie elementy maj\u0105 swoje miejsce, co zapobiega ich przemieszczaniu si\u0119 podczas transportu i u\u0142atwia organizacj\u0119. Ponadto dost\u0119pny jest specjalny pasek na rzep, kt\u00f3ry unieruchamia kamer\u0119 i stabilnie trzyma j\u0105 podczas transportu.<\/p>\n<p>\n<img decoding=\"async\" src=\"https:\/\/assets.innpro.pl\/19036\/25381\/Torba-Standard-Combo-do-Action-6-lifestyle-3.jpg\" border=\"0\" alt=\"Zbli\u017cenie na kamer\u0119 sportow\u0105 zabezpieczon\u0105 paskiem na rzep wewn\u0105trz piankowego etui\" \/>\n<\/p>\n<h3>Twarda konstrukcja odporna na wstrz\u0105sy i zarysowania<\/h3>\n<p>Torba zosta\u0142a wykonana z po\u0142\u0105czenia sk\u00f3ry PU oraz materia\u0142u EVA, co zapewnia odpowiedni\u0105 sztywno\u015b\u0107 i odporno\u015b\u0107 na uderzenia. Specjalnie zaprojektowana pokrywa i wk\u0142adka wewn\u0119trzna skutecznie chroni\u0105 ekran i obiektyw kamery przed zarysowaniami i uszkodzeniami mechanicznymi. Do tego dochodzi solidny zamek b\u0142yskawiczny i g\u0142adka, dok\u0142adnie wyko\u0144czona powierzchnia. Wszystko to sk\u0142ada si\u0119 na wyj\u0105tkow\u0105 trwa\u0142o\u015b\u0107 i estetyczny wygl\u0105d.<\/p>\n<p>\n<img decoding=\"async\" src=\"https:\/\/assets.innpro.pl\/19036\/25381\/Torba-Standard-Combo-do-Action-6-lifestyle-5.jpg\" border=\"0\" alt=\"Osoba trzyma w d\u0142oni pomara\u0144czowe etui na tle rozmytego, zielonego otoczenia\" \/>\n<\/p>\n<h3>Wygoda podczas podr\u00f3\u017cy<\/h3>\n<p>Kompaktowe wymiary torby pozwalaj\u0105 bez problemu umie\u015bci\u0107 j\u0105 w plecaku lub walizce, co \u015bwietnie sprawdza si\u0119 podczas wyjazd\u00f3w. Etui przyda Ci si\u0119 zar\u00f3wno w codziennym u\u017cytkowaniu, jak i w trakcie d\u0142u\u017cszych podr\u00f3\u017cy \u2013 pozwoli bezpiecznie transportowa\u0107 sprz\u0119t i zapewni do niego szybki, wygodny dost\u0119p.<\/p>\n<p>\n<img decoding=\"async\" src=\"https:\/\/assets.innpro.pl\/19036\/25381\/Torba-Standard-Combo-do-Action-6-lifestyle-4.jpg\" border=\"0\" alt=\"Pomara\u0144czowe etui przypi\u0119te do plecaka przy pomocy karabi\u0144czyka\" \/>\n<\/p>\n<h3>W zestawie<\/h3>\n<ul class=\"list-disc pl-5\">\n<li>Torba<\/li>\n<li>Karabi\u0144czyk<\/li>\n<\/ul>\n<div class=\"table-wrapper\">\n<p>\u00a0<\/p>\n<h3><\/h3>\n<table>\n<tbody>\n<tr>\n<th>Producent<\/th>\n<td>Telesin<\/td>\n<\/tr>\n<tr>\n<th>Nazwa<\/th>\n<td>Sunnylife Standard Combo Bag<\/td>\n<\/tr>\n<tr>\n<th>Model<\/th>\n<td>OA6-B131<\/td>\n<\/tr>\n<tr>\n<th>Kompatybilno\u015b\u0107<\/th>\n<td>DJI Osmo Action 6 \/ 5 Pro \/ 4 \/ 3<\/td>\n<\/tr>\n<tr>\n<th>Materia\u0142<\/th>\n<td>Sk\u00f3ra PU + EVA<\/td>\n<\/tr>\n<tr>\n<th>Waga<\/th>\n<td>141 g<\/td>\n<\/tr>\n<tr>\n<th>Wymiary<\/th>\n<td>156 \u00d7 116 \u00d7 67 mm<\/td>\n<\/tr>\n<tr>\n<th>Kolor<\/th>\n<td>Czarny<\/td>\n<\/tr>\n<\/tbody>\n<\/table>\n<\/div>\n","protected":false},"excerpt":{"rendered":"<p>Torba Sunnylife Standard Combo do DJI Osmo Action 6 (czarna) Torba Sunnylife Standard Combo do kamer z serii Osmo Action<\/p>\n","protected":false},"featured_media":61229,"comment_status":"closed","ping_status":"open","template":"","meta":{"_acf_changed":false},"product_brand":[],"product_cat":[1130,6174,1128],"product_tag":[],"class_list":{"0":"post-61228","1":"product","2":"type-product","3":"status-publish","4":"has-post-thumbnail","6":"product_cat-akcesoria-foto","7":"product_cat-do-aparatow-i-kamer","8":"product_cat-foto-wideo","9":"pa_okres-gwarancji-5757","10":"pa_producent-sunnylife","12":"first","13":"outofstock","14":"taxable","15":"shipping-taxable","16":"purchasable","17":"product-type-simple"},"acf":[],"yoast_head":"<!-- This site is optimized with the Yoast SEO plugin v27.2 - https:\/\/yoast.com\/product\/yoast-seo-wordpress\/ -->\n<title>Torba Sunnylife Standard Combo do Action 6 (czarna) - IRONSKY.PL Sklep z Dronami<\/title>\n<meta name=\"description\" content=\"Torba Sunnylife Standard Combo do Action 6 (czarna) - \u2705 sklep z dronami i fachowym doradztwem. \u2705 Tutaj kupisz produkty DJI, Yuneec, Parrot, Syma i wiele innych, a tak\u017ce kursy i licencje na operatora drona.\" \/>\n<meta name=\"robots\" content=\"index, follow, max-snippet:-1, max-image-preview:large, max-video-preview:-1\" \/>\n<link rel=\"canonical\" href=\"https:\/\/ironsky.pl\/sklep\/produkt\/torba-sunnylife-standard-combo-do-action-6-czarna\/\" \/>\n<meta property=\"og:locale\" content=\"pl_PL\" \/>\n<meta property=\"og:type\" content=\"article\" \/>\n<meta property=\"og:title\" content=\"Torba Sunnylife Standard Combo do Action 6 (czarna) - IRONSKY.PL Sklep z Dronami\" \/>\n<meta property=\"og:description\" content=\"Torba Sunnylife Standard Combo do Action 6 (czarna) - \u2705 sklep z dronami i fachowym doradztwem. \u2705 Tutaj kupisz produkty DJI, Yuneec, Parrot, Syma i wiele innych, a tak\u017ce kursy i licencje na operatora drona.\" \/>\n<meta property=\"og:url\" content=\"https:\/\/ironsky.pl\/sklep\/produkt\/torba-sunnylife-standard-combo-do-action-6-czarna\/\" \/>\n<meta property=\"og:site_name\" content=\"IRONSKY.PL Sklep z Dronami\" \/>\n<meta property=\"article:modified_time\" content=\"2026-04-15T09:15:20+00:00\" \/>\n<meta property=\"og:image\" content=\"https:\/\/ironsky.pl\/sklep\/wp-content\/uploads\/2026\/04\/56691_1.jpg\" \/>\n\t<meta property=\"og:image:width\" content=\"800\" \/>\n\t<meta property=\"og:image:height\" content=\"800\" \/>\n\t<meta property=\"og:image:type\" content=\"image\/jpeg\" \/>\n<meta name=\"twitter:card\" content=\"summary_large_image\" \/>\n<meta name=\"twitter:label1\" content=\"Szacowany czas czytania\" \/>\n\t<meta name=\"twitter:data1\" content=\"2 minuty\" \/>\n<script type=\"application\/ld+json\" class=\"yoast-schema-graph\">{\"@context\":\"https:\/\/schema.org\",\"@graph\":[{\"@type\":\"WebPage\",\"@id\":\"https:\/\/ironsky.pl\/sklep\/produkt\/torba-sunnylife-standard-combo-do-action-6-czarna\/\",\"url\":\"https:\/\/ironsky.pl\/sklep\/produkt\/torba-sunnylife-standard-combo-do-action-6-czarna\/\",\"name\":\"Torba Sunnylife Standard Combo do Action 6 (czarna) - IRONSKY.PL Sklep z Dronami\",\"isPartOf\":{\"@id\":\"https:\/\/ironsky.pl\/sklep\/#website\"},\"primaryImageOfPage\":{\"@id\":\"https:\/\/ironsky.pl\/sklep\/produkt\/torba-sunnylife-standard-combo-do-action-6-czarna\/#primaryimage\"},\"image\":{\"@id\":\"https:\/\/ironsky.pl\/sklep\/produkt\/torba-sunnylife-standard-combo-do-action-6-czarna\/#primaryimage\"},\"thumbnailUrl\":\"https:\/\/ironsky.pl\/sklep\/wp-content\/uploads\/2026\/04\/56691_1.jpg\",\"datePublished\":\"2026-04-15T09:15:06+00:00\",\"dateModified\":\"2026-04-15T09:15:20+00:00\",\"description\":\"Torba Sunnylife Standard Combo do Action 6 (czarna) - \u2705 sklep z dronami i fachowym doradztwem. \u2705 Tutaj kupisz produkty DJI, Yuneec, Parrot, Syma i wiele innych, a tak\u017ce kursy i licencje na operatora drona.\",\"breadcrumb\":{\"@id\":\"https:\/\/ironsky.pl\/sklep\/produkt\/torba-sunnylife-standard-combo-do-action-6-czarna\/#breadcrumb\"},\"inLanguage\":\"pl-PL\",\"potentialAction\":[{\"@type\":\"ReadAction\",\"target\":[\"https:\/\/ironsky.pl\/sklep\/produkt\/torba-sunnylife-standard-combo-do-action-6-czarna\/\"]}]},{\"@type\":\"ImageObject\",\"inLanguage\":\"pl-PL\",\"@id\":\"https:\/\/ironsky.pl\/sklep\/produkt\/torba-sunnylife-standard-combo-do-action-6-czarna\/#primaryimage\",\"url\":\"https:\/\/ironsky.pl\/sklep\/wp-content\/uploads\/2026\/04\/56691_1.jpg\",\"contentUrl\":\"https:\/\/ironsky.pl\/sklep\/wp-content\/uploads\/2026\/04\/56691_1.jpg\",\"width\":800,\"height\":800},{\"@type\":\"BreadcrumbList\",\"@id\":\"https:\/\/ironsky.pl\/sklep\/produkt\/torba-sunnylife-standard-combo-do-action-6-czarna\/#breadcrumb\",\"itemListElement\":[{\"@type\":\"ListItem\",\"position\":1,\"name\":\"Strona g\u0142\u00f3wna\",\"item\":\"https:\/\/ironsky.pl\/sklep\/\"},{\"@type\":\"ListItem\",\"position\":2,\"name\":\"Wszystkie produkty\",\"item\":\"https:\/\/ironsky.pl\/sklep\/produkty\/\"},{\"@type\":\"ListItem\",\"position\":3,\"name\":\"Torba Sunnylife Standard Combo do Action 6 (czarna)\"}]},{\"@type\":\"WebSite\",\"@id\":\"https:\/\/ironsky.pl\/sklep\/#website\",\"url\":\"https:\/\/ironsky.pl\/sklep\/\",\"name\":\"IRONSKY.PL Sklep z Dronami\",\"description\":\"IRONSKY.PL Sklep z Dronami\",\"potentialAction\":[{\"@type\":\"SearchAction\",\"target\":{\"@type\":\"EntryPoint\",\"urlTemplate\":\"https:\/\/ironsky.pl\/sklep\/?s={search_term_string}\"},\"query-input\":{\"@type\":\"PropertyValueSpecification\",\"valueRequired\":true,\"valueName\":\"search_term_string\"}}],\"inLanguage\":\"pl-PL\"}]}<\/script>\n<!-- \/ Yoast SEO plugin. -->","yoast_head_json":{"title":"Torba Sunnylife Standard Combo do Action 6 (czarna) - IRONSKY.PL Sklep z Dronami","description":"Torba Sunnylife Standard Combo do Action 6 (czarna) - \u2705 sklep z dronami i fachowym doradztwem. \u2705 Tutaj kupisz produkty DJI, Yuneec, Parrot, Syma i wiele innych, a tak\u017ce kursy i licencje na operatora drona.","robots":{"index":"index","follow":"follow","max-snippet":"max-snippet:-1","max-image-preview":"max-image-preview:large","max-video-preview":"max-video-preview:-1"},"canonical":"https:\/\/ironsky.pl\/sklep\/produkt\/torba-sunnylife-standard-combo-do-action-6-czarna\/","og_locale":"pl_PL","og_type":"article","og_title":"Torba Sunnylife Standard Combo do Action 6 (czarna) - IRONSKY.PL Sklep z Dronami","og_description":"Torba Sunnylife Standard Combo do Action 6 (czarna) - \u2705 sklep z dronami i fachowym doradztwem. \u2705 Tutaj kupisz produkty DJI, Yuneec, Parrot, Syma i wiele innych, a tak\u017ce kursy i licencje na operatora drona.","og_url":"https:\/\/ironsky.pl\/sklep\/produkt\/torba-sunnylife-standard-combo-do-action-6-czarna\/","og_site_name":"IRONSKY.PL Sklep z Dronami","article_modified_time":"2026-04-15T09:15:20+00:00","og_image":[{"width":800,"height":800,"url":"https:\/\/ironsky.pl\/sklep\/wp-content\/uploads\/2026\/04\/56691_1.jpg","type":"image\/jpeg"}],"twitter_card":"summary_large_image","twitter_misc":{"Szacowany czas czytania":"2 minuty"},"schema":{"@context":"https:\/\/schema.org","@graph":[{"@type":"WebPage","@id":"https:\/\/ironsky.pl\/sklep\/produkt\/torba-sunnylife-standard-combo-do-action-6-czarna\/","url":"https:\/\/ironsky.pl\/sklep\/produkt\/torba-sunnylife-standard-combo-do-action-6-czarna\/","name":"Torba Sunnylife Standard Combo do Action 6 (czarna) - IRONSKY.PL Sklep z Dronami","isPartOf":{"@id":"https:\/\/ironsky.pl\/sklep\/#website"},"primaryImageOfPage":{"@id":"https:\/\/ironsky.pl\/sklep\/produkt\/torba-sunnylife-standard-combo-do-action-6-czarna\/#primaryimage"},"image":{"@id":"https:\/\/ironsky.pl\/sklep\/produkt\/torba-sunnylife-standard-combo-do-action-6-czarna\/#primaryimage"},"thumbnailUrl":"https:\/\/ironsky.pl\/sklep\/wp-content\/uploads\/2026\/04\/56691_1.jpg","datePublished":"2026-04-15T09:15:06+00:00","dateModified":"2026-04-15T09:15:20+00:00","description":"Torba Sunnylife Standard Combo do Action 6 (czarna) - \u2705 sklep z dronami i fachowym doradztwem. \u2705 Tutaj kupisz produkty DJI, Yuneec, Parrot, Syma i wiele innych, a tak\u017ce kursy i licencje na operatora drona.","breadcrumb":{"@id":"https:\/\/ironsky.pl\/sklep\/produkt\/torba-sunnylife-standard-combo-do-action-6-czarna\/#breadcrumb"},"inLanguage":"pl-PL","potentialAction":[{"@type":"ReadAction","target":["https:\/\/ironsky.pl\/sklep\/produkt\/torba-sunnylife-standard-combo-do-action-6-czarna\/"]}]},{"@type":"ImageObject","inLanguage":"pl-PL","@id":"https:\/\/ironsky.pl\/sklep\/produkt\/torba-sunnylife-standard-combo-do-action-6-czarna\/#primaryimage","url":"https:\/\/ironsky.pl\/sklep\/wp-content\/uploads\/2026\/04\/56691_1.jpg","contentUrl":"https:\/\/ironsky.pl\/sklep\/wp-content\/uploads\/2026\/04\/56691_1.jpg","width":800,"height":800},{"@type":"BreadcrumbList","@id":"https:\/\/ironsky.pl\/sklep\/produkt\/torba-sunnylife-standard-combo-do-action-6-czarna\/#breadcrumb","itemListElement":[{"@type":"ListItem","position":1,"name":"Strona g\u0142\u00f3wna","item":"https:\/\/ironsky.pl\/sklep\/"},{"@type":"ListItem","position":2,"name":"Wszystkie produkty","item":"https:\/\/ironsky.pl\/sklep\/produkty\/"},{"@type":"ListItem","position":3,"name":"Torba Sunnylife Standard Combo do Action 6 (czarna)"}]},{"@type":"WebSite","@id":"https:\/\/ironsky.pl\/sklep\/#website","url":"https:\/\/ironsky.pl\/sklep\/","name":"IRONSKY.PL Sklep z Dronami","description":"IRONSKY.PL Sklep z Dronami","potentialAction":[{"@type":"SearchAction","target":{"@type":"EntryPoint","urlTemplate":"https:\/\/ironsky.pl\/sklep\/?s={search_term_string}"},"query-input":{"@type":"PropertyValueSpecification","valueRequired":true,"valueName":"search_term_string"}}],"inLanguage":"pl-PL"}]}},"_links":{"self":[{"href":"https:\/\/ironsky.pl\/sklep\/wp-json\/wp\/v2\/product\/61228","targetHints":{"allow":["GET"]}}],"collection":[{"href":"https:\/\/ironsky.pl\/sklep\/wp-json\/wp\/v2\/product"}],"about":[{"href":"https:\/\/ironsky.pl\/sklep\/wp-json\/wp\/v2\/types\/product"}],"replies":[{"embeddable":true,"href":"https:\/\/ironsky.pl\/sklep\/wp-json\/wp\/v2\/comments?post=61228"}],"wp:featuredmedia":[{"embeddable":true,"href":"https:\/\/ironsky.pl\/sklep\/wp-json\/wp\/v2\/media\/61229"}],"wp:attachment":[{"href":"https:\/\/ironsky.pl\/sklep\/wp-json\/wp\/v2\/media?parent=61228"}],"wp:term":[{"taxonomy":"product_brand","embeddable":true,"href":"https:\/\/ironsky.pl\/sklep\/wp-json\/wp\/v2\/product_brand?post=61228"},{"taxonomy":"product_cat","embeddable":true,"href":"https:\/\/ironsky.pl\/sklep\/wp-json\/wp\/v2\/product_cat?post=61228"},{"taxonomy":"product_tag","embeddable":true,"href":"https:\/\/ironsky.pl\/sklep\/wp-json\/wp\/v2\/product_tag?post=61228"}],"curies":[{"name":"wp","href":"https:\/\/api.w.org\/{rel}","templated":true}]}}