{"id":61198,"date":"2026-04-15T11:14:45","date_gmt":"2026-04-15T09:14:45","guid":{"rendered":"https:\/\/ironsky.pl\/sklep\/produkt\/akumulator-db2160-do-flycart-100-agras-t100\/"},"modified":"2026-04-15T11:14:51","modified_gmt":"2026-04-15T09:14:51","slug":"akumulator-db2160-do-flycart-100-agras-t100","status":"publish","type":"product","link":"https:\/\/ironsky.pl\/sklep\/produkt\/akumulator-db2160-do-flycart-100-agras-t100\/","title":{"rendered":"Akumulator DB2160 do FlyCart 100, Agras T100"},"content":{"rendered":"<div style=\"display: flex; flex-direction: column;\" class=\"iai-section-b518b711-327c-49dd-a6df-803f52333dbe-description-wrapper\">\n<div class=\"iai-section-b518b711-327c-49dd-a6df-803f52333dbe iai-section-b518b711-327c-49dd-a6df-803f52333dbe-html\">\n<h3>Akumulator DB2160<\/h3>\n<p>Akumulator DB2160 do drona DJI FlyCart 100, Agras T100 to inteligentne \u017ar\u00f3d\u0142o zasilania stworzone z my\u015bl\u0105 o intensywnych, profesjonalnych operacjach rolniczych. Zwi\u0119kszona pojemno\u015b\u0107 41 Ah przy jednocze\u015bnie l\u017cejszej konstrukcji umo\u017cliwia bezproblemow\u0105 realizacj\u0119 wymagaj\u0105cych misji, zapewniaj\u0105c stabilne i bezpieczne zarz\u0105dzanie energi\u0105 podczas lotu.<\/p>\n<p><img decoding=\"async\" src=\"https:\/\/assets.innpro.pl\/19128\/25490\/1.jpg\" border=\"0\" alt=\"Akumulator do drona DJI Agras T100 na szarym tle\"><\/p>\n<h3>Szybkie \u0142adowanie i d\u0142uga \u017cywotno\u015b\u0107<\/h3>\n<p>Konstrukcja akumulatora DB2160 zosta\u0142a opracowana z my\u015bl\u0105 o minimalizacji przestoj\u00f3w operacyjnych. Obs\u0142uga bardzo szybkiego \u0142adowania oraz z\u0142\u0105cze wysokim nat\u0119\u017ceniu 500 A pozwalaj\u0105 skr\u00f3ci\u0107 czas przygotowania drona do kolejnych zada\u0144. Na uwag\u0119 zas\u0142uguje tak\u017ce d\u0142uga \u017cywotno\u015b\u0107 si\u0119gaj\u0105ca nawet 1500 cykli. Wszystko to sprawia, \u017ce akumulator DB2160 jest doskonale przystosowany do d\u0142ugotrwa\u0142ej eksploatacji.<\/p>\n<p><img decoding=\"async\" src=\"https:\/\/assets.innpro.pl\/19128\/25490\/3.jpg\" border=\"0\" alt=\"Akumulator do DJI Agras T100 na szarym tle\"><\/p>\n<h3>Dopracowany w ka\u017cdym detalu<\/h3>\n<p>Akumulator wa\u017cy oko\u0142o 14,7 kg i zosta\u0142 wyposa\u017cony w ergonomiczny uchwyt, kt\u00f3ry u\u0142atwia jego przenoszenie i pozwala na szybk\u0105 wymian\u0119 w terenie. Przemy\u015blana konstrukcja usprawnia obs\u0142ug\u0119 floty dron\u00f3w DJI FlyCart 100, Agras T100 szczeg\u00f3lnie podczas intensywnych dni roboczych.<\/p>\n<p><img decoding=\"async\" src=\"https:\/\/assets.innpro.pl\/19128\/25490\/2.jpg\" border=\"0\" alt=\"Akumulator do drona rolniczego Agras T100 na szarym tle\"><\/p>\n<div class=\"table-wrapper\">\n<p>&nbsp;<\/p>\n<h3>&nbsp;<\/h3>\n<table>\n<tbody>\n<tr>\n<th>Kod producenta<\/th>\n<td>CP.AG.00000957.02<\/td>\n<\/tr>\n<tr>\n<th>Model<\/th>\n<td>DB2160<\/td>\n<\/tr>\n<tr>\n<th>Pojemno\u015b\u0107<\/th>\n<td>41 Ah<\/td>\n<\/tr>\n<tr>\n<th>Napi\u0119cie nominalne<\/th>\n<td>52 V<\/td>\n<\/tr>\n<tr>\n<th>Waga<\/th>\n<td>Ok. 14,7 kg<\/td>\n<\/tr>\n<tr>\n<th>Z\u0142\u0105cze<\/th>\n<td>500 A<\/td>\n<\/tr>\n<tr>\n<th>\u017bywotno\u015b\u0107<\/th>\n<td>Do 1500 cykli \u0142adowania<\/td>\n<\/tr>\n<tr>\n<th>System ch\u0142odzenia<\/th>\n<td>Potr\u00f3jny kana\u0142 powietrzny<\/td>\n<\/tr>\n<tr>\n<th>Uchwyt<\/th>\n<td>Tak<\/td>\n<\/tr>\n<tr>\n<th>Kompatybilno\u015b\u0107<\/th>\n<td>DJI FlyCart 100, Agras T100<\/td>\n<\/tr>\n<\/tbody>\n<\/table>\n<\/div>\n<\/div>\n<\/div>\n","protected":false},"excerpt":{"rendered":"<p>Akumulator DB2160 Akumulator DB2160 do drona DJI FlyCart 100, Agras T100 to inteligentne \u017ar\u00f3d\u0142o zasilania stworzone z my\u015bl\u0105 o intensywnych,<\/p>\n","protected":false},"featured_media":51980,"comment_status":"closed","ping_status":"open","template":"","meta":{"_acf_changed":false},"product_brand":[],"product_cat":[6169,1088,1105],"product_tag":[],"class_list":{"0":"post-61198","1":"product","2":"type-product","3":"status-publish","4":"has-post-thumbnail","6":"product_cat-akcesoria-i-czesci","7":"product_cat-drony","8":"product_cat-przemyslowe","9":"pa_okres-gwarancji-5754","10":"pa_producent-dji-agriculture","12":"first","13":"outofstock","14":"taxable","15":"shipping-taxable","16":"purchasable","17":"product-type-simple"},"acf":[],"yoast_head":"<!-- This site is optimized with the Yoast SEO plugin v27.2 - https:\/\/yoast.com\/product\/yoast-seo-wordpress\/ -->\n<title>Akumulator DB2160 do FlyCart 100, Agras T100 - IRONSKY.PL Sklep z Dronami<\/title>\n<meta name=\"description\" content=\"Akumulator DB2160 do FlyCart 100, Agras T100 - \u2705 sklep z dronami i fachowym doradztwem. \u2705 Tutaj kupisz produkty DJI, Yuneec, Parrot, Syma i wiele innych, a tak\u017ce kursy i licencje na operatora drona.\" \/>\n<meta name=\"robots\" content=\"index, follow, max-snippet:-1, max-image-preview:large, max-video-preview:-1\" \/>\n<link rel=\"canonical\" href=\"https:\/\/ironsky.pl\/sklep\/produkt\/akumulator-db2160-do-flycart-100-agras-t100\/\" \/>\n<meta property=\"og:locale\" content=\"pl_PL\" \/>\n<meta property=\"og:type\" content=\"article\" \/>\n<meta property=\"og:title\" content=\"Akumulator DB2160 do FlyCart 100, Agras T100 - IRONSKY.PL Sklep z Dronami\" \/>\n<meta property=\"og:description\" content=\"Akumulator DB2160 do FlyCart 100, Agras T100 - \u2705 sklep z dronami i fachowym doradztwem. \u2705 Tutaj kupisz produkty DJI, Yuneec, Parrot, Syma i wiele innych, a tak\u017ce kursy i licencje na operatora drona.\" \/>\n<meta property=\"og:url\" content=\"https:\/\/ironsky.pl\/sklep\/produkt\/akumulator-db2160-do-flycart-100-agras-t100\/\" \/>\n<meta property=\"og:site_name\" content=\"IRONSKY.PL Sklep z Dronami\" \/>\n<meta property=\"article:modified_time\" content=\"2026-04-15T09:14:51+00:00\" \/>\n<meta property=\"og:image\" content=\"https:\/\/ironsky.pl\/sklep\/wp-content\/uploads\/2026\/02\/56226_1.jpg\" \/>\n\t<meta property=\"og:image:width\" content=\"800\" \/>\n\t<meta property=\"og:image:height\" content=\"800\" \/>\n\t<meta property=\"og:image:type\" content=\"image\/jpeg\" \/>\n<meta name=\"twitter:card\" content=\"summary_large_image\" \/>\n<meta name=\"twitter:label1\" content=\"Szacowany czas czytania\" \/>\n\t<meta name=\"twitter:data1\" content=\"1 minuta\" \/>\n<script type=\"application\/ld+json\" class=\"yoast-schema-graph\">{\"@context\":\"https:\/\/schema.org\",\"@graph\":[{\"@type\":\"WebPage\",\"@id\":\"https:\/\/ironsky.pl\/sklep\/produkt\/akumulator-db2160-do-flycart-100-agras-t100\/\",\"url\":\"https:\/\/ironsky.pl\/sklep\/produkt\/akumulator-db2160-do-flycart-100-agras-t100\/\",\"name\":\"Akumulator DB2160 do FlyCart 100, Agras T100 - IRONSKY.PL Sklep z Dronami\",\"isPartOf\":{\"@id\":\"https:\/\/ironsky.pl\/sklep\/#website\"},\"primaryImageOfPage\":{\"@id\":\"https:\/\/ironsky.pl\/sklep\/produkt\/akumulator-db2160-do-flycart-100-agras-t100\/#primaryimage\"},\"image\":{\"@id\":\"https:\/\/ironsky.pl\/sklep\/produkt\/akumulator-db2160-do-flycart-100-agras-t100\/#primaryimage\"},\"thumbnailUrl\":\"https:\/\/ironsky.pl\/sklep\/wp-content\/uploads\/2026\/02\/56226_1.jpg\",\"datePublished\":\"2026-04-15T09:14:45+00:00\",\"dateModified\":\"2026-04-15T09:14:51+00:00\",\"description\":\"Akumulator DB2160 do FlyCart 100, Agras T100 - \u2705 sklep z dronami i fachowym doradztwem. \u2705 Tutaj kupisz produkty DJI, Yuneec, Parrot, Syma i wiele innych, a tak\u017ce kursy i licencje na operatora drona.\",\"breadcrumb\":{\"@id\":\"https:\/\/ironsky.pl\/sklep\/produkt\/akumulator-db2160-do-flycart-100-agras-t100\/#breadcrumb\"},\"inLanguage\":\"pl-PL\",\"potentialAction\":[{\"@type\":\"ReadAction\",\"target\":[\"https:\/\/ironsky.pl\/sklep\/produkt\/akumulator-db2160-do-flycart-100-agras-t100\/\"]}]},{\"@type\":\"ImageObject\",\"inLanguage\":\"pl-PL\",\"@id\":\"https:\/\/ironsky.pl\/sklep\/produkt\/akumulator-db2160-do-flycart-100-agras-t100\/#primaryimage\",\"url\":\"https:\/\/ironsky.pl\/sklep\/wp-content\/uploads\/2026\/02\/56226_1.jpg\",\"contentUrl\":\"https:\/\/ironsky.pl\/sklep\/wp-content\/uploads\/2026\/02\/56226_1.jpg\",\"width\":800,\"height\":800},{\"@type\":\"BreadcrumbList\",\"@id\":\"https:\/\/ironsky.pl\/sklep\/produkt\/akumulator-db2160-do-flycart-100-agras-t100\/#breadcrumb\",\"itemListElement\":[{\"@type\":\"ListItem\",\"position\":1,\"name\":\"Strona g\u0142\u00f3wna\",\"item\":\"https:\/\/ironsky.pl\/sklep\/\"},{\"@type\":\"ListItem\",\"position\":2,\"name\":\"Wszystkie produkty\",\"item\":\"https:\/\/ironsky.pl\/sklep\/produkty\/\"},{\"@type\":\"ListItem\",\"position\":3,\"name\":\"Akumulator DB2160 do FlyCart 100, Agras T100\"}]},{\"@type\":\"WebSite\",\"@id\":\"https:\/\/ironsky.pl\/sklep\/#website\",\"url\":\"https:\/\/ironsky.pl\/sklep\/\",\"name\":\"IRONSKY.PL Sklep z Dronami\",\"description\":\"IRONSKY.PL Sklep z Dronami\",\"potentialAction\":[{\"@type\":\"SearchAction\",\"target\":{\"@type\":\"EntryPoint\",\"urlTemplate\":\"https:\/\/ironsky.pl\/sklep\/?s={search_term_string}\"},\"query-input\":{\"@type\":\"PropertyValueSpecification\",\"valueRequired\":true,\"valueName\":\"search_term_string\"}}],\"inLanguage\":\"pl-PL\"}]}<\/script>\n<!-- \/ Yoast SEO plugin. -->","yoast_head_json":{"title":"Akumulator DB2160 do FlyCart 100, Agras T100 - IRONSKY.PL Sklep z Dronami","description":"Akumulator DB2160 do FlyCart 100, Agras T100 - \u2705 sklep z dronami i fachowym doradztwem. \u2705 Tutaj kupisz produkty DJI, Yuneec, Parrot, Syma i wiele innych, a tak\u017ce kursy i licencje na operatora drona.","robots":{"index":"index","follow":"follow","max-snippet":"max-snippet:-1","max-image-preview":"max-image-preview:large","max-video-preview":"max-video-preview:-1"},"canonical":"https:\/\/ironsky.pl\/sklep\/produkt\/akumulator-db2160-do-flycart-100-agras-t100\/","og_locale":"pl_PL","og_type":"article","og_title":"Akumulator DB2160 do FlyCart 100, Agras T100 - IRONSKY.PL Sklep z Dronami","og_description":"Akumulator DB2160 do FlyCart 100, Agras T100 - \u2705 sklep z dronami i fachowym doradztwem. \u2705 Tutaj kupisz produkty DJI, Yuneec, Parrot, Syma i wiele innych, a tak\u017ce kursy i licencje na operatora drona.","og_url":"https:\/\/ironsky.pl\/sklep\/produkt\/akumulator-db2160-do-flycart-100-agras-t100\/","og_site_name":"IRONSKY.PL Sklep z Dronami","article_modified_time":"2026-04-15T09:14:51+00:00","og_image":[{"width":800,"height":800,"url":"https:\/\/ironsky.pl\/sklep\/wp-content\/uploads\/2026\/02\/56226_1.jpg","type":"image\/jpeg"}],"twitter_card":"summary_large_image","twitter_misc":{"Szacowany czas czytania":"1 minuta"},"schema":{"@context":"https:\/\/schema.org","@graph":[{"@type":"WebPage","@id":"https:\/\/ironsky.pl\/sklep\/produkt\/akumulator-db2160-do-flycart-100-agras-t100\/","url":"https:\/\/ironsky.pl\/sklep\/produkt\/akumulator-db2160-do-flycart-100-agras-t100\/","name":"Akumulator DB2160 do FlyCart 100, Agras T100 - IRONSKY.PL Sklep z Dronami","isPartOf":{"@id":"https:\/\/ironsky.pl\/sklep\/#website"},"primaryImageOfPage":{"@id":"https:\/\/ironsky.pl\/sklep\/produkt\/akumulator-db2160-do-flycart-100-agras-t100\/#primaryimage"},"image":{"@id":"https:\/\/ironsky.pl\/sklep\/produkt\/akumulator-db2160-do-flycart-100-agras-t100\/#primaryimage"},"thumbnailUrl":"https:\/\/ironsky.pl\/sklep\/wp-content\/uploads\/2026\/02\/56226_1.jpg","datePublished":"2026-04-15T09:14:45+00:00","dateModified":"2026-04-15T09:14:51+00:00","description":"Akumulator DB2160 do FlyCart 100, Agras T100 - \u2705 sklep z dronami i fachowym doradztwem. \u2705 Tutaj kupisz produkty DJI, Yuneec, Parrot, Syma i wiele innych, a tak\u017ce kursy i licencje na operatora drona.","breadcrumb":{"@id":"https:\/\/ironsky.pl\/sklep\/produkt\/akumulator-db2160-do-flycart-100-agras-t100\/#breadcrumb"},"inLanguage":"pl-PL","potentialAction":[{"@type":"ReadAction","target":["https:\/\/ironsky.pl\/sklep\/produkt\/akumulator-db2160-do-flycart-100-agras-t100\/"]}]},{"@type":"ImageObject","inLanguage":"pl-PL","@id":"https:\/\/ironsky.pl\/sklep\/produkt\/akumulator-db2160-do-flycart-100-agras-t100\/#primaryimage","url":"https:\/\/ironsky.pl\/sklep\/wp-content\/uploads\/2026\/02\/56226_1.jpg","contentUrl":"https:\/\/ironsky.pl\/sklep\/wp-content\/uploads\/2026\/02\/56226_1.jpg","width":800,"height":800},{"@type":"BreadcrumbList","@id":"https:\/\/ironsky.pl\/sklep\/produkt\/akumulator-db2160-do-flycart-100-agras-t100\/#breadcrumb","itemListElement":[{"@type":"ListItem","position":1,"name":"Strona g\u0142\u00f3wna","item":"https:\/\/ironsky.pl\/sklep\/"},{"@type":"ListItem","position":2,"name":"Wszystkie produkty","item":"https:\/\/ironsky.pl\/sklep\/produkty\/"},{"@type":"ListItem","position":3,"name":"Akumulator DB2160 do FlyCart 100, Agras T100"}]},{"@type":"WebSite","@id":"https:\/\/ironsky.pl\/sklep\/#website","url":"https:\/\/ironsky.pl\/sklep\/","name":"IRONSKY.PL Sklep z Dronami","description":"IRONSKY.PL Sklep z Dronami","potentialAction":[{"@type":"SearchAction","target":{"@type":"EntryPoint","urlTemplate":"https:\/\/ironsky.pl\/sklep\/?s={search_term_string}"},"query-input":{"@type":"PropertyValueSpecification","valueRequired":true,"valueName":"search_term_string"}}],"inLanguage":"pl-PL"}]}},"_links":{"self":[{"href":"https:\/\/ironsky.pl\/sklep\/wp-json\/wp\/v2\/product\/61198","targetHints":{"allow":["GET"]}}],"collection":[{"href":"https:\/\/ironsky.pl\/sklep\/wp-json\/wp\/v2\/product"}],"about":[{"href":"https:\/\/ironsky.pl\/sklep\/wp-json\/wp\/v2\/types\/product"}],"replies":[{"embeddable":true,"href":"https:\/\/ironsky.pl\/sklep\/wp-json\/wp\/v2\/comments?post=61198"}],"wp:featuredmedia":[{"embeddable":true,"href":"https:\/\/ironsky.pl\/sklep\/wp-json\/wp\/v2\/media\/51980"}],"wp:attachment":[{"href":"https:\/\/ironsky.pl\/sklep\/wp-json\/wp\/v2\/media?parent=61198"}],"wp:term":[{"taxonomy":"product_brand","embeddable":true,"href":"https:\/\/ironsky.pl\/sklep\/wp-json\/wp\/v2\/product_brand?post=61198"},{"taxonomy":"product_cat","embeddable":true,"href":"https:\/\/ironsky.pl\/sklep\/wp-json\/wp\/v2\/product_cat?post=61198"},{"taxonomy":"product_tag","embeddable":true,"href":"https:\/\/ironsky.pl\/sklep\/wp-json\/wp\/v2\/product_tag?post=61198"}],"curies":[{"name":"wp","href":"https:\/\/api.w.org\/{rel}","templated":true}]}}