{"id":61147,"date":"2026-04-15T11:14:11","date_gmt":"2026-04-15T09:14:11","guid":{"rendered":"https:\/\/ironsky.pl\/sklep\/produkt\/gimbal-dji-rs-5-combo-2\/"},"modified":"2026-04-15T11:14:17","modified_gmt":"2026-04-15T09:14:17","slug":"gimbal-dji-rs-5-combo-2","status":"publish","type":"product","link":"https:\/\/ironsky.pl\/sklep\/produkt\/gimbal-dji-rs-5-combo-2\/","title":{"rendered":"Gimbal DJI RS 5 Combo"},"content":{"rendered":"<h3>Gimbal DJI RS 5 Combo<\/h3>\n<p>Z DJI RS 5 Twoje uj\u0119cia nabior\u0105 zupe\u0142nie nowej jako\u015bci! Dzi\u0119ki algorytmowi stabilizacji pi\u0105tej generacji gimbal skutecznie niweluje drgania nawet w dynamicznych sytuacjach \u2013 podczas chodzenia, a nawet biegania. Nowy modu\u0142 \u015bledzenia z \u0142atwo\u015bci\u0105 utrzymuje wybrany obiekt w centrum kadru, a jego wyb\u00f3r mo\u017cliwy jest bezpo\u015brednio z poziomu dotykowego ekranu urz\u0105dzenia. Precyzyjne pokr\u0119t\u0142a do regulacji u\u0142atwiaj\u0105 idealne wywa\u017cenie sprz\u0119tu, co przek\u0142ada si\u0119 na jeszcze lepsze efekty. Udoskonalony uchwyt Briefcase Handle pozwala na bezpo\u015bredni\u0105 kontrol\u0119 nad stabilizatorem i kamer\u0105, oferuj\u0105c pe\u0142n\u0105 swobod\u0119 tw\u00f3rcz\u0105. Szybkie \u0142adowanie i a\u017c 14 godzin pracy w trybie czuwania eliminuj\u0105 niepotrzebne przerwy w nagrywaniu. Do tego dochodz\u0105 automatyczne blokady osi drugiej generacji oraz nowy wska\u017anik osi Z, kt\u00f3re razem sprawiaj\u0105, \u017ce realizacja profesjonalnych uj\u0119\u0107 staje si\u0119 wyj\u0105tkowo prosta. W sk\u0142ad zestawu Combo wchodzi gimbal, ulepszony modu\u0142 \u015bledzenia oraz uchwyt Electronic Briefcase Handle \u2013 komplet, kt\u00f3ry pozwoli Ci od razu tworzy\u0107 profesjonalne uj\u0119cia z pe\u0142n\u0105 swobod\u0105.<\/p>\n<p>\n<img decoding=\"async\" src=\"https:\/\/assets.innpro.pl\/19538\/26033\/1.jpg\" border=\"0\" alt=\"Gimbal DJI RS 5 z zamontowanym aparatem na tle gradientowego t\u0142a i has\u0142em Prowad\u017a ka\u017cde uj\u0119cie\" \/>\n<\/p>\n<h3>Obiekt zawsze w centrum uwagi<\/h3>\n<p>Nie musisz ju\u017c martwi\u0107 si\u0119 o utrzymanie obiektu w centrum uj\u0119cia \u2013 DJI RS 5 wsp\u00f3\u0142pracuje z inteligentnym modu\u0142em \u015bledzenia, dbaj\u0105c o to za Ciebie. Wystarczy wskaza\u0107 cel na ekranie dotykowym gimbala, a system automatycznie skoncentruje si\u0119 na jego p\u0142ynnym \u015bledzeniu przez ca\u0142y czas nagrania. Niezale\u017cnie od tego, czy filmujesz ludzi, zwierz\u0119ta, czy pojazdy \u2013 rozwi\u0105zanie to sprawdzi si\u0119 w wielu r\u00f3\u017cnych scenariuszach. Co wi\u0119cej, w przypadku os\u00f3b modu\u0142 oferuje zasi\u0119g a\u017c do 10 metr\u00f3w, a je\u015bli obiekt na chwil\u0119 zniknie z kadru, funkcja automatycznego wznawiania \u015bledzenia pozwala b\u0142yskawicznie wr\u00f3ci\u0107 do pracy bez zak\u0142\u00f3ce\u0144.<\/p>\n<p>\n<img decoding=\"async\" src=\"https:\/\/assets.innpro.pl\/19538\/26033\/3.jpg\" border=\"0\" alt=\"Kamera zamontowana na gimbalu DJI RS 5 trzymanym przez osob\u0119 na boisku sportowym\" \/>\n<\/p>\n<h3>Nowy poziom stabilizacji obrazu<\/h3>\n<p>DJI RS 5 to pot\u0119\u017cny krok naprz\u00f3d w dziedzinie stabilizacji \u2013 maksymalny moment obrotowy silnika wzr\u00f3s\u0142 a\u017c o 50% w por\u00f3wnaniu z poprzedni\u0105 generacj\u0105, co przek\u0142ada si\u0119 na jeszcze lepsze efekty w dynamicznych uj\u0119ciach. Gimbal \u015bwietnie radzi sobie w ruchu, a wszystko to dzi\u0119ki udoskonalonemu algorytmowi stabilizacji RS pi\u0105tej generacji. Zapewnia on imponuj\u0105c\u0105 p\u0142ynno\u015b\u0107 obrazu nawet podczas chodzenia, biegania czy nagrywania w pionie. Niepo\u017c\u0105dane drgania przestaj\u0105 by\u0107 problemem, a Ty mo\u017cesz w pe\u0142ni skupi\u0107 si\u0119 na uchwyceniu emocji i ruchu w idealnie stabilnych kadrach.<\/p>\n<p>\n<img decoding=\"async\" src=\"https:\/\/assets.innpro.pl\/19538\/26033\/4.jpg\" border=\"0\" alt=\"Zbli\u017cenie na doln\u0105 cz\u0119\u015b\u0107 gimbala DJI RS 5 z widocznymi portami i uchwytem\" \/>\n<\/p>\n<h3>Lekko\u015b\u0107, kt\u00f3ra daje swobod\u0119 \u2013 bez kompromis\u00f3w w ud\u017awigu<\/h3>\n<p>Gimbal DJI RS 5 zaskakuje swoj\u0105 wag\u0105 \u2013 ca\u0142o\u015b\u0107, wraz z p\u0142ytkami szybkiego monta\u017cu i uchwytem z akumulatorem, wa\u017cy jedynie oko\u0142o 1,46 kg. Dzi\u0119ki temu nawet d\u0142ugie sesje nagraniowe nie obci\u0105\u017caj\u0105 r\u0105k. Mimo tak lekkiej konstrukcji urz\u0105dzenie wyr\u00f3\u017cnia si\u0119 imponuj\u0105cym ud\u017awigiem \u2013 a\u017c do 3 kg. To wystarczaj\u0105co du\u017co, aby bez problemu obs\u0142u\u017cy\u0107 bezlusterkowce znanych marek w po\u0142\u0105czeniu z obiektywami.<\/p>\n<p>\n<img decoding=\"async\" src=\"https:\/\/assets.innpro.pl\/19538\/26033\/5.jpg\" border=\"0\" alt=\"D\u0142o\u0144 trzymaj\u0105ca uchwyt DJI RS 5 z w\u0142\u0105czonym ekranem dotykowym pokazuj\u0105cym ustawienia\" \/>\n<\/p>\n<h3>Filmuj d\u0142u\u017cej, \u0142aduj kr\u00f3cej<\/h3>\n<p>Planujesz d\u0142u\u017csz\u0105 sesj\u0119 zdj\u0119ciow\u0105? DJI RS 5 jest na to gotowy. Standardowy akumulator oferuje nawet do 14 godzin pracy w trybie czuwania, co pozwala skupi\u0107 si\u0119 na nagrywaniu. Dodatkow\u0105 zalet\u0105 jest funkcja szybkiego \u0142adowania \u2013 ca\u0142kowite odnowienie energii zajmuje oko\u0142o godziny, co znacznie redukuje przestoje na planie. Dla tych, kt\u00f3rzy potrzebuj\u0105 jeszcze wi\u0119kszej wydajno\u015bci, dost\u0119pny jest uchwyt z akumulatorem BG70 (sprzedawany osobno), kt\u00f3ry zwi\u0119ksza czas pracy w trybie czuwania a\u017c do oko\u0142o 30 godzin.<\/p>\n<p>\n<img decoding=\"async\" src=\"https:\/\/assets.innpro.pl\/19538\/26033\/6.jpg\" border=\"0\" alt=\"Osoba przykr\u0119caj\u0105ca uchwyt do gimbala DJI RS 5\" \/>\n<\/p>\n<h3>Sterowanie na Twoich zasadach<\/h3>\n<p>W DJI RS 5 komfort obs\u0142ugi wchodzi na wy\u017cszy poziom. Rozszerzone mo\u017cliwo\u015bci bezprzewodowego sterowania przez Bluetooth obejmuj\u0105 teraz nie tylko aparaty marek Sony, Canon i Nikon, ale r\u00f3wnie\u017c urz\u0105dzenia Fujifilm i Panasonic. Dzi\u0119ki temu mo\u017cesz kontrolowa\u0107 migawk\u0119, zoom oraz funkcj\u0119 Clear Image Zoom bez potrzeby pod\u0142\u0105czania dodatkowych kabli \u2013 wszystko odbywa si\u0119 bezprzewodowo, szybko i wygodnie. Gimbal wyposa\u017cono r\u00f3wnie\u017c we wska\u017anik osi Z, kt\u00f3ry zapewnia bie\u017c\u0105c\u0105 informacj\u0119 zwrotn\u0105 i pozwala precyzyjnie dopracowa\u0107 ruchy, aby osi\u0105gn\u0105\u0107 maksymaln\u0105 stabilno\u015b\u0107 uj\u0119\u0107. Z kolei uchwyt Electronic Briefcase Handle daje mo\u017cliwo\u015b\u0107 wygodnego sterowania kamer\u0105 i stabilizatorem jedn\u0105 r\u0119k\u0105 \u2013 wystarczy joystick i kilka przycisk\u00f3w, aby bez wysi\u0142ku rejestrowa\u0107 uj\u0119cia z bardziej kreatywnych perspektyw.<\/p>\n<p>\n<img decoding=\"async\" src=\"https:\/\/assets.innpro.pl\/19538\/26033\/7.jpg\" border=\"0\" alt=\"Operator filmuj\u0105cy sportowca na boisku za pomoc\u0105 stabilizatora DJI RS 5 z kamer\u0105\" \/>\n<\/p>\n<h3>Precyzja ustawie\u0144 i b\u0142yskawiczna gotowo\u015b\u0107 do dzia\u0142ania<\/h3>\n<p>DJI RS 5 zosta\u0142 zaprojektowany z my\u015bl\u0105 o maksymalnym u\u0142atwieniu procesu wywa\u017cania. Pokr\u0119t\u0142a regulacyjne umieszczone na ka\u017cdym ramieniu osi, w po\u0142\u0105czeniu z warstwami Teflonu\u2122, umo\u017cliwiaj\u0105 szybkie i dok\u0142adne ustawienie sprz\u0119tu przy u\u017cyciu mechanizmu \u015bruby poci\u0105gowej \u2013 tak\u017ce w przypadku ci\u0119\u017cszych zestaw\u00f3w. Przygotowanie gimbala do pracy lub transportu zajmuje dos\u0142ownie chwil\u0119. Automatyczne blokady osi drugiej generacji blokuj\u0105 urz\u0105dzenie po jego wy\u0142\u0105czeniu lub przej\u015bciu w tryb u\u015bpienia, a po ponownym uruchomieniu natychmiast je odblokowuj\u0105. Dzi\u0119ki temu DJI RS 5 jest zawsze gotowy do rejestrowania uj\u0119\u0107 wtedy, gdy liczy si\u0119 ka\u017cda sekunda.<\/p>\n<p>\n<img decoding=\"async\" src=\"https:\/\/assets.innpro.pl\/19538\/26033\/8.jpg\" border=\"0\" alt=\"Zbli\u017cenie na ekran dotykowy DJI RS 5 pokazuj\u0105cy podgl\u0105d filmowanego samochodu\" \/>\n<\/p>\n<h3>Pionowe uj\u0119cia w kilka sekund<\/h3>\n<p>Prze\u0142\u0105czanie si\u0119 na tryb nagrywania w pionie nigdy nie by\u0142o tak szybkie i intuicyjne. Wystarczy poluzowa\u0107 i wcisn\u0105\u0107 pokr\u0119t\u0142o z jednej strony gimbala, zdj\u0105\u0107 poziom\u0105 p\u0142ytk\u0119, obr\u00f3ci\u0107 j\u0105 o 90 stopni i ponownie zamocowa\u0107 \u2013 ca\u0142y proces trwa zaledwie moment. To rozwi\u0105zanie idealnie odpowiada potrzebom tw\u00f3rc\u00f3w tworz\u0105cych tre\u015bci z my\u015bl\u0105 o mediach spo\u0142eczno\u015bciowych, gdzie pionowy format sta\u0142 si\u0119 standardem.<\/p>\n<p>\n<img decoding=\"async\" src=\"https:\/\/assets.innpro.pl\/19538\/26033\/9.jpg\" border=\"0\" alt=\"D\u0142o\u0144 reguluj\u0105ca pokr\u0119t\u0142o na ramieniu stabilizatora DJI RS 5 z zamontowanym aparatem\" \/>\n<\/p>\n<h3>Pe\u0142na swoboda konfiguracji i sterowania<\/h3>\n<p>G\u00f3rna p\u0142ytka Arca-Swiss i dolna p\u0142ytka Manfrotto umo\u017cliwiaj\u0105 szybkie prze\u0142\u0105czanie si\u0119 mi\u0119dzy gimbalem a statywem \u2013 bez konieczno\u015bci ponownego wywa\u017cania. Mo\u017cesz wi\u0119c sprawnie dostosowa\u0107 sprz\u0119t do bie\u017c\u0105cego scenariusza nagrywania. G\u00f3rna p\u0142ytka ma r\u00f3wnie\u017c regulowan\u0105 prowadnic\u0119, kt\u00f3ra u\u0142atwia bezpieczny monta\u017c kamery. DJI RS 5 jest te\u017c kompatybilny z systemem DJI SDR Transmission, kt\u00f3ry zapewnia transmisj\u0119 na \u017cywo w wysokiej rozdzielczo\u015bci, zdalne sterowanie i wiele wi\u0119cej. Po pod\u0142\u0105czeniu dw\u00f3ch silnik\u00f3w DJI Focus Pro Motor zyskujesz pe\u0142n\u0105 kontrol\u0119 nad zoomem (za pomoc\u0105 joysticka) oraz ostro\u015bci\u0105 (przy u\u017cyciu pokr\u0119t\u0142a). Gimbal oferuje tak\u017ce port RSA, kt\u00f3ry pozwala na integracj\u0119 z akcesoriami takimi jak Electronic Briefcase Handle czy RS Tethered Control Handle. Co wi\u0119cej, deweloperzy doceni\u0105 wsparcie dla protoko\u0142u RS SDK, umo\u017cliwiaj\u0105cego rozbudow\u0119 funkcji zgodnie z indywidualnymi potrzebami.<\/p>\n<p>\n<img decoding=\"async\" src=\"https:\/\/assets.innpro.pl\/19538\/26033\/10.jpg\" border=\"0\" alt=\"Osoba obs\u0142uguj\u0105ca ekran dotykowy DJI RS 5 z podgl\u0105dem filmowanego baseballisty\" \/>\n<\/p>\n<h3>DJI RS 5 Combo \u2013 wi\u0119cej mo\u017cliwo\u015bci w jednym zestawie<\/h3>\n<p>Zestaw DJI RS 5 Combo to idealne rozwi\u0105zanie dla tw\u00f3rc\u00f3w, kt\u00f3rzy chc\u0105 rozpocz\u0105\u0107 prac\u0119 z wi\u0119kszym zakresem mo\u017cliwo\u015bci ju\u017c od pierwszego dnia. W jego sk\u0142ad, opr\u00f3cz standardowego wyposa\u017cenia, wchodz\u0105 ulepszony modu\u0142 \u015bledzenia, nowy uchwyt Electronic Briefcase Handle oraz por\u0119czna torba transportowa. Taki pakiet zapewnia wi\u0119ksz\u0105 funkcjonalno\u015b\u0107 podczas nagrywania, a jednocze\u015bnie u\u0142atwia bezpieczne przechowywanie i wygodne przenoszenie ca\u0142ego sprz\u0119tu \u2013 zar\u00f3wno w studio, jak i w terenie.<\/p>\n<p>\n<img decoding=\"async\" src=\"https:\/\/assets.innpro.pl\/19538\/26033\/11.jpg\" border=\"0\" alt=\"Osoba trzyma gimbal DJI RS 5 Combo z zamontowan\u0105 kamer\u0105, unosz\u0105c go nad czerwon\u0105 nawierzchni\u0105 boiska\" \/>\n<\/p>\n<h3>W zestawie:<\/h3>\n<ul class=\"list-disc pl-5\">\n<li>Gimbal<\/li>\n<li>Statyw z systemem szybkiego rozk\u0142adania<\/li>\n<li>Naklejka z logo DJI<\/li>\n<li>Torba transportowa<\/li>\n<li>Wspornik mocowania obiektywu<\/li>\n<li>Kabel k\u0105towy (USB-C, 13 cm)<\/li>\n<li>\u015aruby<\/li>\n<li>G\u00f3rna p\u0142ytka szybkiego monta\u017cu RS 5<\/li>\n<li>Dolna p\u0142ytka szybkiego monta\u017cu RS 5<\/li>\n<li>Uchwyt z akumulatorem BG33<\/li>\n<li>Ulepszony inteligentny modu\u0142 \u015bledzenia RS<\/li>\n<li>Uchwyt Electronic Briefcase Handle<\/li>\n<li>Kabel MCC (USB-C, 30 cm)<\/li>\n<\/ul>\n<div class=\"table-wrapper\">\n<p>\u00a0<\/p>\n<h3>Peryferia<\/h3>\n<table>\n<tbody>\n<tr>\n<th>Port akcesori\u00f3w<\/th>\n<td>Akcesoria serii Ronin (RSA) \/ porty NATO<br \/>Otw\u00f3r monta\u017cowy 1\/4&#8243;-20<br \/>Zimna stopka<br \/>Port sterowania kamer\u0105 (USB-C)<br \/>Port wielofunkcyjny (USB-C)<\/td>\n<\/tr>\n<tr>\n<th>Akumulator<\/th>\n<td>Model: BHX715-2150-15.48<br \/>Typ: LiPo 4S<br \/>Pojemno\u015b\u0107: 2150 mAh<br \/>Energia: 33,29 Wh<br \/>Napi\u0119cie: 11,2 V do 17,8 V<br \/>Wej\u015bcie USB: 5 V\/3 A, 9 V\/3 A, 12 V\/3 A, 15 V\/3 A, 20 V\/3 A<br \/>Maks. czas czuwania: ok. 14 h*<br \/>Czas \u0142adowania: ok. 1 h**<br \/>Zalecana temperatura \u0142adowania: od 5\u00b0C do 40\u00b0C<\/td>\n<\/tr>\n<tr>\n<th>Opcje po\u0142\u0105czenia<\/th>\n<td>Bluetooth 5.0<br \/>Port \u0142adowania USB-C<\/td>\n<\/tr>\n<tr>\n<th>Wymagania aplikacji Ronin<\/th>\n<td>iOS 14.0 lub nowszy<br \/>Android 9.0 lub nowszy<\/td>\n<\/tr>\n<tr>\n<th>J\u0119zyki obs\u0142ugiwane przez ekran dotykowy<\/th>\n<td>Angielski, chi\u0144ski uproszczony, chi\u0144ski tradycyjny, niemiecki, francuski, korea\u0144ski, japo\u0144ski, hiszpa\u0144ski, portugalski (Brazylia), rosyjski, tajski<\/td>\n<\/tr>\n<\/tbody>\n<\/table>\n<p>\u00a0<\/p>\n<h3>Wydajno\u015b\u0107 pracy<\/h3>\n<table>\n<tbody>\n<tr>\n<th>Testowany ud\u017awig<\/th>\n<td>3,0 kg<\/td>\n<\/tr>\n<tr>\n<th>Maks. kontrolowana pr\u0119dko\u015b\u0107 obrotu<\/th>\n<td>Pan: 360\u00b0\/s<br \/>Tilt: 360\u00b0\/s<br \/>Roll: 360\u00b0\/s<\/td>\n<\/tr>\n<tr>\n<th>Zakres mechaniczny<\/th>\n<td>O\u015b Pan: ci\u0105g\u0142y obr\u00f3t o 360\u00b0<br \/>O\u015b Roll: od -95\u00b0 do +240\u00b0<br \/>O\u015b tilt: od -112\u00b0 do +214\u00b0<\/td>\n<\/tr>\n<tr>\n<th>Blokada osi<\/th>\n<td>Automatyczna<\/td>\n<\/tr>\n<tr>\n<th>Filmowanie w pionie<\/th>\n<td>Obs\u0142ugiwane<\/td>\n<\/tr>\n<\/tbody>\n<\/table>\n<p>\u00a0<\/p>\n<h3>W\u0142a\u015bciwo\u015bci mechaniczne i elektryczne<\/h3>\n<table>\n<tbody>\n<tr>\n<th>Cz\u0119stotliwo\u015b\u0107 robocza<\/th>\n<td>2,4000-2,4835 GHz<\/td>\n<\/tr>\n<tr>\n<th>Moc nadajnika Bluetooth<\/th>\n<td>&lt; 8 dBm<\/td>\n<\/tr>\n<tr>\n<th>Temperatura pracy<\/th>\n<td>Od -20\u00b0C do 45\u00b0C<\/td>\n<\/tr>\n<tr>\n<th>Waga<\/th>\n<td>Gimbal: ok. 1193 g (w tym g\u00f3rna i dolna p\u0142ytka szybkiego monta\u017cu oraz \u015bruby)<br \/>Uchwyt: ok. 274 g<br \/>Statyw z systemem szybkiego rozk\u0142adania: ok. 149 g<br \/>G\u00f3rna i dolna p\u0142ytka szybkiego monta\u017cu: ok. 93 g (w tym \u015bruby)<\/td>\n<\/tr>\n<tr>\n<th>Wymiary<\/th>\n<td>Po z\u0142o\u017ceniu: 247,4\u00d7115,7\u00d7258,7 mm (d\u0142.\u00d7szer.\u00d7wys., bez kamery, uchwytu i statywu z systemem szybkiego rozk\u0142adania)<br \/>Po roz\u0142o\u017ceniu: 223,2\u00d7192,2\u00d7418,8 mm (d\u0142.\u00d7szer.\u00d7wys., z uchwytem, bez kamery i statywu z systemem szybkiego rozk\u0142adania)<\/td>\n<\/tr>\n<\/tbody>\n<\/table>\n<p>\u00a0<\/p>\n<h3>Akcesoria<\/h3>\n<table>\n<tbody>\n<tr>\n<th>Ulepszony inteligentny modu\u0142 \u015bledzenia RS<\/th>\n<td>Waga: ok. 19 g<br \/>Wymiary: 35,9\u00d717,5\u00d738,5 mm (d\u0142.\u00d7szer.\u00d7wys.)<br \/>Zasi\u0119g \u015bledzenia: 0,5\u201310 m<br \/>\u015arodowisko pracy: nat\u0119\u017cenie o\u015bwietlenia &gt; 20 lx<br \/>Tryby uruchamiania: spust gimbala, gest, ekran dotykowy gimbala<br \/>Funkcje gest\u00f3w: rozpocz\u0119cie\/zatrzymanie \u015bledzenia, rozpocz\u0119cie\/zatrzymanie nagrywania, dostosowanie kadru<br \/>Pob\u00f3r mocy: ok. 1 W<br \/>Temperatura pracy: od -10\u00b0C do 45\u00b0C<br \/>Spos\u00f3b monta\u017cu: mocowanie magnetyczne<\/td>\n<\/tr>\n<tr>\n<th>Uchwyt Electronic Briefcase Handle<\/th>\n<td>Waga: ok. 230 g<br \/>Wymiary: 60\u00d7197,5\u00d779,5 mm (d\u0142.\u00d7szer.\u00d7wys.)<br \/>Pob\u00f3r mocy w trybie czuwania: ok. 0,2 W<br \/>Temperatura pracy: od -20\u00b0C do 45\u00b0C<\/td>\n<\/tr>\n<\/tbody>\n<\/table>\n<\/div>\n","protected":false},"excerpt":{"rendered":"<p>Gimbal DJI RS 5 Combo Z DJI RS 5 Twoje uj\u0119cia nabior\u0105 zupe\u0142nie nowej jako\u015bci! Dzi\u0119ki algorytmowi stabilizacji pi\u0105tej generacji<\/p>\n","protected":false},"featured_media":51960,"comment_status":"closed","ping_status":"open","template":"","meta":{"_acf_changed":false},"product_brand":[],"product_cat":[1128,1129],"product_tag":[],"class_list":{"0":"post-61147","1":"product","2":"type-product","3":"status-publish","4":"has-post-thumbnail","6":"product_cat-foto-wideo","7":"product_cat-gimbale-i-stabilizatory","8":"pa_okres-gwarancji-5757","9":"pa_producent-dji","11":"first","12":"outofstock","13":"taxable","14":"shipping-taxable","15":"purchasable","16":"product-type-simple"},"acf":[],"yoast_head":"<!-- This site is optimized with the Yoast SEO plugin v27.2 - https:\/\/yoast.com\/product\/yoast-seo-wordpress\/ -->\n<title>Gimbal DJI RS 5 Combo - IRONSKY.PL Sklep z Dronami<\/title>\n<meta name=\"description\" content=\"Gimbal DJI RS 5 Combo - \u2705 sklep z dronami i fachowym doradztwem. \u2705 Tutaj kupisz produkty DJI, Yuneec, Parrot, Syma i wiele innych, a tak\u017ce kursy i licencje na operatora drona.\" \/>\n<meta name=\"robots\" content=\"index, follow, max-snippet:-1, max-image-preview:large, max-video-preview:-1\" \/>\n<link rel=\"canonical\" href=\"https:\/\/ironsky.pl\/sklep\/produkt\/gimbal-dji-rs-5-combo-2\/\" \/>\n<meta property=\"og:locale\" content=\"pl_PL\" \/>\n<meta property=\"og:type\" content=\"article\" \/>\n<meta property=\"og:title\" content=\"Gimbal DJI RS 5 Combo - IRONSKY.PL Sklep z Dronami\" \/>\n<meta property=\"og:description\" content=\"Gimbal DJI RS 5 Combo - \u2705 sklep z dronami i fachowym doradztwem. \u2705 Tutaj kupisz produkty DJI, Yuneec, Parrot, Syma i wiele innych, a tak\u017ce kursy i licencje na operatora drona.\" \/>\n<meta property=\"og:url\" content=\"https:\/\/ironsky.pl\/sklep\/produkt\/gimbal-dji-rs-5-combo-2\/\" \/>\n<meta property=\"og:site_name\" content=\"IRONSKY.PL Sklep z Dronami\" \/>\n<meta property=\"article:modified_time\" content=\"2026-04-15T09:14:17+00:00\" \/>\n<meta property=\"og:image\" content=\"https:\/\/ironsky.pl\/sklep\/wp-content\/uploads\/2026\/02\/56205_1.jpg\" \/>\n\t<meta property=\"og:image:width\" content=\"800\" \/>\n\t<meta property=\"og:image:height\" content=\"800\" \/>\n\t<meta property=\"og:image:type\" content=\"image\/jpeg\" \/>\n<meta name=\"twitter:card\" content=\"summary_large_image\" \/>\n<meta name=\"twitter:label1\" content=\"Szacowany czas czytania\" \/>\n\t<meta name=\"twitter:data1\" content=\"7 minut\" \/>\n<script type=\"application\/ld+json\" class=\"yoast-schema-graph\">{\"@context\":\"https:\/\/schema.org\",\"@graph\":[{\"@type\":\"WebPage\",\"@id\":\"https:\/\/ironsky.pl\/sklep\/produkt\/gimbal-dji-rs-5-combo-2\/\",\"url\":\"https:\/\/ironsky.pl\/sklep\/produkt\/gimbal-dji-rs-5-combo-2\/\",\"name\":\"Gimbal DJI RS 5 Combo - IRONSKY.PL Sklep z Dronami\",\"isPartOf\":{\"@id\":\"https:\/\/ironsky.pl\/sklep\/#website\"},\"primaryImageOfPage\":{\"@id\":\"https:\/\/ironsky.pl\/sklep\/produkt\/gimbal-dji-rs-5-combo-2\/#primaryimage\"},\"image\":{\"@id\":\"https:\/\/ironsky.pl\/sklep\/produkt\/gimbal-dji-rs-5-combo-2\/#primaryimage\"},\"thumbnailUrl\":\"https:\/\/ironsky.pl\/sklep\/wp-content\/uploads\/2026\/02\/56205_1.jpg\",\"datePublished\":\"2026-04-15T09:14:11+00:00\",\"dateModified\":\"2026-04-15T09:14:17+00:00\",\"description\":\"Gimbal DJI RS 5 Combo - \u2705 sklep z dronami i fachowym doradztwem. \u2705 Tutaj kupisz produkty DJI, Yuneec, Parrot, Syma i wiele innych, a tak\u017ce kursy i licencje na operatora drona.\",\"breadcrumb\":{\"@id\":\"https:\/\/ironsky.pl\/sklep\/produkt\/gimbal-dji-rs-5-combo-2\/#breadcrumb\"},\"inLanguage\":\"pl-PL\",\"potentialAction\":[{\"@type\":\"ReadAction\",\"target\":[\"https:\/\/ironsky.pl\/sklep\/produkt\/gimbal-dji-rs-5-combo-2\/\"]}]},{\"@type\":\"ImageObject\",\"inLanguage\":\"pl-PL\",\"@id\":\"https:\/\/ironsky.pl\/sklep\/produkt\/gimbal-dji-rs-5-combo-2\/#primaryimage\",\"url\":\"https:\/\/ironsky.pl\/sklep\/wp-content\/uploads\/2026\/02\/56205_1.jpg\",\"contentUrl\":\"https:\/\/ironsky.pl\/sklep\/wp-content\/uploads\/2026\/02\/56205_1.jpg\",\"width\":800,\"height\":800},{\"@type\":\"BreadcrumbList\",\"@id\":\"https:\/\/ironsky.pl\/sklep\/produkt\/gimbal-dji-rs-5-combo-2\/#breadcrumb\",\"itemListElement\":[{\"@type\":\"ListItem\",\"position\":1,\"name\":\"Strona g\u0142\u00f3wna\",\"item\":\"https:\/\/ironsky.pl\/sklep\/\"},{\"@type\":\"ListItem\",\"position\":2,\"name\":\"Wszystkie produkty\",\"item\":\"https:\/\/ironsky.pl\/sklep\/produkty\/\"},{\"@type\":\"ListItem\",\"position\":3,\"name\":\"Gimbal DJI RS 5 Combo\"}]},{\"@type\":\"WebSite\",\"@id\":\"https:\/\/ironsky.pl\/sklep\/#website\",\"url\":\"https:\/\/ironsky.pl\/sklep\/\",\"name\":\"IRONSKY.PL Sklep z Dronami\",\"description\":\"IRONSKY.PL Sklep z Dronami\",\"potentialAction\":[{\"@type\":\"SearchAction\",\"target\":{\"@type\":\"EntryPoint\",\"urlTemplate\":\"https:\/\/ironsky.pl\/sklep\/?s={search_term_string}\"},\"query-input\":{\"@type\":\"PropertyValueSpecification\",\"valueRequired\":true,\"valueName\":\"search_term_string\"}}],\"inLanguage\":\"pl-PL\"}]}<\/script>\n<!-- \/ Yoast SEO plugin. -->","yoast_head_json":{"title":"Gimbal DJI RS 5 Combo - IRONSKY.PL Sklep z Dronami","description":"Gimbal DJI RS 5 Combo - \u2705 sklep z dronami i fachowym doradztwem. \u2705 Tutaj kupisz produkty DJI, Yuneec, Parrot, Syma i wiele innych, a tak\u017ce kursy i licencje na operatora drona.","robots":{"index":"index","follow":"follow","max-snippet":"max-snippet:-1","max-image-preview":"max-image-preview:large","max-video-preview":"max-video-preview:-1"},"canonical":"https:\/\/ironsky.pl\/sklep\/produkt\/gimbal-dji-rs-5-combo-2\/","og_locale":"pl_PL","og_type":"article","og_title":"Gimbal DJI RS 5 Combo - IRONSKY.PL Sklep z Dronami","og_description":"Gimbal DJI RS 5 Combo - \u2705 sklep z dronami i fachowym doradztwem. \u2705 Tutaj kupisz produkty DJI, Yuneec, Parrot, Syma i wiele innych, a tak\u017ce kursy i licencje na operatora drona.","og_url":"https:\/\/ironsky.pl\/sklep\/produkt\/gimbal-dji-rs-5-combo-2\/","og_site_name":"IRONSKY.PL Sklep z Dronami","article_modified_time":"2026-04-15T09:14:17+00:00","og_image":[{"width":800,"height":800,"url":"https:\/\/ironsky.pl\/sklep\/wp-content\/uploads\/2026\/02\/56205_1.jpg","type":"image\/jpeg"}],"twitter_card":"summary_large_image","twitter_misc":{"Szacowany czas czytania":"7 minut"},"schema":{"@context":"https:\/\/schema.org","@graph":[{"@type":"WebPage","@id":"https:\/\/ironsky.pl\/sklep\/produkt\/gimbal-dji-rs-5-combo-2\/","url":"https:\/\/ironsky.pl\/sklep\/produkt\/gimbal-dji-rs-5-combo-2\/","name":"Gimbal DJI RS 5 Combo - IRONSKY.PL Sklep z Dronami","isPartOf":{"@id":"https:\/\/ironsky.pl\/sklep\/#website"},"primaryImageOfPage":{"@id":"https:\/\/ironsky.pl\/sklep\/produkt\/gimbal-dji-rs-5-combo-2\/#primaryimage"},"image":{"@id":"https:\/\/ironsky.pl\/sklep\/produkt\/gimbal-dji-rs-5-combo-2\/#primaryimage"},"thumbnailUrl":"https:\/\/ironsky.pl\/sklep\/wp-content\/uploads\/2026\/02\/56205_1.jpg","datePublished":"2026-04-15T09:14:11+00:00","dateModified":"2026-04-15T09:14:17+00:00","description":"Gimbal DJI RS 5 Combo - \u2705 sklep z dronami i fachowym doradztwem. \u2705 Tutaj kupisz produkty DJI, Yuneec, Parrot, Syma i wiele innych, a tak\u017ce kursy i licencje na operatora drona.","breadcrumb":{"@id":"https:\/\/ironsky.pl\/sklep\/produkt\/gimbal-dji-rs-5-combo-2\/#breadcrumb"},"inLanguage":"pl-PL","potentialAction":[{"@type":"ReadAction","target":["https:\/\/ironsky.pl\/sklep\/produkt\/gimbal-dji-rs-5-combo-2\/"]}]},{"@type":"ImageObject","inLanguage":"pl-PL","@id":"https:\/\/ironsky.pl\/sklep\/produkt\/gimbal-dji-rs-5-combo-2\/#primaryimage","url":"https:\/\/ironsky.pl\/sklep\/wp-content\/uploads\/2026\/02\/56205_1.jpg","contentUrl":"https:\/\/ironsky.pl\/sklep\/wp-content\/uploads\/2026\/02\/56205_1.jpg","width":800,"height":800},{"@type":"BreadcrumbList","@id":"https:\/\/ironsky.pl\/sklep\/produkt\/gimbal-dji-rs-5-combo-2\/#breadcrumb","itemListElement":[{"@type":"ListItem","position":1,"name":"Strona g\u0142\u00f3wna","item":"https:\/\/ironsky.pl\/sklep\/"},{"@type":"ListItem","position":2,"name":"Wszystkie produkty","item":"https:\/\/ironsky.pl\/sklep\/produkty\/"},{"@type":"ListItem","position":3,"name":"Gimbal DJI RS 5 Combo"}]},{"@type":"WebSite","@id":"https:\/\/ironsky.pl\/sklep\/#website","url":"https:\/\/ironsky.pl\/sklep\/","name":"IRONSKY.PL Sklep z Dronami","description":"IRONSKY.PL Sklep z Dronami","potentialAction":[{"@type":"SearchAction","target":{"@type":"EntryPoint","urlTemplate":"https:\/\/ironsky.pl\/sklep\/?s={search_term_string}"},"query-input":{"@type":"PropertyValueSpecification","valueRequired":true,"valueName":"search_term_string"}}],"inLanguage":"pl-PL"}]}},"_links":{"self":[{"href":"https:\/\/ironsky.pl\/sklep\/wp-json\/wp\/v2\/product\/61147","targetHints":{"allow":["GET"]}}],"collection":[{"href":"https:\/\/ironsky.pl\/sklep\/wp-json\/wp\/v2\/product"}],"about":[{"href":"https:\/\/ironsky.pl\/sklep\/wp-json\/wp\/v2\/types\/product"}],"replies":[{"embeddable":true,"href":"https:\/\/ironsky.pl\/sklep\/wp-json\/wp\/v2\/comments?post=61147"}],"wp:featuredmedia":[{"embeddable":true,"href":"https:\/\/ironsky.pl\/sklep\/wp-json\/wp\/v2\/media\/51960"}],"wp:attachment":[{"href":"https:\/\/ironsky.pl\/sklep\/wp-json\/wp\/v2\/media?parent=61147"}],"wp:term":[{"taxonomy":"product_brand","embeddable":true,"href":"https:\/\/ironsky.pl\/sklep\/wp-json\/wp\/v2\/product_brand?post=61147"},{"taxonomy":"product_cat","embeddable":true,"href":"https:\/\/ironsky.pl\/sklep\/wp-json\/wp\/v2\/product_cat?post=61147"},{"taxonomy":"product_tag","embeddable":true,"href":"https:\/\/ironsky.pl\/sklep\/wp-json\/wp\/v2\/product_tag?post=61147"}],"curies":[{"name":"wp","href":"https:\/\/api.w.org\/{rel}","templated":true}]}}