{"id":61004,"date":"2026-04-15T11:11:51","date_gmt":"2026-04-15T09:11:51","guid":{"rendered":"https:\/\/ironsky.pl\/sklep\/produkt\/dwukierunkowy-mini-wysiegnik-dji\/"},"modified":"2026-04-19T03:34:42","modified_gmt":"2026-04-19T01:34:42","slug":"dwukierunkowy-mini-wysiegnik-dji","status":"publish","type":"product","link":"https:\/\/ironsky.pl\/sklep\/produkt\/dwukierunkowy-mini-wysiegnik-dji\/","title":{"rendered":"Dwukierunkowy mini wysi\u0119gnik DJI"},"content":{"rendered":"<h3>Dwukierunkowy miniwysi\u0119gnik teleskopowy Osmo Action<\/h3>\n<p>Dwukierunkowy miniwysi\u0119gnik teleskopowy Osmo Action to kompaktowe akcesorium, kt\u00f3re po z\u0142o\u017ceniu mie\u015bci si\u0119 w d\u0142oni (156,9 mm d\u0142ugo\u015bci) i mo\u017ce bez problemu towarzyszy\u0107 Ci w niemal ka\u017cdej aktywno\u015bci. Wyr\u00f3\u017cnia si\u0119 konstrukcj\u0105 rozk\u0142adan\u0105 na cztery sekcje (z opcj\u0105 roz\u0142o\u017cenia na d\u0142ugo\u015b\u0107 do 384,6 mm), co sprawdza si\u0119 podczas filmowania w terenie, vlogowania, robienia selfie i nie tylko. Wbudowany statyw w dolnej cz\u0119\u015bci umo\u017cliwia bezpieczne ustawienie kamery na p\u0142askiej powierzchni i zapewnia stabilno\u015b\u0107 podczas nagrywania, a przegub kulowy na g\u00f3rze pozwala szybko i wygodnie regulowa\u0107 k\u0105t. Dzi\u0119ki temu z \u0142atwo\u015bci\u0105 uzyskasz perspektyw\u0119, na jakiej Ci zale\u017cy! Ponadto \u015brednica 29 mm i waga 113 g sprawiaj\u0105, \u017ce wysi\u0119gnik jest wygodny do trzymania nawet przez d\u0142u\u017cszy czas. Akcesorium jest kompatybilne z modelami DJI Osmo Action 6 i DJI Osmo Nano.<\/p>\n<p>\n<img decoding=\"async\" src=\"https:\/\/assets.innpro.pl\/19998\/26623\/2.jpg\" border=\"0\" alt=\"Z\u0142o\u017cony wysi\u0119gnik teleskopowy DJI do kamer sportowych na szarym tle\" \/>\n<\/p>\n<h3>W zestawie<\/h3>\n<ul class=\"list-disc pl-5\">\n<li>Dwukierunkowy miniwysi\u0119gnik teleskopowy Osmo Action \u00d7 1<\/li>\n<\/ul>\n<div class=\"table-wrapper\">\n<p>\u00a0<\/p>\n<h3><\/h3>\n<table>\n<tbody>\n<tr>\n<th>Producent<\/th>\n<td>DJI<\/td>\n<\/tr>\n<tr>\n<th>Kod producenta<\/th>\n<td>CP.OS.00000528.02<\/td>\n<\/tr>\n<tr>\n<th>\u015arednica<\/th>\n<td>29 mm<\/td>\n<\/tr>\n<tr>\n<th>D\u0142ugo\u015b\u0107 po z\u0142o\u017ceniu<\/th>\n<td>156,9 mm<\/td>\n<\/tr>\n<tr>\n<th>D\u0142ugo\u015b\u0107 po roz\u0142o\u017ceniu<\/th>\n<td>384,6 mm<\/td>\n<\/tr>\n<tr>\n<th>Waga<\/th>\n<td>113 g<\/td>\n<\/tr>\n<tr>\n<th>Kompatybilno\u015b\u0107<\/th>\n<td>DJI Osmo Action 6, DJI Osmo Nano<\/td>\n<\/tr>\n<\/tbody>\n<\/table>\n<\/div>\n","protected":false},"excerpt":{"rendered":"<p>Dwukierunkowy miniwysi\u0119gnik teleskopowy Osmo Action Dwukierunkowy miniwysi\u0119gnik teleskopowy Osmo Action to kompaktowe akcesorium, kt\u00f3re po z\u0142o\u017ceniu mie\u015bci si\u0119 w d\u0142oni<\/p>\n","protected":false},"featured_media":61005,"comment_status":"closed","ping_status":"open","template":"","meta":{"_acf_changed":false},"product_brand":[],"product_cat":[1130,1137,1128],"product_tag":[],"class_list":{"0":"post-61004","1":"product","2":"type-product","3":"status-publish","4":"has-post-thumbnail","6":"product_cat-akcesoria-foto","7":"product_cat-do-kamer-sportowych","8":"product_cat-foto-wideo","9":"pa_okres-gwarancji-5757","10":"pa_producent-dji","12":"first","13":"instock","14":"taxable","15":"shipping-taxable","16":"purchasable","17":"product-type-simple"},"acf":[],"yoast_head":"<!-- This site is optimized with the Yoast SEO plugin v27.2 - https:\/\/yoast.com\/product\/yoast-seo-wordpress\/ -->\n<title>Dwukierunkowy mini wysi\u0119gnik DJI - IRONSKY.PL Sklep z Dronami<\/title>\n<meta name=\"description\" content=\"Dwukierunkowy mini wysi\u0119gnik DJI - \u2705 sklep z dronami i fachowym doradztwem. \u2705 Tutaj kupisz produkty DJI, Yuneec, Parrot, Syma i wiele innych, a tak\u017ce kursy i licencje na operatora drona.\" \/>\n<meta name=\"robots\" content=\"index, follow, max-snippet:-1, max-image-preview:large, max-video-preview:-1\" \/>\n<link rel=\"canonical\" href=\"https:\/\/ironsky.pl\/sklep\/produkt\/dwukierunkowy-mini-wysiegnik-dji\/\" \/>\n<meta property=\"og:locale\" content=\"pl_PL\" \/>\n<meta property=\"og:type\" content=\"article\" \/>\n<meta property=\"og:title\" content=\"Dwukierunkowy mini wysi\u0119gnik DJI - IRONSKY.PL Sklep z Dronami\" \/>\n<meta property=\"og:description\" content=\"Dwukierunkowy mini wysi\u0119gnik DJI - \u2705 sklep z dronami i fachowym doradztwem. \u2705 Tutaj kupisz produkty DJI, Yuneec, Parrot, Syma i wiele innych, a tak\u017ce kursy i licencje na operatora drona.\" \/>\n<meta property=\"og:url\" content=\"https:\/\/ironsky.pl\/sklep\/produkt\/dwukierunkowy-mini-wysiegnik-dji\/\" \/>\n<meta property=\"og:site_name\" content=\"IRONSKY.PL Sklep z Dronami\" \/>\n<meta property=\"article:modified_time\" content=\"2026-04-19T01:34:42+00:00\" \/>\n<meta property=\"og:image\" content=\"https:\/\/ironsky.pl\/sklep\/wp-content\/uploads\/2026\/04\/55540_1.jpg\" \/>\n\t<meta property=\"og:image:width\" content=\"800\" \/>\n\t<meta property=\"og:image:height\" content=\"800\" \/>\n\t<meta property=\"og:image:type\" content=\"image\/jpeg\" \/>\n<meta name=\"twitter:card\" content=\"summary_large_image\" \/>\n<meta name=\"twitter:label1\" content=\"Szacowany czas czytania\" \/>\n\t<meta name=\"twitter:data1\" content=\"1 minuta\" \/>\n<script type=\"application\/ld+json\" class=\"yoast-schema-graph\">{\"@context\":\"https:\/\/schema.org\",\"@graph\":[{\"@type\":\"WebPage\",\"@id\":\"https:\/\/ironsky.pl\/sklep\/produkt\/dwukierunkowy-mini-wysiegnik-dji\/\",\"url\":\"https:\/\/ironsky.pl\/sklep\/produkt\/dwukierunkowy-mini-wysiegnik-dji\/\",\"name\":\"Dwukierunkowy mini wysi\u0119gnik DJI - IRONSKY.PL Sklep z Dronami\",\"isPartOf\":{\"@id\":\"https:\/\/ironsky.pl\/sklep\/#website\"},\"primaryImageOfPage\":{\"@id\":\"https:\/\/ironsky.pl\/sklep\/produkt\/dwukierunkowy-mini-wysiegnik-dji\/#primaryimage\"},\"image\":{\"@id\":\"https:\/\/ironsky.pl\/sklep\/produkt\/dwukierunkowy-mini-wysiegnik-dji\/#primaryimage\"},\"thumbnailUrl\":\"https:\/\/ironsky.pl\/sklep\/wp-content\/uploads\/2026\/04\/55540_1.jpg\",\"datePublished\":\"2026-04-15T09:11:51+00:00\",\"dateModified\":\"2026-04-19T01:34:42+00:00\",\"description\":\"Dwukierunkowy mini wysi\u0119gnik DJI - \u2705 sklep z dronami i fachowym doradztwem. \u2705 Tutaj kupisz produkty DJI, Yuneec, Parrot, Syma i wiele innych, a tak\u017ce kursy i licencje na operatora drona.\",\"breadcrumb\":{\"@id\":\"https:\/\/ironsky.pl\/sklep\/produkt\/dwukierunkowy-mini-wysiegnik-dji\/#breadcrumb\"},\"inLanguage\":\"pl-PL\",\"potentialAction\":[{\"@type\":\"ReadAction\",\"target\":[\"https:\/\/ironsky.pl\/sklep\/produkt\/dwukierunkowy-mini-wysiegnik-dji\/\"]}]},{\"@type\":\"ImageObject\",\"inLanguage\":\"pl-PL\",\"@id\":\"https:\/\/ironsky.pl\/sklep\/produkt\/dwukierunkowy-mini-wysiegnik-dji\/#primaryimage\",\"url\":\"https:\/\/ironsky.pl\/sklep\/wp-content\/uploads\/2026\/04\/55540_1.jpg\",\"contentUrl\":\"https:\/\/ironsky.pl\/sklep\/wp-content\/uploads\/2026\/04\/55540_1.jpg\",\"width\":800,\"height\":800},{\"@type\":\"BreadcrumbList\",\"@id\":\"https:\/\/ironsky.pl\/sklep\/produkt\/dwukierunkowy-mini-wysiegnik-dji\/#breadcrumb\",\"itemListElement\":[{\"@type\":\"ListItem\",\"position\":1,\"name\":\"Strona g\u0142\u00f3wna\",\"item\":\"https:\/\/ironsky.pl\/sklep\/\"},{\"@type\":\"ListItem\",\"position\":2,\"name\":\"Wszystkie produkty\",\"item\":\"https:\/\/ironsky.pl\/sklep\/produkty\/\"},{\"@type\":\"ListItem\",\"position\":3,\"name\":\"Dwukierunkowy mini wysi\u0119gnik DJI\"}]},{\"@type\":\"WebSite\",\"@id\":\"https:\/\/ironsky.pl\/sklep\/#website\",\"url\":\"https:\/\/ironsky.pl\/sklep\/\",\"name\":\"IRONSKY.PL Sklep z Dronami\",\"description\":\"IRONSKY.PL Sklep z Dronami\",\"potentialAction\":[{\"@type\":\"SearchAction\",\"target\":{\"@type\":\"EntryPoint\",\"urlTemplate\":\"https:\/\/ironsky.pl\/sklep\/?s={search_term_string}\"},\"query-input\":{\"@type\":\"PropertyValueSpecification\",\"valueRequired\":true,\"valueName\":\"search_term_string\"}}],\"inLanguage\":\"pl-PL\"}]}<\/script>\n<!-- \/ Yoast SEO plugin. -->","yoast_head_json":{"title":"Dwukierunkowy mini wysi\u0119gnik DJI - IRONSKY.PL Sklep z Dronami","description":"Dwukierunkowy mini wysi\u0119gnik DJI - \u2705 sklep z dronami i fachowym doradztwem. \u2705 Tutaj kupisz produkty DJI, Yuneec, Parrot, Syma i wiele innych, a tak\u017ce kursy i licencje na operatora drona.","robots":{"index":"index","follow":"follow","max-snippet":"max-snippet:-1","max-image-preview":"max-image-preview:large","max-video-preview":"max-video-preview:-1"},"canonical":"https:\/\/ironsky.pl\/sklep\/produkt\/dwukierunkowy-mini-wysiegnik-dji\/","og_locale":"pl_PL","og_type":"article","og_title":"Dwukierunkowy mini wysi\u0119gnik DJI - IRONSKY.PL Sklep z Dronami","og_description":"Dwukierunkowy mini wysi\u0119gnik DJI - \u2705 sklep z dronami i fachowym doradztwem. \u2705 Tutaj kupisz produkty DJI, Yuneec, Parrot, Syma i wiele innych, a tak\u017ce kursy i licencje na operatora drona.","og_url":"https:\/\/ironsky.pl\/sklep\/produkt\/dwukierunkowy-mini-wysiegnik-dji\/","og_site_name":"IRONSKY.PL Sklep z Dronami","article_modified_time":"2026-04-19T01:34:42+00:00","og_image":[{"width":800,"height":800,"url":"https:\/\/ironsky.pl\/sklep\/wp-content\/uploads\/2026\/04\/55540_1.jpg","type":"image\/jpeg"}],"twitter_card":"summary_large_image","twitter_misc":{"Szacowany czas czytania":"1 minuta"},"schema":{"@context":"https:\/\/schema.org","@graph":[{"@type":"WebPage","@id":"https:\/\/ironsky.pl\/sklep\/produkt\/dwukierunkowy-mini-wysiegnik-dji\/","url":"https:\/\/ironsky.pl\/sklep\/produkt\/dwukierunkowy-mini-wysiegnik-dji\/","name":"Dwukierunkowy mini wysi\u0119gnik DJI - IRONSKY.PL Sklep z Dronami","isPartOf":{"@id":"https:\/\/ironsky.pl\/sklep\/#website"},"primaryImageOfPage":{"@id":"https:\/\/ironsky.pl\/sklep\/produkt\/dwukierunkowy-mini-wysiegnik-dji\/#primaryimage"},"image":{"@id":"https:\/\/ironsky.pl\/sklep\/produkt\/dwukierunkowy-mini-wysiegnik-dji\/#primaryimage"},"thumbnailUrl":"https:\/\/ironsky.pl\/sklep\/wp-content\/uploads\/2026\/04\/55540_1.jpg","datePublished":"2026-04-15T09:11:51+00:00","dateModified":"2026-04-19T01:34:42+00:00","description":"Dwukierunkowy mini wysi\u0119gnik DJI - \u2705 sklep z dronami i fachowym doradztwem. \u2705 Tutaj kupisz produkty DJI, Yuneec, Parrot, Syma i wiele innych, a tak\u017ce kursy i licencje na operatora drona.","breadcrumb":{"@id":"https:\/\/ironsky.pl\/sklep\/produkt\/dwukierunkowy-mini-wysiegnik-dji\/#breadcrumb"},"inLanguage":"pl-PL","potentialAction":[{"@type":"ReadAction","target":["https:\/\/ironsky.pl\/sklep\/produkt\/dwukierunkowy-mini-wysiegnik-dji\/"]}]},{"@type":"ImageObject","inLanguage":"pl-PL","@id":"https:\/\/ironsky.pl\/sklep\/produkt\/dwukierunkowy-mini-wysiegnik-dji\/#primaryimage","url":"https:\/\/ironsky.pl\/sklep\/wp-content\/uploads\/2026\/04\/55540_1.jpg","contentUrl":"https:\/\/ironsky.pl\/sklep\/wp-content\/uploads\/2026\/04\/55540_1.jpg","width":800,"height":800},{"@type":"BreadcrumbList","@id":"https:\/\/ironsky.pl\/sklep\/produkt\/dwukierunkowy-mini-wysiegnik-dji\/#breadcrumb","itemListElement":[{"@type":"ListItem","position":1,"name":"Strona g\u0142\u00f3wna","item":"https:\/\/ironsky.pl\/sklep\/"},{"@type":"ListItem","position":2,"name":"Wszystkie produkty","item":"https:\/\/ironsky.pl\/sklep\/produkty\/"},{"@type":"ListItem","position":3,"name":"Dwukierunkowy mini wysi\u0119gnik DJI"}]},{"@type":"WebSite","@id":"https:\/\/ironsky.pl\/sklep\/#website","url":"https:\/\/ironsky.pl\/sklep\/","name":"IRONSKY.PL Sklep z Dronami","description":"IRONSKY.PL Sklep z Dronami","potentialAction":[{"@type":"SearchAction","target":{"@type":"EntryPoint","urlTemplate":"https:\/\/ironsky.pl\/sklep\/?s={search_term_string}"},"query-input":{"@type":"PropertyValueSpecification","valueRequired":true,"valueName":"search_term_string"}}],"inLanguage":"pl-PL"}]}},"_links":{"self":[{"href":"https:\/\/ironsky.pl\/sklep\/wp-json\/wp\/v2\/product\/61004","targetHints":{"allow":["GET"]}}],"collection":[{"href":"https:\/\/ironsky.pl\/sklep\/wp-json\/wp\/v2\/product"}],"about":[{"href":"https:\/\/ironsky.pl\/sklep\/wp-json\/wp\/v2\/types\/product"}],"replies":[{"embeddable":true,"href":"https:\/\/ironsky.pl\/sklep\/wp-json\/wp\/v2\/comments?post=61004"}],"wp:featuredmedia":[{"embeddable":true,"href":"https:\/\/ironsky.pl\/sklep\/wp-json\/wp\/v2\/media\/61005"}],"wp:attachment":[{"href":"https:\/\/ironsky.pl\/sklep\/wp-json\/wp\/v2\/media?parent=61004"}],"wp:term":[{"taxonomy":"product_brand","embeddable":true,"href":"https:\/\/ironsky.pl\/sklep\/wp-json\/wp\/v2\/product_brand?post=61004"},{"taxonomy":"product_cat","embeddable":true,"href":"https:\/\/ironsky.pl\/sklep\/wp-json\/wp\/v2\/product_cat?post=61004"},{"taxonomy":"product_tag","embeddable":true,"href":"https:\/\/ironsky.pl\/sklep\/wp-json\/wp\/v2\/product_tag?post=61004"}],"curies":[{"name":"wp","href":"https:\/\/api.w.org\/{rel}","templated":true}]}}