{"id":60932,"date":"2026-04-15T11:10:41","date_gmt":"2026-04-15T09:10:41","guid":{"rendered":"https:\/\/ironsky.pl\/sklep\/produkt\/uchwyt-typu-l-sunnylife-do-dji-osmo-360-2\/"},"modified":"2026-04-15T11:10:47","modified_gmt":"2026-04-15T09:10:47","slug":"uchwyt-typu-l-sunnylife-do-dji-osmo-360-2","status":"publish","type":"product","link":"https:\/\/ironsky.pl\/sklep\/produkt\/uchwyt-typu-l-sunnylife-do-dji-osmo-360-2\/","title":{"rendered":"Uchwyt typu L SUNNYLIFE do DJI Osmo 360"},"content":{"rendered":"<h3>Uchwyt typu L Sunnylife do DJI OSMO 360<\/h3>\n<p>Uchwyt typu L marki Sunnylife umo\u017cliwia wygodne mocowanie kamery DJI Osmo 360 zar\u00f3wno w pionie, jak i w poziomie. Dzi\u0119ki dopracowanej konstrukcji i solidnym materia\u0142om gwarantuje bezpiecze\u0144stwo sprz\u0119tu podczas nagrywania w r\u00f3\u017cnych warunkach.<\/p>\n<p>\n<img decoding=\"async\" src=\"https:\/\/assets.innpro.pl\/18055\/23952\/2.jpg\" border=\"0\" alt=\"Czarny metalowy uchwyt typu L do kamery na szarym tle\" \/>\n<\/p>\n<h3>Wytrzyma\u0142a konstrukcja z aluminium<\/h3>\n<p>Uchwyt zosta\u0142 wykonany ze stopu aluminium obrabianego metod\u0105 CNC (Computerized Numerical Control, komputerowe sterowanie urz\u0105dzeniami numerycznymi), dzi\u0119ki czemu cechuje si\u0119 wysok\u0105 wytrzyma\u0142o\u015bci\u0105 i odporno\u015bci\u0105 na uszkodzenia. W efekcie skutecznie chroni kamer\u0119 przed zarysowaniami i wstrz\u0105sami.<\/p>\n<p>\n<img decoding=\"async\" src=\"https:\/\/assets.innpro.pl\/18055\/23952\/3.jpg\" border=\"0\" alt=\"Czarny uchwyt typu L do kamery 360 stopni na niebieskim tle\" \/>\n<\/p>\n<h3>Magnetyczny adapter<\/h3>\n<p>W sk\u0142ad zestawu wchodzi tak\u017ce magnetyczny adapter do kamery. Mocny magnes i dodatkowy system blokady zapewniaj\u0105 stabilne mocowanie urz\u0105dzenia, eliminuj\u0105c ryzyko poluzowania. Dzi\u0119ki sk\u0142adanej konstrukcji akcesorium jest wygodne w transporcie i proste w obs\u0142udze.<\/p>\n<p>\n<img decoding=\"async\" src=\"https:\/\/assets.innpro.pl\/18055\/23952\/1.jpg\" border=\"0\" alt=\"Kamera 360 stopni i przeznaczone dla niej uchwyty z magnetycznym mocowaniem\" \/>\n<\/p>\n<h3>Szeroka kompatybilno\u015b\u0107 akcesori\u00f3w<\/h3>\n<p>Uchwyt wsp\u00f3\u0142pracuje z r\u00f3\u017cnymi mocowaniami Sunnylife, takimi jak klipsy do plecaka, uchwyty rowerowe, opaski na g\u0142ow\u0119, uchwyty na klatk\u0119 piersiow\u0105, statywy czy wysi\u0119gniki. B\u0119dzie wi\u0119c wszechstronnym rozwi\u0105zaniem dla tw\u00f3rc\u00f3w nagrywaj\u0105cych wideo w r\u00f3\u017cnych scenariuszach.<\/p>\n<p>\n<img decoding=\"async\" src=\"https:\/\/assets.innpro.pl\/18055\/23952\/5.jpg\" border=\"0\" alt=\"Dwa czarne uchwyty do kamery typu L na niebieskim tle\" \/>\n<\/p>\n<h3>Zawarto\u015b\u0107 zestawu<\/h3>\n<ul class=\"list-disc pl-5\">\n<li>Uchwyt typu L<\/li>\n<li>Magnetyczny adapter<\/li>\n<li>\u015aruba monta\u017cowa<\/li>\n<li>Klucz imbusowy<\/li>\n<\/ul>\n<div class=\"table-wrapper\">\n<p>\u00a0<\/p>\n<h3><\/h3>\n<table>\n<tbody>\n<tr>\n<th>Producent<\/th>\n<td>Sunnylife<\/td>\n<\/tr>\n<tr>\n<th>Nazwa<\/th>\n<td>Sunnylife L-Type Vertical-Horizontal Mount with Magnetic Adapter<\/td>\n<\/tr>\n<tr>\n<th>Model<\/th>\n<td>OS-ZJ032<\/td>\n<\/tr>\n<tr>\n<th>Kompatybilno\u015b\u0107<\/th>\n<td>DJI Osmo 360<\/td>\n<\/tr>\n<tr>\n<th>Materia\u0142<\/th>\n<td>Stop aluminium, magnes, plastik<\/td>\n<\/tr>\n<tr>\n<th>Waga<\/th>\n<td>37 g<\/td>\n<\/tr>\n<tr>\n<th>Wymiary uchwytu<\/th>\n<td>60 x 68 x 18 mm<\/td>\n<\/tr>\n<tr>\n<th>Wymiary adaptera<\/th>\n<td>41 x 16 x 17 mm<\/td>\n<\/tr>\n<\/tbody>\n<\/table>\n<\/div>\n","protected":false},"excerpt":{"rendered":"<p>Uchwyt typu L Sunnylife do DJI OSMO 360 Uchwyt typu L marki Sunnylife umo\u017cliwia wygodne mocowanie kamery DJI Osmo 360<\/p>\n","protected":false},"featured_media":50346,"comment_status":"closed","ping_status":"open","template":"","meta":{"_acf_changed":false},"product_brand":[],"product_cat":[1130,6208,1128],"product_tag":[],"class_list":{"0":"post-60932","1":"product","2":"type-product","3":"status-publish","4":"has-post-thumbnail","6":"product_cat-akcesoria-foto","7":"product_cat-do-gimbali","8":"product_cat-foto-wideo","9":"pa_okres-gwarancji-5754","10":"pa_producent-sunnylife","12":"first","13":"outofstock","14":"taxable","15":"shipping-taxable","16":"purchasable","17":"product-type-simple"},"acf":[],"yoast_head":"<!-- This site is optimized with the Yoast SEO plugin v27.2 - https:\/\/yoast.com\/product\/yoast-seo-wordpress\/ -->\n<title>Uchwyt typu L SUNNYLIFE do DJI Osmo 360 - IRONSKY.PL Sklep z Dronami<\/title>\n<meta name=\"description\" content=\"Uchwyt typu L SUNNYLIFE do DJI Osmo 360 - \u2705 sklep z dronami i fachowym doradztwem. \u2705 Tutaj kupisz produkty DJI, Yuneec, Parrot, Syma i wiele innych, a tak\u017ce kursy i licencje na operatora drona.\" \/>\n<meta name=\"robots\" content=\"index, follow, max-snippet:-1, max-image-preview:large, max-video-preview:-1\" \/>\n<link rel=\"canonical\" href=\"https:\/\/ironsky.pl\/sklep\/produkt\/uchwyt-typu-l-sunnylife-do-dji-osmo-360-2\/\" \/>\n<meta property=\"og:locale\" content=\"pl_PL\" \/>\n<meta property=\"og:type\" content=\"article\" \/>\n<meta property=\"og:title\" content=\"Uchwyt typu L SUNNYLIFE do DJI Osmo 360 - IRONSKY.PL Sklep z Dronami\" \/>\n<meta property=\"og:description\" content=\"Uchwyt typu L SUNNYLIFE do DJI Osmo 360 - \u2705 sklep z dronami i fachowym doradztwem. \u2705 Tutaj kupisz produkty DJI, Yuneec, Parrot, Syma i wiele innych, a tak\u017ce kursy i licencje na operatora drona.\" \/>\n<meta property=\"og:url\" content=\"https:\/\/ironsky.pl\/sklep\/produkt\/uchwyt-typu-l-sunnylife-do-dji-osmo-360-2\/\" \/>\n<meta property=\"og:site_name\" content=\"IRONSKY.PL Sklep z Dronami\" \/>\n<meta property=\"article:modified_time\" content=\"2026-04-15T09:10:47+00:00\" \/>\n<meta property=\"og:image\" content=\"https:\/\/ironsky.pl\/sklep\/wp-content\/uploads\/2025\/10\/54929_1.jpg\" \/>\n\t<meta property=\"og:image:width\" content=\"800\" \/>\n\t<meta property=\"og:image:height\" content=\"800\" \/>\n\t<meta property=\"og:image:type\" content=\"image\/jpeg\" \/>\n<meta name=\"twitter:card\" content=\"summary_large_image\" \/>\n<meta name=\"twitter:label1\" content=\"Szacowany czas czytania\" \/>\n\t<meta name=\"twitter:data1\" content=\"1 minuta\" \/>\n<script type=\"application\/ld+json\" class=\"yoast-schema-graph\">{\"@context\":\"https:\/\/schema.org\",\"@graph\":[{\"@type\":\"WebPage\",\"@id\":\"https:\/\/ironsky.pl\/sklep\/produkt\/uchwyt-typu-l-sunnylife-do-dji-osmo-360-2\/\",\"url\":\"https:\/\/ironsky.pl\/sklep\/produkt\/uchwyt-typu-l-sunnylife-do-dji-osmo-360-2\/\",\"name\":\"Uchwyt typu L SUNNYLIFE do DJI Osmo 360 - IRONSKY.PL Sklep z Dronami\",\"isPartOf\":{\"@id\":\"https:\/\/ironsky.pl\/sklep\/#website\"},\"primaryImageOfPage\":{\"@id\":\"https:\/\/ironsky.pl\/sklep\/produkt\/uchwyt-typu-l-sunnylife-do-dji-osmo-360-2\/#primaryimage\"},\"image\":{\"@id\":\"https:\/\/ironsky.pl\/sklep\/produkt\/uchwyt-typu-l-sunnylife-do-dji-osmo-360-2\/#primaryimage\"},\"thumbnailUrl\":\"https:\/\/ironsky.pl\/sklep\/wp-content\/uploads\/2025\/10\/54929_1.jpg\",\"datePublished\":\"2026-04-15T09:10:41+00:00\",\"dateModified\":\"2026-04-15T09:10:47+00:00\",\"description\":\"Uchwyt typu L SUNNYLIFE do DJI Osmo 360 - \u2705 sklep z dronami i fachowym doradztwem. \u2705 Tutaj kupisz produkty DJI, Yuneec, Parrot, Syma i wiele innych, a tak\u017ce kursy i licencje na operatora drona.\",\"breadcrumb\":{\"@id\":\"https:\/\/ironsky.pl\/sklep\/produkt\/uchwyt-typu-l-sunnylife-do-dji-osmo-360-2\/#breadcrumb\"},\"inLanguage\":\"pl-PL\",\"potentialAction\":[{\"@type\":\"ReadAction\",\"target\":[\"https:\/\/ironsky.pl\/sklep\/produkt\/uchwyt-typu-l-sunnylife-do-dji-osmo-360-2\/\"]}]},{\"@type\":\"ImageObject\",\"inLanguage\":\"pl-PL\",\"@id\":\"https:\/\/ironsky.pl\/sklep\/produkt\/uchwyt-typu-l-sunnylife-do-dji-osmo-360-2\/#primaryimage\",\"url\":\"https:\/\/ironsky.pl\/sklep\/wp-content\/uploads\/2025\/10\/54929_1.jpg\",\"contentUrl\":\"https:\/\/ironsky.pl\/sklep\/wp-content\/uploads\/2025\/10\/54929_1.jpg\",\"width\":800,\"height\":800},{\"@type\":\"BreadcrumbList\",\"@id\":\"https:\/\/ironsky.pl\/sklep\/produkt\/uchwyt-typu-l-sunnylife-do-dji-osmo-360-2\/#breadcrumb\",\"itemListElement\":[{\"@type\":\"ListItem\",\"position\":1,\"name\":\"Strona g\u0142\u00f3wna\",\"item\":\"https:\/\/ironsky.pl\/sklep\/\"},{\"@type\":\"ListItem\",\"position\":2,\"name\":\"Wszystkie produkty\",\"item\":\"https:\/\/ironsky.pl\/sklep\/produkty\/\"},{\"@type\":\"ListItem\",\"position\":3,\"name\":\"Uchwyt typu L SUNNYLIFE do DJI Osmo 360\"}]},{\"@type\":\"WebSite\",\"@id\":\"https:\/\/ironsky.pl\/sklep\/#website\",\"url\":\"https:\/\/ironsky.pl\/sklep\/\",\"name\":\"IRONSKY.PL Sklep z Dronami\",\"description\":\"IRONSKY.PL Sklep z Dronami\",\"potentialAction\":[{\"@type\":\"SearchAction\",\"target\":{\"@type\":\"EntryPoint\",\"urlTemplate\":\"https:\/\/ironsky.pl\/sklep\/?s={search_term_string}\"},\"query-input\":{\"@type\":\"PropertyValueSpecification\",\"valueRequired\":true,\"valueName\":\"search_term_string\"}}],\"inLanguage\":\"pl-PL\"}]}<\/script>\n<!-- \/ Yoast SEO plugin. -->","yoast_head_json":{"title":"Uchwyt typu L SUNNYLIFE do DJI Osmo 360 - IRONSKY.PL Sklep z Dronami","description":"Uchwyt typu L SUNNYLIFE do DJI Osmo 360 - \u2705 sklep z dronami i fachowym doradztwem. \u2705 Tutaj kupisz produkty DJI, Yuneec, Parrot, Syma i wiele innych, a tak\u017ce kursy i licencje na operatora drona.","robots":{"index":"index","follow":"follow","max-snippet":"max-snippet:-1","max-image-preview":"max-image-preview:large","max-video-preview":"max-video-preview:-1"},"canonical":"https:\/\/ironsky.pl\/sklep\/produkt\/uchwyt-typu-l-sunnylife-do-dji-osmo-360-2\/","og_locale":"pl_PL","og_type":"article","og_title":"Uchwyt typu L SUNNYLIFE do DJI Osmo 360 - IRONSKY.PL Sklep z Dronami","og_description":"Uchwyt typu L SUNNYLIFE do DJI Osmo 360 - \u2705 sklep z dronami i fachowym doradztwem. \u2705 Tutaj kupisz produkty DJI, Yuneec, Parrot, Syma i wiele innych, a tak\u017ce kursy i licencje na operatora drona.","og_url":"https:\/\/ironsky.pl\/sklep\/produkt\/uchwyt-typu-l-sunnylife-do-dji-osmo-360-2\/","og_site_name":"IRONSKY.PL Sklep z Dronami","article_modified_time":"2026-04-15T09:10:47+00:00","og_image":[{"width":800,"height":800,"url":"https:\/\/ironsky.pl\/sklep\/wp-content\/uploads\/2025\/10\/54929_1.jpg","type":"image\/jpeg"}],"twitter_card":"summary_large_image","twitter_misc":{"Szacowany czas czytania":"1 minuta"},"schema":{"@context":"https:\/\/schema.org","@graph":[{"@type":"WebPage","@id":"https:\/\/ironsky.pl\/sklep\/produkt\/uchwyt-typu-l-sunnylife-do-dji-osmo-360-2\/","url":"https:\/\/ironsky.pl\/sklep\/produkt\/uchwyt-typu-l-sunnylife-do-dji-osmo-360-2\/","name":"Uchwyt typu L SUNNYLIFE do DJI Osmo 360 - IRONSKY.PL Sklep z Dronami","isPartOf":{"@id":"https:\/\/ironsky.pl\/sklep\/#website"},"primaryImageOfPage":{"@id":"https:\/\/ironsky.pl\/sklep\/produkt\/uchwyt-typu-l-sunnylife-do-dji-osmo-360-2\/#primaryimage"},"image":{"@id":"https:\/\/ironsky.pl\/sklep\/produkt\/uchwyt-typu-l-sunnylife-do-dji-osmo-360-2\/#primaryimage"},"thumbnailUrl":"https:\/\/ironsky.pl\/sklep\/wp-content\/uploads\/2025\/10\/54929_1.jpg","datePublished":"2026-04-15T09:10:41+00:00","dateModified":"2026-04-15T09:10:47+00:00","description":"Uchwyt typu L SUNNYLIFE do DJI Osmo 360 - \u2705 sklep z dronami i fachowym doradztwem. \u2705 Tutaj kupisz produkty DJI, Yuneec, Parrot, Syma i wiele innych, a tak\u017ce kursy i licencje na operatora drona.","breadcrumb":{"@id":"https:\/\/ironsky.pl\/sklep\/produkt\/uchwyt-typu-l-sunnylife-do-dji-osmo-360-2\/#breadcrumb"},"inLanguage":"pl-PL","potentialAction":[{"@type":"ReadAction","target":["https:\/\/ironsky.pl\/sklep\/produkt\/uchwyt-typu-l-sunnylife-do-dji-osmo-360-2\/"]}]},{"@type":"ImageObject","inLanguage":"pl-PL","@id":"https:\/\/ironsky.pl\/sklep\/produkt\/uchwyt-typu-l-sunnylife-do-dji-osmo-360-2\/#primaryimage","url":"https:\/\/ironsky.pl\/sklep\/wp-content\/uploads\/2025\/10\/54929_1.jpg","contentUrl":"https:\/\/ironsky.pl\/sklep\/wp-content\/uploads\/2025\/10\/54929_1.jpg","width":800,"height":800},{"@type":"BreadcrumbList","@id":"https:\/\/ironsky.pl\/sklep\/produkt\/uchwyt-typu-l-sunnylife-do-dji-osmo-360-2\/#breadcrumb","itemListElement":[{"@type":"ListItem","position":1,"name":"Strona g\u0142\u00f3wna","item":"https:\/\/ironsky.pl\/sklep\/"},{"@type":"ListItem","position":2,"name":"Wszystkie produkty","item":"https:\/\/ironsky.pl\/sklep\/produkty\/"},{"@type":"ListItem","position":3,"name":"Uchwyt typu L SUNNYLIFE do DJI Osmo 360"}]},{"@type":"WebSite","@id":"https:\/\/ironsky.pl\/sklep\/#website","url":"https:\/\/ironsky.pl\/sklep\/","name":"IRONSKY.PL Sklep z Dronami","description":"IRONSKY.PL Sklep z Dronami","potentialAction":[{"@type":"SearchAction","target":{"@type":"EntryPoint","urlTemplate":"https:\/\/ironsky.pl\/sklep\/?s={search_term_string}"},"query-input":{"@type":"PropertyValueSpecification","valueRequired":true,"valueName":"search_term_string"}}],"inLanguage":"pl-PL"}]}},"_links":{"self":[{"href":"https:\/\/ironsky.pl\/sklep\/wp-json\/wp\/v2\/product\/60932","targetHints":{"allow":["GET"]}}],"collection":[{"href":"https:\/\/ironsky.pl\/sklep\/wp-json\/wp\/v2\/product"}],"about":[{"href":"https:\/\/ironsky.pl\/sklep\/wp-json\/wp\/v2\/types\/product"}],"replies":[{"embeddable":true,"href":"https:\/\/ironsky.pl\/sklep\/wp-json\/wp\/v2\/comments?post=60932"}],"wp:featuredmedia":[{"embeddable":true,"href":"https:\/\/ironsky.pl\/sklep\/wp-json\/wp\/v2\/media\/50346"}],"wp:attachment":[{"href":"https:\/\/ironsky.pl\/sklep\/wp-json\/wp\/v2\/media?parent=60932"}],"wp:term":[{"taxonomy":"product_brand","embeddable":true,"href":"https:\/\/ironsky.pl\/sklep\/wp-json\/wp\/v2\/product_brand?post=60932"},{"taxonomy":"product_cat","embeddable":true,"href":"https:\/\/ironsky.pl\/sklep\/wp-json\/wp\/v2\/product_cat?post=60932"},{"taxonomy":"product_tag","embeddable":true,"href":"https:\/\/ironsky.pl\/sklep\/wp-json\/wp\/v2\/product_tag?post=60932"}],"curies":[{"name":"wp","href":"https:\/\/api.w.org\/{rel}","templated":true}]}}