{"id":60930,"date":"2026-04-15T11:10:41","date_gmt":"2026-04-15T09:10:41","guid":{"rendered":"https:\/\/ironsky.pl\/sklep\/produkt\/podstawka-sunnylife-do-dji-osmo-360-czarna\/"},"modified":"2026-04-15T11:10:44","modified_gmt":"2026-04-15T09:10:44","slug":"podstawka-sunnylife-do-dji-osmo-360-czarna","status":"publish","type":"product","link":"https:\/\/ironsky.pl\/sklep\/produkt\/podstawka-sunnylife-do-dji-osmo-360-czarna\/","title":{"rendered":"Podstawka SUNNYLIFE do DJI Osmo 360 (czarna)"},"content":{"rendered":"<h3>Podstawa \/ Baza Sunnylife do kamery OSMO 360 (czarna)<\/h3>\n<p>Silikonowa podstawka samochodowa Sunnylife OS-DZ025 to przydatne akcesorium dla ka\u017cdego filmowca pracuj\u0105cego z DJI Osmo 360. Dzi\u0119ki ta\u015bmie klej\u0105cej na spodzie zapewnia stabilne mocowanie kamery w poje\u017adzie, umo\u017cliwiaj\u0105c jednoczesne \u0142adowanie i utrzymanie urz\u0105dzenia w pionowej pozycji. Mi\u0119kka konstrukcja z silikonu chroni obudow\u0119 kamery przed zarysowaniami, a g\u0142adka powierzchnia u\u0142atwia czyszczenie.<\/p>\n<p>\n<img decoding=\"async\" src=\"https:\/\/assets.innpro.pl\/18057\/23954\/3.jpg\" border=\"0\" alt=\"Kamera 360 stopni ustawione na czarnej podstawce na jasnym blacie\" \/>\n<\/p>\n<h3>Stabilne nagrywanie w ruchu<\/h3>\n<p>Wzmocniona ta\u015bma klej\u0105ca na spodzie podstawki gwarantuje niezawodne mocowanie kamery podczas jazdy. Dzi\u0119ki temu mo\u017cesz skupi\u0107 si\u0119 na tworzeniu dynamicznych uj\u0119\u0107 bez obaw o przemieszczanie si\u0119 sprz\u0119tu. Takie rozwi\u0105zanie \u015bwietnie sprawdzi si\u0119 podczas nagrywania materia\u0142\u00f3w w podr\u00f3\u017cy!<\/p>\n<p>\n<img decoding=\"async\" src=\"https:\/\/assets.innpro.pl\/18057\/23954\/2.jpg\" border=\"0\" alt=\"Kamera 360 stopni przymocowana do deski rozdzielczej samochodu za pomoc\u0105 czarnej podstawki\" \/>\n<\/p>\n<h3>Pionowe \u0142adowanie z zachowaniem porz\u0105dku<\/h3>\n<p>Akcesorium pozwala \u0142adowa\u0107 DJI Osmo 360 w pozycji pionowej, co nie tylko oszcz\u0119dza miejsce w kokpicie, ale te\u017c zapewnia \u0142atwy dost\u0119p do ekranu i przycisk\u00f3w. Przemy\u015blane wyci\u0119cie dla diody LED (Light Emitting Diode, dioda emituj\u0105ca \u015bwiat\u0142o) statusu umo\u017cliwia bie\u017c\u0105ce monitorowanie procesu \u0142adowania bez konieczno\u015bci wyjmowania kamery z podstawki.<\/p>\n<p>\n<img decoding=\"async\" src=\"https:\/\/assets.innpro.pl\/18057\/23954\/1.jpg\" border=\"0\" alt=\"Dwie kamery 360 stopni z czarn\u0105 i br\u0105zow\u0105 podstawk\u0105, jedna jest pod\u0142\u0105czona do \u0142adowania\" \/>\n<\/p>\n<h3>Wysokiej klasy silikon<\/h3>\n<p>Doskona\u0142ej jako\u015bci silikon skutecznie chroni obudow\u0119 kamery przed zarysowaniami i uszkodzeniami mechanicznymi. Materia\u0142 ten jest te\u017c przyjemny w dotyku i \u0142atwy w czyszczeniu. Dzi\u0119ki temu z \u0142atwo\u015bci\u0105 zachowasz podstawk\u0119 w doskona\u0142ym stanie!<\/p>\n<p>\n<img decoding=\"async\" src=\"https:\/\/assets.innpro.pl\/18057\/23954\/4.jpg\" border=\"0\" alt=\"Czarna silikonowa podstawka do kamery 360 stopni ustawiona na drewnianym blacie\" \/>\n<\/p>\n<div class=\"table-wrapper\">\n<p>\u00a0<\/p>\n<h3><\/h3>\n<table>\n<tbody>\n<tr>\n<th>Producent<\/th>\n<td>Sunnylife<\/td>\n<\/tr>\n<tr>\n<th>Nazwa<\/th>\n<td>Sunnylife Silicone Stand Base<\/td>\n<\/tr>\n<tr>\n<th>Model<\/th>\n<td>OS-DZ025<\/td>\n<\/tr>\n<tr>\n<th>Kolor<\/th>\n<td>Czarny<\/td>\n<\/tr>\n<tr>\n<th>Kompatybilno\u015b\u0107<\/th>\n<td>DJI Osmo 360<\/td>\n<\/tr>\n<tr>\n<th>Materia\u0142<\/th>\n<td>Silikon<\/td>\n<\/tr>\n<tr>\n<th>Wymiary<\/th>\n<td>80 \u00d7 54 \u00d7 21 mm<\/td>\n<\/tr>\n<tr>\n<th>Waga<\/th>\n<td>45 g<\/td>\n<\/tr>\n<\/tbody>\n<\/table>\n<\/div>\n","protected":false},"excerpt":{"rendered":"<p>Podstawa \/ Baza Sunnylife do kamery OSMO 360 (czarna) Silikonowa podstawka samochodowa Sunnylife OS-DZ025 to przydatne akcesorium dla ka\u017cdego filmowca<\/p>\n","protected":false},"featured_media":50341,"comment_status":"closed","ping_status":"open","template":"","meta":{"_acf_changed":false},"product_brand":[],"product_cat":[1130,6208,1128],"product_tag":[],"class_list":{"0":"post-60930","1":"product","2":"type-product","3":"status-publish","4":"has-post-thumbnail","6":"product_cat-akcesoria-foto","7":"product_cat-do-gimbali","8":"product_cat-foto-wideo","9":"pa_okres-gwarancji-5754","10":"pa_producent-sunnylife","12":"first","13":"outofstock","14":"taxable","15":"shipping-taxable","16":"purchasable","17":"product-type-simple"},"acf":[],"yoast_head":"<!-- This site is optimized with the Yoast SEO plugin v27.2 - https:\/\/yoast.com\/product\/yoast-seo-wordpress\/ -->\n<title>Podstawka SUNNYLIFE do DJI Osmo 360 (czarna) - IRONSKY.PL Sklep z Dronami<\/title>\n<meta name=\"description\" content=\"Podstawka SUNNYLIFE do DJI Osmo 360 (czarna) - \u2705 sklep z dronami i fachowym doradztwem. \u2705 Tutaj kupisz produkty DJI, Yuneec, Parrot, Syma i wiele innych, a tak\u017ce kursy i licencje na operatora drona.\" \/>\n<meta name=\"robots\" content=\"index, follow, max-snippet:-1, max-image-preview:large, max-video-preview:-1\" \/>\n<link rel=\"canonical\" href=\"https:\/\/ironsky.pl\/sklep\/produkt\/podstawka-sunnylife-do-dji-osmo-360-czarna\/\" \/>\n<meta property=\"og:locale\" content=\"pl_PL\" \/>\n<meta property=\"og:type\" content=\"article\" \/>\n<meta property=\"og:title\" content=\"Podstawka SUNNYLIFE do DJI Osmo 360 (czarna) - IRONSKY.PL Sklep z Dronami\" \/>\n<meta property=\"og:description\" content=\"Podstawka SUNNYLIFE do DJI Osmo 360 (czarna) - \u2705 sklep z dronami i fachowym doradztwem. \u2705 Tutaj kupisz produkty DJI, Yuneec, Parrot, Syma i wiele innych, a tak\u017ce kursy i licencje na operatora drona.\" \/>\n<meta property=\"og:url\" content=\"https:\/\/ironsky.pl\/sklep\/produkt\/podstawka-sunnylife-do-dji-osmo-360-czarna\/\" \/>\n<meta property=\"og:site_name\" content=\"IRONSKY.PL Sklep z Dronami\" \/>\n<meta property=\"article:modified_time\" content=\"2026-04-15T09:10:44+00:00\" \/>\n<meta property=\"og:image\" content=\"https:\/\/ironsky.pl\/sklep\/wp-content\/uploads\/2025\/10\/54923_1.jpg\" \/>\n\t<meta property=\"og:image:width\" content=\"800\" \/>\n\t<meta property=\"og:image:height\" content=\"800\" \/>\n\t<meta property=\"og:image:type\" content=\"image\/jpeg\" \/>\n<meta name=\"twitter:card\" content=\"summary_large_image\" \/>\n<meta name=\"twitter:label1\" content=\"Szacowany czas czytania\" \/>\n\t<meta name=\"twitter:data1\" content=\"1 minuta\" \/>\n<script type=\"application\/ld+json\" class=\"yoast-schema-graph\">{\"@context\":\"https:\/\/schema.org\",\"@graph\":[{\"@type\":\"WebPage\",\"@id\":\"https:\/\/ironsky.pl\/sklep\/produkt\/podstawka-sunnylife-do-dji-osmo-360-czarna\/\",\"url\":\"https:\/\/ironsky.pl\/sklep\/produkt\/podstawka-sunnylife-do-dji-osmo-360-czarna\/\",\"name\":\"Podstawka SUNNYLIFE do DJI Osmo 360 (czarna) - IRONSKY.PL Sklep z Dronami\",\"isPartOf\":{\"@id\":\"https:\/\/ironsky.pl\/sklep\/#website\"},\"primaryImageOfPage\":{\"@id\":\"https:\/\/ironsky.pl\/sklep\/produkt\/podstawka-sunnylife-do-dji-osmo-360-czarna\/#primaryimage\"},\"image\":{\"@id\":\"https:\/\/ironsky.pl\/sklep\/produkt\/podstawka-sunnylife-do-dji-osmo-360-czarna\/#primaryimage\"},\"thumbnailUrl\":\"https:\/\/ironsky.pl\/sklep\/wp-content\/uploads\/2025\/10\/54923_1.jpg\",\"datePublished\":\"2026-04-15T09:10:41+00:00\",\"dateModified\":\"2026-04-15T09:10:44+00:00\",\"description\":\"Podstawka SUNNYLIFE do DJI Osmo 360 (czarna) - \u2705 sklep z dronami i fachowym doradztwem. \u2705 Tutaj kupisz produkty DJI, Yuneec, Parrot, Syma i wiele innych, a tak\u017ce kursy i licencje na operatora drona.\",\"breadcrumb\":{\"@id\":\"https:\/\/ironsky.pl\/sklep\/produkt\/podstawka-sunnylife-do-dji-osmo-360-czarna\/#breadcrumb\"},\"inLanguage\":\"pl-PL\",\"potentialAction\":[{\"@type\":\"ReadAction\",\"target\":[\"https:\/\/ironsky.pl\/sklep\/produkt\/podstawka-sunnylife-do-dji-osmo-360-czarna\/\"]}]},{\"@type\":\"ImageObject\",\"inLanguage\":\"pl-PL\",\"@id\":\"https:\/\/ironsky.pl\/sklep\/produkt\/podstawka-sunnylife-do-dji-osmo-360-czarna\/#primaryimage\",\"url\":\"https:\/\/ironsky.pl\/sklep\/wp-content\/uploads\/2025\/10\/54923_1.jpg\",\"contentUrl\":\"https:\/\/ironsky.pl\/sklep\/wp-content\/uploads\/2025\/10\/54923_1.jpg\",\"width\":800,\"height\":800},{\"@type\":\"BreadcrumbList\",\"@id\":\"https:\/\/ironsky.pl\/sklep\/produkt\/podstawka-sunnylife-do-dji-osmo-360-czarna\/#breadcrumb\",\"itemListElement\":[{\"@type\":\"ListItem\",\"position\":1,\"name\":\"Strona g\u0142\u00f3wna\",\"item\":\"https:\/\/ironsky.pl\/sklep\/\"},{\"@type\":\"ListItem\",\"position\":2,\"name\":\"Wszystkie produkty\",\"item\":\"https:\/\/ironsky.pl\/sklep\/produkty\/\"},{\"@type\":\"ListItem\",\"position\":3,\"name\":\"Podstawka SUNNYLIFE do DJI Osmo 360 (czarna)\"}]},{\"@type\":\"WebSite\",\"@id\":\"https:\/\/ironsky.pl\/sklep\/#website\",\"url\":\"https:\/\/ironsky.pl\/sklep\/\",\"name\":\"IRONSKY.PL Sklep z Dronami\",\"description\":\"IRONSKY.PL Sklep z Dronami\",\"potentialAction\":[{\"@type\":\"SearchAction\",\"target\":{\"@type\":\"EntryPoint\",\"urlTemplate\":\"https:\/\/ironsky.pl\/sklep\/?s={search_term_string}\"},\"query-input\":{\"@type\":\"PropertyValueSpecification\",\"valueRequired\":true,\"valueName\":\"search_term_string\"}}],\"inLanguage\":\"pl-PL\"}]}<\/script>\n<!-- \/ Yoast SEO plugin. -->","yoast_head_json":{"title":"Podstawka SUNNYLIFE do DJI Osmo 360 (czarna) - IRONSKY.PL Sklep z Dronami","description":"Podstawka SUNNYLIFE do DJI Osmo 360 (czarna) - \u2705 sklep z dronami i fachowym doradztwem. \u2705 Tutaj kupisz produkty DJI, Yuneec, Parrot, Syma i wiele innych, a tak\u017ce kursy i licencje na operatora drona.","robots":{"index":"index","follow":"follow","max-snippet":"max-snippet:-1","max-image-preview":"max-image-preview:large","max-video-preview":"max-video-preview:-1"},"canonical":"https:\/\/ironsky.pl\/sklep\/produkt\/podstawka-sunnylife-do-dji-osmo-360-czarna\/","og_locale":"pl_PL","og_type":"article","og_title":"Podstawka SUNNYLIFE do DJI Osmo 360 (czarna) - IRONSKY.PL Sklep z Dronami","og_description":"Podstawka SUNNYLIFE do DJI Osmo 360 (czarna) - \u2705 sklep z dronami i fachowym doradztwem. \u2705 Tutaj kupisz produkty DJI, Yuneec, Parrot, Syma i wiele innych, a tak\u017ce kursy i licencje na operatora drona.","og_url":"https:\/\/ironsky.pl\/sklep\/produkt\/podstawka-sunnylife-do-dji-osmo-360-czarna\/","og_site_name":"IRONSKY.PL Sklep z Dronami","article_modified_time":"2026-04-15T09:10:44+00:00","og_image":[{"width":800,"height":800,"url":"https:\/\/ironsky.pl\/sklep\/wp-content\/uploads\/2025\/10\/54923_1.jpg","type":"image\/jpeg"}],"twitter_card":"summary_large_image","twitter_misc":{"Szacowany czas czytania":"1 minuta"},"schema":{"@context":"https:\/\/schema.org","@graph":[{"@type":"WebPage","@id":"https:\/\/ironsky.pl\/sklep\/produkt\/podstawka-sunnylife-do-dji-osmo-360-czarna\/","url":"https:\/\/ironsky.pl\/sklep\/produkt\/podstawka-sunnylife-do-dji-osmo-360-czarna\/","name":"Podstawka SUNNYLIFE do DJI Osmo 360 (czarna) - IRONSKY.PL Sklep z Dronami","isPartOf":{"@id":"https:\/\/ironsky.pl\/sklep\/#website"},"primaryImageOfPage":{"@id":"https:\/\/ironsky.pl\/sklep\/produkt\/podstawka-sunnylife-do-dji-osmo-360-czarna\/#primaryimage"},"image":{"@id":"https:\/\/ironsky.pl\/sklep\/produkt\/podstawka-sunnylife-do-dji-osmo-360-czarna\/#primaryimage"},"thumbnailUrl":"https:\/\/ironsky.pl\/sklep\/wp-content\/uploads\/2025\/10\/54923_1.jpg","datePublished":"2026-04-15T09:10:41+00:00","dateModified":"2026-04-15T09:10:44+00:00","description":"Podstawka SUNNYLIFE do DJI Osmo 360 (czarna) - \u2705 sklep z dronami i fachowym doradztwem. \u2705 Tutaj kupisz produkty DJI, Yuneec, Parrot, Syma i wiele innych, a tak\u017ce kursy i licencje na operatora drona.","breadcrumb":{"@id":"https:\/\/ironsky.pl\/sklep\/produkt\/podstawka-sunnylife-do-dji-osmo-360-czarna\/#breadcrumb"},"inLanguage":"pl-PL","potentialAction":[{"@type":"ReadAction","target":["https:\/\/ironsky.pl\/sklep\/produkt\/podstawka-sunnylife-do-dji-osmo-360-czarna\/"]}]},{"@type":"ImageObject","inLanguage":"pl-PL","@id":"https:\/\/ironsky.pl\/sklep\/produkt\/podstawka-sunnylife-do-dji-osmo-360-czarna\/#primaryimage","url":"https:\/\/ironsky.pl\/sklep\/wp-content\/uploads\/2025\/10\/54923_1.jpg","contentUrl":"https:\/\/ironsky.pl\/sklep\/wp-content\/uploads\/2025\/10\/54923_1.jpg","width":800,"height":800},{"@type":"BreadcrumbList","@id":"https:\/\/ironsky.pl\/sklep\/produkt\/podstawka-sunnylife-do-dji-osmo-360-czarna\/#breadcrumb","itemListElement":[{"@type":"ListItem","position":1,"name":"Strona g\u0142\u00f3wna","item":"https:\/\/ironsky.pl\/sklep\/"},{"@type":"ListItem","position":2,"name":"Wszystkie produkty","item":"https:\/\/ironsky.pl\/sklep\/produkty\/"},{"@type":"ListItem","position":3,"name":"Podstawka SUNNYLIFE do DJI Osmo 360 (czarna)"}]},{"@type":"WebSite","@id":"https:\/\/ironsky.pl\/sklep\/#website","url":"https:\/\/ironsky.pl\/sklep\/","name":"IRONSKY.PL Sklep z Dronami","description":"IRONSKY.PL Sklep z Dronami","potentialAction":[{"@type":"SearchAction","target":{"@type":"EntryPoint","urlTemplate":"https:\/\/ironsky.pl\/sklep\/?s={search_term_string}"},"query-input":{"@type":"PropertyValueSpecification","valueRequired":true,"valueName":"search_term_string"}}],"inLanguage":"pl-PL"}]}},"_links":{"self":[{"href":"https:\/\/ironsky.pl\/sklep\/wp-json\/wp\/v2\/product\/60930","targetHints":{"allow":["GET"]}}],"collection":[{"href":"https:\/\/ironsky.pl\/sklep\/wp-json\/wp\/v2\/product"}],"about":[{"href":"https:\/\/ironsky.pl\/sklep\/wp-json\/wp\/v2\/types\/product"}],"replies":[{"embeddable":true,"href":"https:\/\/ironsky.pl\/sklep\/wp-json\/wp\/v2\/comments?post=60930"}],"wp:featuredmedia":[{"embeddable":true,"href":"https:\/\/ironsky.pl\/sklep\/wp-json\/wp\/v2\/media\/50341"}],"wp:attachment":[{"href":"https:\/\/ironsky.pl\/sklep\/wp-json\/wp\/v2\/media?parent=60930"}],"wp:term":[{"taxonomy":"product_brand","embeddable":true,"href":"https:\/\/ironsky.pl\/sklep\/wp-json\/wp\/v2\/product_brand?post=60930"},{"taxonomy":"product_cat","embeddable":true,"href":"https:\/\/ironsky.pl\/sklep\/wp-json\/wp\/v2\/product_cat?post=60930"},{"taxonomy":"product_tag","embeddable":true,"href":"https:\/\/ironsky.pl\/sklep\/wp-json\/wp\/v2\/product_tag?post=60930"}],"curies":[{"name":"wp","href":"https:\/\/api.w.org\/{rel}","templated":true}]}}