{"id":60875,"date":"2026-04-15T11:09:39","date_gmt":"2026-04-15T09:09:39","guid":{"rendered":"https:\/\/ironsky.pl\/sklep\/produkt\/monitor-przenosny-arzopa-a1s-140-srebrnoszary\/"},"modified":"2026-04-15T11:09:52","modified_gmt":"2026-04-15T09:09:52","slug":"monitor-przenosny-arzopa-a1s-140-srebrnoszary","status":"publish","type":"product","link":"https:\/\/ironsky.pl\/sklep\/produkt\/monitor-przenosny-arzopa-a1s-140-srebrnoszary\/","title":{"rendered":"Monitor przeno\u015bny ARZOPA A1S 14,0&#8243; (srebrnoszary)"},"content":{"rendered":"<h3>Przeno\u015bny monitor Arzopa A1S 14,0&#8221;<\/h3>\n<p>Przeno\u015bny monitor Arzopa A1S 14,0&#8221; to idealne rozwi\u0105zanie dla os\u00f3b, kt\u00f3re ceni\u0105 sobie doskona\u0142\u0105 jako\u015b\u0107 obrazu, wygod\u0119 i mobilno\u015b\u0107. Jego 14-calowy ekran zapewnia rozdzielczo\u015b\u0107 1920 x 1080 pikseli o proporcjach 16:9, pozwalaj\u0105c cieszy\u0107 si\u0119 ka\u017cdym szczeg\u00f3\u0142em obrazu. \u015awietnie sprawdzi si\u0119 zar\u00f3wno podczas pracy, jak i w rozrywce. Dzi\u0119ki lekkiej i kompaktowej konstrukcji mo\u017cesz go ze sob\u0105 zabra\u0107 w niemal ka\u017cde miejsce.<\/p>\n<p>\n<img decoding=\"async\" src=\"https:\/\/assets.innpro.pl\/17970\/23830\/1 \u2014 kopia.jpg\" border=\"0\" alt=\"Przeno\u015bny monitor Arzopa z wy\u015bwietlaczem pokazuj\u0105cym abstrakcyjn\u0105 grafik\u0119 w odcieniach fioletu i niebieskiego\" \/>\n<\/p>\n<h3>Niezr\u00f3wnana jako\u015b\u0107 obrazu<\/h3>\n<p>Rozdzielczo\u015b\u0107 1920 x 1080p gwarantuje klarowny obraz o doskona\u0142ej ostro\u015bci, podczas gdy szeroki k\u0105t widzenia 178\u00b0 zar\u00f3wno w pionie, jak i w poziomie, pozwala na komfortowe ogl\u0105danie z ka\u017cdej perspektywy. Wsp\u00f3\u0142czynnik kontrastu 1000:1 w po\u0142\u0105czeniu z technologi\u0105 HDR (High Dynamic Range, technologia zwi\u0119kszaj\u0105ca zakres jasno\u015bci i kontrastu obrazu) gwarantuje niezr\u00f3wnan\u0105 g\u0142\u0119bi\u0119 kolor\u00f3w oraz imponuj\u0105ce szczeg\u00f3\u0142y, kt\u00f3re o\u017cywi\u0105 tre\u015bci.<\/p>\n<p>\n<img decoding=\"async\" src=\"https:\/\/assets.innpro.pl\/17970\/23830\/5 \u2014 kopia.jpg\" border=\"0\" alt=\"Monitor Arzopa wy\u015bwietlaj\u0105cy kolorowy krajobraz g\u00f3rski z podzia\u0142em ekranu na r\u00f3\u017cne ustawienia obrazu\" \/>\n<\/p>\n<h3>Komfort dla Twoich oczu<\/h3>\n<p>Zapomnij o uczuciu sucho\u015bci czy pieczenia oczu po d\u0142ugim czasie sp\u0119dzonym przed monitorem. Funkcja Low Blue Light eliminuje niebezpieczne \u015bwiat\u0142o niebieskie, kt\u00f3re mo\u017ce prowadzi\u0107 do zm\u0119czenia wzroku, nadmiernego wysi\u0142ku oczu oraz zak\u0142\u00f3ce\u0144 w rytmie snu.<\/p>\n<p>\n<img decoding=\"async\" src=\"https:\/\/assets.innpro.pl\/17970\/23830\/2 \u2014 kopia.jpg\" border=\"0\" alt=\"Monitor Arzopa ustawiony pionowo obok tylnej cz\u0119\u015bci obudowy urz\u0105dzenia, z ekranem pokazuj\u0105cym abstrakcyjn\u0105 grafik\u0119\" \/>\n<\/p>\n<h3>\u0141atwo\u015b\u0107 u\u017cycia<\/h3>\n<p>Dzi\u0119ki interfejsowi USB-C (Universal Serial Bus Type-C, uniwersalne z\u0142\u0105cze do przesy\u0142ania danych, obrazu i zasilania) oraz portom wej\u015bciowym, w tym mini HDMI (High-Definition Multimedia Interface, z\u0142\u0105cze do przesy\u0142u obrazu i d\u017awi\u0119ku) i USB-C, ten monitor jest wyj\u0105tkowo wygodny w u\u017cyciu. Mo\u017cesz \u0142atwo pod\u0142\u0105czy\u0107 go do swojego laptopa, smartfona, czy tabletu i cieszy\u0107 si\u0119 natychmiastowym dost\u0119pem do rozszerzonej przestrzeni roboczej. Dodatkowo wbudowany g\u0142o\u015bnik zapewnia wysokiej jako\u015bci d\u017awi\u0119k bez konieczno\u015bci korzystania z dodatkowych urz\u0105dze\u0144 audio.<\/p>\n<p>\n<img decoding=\"async\" src=\"https:\/\/assets.innpro.pl\/17970\/23830\/4 \u2014 kopia.jpg\" border=\"0\" alt=\"Zbli\u017cenie na ekran prezentuj\u0105cy dynamiczn\u0105 abstrakcyjn\u0105 grafik\u0119 w kolorach fioletu, granatu i pomara\u0144czu\" \/>\n<\/p>\n<h3>Mobilno\u015b\u0107 bez kompromis\u00f3w<\/h3>\n<p>Niezale\u017cnie od tego, czy pracujesz w podr\u00f3\u017cy, czy te\u017c czerpiesz przyjemno\u015b\u0107 z gier i film\u00f3w w dowolnym miejscu, Arzopa A1S zapewnia maksymalny komfort u\u017cytkowania. Jego kompaktowe rozmiary sprawiaj\u0105, \u017ce \u0142atwo zmie\u015bci si\u0119 w plecaku czy torbie, dzi\u0119ki czemu mo\u017cesz zabra\u0107 go wsz\u0119dzie tam, gdzie potrzebujesz ekranu. Jego zalet\u0105 modelu jest r\u00f3wnie\u017c wbudowana podp\u00f3rka, umo\u017cliwiaj\u0105ca regulacj\u0119 k\u0105ta widzenia do 80 stopni.<\/p>\n<p>\n<img decoding=\"async\" src=\"https:\/\/assets.innpro.pl\/17970\/23830\/3 \u2014 kopia.jpg\" border=\"0\" alt=\"Dwa przeno\u015bne monitory widziane z ty\u0142u na jasnym tle\" \/>\n<\/p>\n<h3>W zestawie:<\/h3>\n<ul class=\"list-disc pl-5\">\n<li>przeno\u015bny monitor Arzopa A1S<\/li>\n<li>kabel USB-C do USB-C (w pe\u0142ni funkcjonalny)<\/li>\n<li>kabel Mini HDMI do HDMI<\/li>\n<li>kabel USB-C do USB-A (Universal Serial Bus Type-A, standardowe z\u0142\u0105cze do zasilania i przesy\u0142ania danych; tylko do zasilania \u2013 tylko do zasilania<\/li>\n<li>\u015bciereczka do czyszczenia ekranu<\/li>\n<li>instrukcja obs\u0142ugi<\/li>\n<\/ul>\n<div class=\"table-wrapper\">\n<p>\u00a0<\/p>\n<h3><\/h3>\n<table>\n<tbody>\n<tr>\n<th>Producent<\/th>\n<td>Arzopa <\/td>\n<\/tr>\n<tr>\n<th>Model<\/th>\n<td>A1S<\/td>\n<\/tr>\n<tr>\n<th>Rozmiar ekranu<\/th>\n<td>14\u201d<\/td>\n<\/tr>\n<tr>\n<th>Proporcje ekranu<\/th>\n<td>16:9<\/td>\n<\/tr>\n<tr>\n<th>Wsp\u00f3\u0142czynnik kontrastu<\/th>\n<td>1000:1<\/td>\n<\/tr>\n<tr>\n<th>HDR<\/th>\n<td>HDR 10<\/td>\n<\/tr>\n<tr>\n<th>Rozdzielczo\u015b\u0107 <\/th>\n<td>1920 x 1080p<\/td>\n<\/tr>\n<tr>\n<th>K\u0105t widzenia <\/th>\n<td>W pionie: 178\u00b0; W poziomie: 178\u00b0<\/td>\n<\/tr>\n<tr>\n<th>Cz\u0119stotliwo\u015b\u0107 od\u015bwie\u017cania <\/th>\n<td>60 Hz<\/td>\n<\/tr>\n<tr>\n<th>Jasno\u015b\u0107 <\/th>\n<td>220 cd\/m2<\/td>\n<\/tr>\n<tr>\n<th>Gama kolor\u00f3w <\/th>\n<td>45% NTSC (National Television System Committee, standard okre\u015blaj\u0105cy zakres barw)<\/td>\n<\/tr>\n<tr>\n<th>Materia\u0142 wspornika <\/th>\n<td>Stop aluminium<\/td>\n<\/tr>\n<tr>\n<th>Interfejs<\/th>\n<td>USB-C<\/td>\n<\/tr>\n<tr>\n<th>Porty wej\u015bciowe <\/th>\n<td>mini HDMI (sygna\u0142 wideo), 2x USB-C (przesy\u0142 wideo, zasilanie)<\/td>\n<\/tr>\n<tr>\n<th>G\u0142o\u015bnik <\/th>\n<td>Wbudowany<\/td>\n<\/tr>\n<\/tbody>\n<\/table>\n<\/div>\n","protected":false},"excerpt":{"rendered":"<p>Przeno\u015bny monitor Arzopa A1S 14,0&#8221; Przeno\u015bny monitor Arzopa A1S 14,0&#8221; to idealne rozwi\u0105zanie dla os\u00f3b, kt\u00f3re ceni\u0105 sobie doskona\u0142\u0105 jako\u015b\u0107<\/p>\n","protected":false},"featured_media":50058,"comment_status":"closed","ping_status":"open","template":"","meta":{"_acf_changed":false},"product_brand":[],"product_cat":[5929,5968],"product_tag":[],"class_list":{"0":"post-60875","1":"product","2":"type-product","3":"status-publish","4":"has-post-thumbnail","6":"product_cat-akcesoria-it","7":"product_cat-monitory-przenosne","8":"pa_okres-gwarancji-5754","9":"pa_producent-arzopa","11":"first","12":"outofstock","13":"taxable","14":"shipping-taxable","15":"purchasable","16":"product-type-simple"},"acf":[],"yoast_head":"<!-- This site is optimized with the Yoast SEO plugin v27.2 - https:\/\/yoast.com\/product\/yoast-seo-wordpress\/ -->\n<title>Monitor przeno\u015bny ARZOPA A1S 14,0&quot; (srebrnoszary) - IRONSKY.PL Sklep z Dronami<\/title>\n<meta name=\"description\" content=\"Monitor przeno\u015bny ARZOPA A1S 14,0&quot; (srebrnoszary) - \u2705 sklep z dronami i fachowym doradztwem. \u2705 Tutaj kupisz produkty DJI, Yuneec, Parrot, Syma i wiele innych, a tak\u017ce kursy i licencje na operatora drona.\" \/>\n<meta name=\"robots\" content=\"index, follow, max-snippet:-1, max-image-preview:large, max-video-preview:-1\" \/>\n<link rel=\"canonical\" href=\"https:\/\/ironsky.pl\/sklep\/produkt\/monitor-przenosny-arzopa-a1s-140-srebrnoszary\/\" \/>\n<meta property=\"og:locale\" content=\"pl_PL\" \/>\n<meta property=\"og:type\" content=\"article\" \/>\n<meta property=\"og:title\" content=\"Monitor przeno\u015bny ARZOPA A1S 14,0&quot; (srebrnoszary) - IRONSKY.PL Sklep z Dronami\" \/>\n<meta property=\"og:description\" content=\"Monitor przeno\u015bny ARZOPA A1S 14,0&quot; (srebrnoszary) - \u2705 sklep z dronami i fachowym doradztwem. \u2705 Tutaj kupisz produkty DJI, Yuneec, Parrot, Syma i wiele innych, a tak\u017ce kursy i licencje na operatora drona.\" \/>\n<meta property=\"og:url\" content=\"https:\/\/ironsky.pl\/sklep\/produkt\/monitor-przenosny-arzopa-a1s-140-srebrnoszary\/\" \/>\n<meta property=\"og:site_name\" content=\"IRONSKY.PL Sklep z Dronami\" \/>\n<meta property=\"article:modified_time\" content=\"2026-04-15T09:09:52+00:00\" \/>\n<meta property=\"og:image\" content=\"https:\/\/ironsky.pl\/sklep\/wp-content\/uploads\/2025\/10\/54799_1.jpg\" \/>\n\t<meta property=\"og:image:width\" content=\"800\" \/>\n\t<meta property=\"og:image:height\" content=\"800\" \/>\n\t<meta property=\"og:image:type\" content=\"image\/jpeg\" \/>\n<meta name=\"twitter:card\" content=\"summary_large_image\" \/>\n<meta name=\"twitter:label1\" content=\"Szacowany czas czytania\" \/>\n\t<meta name=\"twitter:data1\" content=\"2 minuty\" \/>\n<script type=\"application\/ld+json\" class=\"yoast-schema-graph\">{\"@context\":\"https:\/\/schema.org\",\"@graph\":[{\"@type\":\"WebPage\",\"@id\":\"https:\/\/ironsky.pl\/sklep\/produkt\/monitor-przenosny-arzopa-a1s-140-srebrnoszary\/\",\"url\":\"https:\/\/ironsky.pl\/sklep\/produkt\/monitor-przenosny-arzopa-a1s-140-srebrnoszary\/\",\"name\":\"Monitor przeno\u015bny ARZOPA A1S 14,0\\\" (srebrnoszary) - IRONSKY.PL Sklep z Dronami\",\"isPartOf\":{\"@id\":\"https:\/\/ironsky.pl\/sklep\/#website\"},\"primaryImageOfPage\":{\"@id\":\"https:\/\/ironsky.pl\/sklep\/produkt\/monitor-przenosny-arzopa-a1s-140-srebrnoszary\/#primaryimage\"},\"image\":{\"@id\":\"https:\/\/ironsky.pl\/sklep\/produkt\/monitor-przenosny-arzopa-a1s-140-srebrnoszary\/#primaryimage\"},\"thumbnailUrl\":\"https:\/\/ironsky.pl\/sklep\/wp-content\/uploads\/2025\/10\/54799_1.jpg\",\"datePublished\":\"2026-04-15T09:09:39+00:00\",\"dateModified\":\"2026-04-15T09:09:52+00:00\",\"description\":\"Monitor przeno\u015bny ARZOPA A1S 14,0\\\" (srebrnoszary) - \u2705 sklep z dronami i fachowym doradztwem. \u2705 Tutaj kupisz produkty DJI, Yuneec, Parrot, Syma i wiele innych, a tak\u017ce kursy i licencje na operatora drona.\",\"breadcrumb\":{\"@id\":\"https:\/\/ironsky.pl\/sklep\/produkt\/monitor-przenosny-arzopa-a1s-140-srebrnoszary\/#breadcrumb\"},\"inLanguage\":\"pl-PL\",\"potentialAction\":[{\"@type\":\"ReadAction\",\"target\":[\"https:\/\/ironsky.pl\/sklep\/produkt\/monitor-przenosny-arzopa-a1s-140-srebrnoszary\/\"]}]},{\"@type\":\"ImageObject\",\"inLanguage\":\"pl-PL\",\"@id\":\"https:\/\/ironsky.pl\/sklep\/produkt\/monitor-przenosny-arzopa-a1s-140-srebrnoszary\/#primaryimage\",\"url\":\"https:\/\/ironsky.pl\/sklep\/wp-content\/uploads\/2025\/10\/54799_1.jpg\",\"contentUrl\":\"https:\/\/ironsky.pl\/sklep\/wp-content\/uploads\/2025\/10\/54799_1.jpg\",\"width\":800,\"height\":800},{\"@type\":\"BreadcrumbList\",\"@id\":\"https:\/\/ironsky.pl\/sklep\/produkt\/monitor-przenosny-arzopa-a1s-140-srebrnoszary\/#breadcrumb\",\"itemListElement\":[{\"@type\":\"ListItem\",\"position\":1,\"name\":\"Strona g\u0142\u00f3wna\",\"item\":\"https:\/\/ironsky.pl\/sklep\/\"},{\"@type\":\"ListItem\",\"position\":2,\"name\":\"Wszystkie produkty\",\"item\":\"https:\/\/ironsky.pl\/sklep\/produkty\/\"},{\"@type\":\"ListItem\",\"position\":3,\"name\":\"Monitor przeno\u015bny ARZOPA A1S 14,0&#8243; (srebrnoszary)\"}]},{\"@type\":\"WebSite\",\"@id\":\"https:\/\/ironsky.pl\/sklep\/#website\",\"url\":\"https:\/\/ironsky.pl\/sklep\/\",\"name\":\"IRONSKY.PL Sklep z Dronami\",\"description\":\"IRONSKY.PL Sklep z Dronami\",\"potentialAction\":[{\"@type\":\"SearchAction\",\"target\":{\"@type\":\"EntryPoint\",\"urlTemplate\":\"https:\/\/ironsky.pl\/sklep\/?s={search_term_string}\"},\"query-input\":{\"@type\":\"PropertyValueSpecification\",\"valueRequired\":true,\"valueName\":\"search_term_string\"}}],\"inLanguage\":\"pl-PL\"}]}<\/script>\n<!-- \/ Yoast SEO plugin. -->","yoast_head_json":{"title":"Monitor przeno\u015bny ARZOPA A1S 14,0\" (srebrnoszary) - IRONSKY.PL Sklep z Dronami","description":"Monitor przeno\u015bny ARZOPA A1S 14,0\" (srebrnoszary) - \u2705 sklep z dronami i fachowym doradztwem. \u2705 Tutaj kupisz produkty DJI, Yuneec, Parrot, Syma i wiele innych, a tak\u017ce kursy i licencje na operatora drona.","robots":{"index":"index","follow":"follow","max-snippet":"max-snippet:-1","max-image-preview":"max-image-preview:large","max-video-preview":"max-video-preview:-1"},"canonical":"https:\/\/ironsky.pl\/sklep\/produkt\/monitor-przenosny-arzopa-a1s-140-srebrnoszary\/","og_locale":"pl_PL","og_type":"article","og_title":"Monitor przeno\u015bny ARZOPA A1S 14,0\" (srebrnoszary) - IRONSKY.PL Sklep z Dronami","og_description":"Monitor przeno\u015bny ARZOPA A1S 14,0\" (srebrnoszary) - \u2705 sklep z dronami i fachowym doradztwem. \u2705 Tutaj kupisz produkty DJI, Yuneec, Parrot, Syma i wiele innych, a tak\u017ce kursy i licencje na operatora drona.","og_url":"https:\/\/ironsky.pl\/sklep\/produkt\/monitor-przenosny-arzopa-a1s-140-srebrnoszary\/","og_site_name":"IRONSKY.PL Sklep z Dronami","article_modified_time":"2026-04-15T09:09:52+00:00","og_image":[{"width":800,"height":800,"url":"https:\/\/ironsky.pl\/sklep\/wp-content\/uploads\/2025\/10\/54799_1.jpg","type":"image\/jpeg"}],"twitter_card":"summary_large_image","twitter_misc":{"Szacowany czas czytania":"2 minuty"},"schema":{"@context":"https:\/\/schema.org","@graph":[{"@type":"WebPage","@id":"https:\/\/ironsky.pl\/sklep\/produkt\/monitor-przenosny-arzopa-a1s-140-srebrnoszary\/","url":"https:\/\/ironsky.pl\/sklep\/produkt\/monitor-przenosny-arzopa-a1s-140-srebrnoszary\/","name":"Monitor przeno\u015bny ARZOPA A1S 14,0\" (srebrnoszary) - IRONSKY.PL Sklep z Dronami","isPartOf":{"@id":"https:\/\/ironsky.pl\/sklep\/#website"},"primaryImageOfPage":{"@id":"https:\/\/ironsky.pl\/sklep\/produkt\/monitor-przenosny-arzopa-a1s-140-srebrnoszary\/#primaryimage"},"image":{"@id":"https:\/\/ironsky.pl\/sklep\/produkt\/monitor-przenosny-arzopa-a1s-140-srebrnoszary\/#primaryimage"},"thumbnailUrl":"https:\/\/ironsky.pl\/sklep\/wp-content\/uploads\/2025\/10\/54799_1.jpg","datePublished":"2026-04-15T09:09:39+00:00","dateModified":"2026-04-15T09:09:52+00:00","description":"Monitor przeno\u015bny ARZOPA A1S 14,0\" (srebrnoszary) - \u2705 sklep z dronami i fachowym doradztwem. \u2705 Tutaj kupisz produkty DJI, Yuneec, Parrot, Syma i wiele innych, a tak\u017ce kursy i licencje na operatora drona.","breadcrumb":{"@id":"https:\/\/ironsky.pl\/sklep\/produkt\/monitor-przenosny-arzopa-a1s-140-srebrnoszary\/#breadcrumb"},"inLanguage":"pl-PL","potentialAction":[{"@type":"ReadAction","target":["https:\/\/ironsky.pl\/sklep\/produkt\/monitor-przenosny-arzopa-a1s-140-srebrnoszary\/"]}]},{"@type":"ImageObject","inLanguage":"pl-PL","@id":"https:\/\/ironsky.pl\/sklep\/produkt\/monitor-przenosny-arzopa-a1s-140-srebrnoszary\/#primaryimage","url":"https:\/\/ironsky.pl\/sklep\/wp-content\/uploads\/2025\/10\/54799_1.jpg","contentUrl":"https:\/\/ironsky.pl\/sklep\/wp-content\/uploads\/2025\/10\/54799_1.jpg","width":800,"height":800},{"@type":"BreadcrumbList","@id":"https:\/\/ironsky.pl\/sklep\/produkt\/monitor-przenosny-arzopa-a1s-140-srebrnoszary\/#breadcrumb","itemListElement":[{"@type":"ListItem","position":1,"name":"Strona g\u0142\u00f3wna","item":"https:\/\/ironsky.pl\/sklep\/"},{"@type":"ListItem","position":2,"name":"Wszystkie produkty","item":"https:\/\/ironsky.pl\/sklep\/produkty\/"},{"@type":"ListItem","position":3,"name":"Monitor przeno\u015bny ARZOPA A1S 14,0&#8243; (srebrnoszary)"}]},{"@type":"WebSite","@id":"https:\/\/ironsky.pl\/sklep\/#website","url":"https:\/\/ironsky.pl\/sklep\/","name":"IRONSKY.PL Sklep z Dronami","description":"IRONSKY.PL Sklep z Dronami","potentialAction":[{"@type":"SearchAction","target":{"@type":"EntryPoint","urlTemplate":"https:\/\/ironsky.pl\/sklep\/?s={search_term_string}"},"query-input":{"@type":"PropertyValueSpecification","valueRequired":true,"valueName":"search_term_string"}}],"inLanguage":"pl-PL"}]}},"_links":{"self":[{"href":"https:\/\/ironsky.pl\/sklep\/wp-json\/wp\/v2\/product\/60875","targetHints":{"allow":["GET"]}}],"collection":[{"href":"https:\/\/ironsky.pl\/sklep\/wp-json\/wp\/v2\/product"}],"about":[{"href":"https:\/\/ironsky.pl\/sklep\/wp-json\/wp\/v2\/types\/product"}],"replies":[{"embeddable":true,"href":"https:\/\/ironsky.pl\/sklep\/wp-json\/wp\/v2\/comments?post=60875"}],"wp:featuredmedia":[{"embeddable":true,"href":"https:\/\/ironsky.pl\/sklep\/wp-json\/wp\/v2\/media\/50058"}],"wp:attachment":[{"href":"https:\/\/ironsky.pl\/sklep\/wp-json\/wp\/v2\/media?parent=60875"}],"wp:term":[{"taxonomy":"product_brand","embeddable":true,"href":"https:\/\/ironsky.pl\/sklep\/wp-json\/wp\/v2\/product_brand?post=60875"},{"taxonomy":"product_cat","embeddable":true,"href":"https:\/\/ironsky.pl\/sklep\/wp-json\/wp\/v2\/product_cat?post=60875"},{"taxonomy":"product_tag","embeddable":true,"href":"https:\/\/ironsky.pl\/sklep\/wp-json\/wp\/v2\/product_tag?post=60875"}],"curies":[{"name":"wp","href":"https:\/\/api.w.org\/{rel}","templated":true}]}}