{"id":60874,"date":"2026-04-15T11:09:39","date_gmt":"2026-04-15T09:09:39","guid":{"rendered":"https:\/\/ironsky.pl\/sklep\/produkt\/spawarka-laserowa-i-wycinarka-cnc-xtool-metalfab-1200w-2\/"},"modified":"2026-04-15T11:09:50","modified_gmt":"2026-04-15T09:09:50","slug":"spawarka-laserowa-i-wycinarka-cnc-xtool-metalfab-1200w-2","status":"publish","type":"product","link":"https:\/\/ironsky.pl\/sklep\/produkt\/spawarka-laserowa-i-wycinarka-cnc-xtool-metalfab-1200w-2\/","title":{"rendered":"Spawarka laserowa i wycinarka CNC xTool MetalFab 1200W"},"content":{"rendered":"<h3>Spawarka laserowa i wycinarka CNC xTool MetalFab 1200W<\/h3>\n<p>xTool MetalFab 1200W to zaawansowana spawarka laserowa, kt\u00f3ra \u0142\u0105czy trzy procesy w jednym urz\u0105dzeniu: spawanie, ci\u0119cie metalu oraz czyszczenie powierzchni (mi\u0119dzy innymi usuwanie rdzy). Mo\u017cesz te\u017c po\u0142\u0105czy\u0107 j\u0105 z do\u0142\u0105czon\u0105 do zestawu wycinark\u0105 CNC (Computerized Numerical Control, komputerowe sterowanie numeryczne), kt\u00f3ra zapewnia jeszcze wi\u0119cej mo\u017cliwo\u015bci. Dzi\u0119ki mocy 1200 W urz\u0105dzenie gwarantuje szybkie i precyzyjne rezultaty, a jego intuicyjna obs\u0142uga sprawia, \u017ce mog\u0105 z niego korzysta\u0107 zar\u00f3wno profesjonalne warsztaty, jak i hobby\u015bci.<\/p>\n<p>\n<img decoding=\"async\" src=\"https:\/\/assets.innpro.pl\/17932\/23785\/8.jpg\" border=\"0\" alt=\"M\u0119\u017cczyzna spawa tabliczk\u0119 na bramie za pomoc\u0105 jasnej spawarki laserowej stoj\u0105cej na trawie\" \/>\n<\/p>\n<h3>Kompleksowy warsztat w jednej maszynie<\/h3>\n<p>Spawarka laserowa xTool MetalFab \u0142\u0105czy funkcje spawania, ci\u0119cia i czyszczenia w jednym urz\u0105dzeniu, a w po\u0142\u0105czeniu z wycinark\u0105 CNC oferuje r\u00f3wnie\u017c mo\u017cliwo\u015bci ci\u0119cia i czyszczenia CNC. System obs\u0142uguje spawanie ci\u0105g\u0142e, punktowe i impulsowe, umo\u017cliwiaj\u0105c precyzyjn\u0105 kontrol\u0119 procesu dla r\u00f3\u017cnych zastosowa\u0144 \u2013 od pracy przy delikatnych elementach jubilerskich po solidne konstrukcje przemys\u0142owe.<\/p>\n<p>\n<img decoding=\"async\" src=\"https:\/\/assets.innpro.pl\/17932\/23785\/1.jpg\" border=\"0\" alt=\"starszy m\u0119\u017cczyzna w czerwonej kurtce pracuje w warsztacie z metalowymi elementami\" \/>\n<\/p>\n<h3>Technologia przemys\u0142owa<\/h3>\n<p>MetalFab wykorzystuje chipy Coherent klasy przemys\u0142owej, kt\u00f3re efektywnie przekszta\u0142caj\u0105 energi\u0119 elektryczn\u0105 w pot\u0119\u017cn\u0105 wi\u0105zk\u0119 lasera o mocy 1200 W i d\u0142ugo\u015bci fali 1080 nm. Dzi\u0119ki zastosowanym rozwi\u0105zaniom technologicznym urz\u0105dzenie zapewnia stabilne i precyzyjne ci\u0119cie oraz spawanie. System obs\u0142uguje grubo\u015bci od 0,2 mm do 5 mm i jest odpowiedni dla r\u00f3\u017cnych materia\u0142\u00f3w metalowych, takich jak stal nierdzewna, stal w\u0119glowa, mosi\u0105dz czy aluminium.<\/p>\n<p>\n<img decoding=\"async\" src=\"https:\/\/assets.innpro.pl\/17932\/23785\/3.jpg\" border=\"0\" alt=\"kobieta w okularach ochronnych spawa du\u017c\u0105 sferyczn\u0105 konstrukcj\u0119 w warsztacie\" \/>\n<\/p>\n<h3>Precyzyjne spawanie niezale\u017cnie od materia\u0142u<\/h3>\n<p>Technologia lasera \u015bwiat\u0142owodowego minimalizuje strefy wp\u0142ywu ciep\u0142a do \u2264 0,05 mm, umo\u017cliwiaj\u0105c precyzyjne spawanie cienkich metali bez odkszta\u0142ce\u0144. Wysoka moc wyj\u015bciowa zapewnia szybkie topienie metalu, a zastosowane rozwi\u0105zanie wytwarza g\u0142\u0119bokie i w\u0105skie spoiny, niezale\u017cnie od rodzaju materia\u0142u czy typu po\u0142\u0105czenia, zapewniaj\u0105c sp\u00f3jn\u0105 i niezawodn\u0105 jako\u015b\u0107.<\/p>\n<p>\n<img decoding=\"async\" src=\"https:\/\/assets.innpro.pl\/17932\/23785\/10.jpg\" border=\"0\" alt=\"spawarka laserowa obrabiaj\u0105ca \u0142a\u0144cuch rowerowy\" \/>\n<\/p>\n<h3>G\u0142adkie, czyste i bezb\u0142\u0119dne ci\u0119cie<\/h3>\n<p>Wysokoenergetyczny laser \u015bwiat\u0142owodowy 1200 W bez problemu przecina stal w\u0119glow\u0105 do 10 mm grubo\u015bci w jednym przej\u015bciu. Dzi\u0119ki minimalnej strefie wp\u0142ywu ciep\u0142a i wysokiej mocy zapewnia precyzyjne rezultaty ci\u0119cia, zapewniaj\u0105c g\u0142adkie, czyste powierzchnie bez deformacji cienkich metali i redukuj\u0105c potrzeb\u0119 dodatkowej obr\u00f3bki wyko\u0144czeniowej.<\/p>\n<p>\n<img decoding=\"async\" src=\"https:\/\/assets.innpro.pl\/17932\/23785\/12.jpg\" border=\"0\" alt=\"osoba wykorzysuj\u0105ca spawark\u0119 laserow\u0105 do obr\u00f3bki metalowej rury\" \/>\n<\/p>\n<h3>Technologie zwi\u0119kszaj\u0105ce precyzj\u0119<\/h3>\n<p>Sekret precyzyjnego ci\u0119cia tkwi w wykorzystanych technologiach, kt\u00f3re wsp\u00f3\u0142pracuj\u0105, aby zapewni\u0107 maksymaln\u0105 dok\u0142adno\u015b\u0107. VibeFreeCut\u2122 integruje zaawansowane algorytmy kontroli ruchu z technologi\u0105 rozpoznawania systemu w celu eliminacji wibracji w czasie rzeczywistym. FlexiTrack\u2122 stale sprawdza odleg\u0142o\u015b\u0107 mi\u0119dzy g\u0142owic\u0105 lasera a powierzchni\u0105 metalu w czasie rzeczywistym, automatycznie dostosowuj\u0105c o\u015b Z. Natomiast ObstacleFree\u2122 ma specjalny algorytm omijania przeszk\u00f3d, kt\u00f3ry zapewnia ci\u0105g\u0142\u0105 prac\u0119 i bezpiecze\u0144stwo sprz\u0119tu.<\/p>\n<p>\n<img decoding=\"async\" src=\"https:\/\/assets.innpro.pl\/17932\/23785\/7.jpg\" border=\"0\" alt=\"Kobieta w okularach laserowych graweruje wzory na metalowej powierzchni w domowym biurze\" \/>\n<\/p>\n<h3>Pracuj szybciej i wydajniej<\/h3>\n<p>Technologia laserowa umo\u017cliwia szybk\u0105, precyzyjn\u0105 prac\u0119, minimalizuj\u0105c defekty i redukuj\u0105c konieczno\u015b\u0107 ponownej obr\u00f3bki. System osi\u0105ga pr\u0119dko\u015b\u0107 ci\u0119cia 15,75 ips (inches per second, cali na sekund\u0119) i jest nawet 8-krotnie szybszy od spawania TIG (Tungsten Inert Gas, spawanie elektrod\u0105 wolframow\u0105 w os\u0142onie gazu oboj\u0119tnego). Ma r\u00f3wnie\u017c ultraniski wska\u017anik ponownej obr\u00f3bki i zerowy czas oczekiwania na ch\u0142odzenie. Wszystko to pozwala w mgnieniu oka realizowa\u0107 r\u00f3\u017cnego rodzaju projekty!<\/p>\n<p>\n<img decoding=\"async\" src=\"https:\/\/assets.innpro.pl\/17932\/23785\/4.jpg\" border=\"0\" alt=\"Para podziwiaj\u0105c a\u017curow\u0105 lamp\u0119 wisz\u0105c\u0105 w ciep\u0142ym \u015bwietle przemys\u0142owego wn\u0119trza\" \/>\n<\/p>\n<h3>Podw\u00f3jne kamery \u2013 inteligentne widzenie, precyzyjne ci\u0119cie<\/h3>\n<p>Kamera panoramiczna 16 MP i algorytmy AI (Artificial Intelligence, sztuczna inteligencja), sprawiaj\u0105, \u017ce system automatycznie analizuje materia\u0142y i tworzy optymalne uk\u0142ady ci\u0119cia \u2013 wystarczy jedno klikni\u0119cie! Dzi\u0119ki temu stopie\u0144 wykorzystania materia\u0142u si\u0119ga a\u017c 98,7%. Zapomnij o marnowaniu tworzywa! Ponadto kamera bliskiego zasi\u0119gu zapewnia precyzyjne pozycjonowanie z odchyleniem \u015brodkowym mniejszym ni\u017c 0,2mm, zapewniaj\u0105c wyj\u0105tkow\u0105 dok\u0142adno\u015b\u0107. Takie rozwi\u0105zanie idealnie sprawdza si\u0119 nawet przy niewielkich obiektach.<\/p>\n<p>\n<img decoding=\"async\" src=\"https:\/\/assets.innpro.pl\/17932\/23785\/6.jpg\" border=\"0\" alt=\"Kobieta w fartuchu trzyma metalow\u0105 rze\u017ab\u0119 w rustykalnym warsztacie z dekoracjami\" \/>\n<\/p>\n<h3>Wypr\u00f3buj dost\u0119pne oprogramowanie<\/h3>\n<p>Dost\u0119pne oprogramowanie oferuje konfiguracj\u0119 parametr\u00f3w jednym klikni\u0119ciem, bez konieczno\u015bci testowania materia\u0142\u00f3w. Ju\u017c nie musisz traci\u0107 czasu \u2013 wystarczy wybra\u0107 odpowiednie tworzywo i szybko uzyska\u0107 optymalne ustawienia. Dodatkowo inteligentny tryb Smart Flow Cutting \u0142\u0105czy segmenty linii w tym samym kierunku, zapewniaj\u0105c ci\u0105g\u0142e ci\u0119cie, minimalizuj\u0105c zb\u0119dne ruchy i zwi\u0119kszaj\u0105c wydajno\u015b\u0107 nawet o 50%. Wypr\u00f3buj te\u017c funkcj\u0119 AImake, kt\u00f3ra tworzy gotowe do u\u017cycia wzory na podstawie prompt\u00f3w w zaledwie kilka sekund.<\/p>\n<p>\n<img decoding=\"async\" src=\"https:\/\/assets.innpro.pl\/17932\/23785\/11.jpg\" border=\"0\" alt=\"rze\u017aba psa w stylu low-poly wykonana z metalowych p\u0142yt stoj\u0105ca na okr\u0105g\u0142ej podstawie\" \/>\n<\/p>\n<h3>Wygodne sterowanie dotykowe<\/h3>\n<p>8-calowy ekran dotykowy z intuicyjnym interfejsem pozwala na prost\u0105 obs\u0142ug\u0119 spawarki. Oferuje 108 gotowych do u\u017cycia parametr\u00f3w materia\u0142\u00f3w i umo\u017cliwia \u0142atwe prze\u0142\u0105czanie mi\u0119dzy trzema trybami spawania. Za jego pomoc\u0105 mo\u017cesz te\u017c precyzyjnie dostosowywa\u0107 i zapisywa\u0107 niestandardowe ustawienia.<\/p>\n<p>\n<img decoding=\"async\" src=\"https:\/\/assets.innpro.pl\/17932\/23785\/2.jpg\" border=\"0\" alt=\"M\u0119\u017cczyzna w czerwonym kombinezonie obs\u0142uguj\u0105cy spawark\u0119 laserow\u0105 w warsztacie\" \/>\n<\/p>\n<h3>Najwy\u017csze standardy bezpiecze\u0144stwa z 10 funkcjami<\/h3>\n<p>xTool MetalFab ma certyfikaty CE (Conformit\u00e9 Europ\u00e9enne, znak zgodno\u015bci z normami Unii Europejskiej), FCC (Federal Communications Commission, ameryka\u0144ska komisja ds. \u0142\u0105czno\u015bci) i FDA (Food and Drug Administration, ameryka\u0144ska agencja ds. \u017cywno\u015bci i lek\u00f3w), spe\u0142niaj\u0105c rygorystyczne standardy jako\u015bci. System zosta\u0142 te\u017c wyposa\u017cony w 10 funkcji bezpiecze\u0144stwa, w tym mi\u0119dzy innymi przycisk awaryjnego zatrzymania, 3-strefowy monitoring temperatury w czasie rzeczywistym, wykrywanie zamkni\u0119cia pokrywy i szuflady, wykrywanie wentylatora wyci\u0105gowego oraz pokryw\u0119 filtruj\u0105c\u0105 \u015bwiat\u0142o OD5+ (Optical Density 5+, filtr o g\u0119sto\u015bci optycznej 5+ chroni\u0105cy przed promieniowaniem lasera).<\/p>\n<p>\n<img decoding=\"async\" src=\"https:\/\/assets.innpro.pl\/17932\/23785\/13.jpg\" border=\"0\" alt=\"Osoba w br\u0105zowych r\u0119kawicach spawaj\u0105ca metalow\u0105 rur\u0119 za pomoc\u0105 spawarki laserowej\" \/>\n<\/p>\n<h3>Imponuj\u0105ca \u017cywotno\u015b\u0107<\/h3>\n<p>Wysokiej jako\u015bci materia\u0142y klasy przemys\u0142owej, chip Coherent, inteligentna kontrola termalna i wysokowydajne ch\u0142odzenie sprawiaj\u0105, \u017ce xTool MetalFab zapewnia stabiln\u0105 wydajno\u015b\u0107 nawet w ekstremalnych temperaturach od -10\u00b0C do 40\u00b0C. Przemy\u015blana konstrukcja minimalizuje ryzyko przegrzania, zapewniaj\u0105c d\u0142ugoterminow\u0105 niezawodno\u015b\u0107 podczas intensywnej eksploatacji. \u017bywotno\u015b\u0107 urz\u0105dzenia przekracza 10 000 godzin!<\/p>\n<p>\n<img decoding=\"async\" src=\"https:\/\/assets.innpro.pl\/17932\/23785\/9.jpg\" border=\"0\" alt=\"Sze\u015bcienne lampy wisz\u0105ce z a\u017curowymi wzorami kwiatowymi rzucaj\u0105ce ciep\u0142e \u015bwiat\u0142o na \u015bciany\" \/>\n<\/p>\n<h3>W zestawie<\/h3>\n<ul class=\"list-disc pl-5\">\n<li>Spawarka laserowa xTool MetalFab<\/li>\n<li>Podajnik drutu<\/li>\n<li>Kabel do podajnika drutu<\/li>\n<li>Przew\u00f3d prowadz\u0105cy drut<\/li>\n<li>Drut ze stali nierdzewnej 1 mm<\/li>\n<li>Rolka nap\u0119dowa 0,8 mm \/ 1,0 mm<\/li>\n<li>Rolka nap\u0119dowa 1,2 mm \/ 1,6 mm<\/li>\n<li>Dysza podajnika drutu 1,2 \/ 1,6 mm<\/li>\n<li>Ko\u0144c\u00f3wka do ci\u0119cia<\/li>\n<li>Dysza spawalnicza (do spawania autogenicznego)<\/li>\n<li>Dysza czyszcz\u0105ca<\/li>\n<li>Os\u0142ona soczewki (cz\u0119\u015b\u0107 zapasowa) x5<\/li>\n<li>Gogle ochronne<\/li>\n<li>R\u0119kawice odporne na ciep\u0142o<\/li>\n<li>Rura (\u015brednica zewn\u0119trzna: 10 mm)<\/li>\n<li>Kabel zasilaj\u0105cy<\/li>\n<li>Przew\u00f3d czujnika<\/li>\n<li>Blacha ze stali nierdzewnej 304 (grubo\u015b\u0107: 2 mm) x4<\/li>\n<li>Klucz sprz\u0119towy<\/li>\n<li>Pami\u0119\u0107 USB<\/li>\n<li>Klucz imbusowy 2,5 mm<\/li>\n<li>Klucz imbusowy 2 mm<\/li>\n<li>Patyczki bawe\u0142niane okr\u0105g\u0142e<\/li>\n<li>Patyczki bawe\u0142niane ostre<\/li>\n<li>Wycinarka CNC<\/li>\n<li>Dysza czyszcz\u0105ca<\/li>\n<li>Teleskopowa dysza tn\u0105ca<\/li>\n<li>Ko\u0144c\u00f3wka tn\u0105ca<\/li>\n<li>Pier\u015bcie\u0144 ceramiczny<\/li>\n<li>Kabel zasilaj\u0105cy<\/li>\n<li>Kabel komunikacyjny<\/li>\n<li>Listwa x5<\/li>\n<li>Klucz w kszta\u0142cie litery Z<\/li>\n<li>Antena zewn\u0119trzna<\/li>\n<li>Blok mocuj\u0105cy przew\u00f3d<\/li>\n<li>Hak<\/li>\n<li>Karta do ustawiania lasera + poduszka do stempla czerwonego<\/li>\n<li>Poziomica<\/li>\n<li>Kabel do pod\u0142\u0105czenia komputera<\/li>\n<li>Klucz imbusowy 3 mm<\/li>\n<li>Klucz imbusowy 4 mm<\/li>\n<li>Klucz p\u0142aski<\/li>\n<li>Pojemnik na akcesoria<\/li>\n<li>\u015aruba M4*30 x15<\/li>\n<li>\u015aruba M4*10 x5<\/li>\n<li>\u015aruba M6*12 x10<\/li>\n<li>P\u0142ytka kalibracyjna kamery<\/li>\n<li>Blachy metalowe<\/li>\n<li>Opaska zaciskowa<\/li>\n<li>P\u0142yta bazowa<\/li>\n<li>Wentylator wyci\u0105gowy<\/li>\n<li>Rura odprowadzaj\u0105ca dym (smoke exhaust pipe)<\/li>\n<li>Instrukcja bezpiecze\u0144stwa<\/li>\n<li>Skr\u00f3cona instrukcja obs\u0142ugi<\/li>\n<\/ul>\n<div class=\"table-wrapper\">\n<p>\u00a0<\/p>\n<h3>Og\u00f3lne<\/h3>\n<table>\n<tbody>\n<tr>\n<th>Producent<\/th>\n<td>xTool<\/td>\n<\/tr>\n<tr>\n<th>Model<\/th>\n<td>XMF-1200B<\/td>\n<\/tr>\n<\/tbody>\n<\/table>\n<p>\u00a0<\/p>\n<h3>Spawarka laserowa<\/h3>\n<table>\n<tbody>\n<tr>\n<th>Moc lasera<\/th>\n<td>1200 W<\/td>\n<\/tr>\n<tr>\n<th>Typ lasera<\/th>\n<td>Laser \u015bwiat\u0142owodowy<\/td>\n<\/tr>\n<tr>\n<th>Tryb przetwarzania<\/th>\n<td>Spawanie \/ Ci\u0119cie \/ Usuwanie rdzy i czyszczenie<\/td>\n<\/tr>\n<tr>\n<th>Tryb spawania<\/th>\n<td>Spawanie ci\u0105g\u0142e \/ Spawanie punktowe \/ Spawanie impulsowe<\/td>\n<\/tr>\n<tr>\n<th>Obs\u0142ugiwane materia\u0142y<\/th>\n<td>Stal nierdzewna, aluminium, stal w\u0119glowa, tytan, stop niklu, mosi\u0105dz, blacha ocynkowana, magnez itp.<\/td>\n<\/tr>\n<tr>\n<th>Grubo\u015b\u0107 przetwarzania<\/th>\n<td>0,2-5 mm<\/td>\n<\/tr>\n<tr>\n<th>D\u0142ugo\u015b\u0107 fali<\/th>\n<td>1080 \u00b1 10 nm<\/td>\n<\/tr>\n<tr>\n<th>Wsp\u00f3\u0142czynnik konwersji fotoelektrycznej<\/th>\n<td>36%<\/td>\n<\/tr>\n<tr>\n<th>Zalecane gazy<\/th>\n<td>Azot i argon<\/td>\n<\/tr>\n<tr>\n<th>System ch\u0142odzenia<\/th>\n<td>Ch\u0142odzenie powietrzem<\/td>\n<\/tr>\n<tr>\n<th>Certyfikacja bezpiecze\u0144stwa<\/th>\n<td>Bezpiecze\u0144stwo lasera klasy 4<\/td>\n<\/tr>\n<tr>\n<th>Moc znamionowa<\/th>\n<td>4500 W<\/td>\n<\/tr>\n<tr>\n<th>Napi\u0119cie wej\u015bciowe zasilacza<\/th>\n<td>220-240 V, AC 50\/60 Hz<\/td>\n<\/tr>\n<tr>\n<th>Pr\u0105d pe\u0142nego obci\u0105\u017cenia<\/th>\n<td>Maks. 23 A<\/td>\n<\/tr>\n<tr>\n<th>Temperatura przechowywania<\/th>\n<td>Od -10\u00b0C do 60\u00b0C<\/td>\n<\/tr>\n<tr>\n<th>Temperatura pracy<\/th>\n<td>Od -10\u00b0C do 40\u00b0C<\/td>\n<\/tr>\n<tr>\n<th>Wymiary<\/th>\n<td>728 x 327 x 512 mm<\/td>\n<\/tr>\n<tr>\n<th>Waga<\/th>\n<td>38,2 kg<\/td>\n<\/tr>\n<tr>\n<th>Zintegrowany podajnik drutu<\/th>\n<td>Nie (podajnik drutu wchodzi w sk\u0142ad zestawu)<\/td>\n<\/tr>\n<tr>\n<th>D\u0142ugo\u015b\u0107 kabla<\/th>\n<td>5 m<\/td>\n<\/tr>\n<\/tbody>\n<\/table>\n<p>\u00a0<\/p>\n<h3>Wycinarka CNC<\/h3>\n<table>\n<tbody>\n<tr>\n<th>Tryb pracy<\/th>\n<td>Ci\u0119cie CNC \/ Usuwanie rdzy i czyszczenie CNC<\/td>\n<\/tr>\n<tr>\n<th>Maksymalna grubo\u015b\u0107 ci\u0119cia<\/th>\n<td>Do 10 mm (z xTool MetalFab Laser Welder 1200W) \/ do 8 mm (z xTool MetalFab Laser Welder 800W)<\/td>\n<\/tr>\n<tr>\n<th>Obszar roboczy<\/th>\n<td>610 x 610 mm<\/td>\n<\/tr>\n<tr>\n<th>Rozmiar przelotowy<\/th>\n<td>610 x \u221e mm<\/td>\n<\/tr>\n<tr>\n<th>Maks. pr\u0119dko\u015b\u0107 pracy<\/th>\n<td>400 mm\/s (15,75 ips)<\/td>\n<\/tr>\n<tr>\n<th>Dok\u0142adno\u015b\u0107 ruchu<\/th>\n<td>\u00b1 0,1 mm<\/td>\n<\/tr>\n<tr>\n<th>Maks. przyspieszenie osi X\/Y<\/th>\n<td>0,1 G<\/td>\n<\/tr>\n<tr>\n<th>Zakres ruchu osi X<\/th>\n<td>610 mm<\/td>\n<\/tr>\n<tr>\n<th>Zakres ruchu osi Y<\/th>\n<td>610 mm<\/td>\n<\/tr>\n<tr>\n<th>Zakres ruchu osi Z<\/th>\n<td>90 mm<\/td>\n<\/tr>\n<tr>\n<th>Wydajno\u015b\u0107 wentylatora wyci\u0105gowego<\/th>\n<td>2800 RPM (\u00b1 10%)<\/td>\n<\/tr>\n<tr>\n<th>Certyfikat bezpiecze\u0144stwa<\/th>\n<td>Bezpiecze\u0144stwo lasera klasy 4<\/td>\n<\/tr>\n<tr>\n<th>Moc znamionowa<\/th>\n<td>250 W<\/td>\n<\/tr>\n<tr>\n<th>Napi\u0119cie wej\u015bciowe zasilacza<\/th>\n<td>100-240 V, AC 50\/60 Hz<\/td>\n<\/tr>\n<tr>\n<th>Pr\u0105d przy pe\u0142nym obci\u0105\u017ceniu<\/th>\n<td>Maks. 2,5 A<\/td>\n<\/tr>\n<tr>\n<th>Temperatura przechowywania<\/th>\n<td>Od -10\u00b0C do 60\u00b0C<\/td>\n<\/tr>\n<tr>\n<th>Temperatura pracy<\/th>\n<td>Od 0\u00b0C do 40\u00b0C<\/td>\n<\/tr>\n<tr>\n<th>Wymiary<\/th>\n<td>1175 x 1157 x 1230 mm<\/td>\n<\/tr>\n<tr>\n<th>Waga<\/th>\n<td>150 kg<\/td>\n<\/tr>\n<\/tbody>\n<\/table>\n<\/div>\n","protected":false},"excerpt":{"rendered":"<p>Spawarka laserowa i wycinarka CNC xTool MetalFab 1200W xTool MetalFab 1200W to zaawansowana spawarka laserowa, kt\u00f3ra \u0142\u0105czy trzy procesy w<\/p>\n","protected":false},"featured_media":50054,"comment_status":"closed","ping_status":"open","template":"","meta":{"_acf_changed":false},"product_brand":[],"product_cat":[6237,6217],"product_tag":[],"class_list":{"0":"post-60874","1":"product","2":"type-product","3":"status-publish","4":"has-post-thumbnail","6":"product_cat-metalurgia","7":"product_cat-technologie-kreatywne","8":"pa_okres-gwarancji-5757","9":"pa_producent-xtool","11":"first","12":"outofstock","13":"taxable","14":"shipping-taxable","15":"purchasable","16":"product-type-simple"},"acf":[],"yoast_head":"<!-- This site is optimized with the Yoast SEO plugin v27.2 - https:\/\/yoast.com\/product\/yoast-seo-wordpress\/ -->\n<title>Spawarka laserowa i wycinarka CNC xTool MetalFab 1200W - IRONSKY.PL Sklep z Dronami<\/title>\n<meta name=\"description\" content=\"Spawarka laserowa i wycinarka CNC xTool MetalFab 1200W - \u2705 sklep z dronami i fachowym doradztwem. \u2705 Tutaj kupisz produkty DJI, Yuneec, Parrot, Syma i wiele innych, a tak\u017ce kursy i licencje na operatora drona.\" \/>\n<meta name=\"robots\" content=\"index, follow, max-snippet:-1, max-image-preview:large, max-video-preview:-1\" \/>\n<link rel=\"canonical\" href=\"https:\/\/ironsky.pl\/sklep\/produkt\/spawarka-laserowa-i-wycinarka-cnc-xtool-metalfab-1200w-2\/\" \/>\n<meta property=\"og:locale\" content=\"pl_PL\" \/>\n<meta property=\"og:type\" content=\"article\" \/>\n<meta property=\"og:title\" content=\"Spawarka laserowa i wycinarka CNC xTool MetalFab 1200W - IRONSKY.PL Sklep z Dronami\" \/>\n<meta property=\"og:description\" content=\"Spawarka laserowa i wycinarka CNC xTool MetalFab 1200W - \u2705 sklep z dronami i fachowym doradztwem. \u2705 Tutaj kupisz produkty DJI, Yuneec, Parrot, Syma i wiele innych, a tak\u017ce kursy i licencje na operatora drona.\" \/>\n<meta property=\"og:url\" content=\"https:\/\/ironsky.pl\/sklep\/produkt\/spawarka-laserowa-i-wycinarka-cnc-xtool-metalfab-1200w-2\/\" \/>\n<meta property=\"og:site_name\" content=\"IRONSKY.PL Sklep z Dronami\" \/>\n<meta property=\"article:modified_time\" content=\"2026-04-15T09:09:50+00:00\" \/>\n<meta property=\"og:image\" content=\"https:\/\/ironsky.pl\/sklep\/wp-content\/uploads\/2025\/10\/54769_1.jpg\" \/>\n\t<meta property=\"og:image:width\" content=\"800\" \/>\n\t<meta property=\"og:image:height\" content=\"800\" \/>\n\t<meta property=\"og:image:type\" content=\"image\/jpeg\" \/>\n<meta name=\"twitter:card\" content=\"summary_large_image\" \/>\n<meta name=\"twitter:label1\" content=\"Szacowany czas czytania\" \/>\n\t<meta name=\"twitter:data1\" content=\"6 minut\" \/>\n<script type=\"application\/ld+json\" class=\"yoast-schema-graph\">{\"@context\":\"https:\/\/schema.org\",\"@graph\":[{\"@type\":\"WebPage\",\"@id\":\"https:\/\/ironsky.pl\/sklep\/produkt\/spawarka-laserowa-i-wycinarka-cnc-xtool-metalfab-1200w-2\/\",\"url\":\"https:\/\/ironsky.pl\/sklep\/produkt\/spawarka-laserowa-i-wycinarka-cnc-xtool-metalfab-1200w-2\/\",\"name\":\"Spawarka laserowa i wycinarka CNC xTool MetalFab 1200W - IRONSKY.PL Sklep z Dronami\",\"isPartOf\":{\"@id\":\"https:\/\/ironsky.pl\/sklep\/#website\"},\"primaryImageOfPage\":{\"@id\":\"https:\/\/ironsky.pl\/sklep\/produkt\/spawarka-laserowa-i-wycinarka-cnc-xtool-metalfab-1200w-2\/#primaryimage\"},\"image\":{\"@id\":\"https:\/\/ironsky.pl\/sklep\/produkt\/spawarka-laserowa-i-wycinarka-cnc-xtool-metalfab-1200w-2\/#primaryimage\"},\"thumbnailUrl\":\"https:\/\/ironsky.pl\/sklep\/wp-content\/uploads\/2025\/10\/54769_1.jpg\",\"datePublished\":\"2026-04-15T09:09:39+00:00\",\"dateModified\":\"2026-04-15T09:09:50+00:00\",\"description\":\"Spawarka laserowa i wycinarka CNC xTool MetalFab 1200W - \u2705 sklep z dronami i fachowym doradztwem. \u2705 Tutaj kupisz produkty DJI, Yuneec, Parrot, Syma i wiele innych, a tak\u017ce kursy i licencje na operatora drona.\",\"breadcrumb\":{\"@id\":\"https:\/\/ironsky.pl\/sklep\/produkt\/spawarka-laserowa-i-wycinarka-cnc-xtool-metalfab-1200w-2\/#breadcrumb\"},\"inLanguage\":\"pl-PL\",\"potentialAction\":[{\"@type\":\"ReadAction\",\"target\":[\"https:\/\/ironsky.pl\/sklep\/produkt\/spawarka-laserowa-i-wycinarka-cnc-xtool-metalfab-1200w-2\/\"]}]},{\"@type\":\"ImageObject\",\"inLanguage\":\"pl-PL\",\"@id\":\"https:\/\/ironsky.pl\/sklep\/produkt\/spawarka-laserowa-i-wycinarka-cnc-xtool-metalfab-1200w-2\/#primaryimage\",\"url\":\"https:\/\/ironsky.pl\/sklep\/wp-content\/uploads\/2025\/10\/54769_1.jpg\",\"contentUrl\":\"https:\/\/ironsky.pl\/sklep\/wp-content\/uploads\/2025\/10\/54769_1.jpg\",\"width\":800,\"height\":800},{\"@type\":\"BreadcrumbList\",\"@id\":\"https:\/\/ironsky.pl\/sklep\/produkt\/spawarka-laserowa-i-wycinarka-cnc-xtool-metalfab-1200w-2\/#breadcrumb\",\"itemListElement\":[{\"@type\":\"ListItem\",\"position\":1,\"name\":\"Strona g\u0142\u00f3wna\",\"item\":\"https:\/\/ironsky.pl\/sklep\/\"},{\"@type\":\"ListItem\",\"position\":2,\"name\":\"Wszystkie produkty\",\"item\":\"https:\/\/ironsky.pl\/sklep\/produkty\/\"},{\"@type\":\"ListItem\",\"position\":3,\"name\":\"Spawarka laserowa i wycinarka CNC xTool MetalFab 1200W\"}]},{\"@type\":\"WebSite\",\"@id\":\"https:\/\/ironsky.pl\/sklep\/#website\",\"url\":\"https:\/\/ironsky.pl\/sklep\/\",\"name\":\"IRONSKY.PL Sklep z Dronami\",\"description\":\"IRONSKY.PL Sklep z Dronami\",\"potentialAction\":[{\"@type\":\"SearchAction\",\"target\":{\"@type\":\"EntryPoint\",\"urlTemplate\":\"https:\/\/ironsky.pl\/sklep\/?s={search_term_string}\"},\"query-input\":{\"@type\":\"PropertyValueSpecification\",\"valueRequired\":true,\"valueName\":\"search_term_string\"}}],\"inLanguage\":\"pl-PL\"}]}<\/script>\n<!-- \/ Yoast SEO plugin. -->","yoast_head_json":{"title":"Spawarka laserowa i wycinarka CNC xTool MetalFab 1200W - IRONSKY.PL Sklep z Dronami","description":"Spawarka laserowa i wycinarka CNC xTool MetalFab 1200W - \u2705 sklep z dronami i fachowym doradztwem. \u2705 Tutaj kupisz produkty DJI, Yuneec, Parrot, Syma i wiele innych, a tak\u017ce kursy i licencje na operatora drona.","robots":{"index":"index","follow":"follow","max-snippet":"max-snippet:-1","max-image-preview":"max-image-preview:large","max-video-preview":"max-video-preview:-1"},"canonical":"https:\/\/ironsky.pl\/sklep\/produkt\/spawarka-laserowa-i-wycinarka-cnc-xtool-metalfab-1200w-2\/","og_locale":"pl_PL","og_type":"article","og_title":"Spawarka laserowa i wycinarka CNC xTool MetalFab 1200W - IRONSKY.PL Sklep z Dronami","og_description":"Spawarka laserowa i wycinarka CNC xTool MetalFab 1200W - \u2705 sklep z dronami i fachowym doradztwem. \u2705 Tutaj kupisz produkty DJI, Yuneec, Parrot, Syma i wiele innych, a tak\u017ce kursy i licencje na operatora drona.","og_url":"https:\/\/ironsky.pl\/sklep\/produkt\/spawarka-laserowa-i-wycinarka-cnc-xtool-metalfab-1200w-2\/","og_site_name":"IRONSKY.PL Sklep z Dronami","article_modified_time":"2026-04-15T09:09:50+00:00","og_image":[{"width":800,"height":800,"url":"https:\/\/ironsky.pl\/sklep\/wp-content\/uploads\/2025\/10\/54769_1.jpg","type":"image\/jpeg"}],"twitter_card":"summary_large_image","twitter_misc":{"Szacowany czas czytania":"6 minut"},"schema":{"@context":"https:\/\/schema.org","@graph":[{"@type":"WebPage","@id":"https:\/\/ironsky.pl\/sklep\/produkt\/spawarka-laserowa-i-wycinarka-cnc-xtool-metalfab-1200w-2\/","url":"https:\/\/ironsky.pl\/sklep\/produkt\/spawarka-laserowa-i-wycinarka-cnc-xtool-metalfab-1200w-2\/","name":"Spawarka laserowa i wycinarka CNC xTool MetalFab 1200W - IRONSKY.PL Sklep z Dronami","isPartOf":{"@id":"https:\/\/ironsky.pl\/sklep\/#website"},"primaryImageOfPage":{"@id":"https:\/\/ironsky.pl\/sklep\/produkt\/spawarka-laserowa-i-wycinarka-cnc-xtool-metalfab-1200w-2\/#primaryimage"},"image":{"@id":"https:\/\/ironsky.pl\/sklep\/produkt\/spawarka-laserowa-i-wycinarka-cnc-xtool-metalfab-1200w-2\/#primaryimage"},"thumbnailUrl":"https:\/\/ironsky.pl\/sklep\/wp-content\/uploads\/2025\/10\/54769_1.jpg","datePublished":"2026-04-15T09:09:39+00:00","dateModified":"2026-04-15T09:09:50+00:00","description":"Spawarka laserowa i wycinarka CNC xTool MetalFab 1200W - \u2705 sklep z dronami i fachowym doradztwem. \u2705 Tutaj kupisz produkty DJI, Yuneec, Parrot, Syma i wiele innych, a tak\u017ce kursy i licencje na operatora drona.","breadcrumb":{"@id":"https:\/\/ironsky.pl\/sklep\/produkt\/spawarka-laserowa-i-wycinarka-cnc-xtool-metalfab-1200w-2\/#breadcrumb"},"inLanguage":"pl-PL","potentialAction":[{"@type":"ReadAction","target":["https:\/\/ironsky.pl\/sklep\/produkt\/spawarka-laserowa-i-wycinarka-cnc-xtool-metalfab-1200w-2\/"]}]},{"@type":"ImageObject","inLanguage":"pl-PL","@id":"https:\/\/ironsky.pl\/sklep\/produkt\/spawarka-laserowa-i-wycinarka-cnc-xtool-metalfab-1200w-2\/#primaryimage","url":"https:\/\/ironsky.pl\/sklep\/wp-content\/uploads\/2025\/10\/54769_1.jpg","contentUrl":"https:\/\/ironsky.pl\/sklep\/wp-content\/uploads\/2025\/10\/54769_1.jpg","width":800,"height":800},{"@type":"BreadcrumbList","@id":"https:\/\/ironsky.pl\/sklep\/produkt\/spawarka-laserowa-i-wycinarka-cnc-xtool-metalfab-1200w-2\/#breadcrumb","itemListElement":[{"@type":"ListItem","position":1,"name":"Strona g\u0142\u00f3wna","item":"https:\/\/ironsky.pl\/sklep\/"},{"@type":"ListItem","position":2,"name":"Wszystkie produkty","item":"https:\/\/ironsky.pl\/sklep\/produkty\/"},{"@type":"ListItem","position":3,"name":"Spawarka laserowa i wycinarka CNC xTool MetalFab 1200W"}]},{"@type":"WebSite","@id":"https:\/\/ironsky.pl\/sklep\/#website","url":"https:\/\/ironsky.pl\/sklep\/","name":"IRONSKY.PL Sklep z Dronami","description":"IRONSKY.PL Sklep z Dronami","potentialAction":[{"@type":"SearchAction","target":{"@type":"EntryPoint","urlTemplate":"https:\/\/ironsky.pl\/sklep\/?s={search_term_string}"},"query-input":{"@type":"PropertyValueSpecification","valueRequired":true,"valueName":"search_term_string"}}],"inLanguage":"pl-PL"}]}},"_links":{"self":[{"href":"https:\/\/ironsky.pl\/sklep\/wp-json\/wp\/v2\/product\/60874","targetHints":{"allow":["GET"]}}],"collection":[{"href":"https:\/\/ironsky.pl\/sklep\/wp-json\/wp\/v2\/product"}],"about":[{"href":"https:\/\/ironsky.pl\/sklep\/wp-json\/wp\/v2\/types\/product"}],"replies":[{"embeddable":true,"href":"https:\/\/ironsky.pl\/sklep\/wp-json\/wp\/v2\/comments?post=60874"}],"wp:featuredmedia":[{"embeddable":true,"href":"https:\/\/ironsky.pl\/sklep\/wp-json\/wp\/v2\/media\/50054"}],"wp:attachment":[{"href":"https:\/\/ironsky.pl\/sklep\/wp-json\/wp\/v2\/media?parent=60874"}],"wp:term":[{"taxonomy":"product_brand","embeddable":true,"href":"https:\/\/ironsky.pl\/sklep\/wp-json\/wp\/v2\/product_brand?post=60874"},{"taxonomy":"product_cat","embeddable":true,"href":"https:\/\/ironsky.pl\/sklep\/wp-json\/wp\/v2\/product_cat?post=60874"},{"taxonomy":"product_tag","embeddable":true,"href":"https:\/\/ironsky.pl\/sklep\/wp-json\/wp\/v2\/product_tag?post=60874"}],"curies":[{"name":"wp","href":"https:\/\/api.w.org\/{rel}","templated":true}]}}