{"id":60854,"date":"2026-04-15T11:09:19","date_gmt":"2026-04-15T09:09:19","guid":{"rendered":"https:\/\/ironsky.pl\/sklep\/produkt\/mysz-bezprzewodowa-ugreen-m331-bluetooth-5-4-szara\/"},"modified":"2026-04-15T11:09:27","modified_gmt":"2026-04-15T09:09:27","slug":"mysz-bezprzewodowa-ugreen-m331-bluetooth-5-4-szara","status":"publish","type":"product","link":"https:\/\/ironsky.pl\/sklep\/produkt\/mysz-bezprzewodowa-ugreen-m331-bluetooth-5-4-szara\/","title":{"rendered":"Mysz bezprzewodowa UGREEN M331 Bluetooth 5.4 (szara)"},"content":{"rendered":"<h3>Mysz bezprzewodowa wielotrybowa Ugreen M331, Bluetooth 5.4 (szara)<\/h3>\n<p>Je\u015bli szukasz myszki, kt\u00f3ra bez problemu dopasuje si\u0119 do Twojego stylu pracy i sprz\u0119tu, Ugreen M331 b\u0119dzie idealnym wyborem. To niewielkie, ale funkcjonalne urz\u0105dzenie, kt\u00f3re \u0142\u0105czy w sobie wygod\u0119 u\u017cytkowania, nowoczesn\u0105 technologi\u0119 i uniwersalny design. Sprawdzi si\u0119 zar\u00f3wno w domu, jak i w biurze \u2013 niezale\u017cnie od tego, czy pracujesz przy grafice, projektowaniu, czy po prostu surfujesz po sieci. Oferuje dwie metody \u0142\u0105czno\u015bci bezprzewodowej, a tak\u017ce jest \u015bwietna dla zar\u00f3wno prawo, jak i lewor\u0119cznych u\u017cytkownik\u00f3w. Postaw na wygod\u0119 i profesjonalizm, wybierz Ugreen M331 ju\u017c dzi\u015b!<\/p>\n<p>\n<img decoding=\"async\" src=\"https:\/\/assets.innpro.pl\/17891\/23736\/9.jpg\" border=\"0\" alt=\"Mysz bezprzewodowa Ugreen M331 na jasnoniebieskim tle.\" \/>\n<\/p>\n<h3>Podw\u00f3jna \u0142\u0105czno\u015b\u0107 dla wi\u0119kszej swobody<\/h3>\n<p>Mysz Ugreen M331 obs\u0142uguje dwa tryby po\u0142\u0105czenia \u2013 Bluetooth 5.4 oraz 2.4 GHz, kt\u00f3re mo\u017cesz prze\u0142\u0105cza\u0107 jednym przyciskiem. Dzi\u0119ki temu szybko sparujesz j\u0105 z laptopem, tabletem, komputerem stacjonarnym lub nawet smartfonem, bez konieczno\u015bci od\u0142\u0105czania i pod\u0142\u0105czania odbiornika USB (Universal Serial Bus, standard komunikacji, kt\u00f3ry pozwala na zasilanie i \u0142adowanie r\u00f3\u017cnych urz\u0105dze\u0144 elektronicznych). To wygodne rozwi\u0105zanie dla os\u00f3b korzystaj\u0105cych z r\u00f3\u017cnych urz\u0105dze\u0144 w ci\u0105gu dnia.<\/p>\n<p>\n<img decoding=\"async\" src=\"https:\/\/assets.innpro.pl\/17891\/23736\/3.jpg\" border=\"0\" alt=\"Mysz bezprzewodowa Ugreen M331 pod\u0142\u0105czona za pomoc\u0105 Bluetooth lub USB.\" \/>\n<\/p>\n<h3>Precyzja, kt\u00f3r\u0105 docenisz<\/h3>\n<p>Wbudowane cztery poziomy czu\u0142o\u015bci DPI (Dots Per Inches, liczba plamek obrazu przypadaj\u0105ca na cal) pozwalaj\u0105 dostosowa\u0107 prac\u0119 myszy do aktualnych potrzeb. Wybierz 1000 DPI, je\u015bli zajmujesz si\u0119 grafik\u0105 i rysunkiem, 1600 sprawdzi si\u0119 przy projektowaniu stron, 2400 jest \u015bwietne dla program\u00f3w typu CAD (Computer-Aided Design, proces wykorzystywania oprogramowania komputerowego do tworzenia, modyfikowania, analizowania i optymalizowania projekt\u00f3w), a 4000 DPI to idealna opcja dla graczy. Zmiana poziomu DPI jest szybka i intuicyjna, co pozwala zachowa\u0107 p\u0142ynno\u015b\u0107 pracy.<\/p>\n<p>\n<img decoding=\"async\" src=\"https:\/\/assets.innpro.pl\/17891\/23736\/6.jpg\" border=\"0\" alt=\"Osoba korzystaj\u0105ca z myszy Ugreen M331, obok znajduje si\u0119 bia\u0142a klawiatura.\" \/>\n<\/p>\n<h3>Symetryczny i ergonomiczny kszta\u0142t<\/h3>\n<p>Mysz Ugreen M331 zosta\u0142a zaprojektowana tak, by pasowa\u0107 do ka\u017cdej d\u0142oni \u2013 bez wzgl\u0119du na to, czy jeste\u015b prawo, czy lewor\u0119czny. Jej ergonomiczna konstrukcja oraz antypo\u015blizgowe panele boczne sprawiaj\u0105, \u017ce le\u017cy pewnie i wygodnie w d\u0142oni, nawet przy wielogodzinnym u\u017cytkowaniu. Oznacza to, \u017ce mysz jest \u015bwietnym rozwi\u0105zaniem dla niemal\u017ce ka\u017cdego u\u017cytkownika.<\/p>\n<p>\n<img decoding=\"async\" src=\"https:\/\/assets.innpro.pl\/17891\/23736\/8.jpg\" border=\"0\" alt=\"Mysz Ugreen M331 w szarym kolorze, po lewej i prawej stronie znajduje si\u0119 pomniejszony, rozmazany model.\" \/>\n<\/p>\n<h3>Cicha praca i d\u0142uga \u017cywotno\u015b\u0107<\/h3>\n<p>Klikni\u0119cia myszki s\u0105 niemal bezg\u0142o\u015bne (40 dB), co doceni\u0105 osoby pracuj\u0105ce w cichym otoczeniu lub w p\u00f3\u017anych godzinach. \u017bywotno\u015b\u0107 przycisk\u00f3w si\u0119ga a\u017c 5 milion\u00f3w klikni\u0119\u0107, a zasilanie na jedn\u0105 bateri\u0119 AA (brak w zestawie) wystarcza nawet na 18 miesi\u0119cy pracy \u2013 bez konieczno\u015bci cz\u0119stej wymiany \u017ar\u00f3d\u0142a zasilania.<\/p>\n<p>\n<img decoding=\"async\" src=\"https:\/\/assets.innpro.pl\/17891\/23736\/1.jpg\" border=\"0\" alt=\"Osoba korzystaj\u0105ca z laptopa, obok stoi kubek z o\u0142\u00f3wkami i mysz bezprzewodowa Ugreen M331.\" \/>\n<\/p>\n<h3>Kompatybilno\u015b\u0107 z wieloma systemami<\/h3>\n<p>Mysz dzia\u0142a bezproblemowo z r\u00f3\u017cnymi systemami operacyjnymi, w tym Windows, macOS, Linux, Android i Chrome OS. Niezale\u017cnie od tego, z jakiego sprz\u0119tu korzystasz, Ugreen M331 b\u0119dzie dzia\u0142a\u0107 p\u0142ynnie i bez zak\u0142\u00f3ce\u0144.<\/p>\n<p>\n<img decoding=\"async\" src=\"https:\/\/assets.innpro.pl\/17891\/23736\/5.jpg\" border=\"0\" alt=\"Mysz Ugreen M331 wykorzystywana w r\u00f3\u017cnych \u015brodowiskach - pod\u0142\u0105czona do komputera lub laptopa.\" \/>\n<\/p>\n<div class=\"table-wrapper\">\n<p>\u00a0<\/p>\n<h3><\/h3>\n<table>\n<tbody>\n<tr>\n<th>Producent<\/th>\n<td>Ugreen<\/td>\n<\/tr>\n<tr>\n<th>Model<\/th>\n<td>M331<\/td>\n<\/tr>\n<tr>\n<th>Kolor<\/th>\n<td>Szary<\/td>\n<\/tr>\n<tr>\n<th>Typ po\u0142\u0105czenia<\/th>\n<td>Bluetooth 5.4 \/ 2.4 GHz<\/td>\n<\/tr>\n<tr>\n<th>Zakres DPI<\/th>\n<td>1000 \/ 1600 \/ 2400 \/ 4000<\/td>\n<\/tr>\n<tr>\n<th>Konstrukcja<\/th>\n<td>Odpowiedni dla os\u00f3b prawo- i lewor\u0119cznych, antypo\u015blizgowe panele boczne<\/td>\n<\/tr>\n<tr>\n<th>Zasilanie<\/th>\n<td>1x bateria AA (brak w zestawie)<\/td>\n<\/tr>\n<tr>\n<th>Czas pracy na baterii<\/th>\n<td>Do 18 miesi\u0119cy<\/td>\n<\/tr>\n<tr>\n<th>Poziom ha\u0142asu klikni\u0119\u0107<\/th>\n<td>40 dB<\/td>\n<\/tr>\n<tr>\n<th>\u017bywotno\u015b\u0107 przycisk\u00f3w<\/th>\n<td>Do 5 milion\u00f3w klikni\u0119\u0107<\/td>\n<\/tr>\n<tr>\n<th>Zgodno\u015b\u0107 systemowa<\/th>\n<td>Windows, macOS, Linux, Android, Chrome OS<\/td>\n<\/tr>\n<\/tbody>\n<\/table>\n<\/div>\n","protected":false},"excerpt":{"rendered":"<p>Mysz bezprzewodowa wielotrybowa Ugreen M331, Bluetooth 5.4 (szara) Je\u015bli szukasz myszki, kt\u00f3ra bez problemu dopasuje si\u0119 do Twojego stylu pracy<\/p>\n","protected":false},"featured_media":50003,"comment_status":"closed","ping_status":"open","template":"","meta":{"_acf_changed":false},"product_brand":[],"product_cat":[5929,6228],"product_tag":[],"class_list":{"0":"post-60854","1":"product","2":"type-product","3":"status-publish","4":"has-post-thumbnail","6":"product_cat-akcesoria-it","7":"product_cat-myszki-klawiatury","8":"pa_okres-gwarancji-5757","9":"pa_producent-ugreen","11":"first","12":"outofstock","13":"taxable","14":"shipping-taxable","15":"purchasable","16":"product-type-simple"},"acf":[],"yoast_head":"<!-- This site is optimized with the Yoast SEO plugin v27.2 - https:\/\/yoast.com\/product\/yoast-seo-wordpress\/ -->\n<title>Mysz bezprzewodowa UGREEN M331 Bluetooth 5.4 (szara) - IRONSKY.PL Sklep z Dronami<\/title>\n<meta name=\"description\" content=\"Mysz bezprzewodowa UGREEN M331 Bluetooth 5.4 (szara) - \u2705 sklep z dronami i fachowym doradztwem. \u2705 Tutaj kupisz produkty DJI, Yuneec, Parrot, Syma i wiele innych, a tak\u017ce kursy i licencje na operatora drona.\" \/>\n<meta name=\"robots\" content=\"index, follow, max-snippet:-1, max-image-preview:large, max-video-preview:-1\" \/>\n<link rel=\"canonical\" href=\"https:\/\/ironsky.pl\/sklep\/produkt\/mysz-bezprzewodowa-ugreen-m331-bluetooth-5-4-szara\/\" \/>\n<meta property=\"og:locale\" content=\"pl_PL\" \/>\n<meta property=\"og:type\" content=\"article\" \/>\n<meta property=\"og:title\" content=\"Mysz bezprzewodowa UGREEN M331 Bluetooth 5.4 (szara) - IRONSKY.PL Sklep z Dronami\" \/>\n<meta property=\"og:description\" content=\"Mysz bezprzewodowa UGREEN M331 Bluetooth 5.4 (szara) - \u2705 sklep z dronami i fachowym doradztwem. \u2705 Tutaj kupisz produkty DJI, Yuneec, Parrot, Syma i wiele innych, a tak\u017ce kursy i licencje na operatora drona.\" \/>\n<meta property=\"og:url\" content=\"https:\/\/ironsky.pl\/sklep\/produkt\/mysz-bezprzewodowa-ugreen-m331-bluetooth-5-4-szara\/\" \/>\n<meta property=\"og:site_name\" content=\"IRONSKY.PL Sklep z Dronami\" \/>\n<meta property=\"article:modified_time\" content=\"2026-04-15T09:09:27+00:00\" \/>\n<meta property=\"og:image\" content=\"https:\/\/ironsky.pl\/sklep\/wp-content\/uploads\/2025\/10\/54584_1.jpg\" \/>\n\t<meta property=\"og:image:width\" content=\"800\" \/>\n\t<meta property=\"og:image:height\" content=\"800\" \/>\n\t<meta property=\"og:image:type\" content=\"image\/jpeg\" \/>\n<meta name=\"twitter:card\" content=\"summary_large_image\" \/>\n<meta name=\"twitter:label1\" content=\"Szacowany czas czytania\" \/>\n\t<meta name=\"twitter:data1\" content=\"2 minuty\" \/>\n<script type=\"application\/ld+json\" class=\"yoast-schema-graph\">{\"@context\":\"https:\/\/schema.org\",\"@graph\":[{\"@type\":\"WebPage\",\"@id\":\"https:\/\/ironsky.pl\/sklep\/produkt\/mysz-bezprzewodowa-ugreen-m331-bluetooth-5-4-szara\/\",\"url\":\"https:\/\/ironsky.pl\/sklep\/produkt\/mysz-bezprzewodowa-ugreen-m331-bluetooth-5-4-szara\/\",\"name\":\"Mysz bezprzewodowa UGREEN M331 Bluetooth 5.4 (szara) - IRONSKY.PL Sklep z Dronami\",\"isPartOf\":{\"@id\":\"https:\/\/ironsky.pl\/sklep\/#website\"},\"primaryImageOfPage\":{\"@id\":\"https:\/\/ironsky.pl\/sklep\/produkt\/mysz-bezprzewodowa-ugreen-m331-bluetooth-5-4-szara\/#primaryimage\"},\"image\":{\"@id\":\"https:\/\/ironsky.pl\/sklep\/produkt\/mysz-bezprzewodowa-ugreen-m331-bluetooth-5-4-szara\/#primaryimage\"},\"thumbnailUrl\":\"https:\/\/ironsky.pl\/sklep\/wp-content\/uploads\/2025\/10\/54584_1.jpg\",\"datePublished\":\"2026-04-15T09:09:19+00:00\",\"dateModified\":\"2026-04-15T09:09:27+00:00\",\"description\":\"Mysz bezprzewodowa UGREEN M331 Bluetooth 5.4 (szara) - \u2705 sklep z dronami i fachowym doradztwem. \u2705 Tutaj kupisz produkty DJI, Yuneec, Parrot, Syma i wiele innych, a tak\u017ce kursy i licencje na operatora drona.\",\"breadcrumb\":{\"@id\":\"https:\/\/ironsky.pl\/sklep\/produkt\/mysz-bezprzewodowa-ugreen-m331-bluetooth-5-4-szara\/#breadcrumb\"},\"inLanguage\":\"pl-PL\",\"potentialAction\":[{\"@type\":\"ReadAction\",\"target\":[\"https:\/\/ironsky.pl\/sklep\/produkt\/mysz-bezprzewodowa-ugreen-m331-bluetooth-5-4-szara\/\"]}]},{\"@type\":\"ImageObject\",\"inLanguage\":\"pl-PL\",\"@id\":\"https:\/\/ironsky.pl\/sklep\/produkt\/mysz-bezprzewodowa-ugreen-m331-bluetooth-5-4-szara\/#primaryimage\",\"url\":\"https:\/\/ironsky.pl\/sklep\/wp-content\/uploads\/2025\/10\/54584_1.jpg\",\"contentUrl\":\"https:\/\/ironsky.pl\/sklep\/wp-content\/uploads\/2025\/10\/54584_1.jpg\",\"width\":800,\"height\":800},{\"@type\":\"BreadcrumbList\",\"@id\":\"https:\/\/ironsky.pl\/sklep\/produkt\/mysz-bezprzewodowa-ugreen-m331-bluetooth-5-4-szara\/#breadcrumb\",\"itemListElement\":[{\"@type\":\"ListItem\",\"position\":1,\"name\":\"Strona g\u0142\u00f3wna\",\"item\":\"https:\/\/ironsky.pl\/sklep\/\"},{\"@type\":\"ListItem\",\"position\":2,\"name\":\"Wszystkie produkty\",\"item\":\"https:\/\/ironsky.pl\/sklep\/produkty\/\"},{\"@type\":\"ListItem\",\"position\":3,\"name\":\"Mysz bezprzewodowa UGREEN M331 Bluetooth 5.4 (szara)\"}]},{\"@type\":\"WebSite\",\"@id\":\"https:\/\/ironsky.pl\/sklep\/#website\",\"url\":\"https:\/\/ironsky.pl\/sklep\/\",\"name\":\"IRONSKY.PL Sklep z Dronami\",\"description\":\"IRONSKY.PL Sklep z Dronami\",\"potentialAction\":[{\"@type\":\"SearchAction\",\"target\":{\"@type\":\"EntryPoint\",\"urlTemplate\":\"https:\/\/ironsky.pl\/sklep\/?s={search_term_string}\"},\"query-input\":{\"@type\":\"PropertyValueSpecification\",\"valueRequired\":true,\"valueName\":\"search_term_string\"}}],\"inLanguage\":\"pl-PL\"}]}<\/script>\n<!-- \/ Yoast SEO plugin. -->","yoast_head_json":{"title":"Mysz bezprzewodowa UGREEN M331 Bluetooth 5.4 (szara) - IRONSKY.PL Sklep z Dronami","description":"Mysz bezprzewodowa UGREEN M331 Bluetooth 5.4 (szara) - \u2705 sklep z dronami i fachowym doradztwem. \u2705 Tutaj kupisz produkty DJI, Yuneec, Parrot, Syma i wiele innych, a tak\u017ce kursy i licencje na operatora drona.","robots":{"index":"index","follow":"follow","max-snippet":"max-snippet:-1","max-image-preview":"max-image-preview:large","max-video-preview":"max-video-preview:-1"},"canonical":"https:\/\/ironsky.pl\/sklep\/produkt\/mysz-bezprzewodowa-ugreen-m331-bluetooth-5-4-szara\/","og_locale":"pl_PL","og_type":"article","og_title":"Mysz bezprzewodowa UGREEN M331 Bluetooth 5.4 (szara) - IRONSKY.PL Sklep z Dronami","og_description":"Mysz bezprzewodowa UGREEN M331 Bluetooth 5.4 (szara) - \u2705 sklep z dronami i fachowym doradztwem. \u2705 Tutaj kupisz produkty DJI, Yuneec, Parrot, Syma i wiele innych, a tak\u017ce kursy i licencje na operatora drona.","og_url":"https:\/\/ironsky.pl\/sklep\/produkt\/mysz-bezprzewodowa-ugreen-m331-bluetooth-5-4-szara\/","og_site_name":"IRONSKY.PL Sklep z Dronami","article_modified_time":"2026-04-15T09:09:27+00:00","og_image":[{"width":800,"height":800,"url":"https:\/\/ironsky.pl\/sklep\/wp-content\/uploads\/2025\/10\/54584_1.jpg","type":"image\/jpeg"}],"twitter_card":"summary_large_image","twitter_misc":{"Szacowany czas czytania":"2 minuty"},"schema":{"@context":"https:\/\/schema.org","@graph":[{"@type":"WebPage","@id":"https:\/\/ironsky.pl\/sklep\/produkt\/mysz-bezprzewodowa-ugreen-m331-bluetooth-5-4-szara\/","url":"https:\/\/ironsky.pl\/sklep\/produkt\/mysz-bezprzewodowa-ugreen-m331-bluetooth-5-4-szara\/","name":"Mysz bezprzewodowa UGREEN M331 Bluetooth 5.4 (szara) - IRONSKY.PL Sklep z Dronami","isPartOf":{"@id":"https:\/\/ironsky.pl\/sklep\/#website"},"primaryImageOfPage":{"@id":"https:\/\/ironsky.pl\/sklep\/produkt\/mysz-bezprzewodowa-ugreen-m331-bluetooth-5-4-szara\/#primaryimage"},"image":{"@id":"https:\/\/ironsky.pl\/sklep\/produkt\/mysz-bezprzewodowa-ugreen-m331-bluetooth-5-4-szara\/#primaryimage"},"thumbnailUrl":"https:\/\/ironsky.pl\/sklep\/wp-content\/uploads\/2025\/10\/54584_1.jpg","datePublished":"2026-04-15T09:09:19+00:00","dateModified":"2026-04-15T09:09:27+00:00","description":"Mysz bezprzewodowa UGREEN M331 Bluetooth 5.4 (szara) - \u2705 sklep z dronami i fachowym doradztwem. \u2705 Tutaj kupisz produkty DJI, Yuneec, Parrot, Syma i wiele innych, a tak\u017ce kursy i licencje na operatora drona.","breadcrumb":{"@id":"https:\/\/ironsky.pl\/sklep\/produkt\/mysz-bezprzewodowa-ugreen-m331-bluetooth-5-4-szara\/#breadcrumb"},"inLanguage":"pl-PL","potentialAction":[{"@type":"ReadAction","target":["https:\/\/ironsky.pl\/sklep\/produkt\/mysz-bezprzewodowa-ugreen-m331-bluetooth-5-4-szara\/"]}]},{"@type":"ImageObject","inLanguage":"pl-PL","@id":"https:\/\/ironsky.pl\/sklep\/produkt\/mysz-bezprzewodowa-ugreen-m331-bluetooth-5-4-szara\/#primaryimage","url":"https:\/\/ironsky.pl\/sklep\/wp-content\/uploads\/2025\/10\/54584_1.jpg","contentUrl":"https:\/\/ironsky.pl\/sklep\/wp-content\/uploads\/2025\/10\/54584_1.jpg","width":800,"height":800},{"@type":"BreadcrumbList","@id":"https:\/\/ironsky.pl\/sklep\/produkt\/mysz-bezprzewodowa-ugreen-m331-bluetooth-5-4-szara\/#breadcrumb","itemListElement":[{"@type":"ListItem","position":1,"name":"Strona g\u0142\u00f3wna","item":"https:\/\/ironsky.pl\/sklep\/"},{"@type":"ListItem","position":2,"name":"Wszystkie produkty","item":"https:\/\/ironsky.pl\/sklep\/produkty\/"},{"@type":"ListItem","position":3,"name":"Mysz bezprzewodowa UGREEN M331 Bluetooth 5.4 (szara)"}]},{"@type":"WebSite","@id":"https:\/\/ironsky.pl\/sklep\/#website","url":"https:\/\/ironsky.pl\/sklep\/","name":"IRONSKY.PL Sklep z Dronami","description":"IRONSKY.PL Sklep z Dronami","potentialAction":[{"@type":"SearchAction","target":{"@type":"EntryPoint","urlTemplate":"https:\/\/ironsky.pl\/sklep\/?s={search_term_string}"},"query-input":{"@type":"PropertyValueSpecification","valueRequired":true,"valueName":"search_term_string"}}],"inLanguage":"pl-PL"}]}},"_links":{"self":[{"href":"https:\/\/ironsky.pl\/sklep\/wp-json\/wp\/v2\/product\/60854","targetHints":{"allow":["GET"]}}],"collection":[{"href":"https:\/\/ironsky.pl\/sklep\/wp-json\/wp\/v2\/product"}],"about":[{"href":"https:\/\/ironsky.pl\/sklep\/wp-json\/wp\/v2\/types\/product"}],"replies":[{"embeddable":true,"href":"https:\/\/ironsky.pl\/sklep\/wp-json\/wp\/v2\/comments?post=60854"}],"wp:featuredmedia":[{"embeddable":true,"href":"https:\/\/ironsky.pl\/sklep\/wp-json\/wp\/v2\/media\/50003"}],"wp:attachment":[{"href":"https:\/\/ironsky.pl\/sklep\/wp-json\/wp\/v2\/media?parent=60854"}],"wp:term":[{"taxonomy":"product_brand","embeddable":true,"href":"https:\/\/ironsky.pl\/sklep\/wp-json\/wp\/v2\/product_brand?post=60854"},{"taxonomy":"product_cat","embeddable":true,"href":"https:\/\/ironsky.pl\/sklep\/wp-json\/wp\/v2\/product_cat?post=60854"},{"taxonomy":"product_tag","embeddable":true,"href":"https:\/\/ironsky.pl\/sklep\/wp-json\/wp\/v2\/product_tag?post=60854"}],"curies":[{"name":"wp","href":"https:\/\/api.w.org\/{rel}","templated":true}]}}