{"id":60848,"date":"2026-04-15T11:09:19","date_gmt":"2026-04-15T09:09:19","guid":{"rendered":"https:\/\/ironsky.pl\/sklep\/produkt\/zestaw-mikrofonowy-bezprzewodowy-insta360-mic-air-1tx1rx\/"},"modified":"2026-04-15T11:09:19","modified_gmt":"2026-04-15T09:09:19","slug":"zestaw-mikrofonowy-bezprzewodowy-insta360-mic-air-1tx1rx","status":"publish","type":"product","link":"https:\/\/ironsky.pl\/sklep\/produkt\/zestaw-mikrofonowy-bezprzewodowy-insta360-mic-air-1tx1rx\/","title":{"rendered":"Zestaw mikrofonowy bezprzewodowy INSTA360 Mic Air 1TX+1RX"},"content":{"rendered":"<h3>Insta360 Mic Air (1 TX + 1 RX)<\/h3>\n<p>Insta360 Mic Air to kompaktowy zestaw mikrofonowy stworzony z my\u015bl\u0105 o tw\u00f3rcach wideo, vlogerach i wszystkich, kt\u00f3rzy potrzebuj\u0105 czystego, profesjonalnego d\u017awi\u0119ku w ka\u017cdych warunkach. Lekka waga i niewielki rozmiar zestaw sprawia, \u017ce pozostaje niemal niewidoczny i nie przeszkadza podczas nagra\u0144. Od teraz ka\u017cda nagrana przez Ciebie osoba b\u0119dzie brzmia\u0142a naturalnie, czysto i klarownie, bez zak\u0142\u00f3ce\u0144 i niedoskona\u0142o\u015bci.\u00a0<\/p>\n<p>\n<img decoding=\"async\" src=\"https:\/\/assets.innpro.pl\/17857\/23683\/1.jpg\" border=\"0\" alt=\"odbiornik i nadajnik Insta360 na szarym tle \" \/>\n<\/p>\n<h3>Wysoka jako\u015b\u0107 d\u017awi\u0119ku w ka\u017cdym nagraniu<\/h3>\n<p>Urz\u0105dzenie rejestruje audio w jako\u015bci 48 kHz z charakterystyk\u0105 dook\u00f3ln\u0105, co pozwala wiernie uchwyci\u0107 ka\u017cdy szczeg\u00f3\u0142 g\u0142osu. Zaawansowana redukcja szum\u00f3w oraz do\u0142\u0105czona os\u0142ona przeciwwiatrowa skutecznie eliminuj\u0105 zak\u0142\u00f3cenia spowodowane wiatrem czy ha\u0142asem otoczenia, gwarantuj\u0105c czyste nagrania nawet w wymagaj\u0105cych warunkach plenerowych.<\/p>\n<p>\n<img decoding=\"async\" src=\"https:\/\/assets.innpro.pl\/17857\/23683\/9.jpg\" border=\"0\" alt=\"kobieta w r\u00f3\u017cowym stroju sportowym trzymaj\u0105ca uchwyt z kamer\u0105 Insta360 X5, na jej koszulce jest przypi\u0119ty nadajnik Insta360\" \/>\n<\/p>\n<h3>Prosta i stabilna \u0142\u0105czno\u015b\u0107<\/h3>\n<p>Zestaw \u0142\u0105czy si\u0119 bezprzewodowo z kompatybilnymi kamerami Insta360, takimi jak X5, X4 czy Ace Pro 2, bez konieczno\u015bci u\u017cywania dodatkowego odbiornika. Stabilny zasi\u0119g do 300 metr\u00f3w pozwala swobodnie porusza\u0107 si\u0119 podczas nagra\u0144, zachowuj\u0105c nieprzerwan\u0105 jako\u015b\u0107 d\u017awi\u0119ku.<\/p>\n<p>\n<img decoding=\"async\" src=\"https:\/\/assets.innpro.pl\/17857\/23683\/7.jpg\" border=\"0\" alt=\"kobieta w \u017c\u00f3\u0142tym fartuchu nagrywaj\u0105ca vloga smartfonem, na koszuli ma zaczepiony nadajnik Insta360\" \/>\n<\/p>\n<h3>Wygoda obs\u0142ugi i d\u0142ugi czas pracy<\/h3>\n<p>Sterowanie jest intuicyjne \u2013 bezpo\u015brednio z nadajnika mo\u017cna w\u0142\u0105czy\u0107 nagrywanie, aktywowa\u0107 redukcj\u0119 szum\u00f3w lub wyciszy\u0107 mikrofon. Wbudowany akumulator zapewnia do 10 godzin pracy, co sprawia, \u017ce Mic Air bez problemu sprosta ca\u0142odniowym sesjom zdj\u0119ciowym, transmisjom na \u017cywo czy nagraniom w podr\u00f3\u017cy.<\/p>\n<p>\n<img decoding=\"async\" src=\"https:\/\/assets.innpro.pl\/17857\/23683\/6.jpg\" border=\"0\" alt=\"osoba zaczepiaj\u0105ca nadajnik Insta360 do swojej koszulki\" \/>\n<\/p>\n<h3>Elastyczne opcje monta\u017cu<\/h3>\n<p>Dzi\u0119ki magnesowi, klipsowi i opcji zawieszenia na szyi, zestaw mo\u017cna nosi\u0107 w dowolny spos\u00f3b, dopasowuj\u0105c go do w\u0142asnego stylu i scenariusza nagra\u0144. Lekka waga transmitera (zaledwie 7.9 g) sprawia, \u017ce jest niemal\u017ce nieodczuwalny, gdy nosisz go na sobie. Zestaw sprawdzi si\u0119 zar\u00f3wno w wywiadach, jak i przy dynamicznych uj\u0119ciach w terenie, sprawiaj\u0105c, \u017ce d\u017awi\u0119k w Twoich projektach jest czysty, klarowny i wyra\u017any.<\/p>\n<p>\n<img decoding=\"async\" src=\"https:\/\/assets.innpro.pl\/17857\/23683\/8.jpg\" border=\"0\" alt=\"trzy fotografie przedstawiaj\u0105ce osoby nosz\u0105ce nadajnik Insta360 na swoich ubraniach\" \/>\n<\/p>\n<h3>W zestawie<\/h3>\n<ul class=\"list-disc pl-5\">\n<li>transmiter<\/li>\n<li>odbiornik (USB-C)<\/li>\n<li>kabel USB-A do stacji \u0142adowania<\/li>\n<li>magnetyczny klips<\/li>\n<li>magnetyczna zawieszka<\/li>\n<li>magnetyczny guzik<\/li>\n<li>wiatrochron<\/li>\n<li>etui do przechowywania<\/li>\n<li>instrukcja obs\u0142ugi<\/li>\n<\/ul>\n<div class=\"table-wrapper\">\n<p>\u00a0<\/p>\n<h3><\/h3>\n<table>\n<tbody>\n<tr>\n<th>Producent<\/th>\n<td>Insta360<\/td>\n<\/tr>\n<tr>\n<th>Pob\u00f3r mocy<\/th>\n<td>45.5 mW<\/td>\n<\/tr>\n<tr>\n<th>Pob\u00f3r mocy w trybie czuwania<\/th>\n<td>38.5 uW<\/td>\n<\/tr>\n<tr>\n<th>Zakres cz\u0119stotliwo\u015bci bezprzewodowej<\/th>\n<td>2.402 GHz~2.480 GHz<\/td>\n<\/tr>\n<tr>\n<th>Moc transmisji bezprzewodowej (E.I.R.P.)<\/th>\n<td>&lt;10 dBm<\/td>\n<\/tr>\n<tr>\n<th>Zakres cz\u0119stotliwo\u015bci Bluetooth<\/th>\n<td>2.402 GHz~2.480 GHz<\/td>\n<\/tr>\n<tr>\n<th>Moc transmisji Bluetooth (E.I.R.P.)<\/th>\n<td>&lt;10 dBm<\/td>\n<\/tr>\n<tr>\n<th>Zakres cz\u0119stotliwo\u015bci<\/th>\n<td>20 Hz~20 kHz<\/td>\n<\/tr>\n<tr>\n<th>Cz\u0119stotliwo\u015b\u0107 pr\u00f3bkowania\/g\u0142\u0119boko\u015b\u0107 bit\u00f3w<\/th>\n<td>48 kHz\/24 bit<\/td>\n<\/tr>\n<tr>\n<th>Akumulator transmitera<\/th>\n<td>3.87 V, 97 mAh, 0.37539 Wh<\/td>\n<\/tr>\n<tr>\n<th>Zakres temperatury \u0142adowania<\/th>\n<td>0\u00b0C do 45\u00b0C<\/td>\n<\/tr>\n<tr>\n<th>Zakres temperatury pracy<\/th>\n<td>-10\u00b0C do 45\u00b0C<\/td>\n<\/tr>\n<tr>\n<th>\u0141adowanie podczas pracy<\/th>\n<td>Odbiornik obs\u0142uguje \u0142adowanie przelotowe po pod\u0142\u0105czeniu do urz\u0105dzenia z portem USB-C<\/td>\n<\/tr>\n<tr>\n<th>Kompatybilno\u015b\u0107<\/th>\n<td>X5, X4, Ace Pro 2, Flow 2, Flow Pro, Flow<\/td>\n<\/tr>\n<\/tbody>\n<\/table>\n<\/div>\n","protected":false},"excerpt":{"rendered":"<p>Insta360 Mic Air (1 TX + 1 RX) Insta360 Mic Air to kompaktowy zestaw mikrofonowy stworzony z my\u015bl\u0105 o tw\u00f3rcach<\/p>\n","protected":false},"featured_media":49966,"comment_status":"closed","ping_status":"open","template":"","meta":{"_acf_changed":false},"product_brand":[],"product_cat":[1130,1137,1128],"product_tag":[],"class_list":{"0":"post-60848","1":"product","2":"type-product","3":"status-publish","4":"has-post-thumbnail","6":"product_cat-akcesoria-foto","7":"product_cat-do-kamer-sportowych","8":"product_cat-foto-wideo","9":"pa_okres-gwarancji-5757","10":"pa_producent-insta360","12":"first","13":"outofstock","14":"taxable","15":"shipping-taxable","16":"purchasable","17":"product-type-simple"},"acf":[],"yoast_head":"<!-- This site is optimized with the Yoast SEO plugin v27.2 - https:\/\/yoast.com\/product\/yoast-seo-wordpress\/ -->\n<title>Zestaw mikrofonowy bezprzewodowy INSTA360 Mic Air 1TX+1RX - IRONSKY.PL Sklep z Dronami<\/title>\n<meta name=\"description\" content=\"Zestaw mikrofonowy bezprzewodowy INSTA360 Mic Air 1TX+1RX - \u2705 sklep z dronami i fachowym doradztwem. \u2705 Tutaj kupisz produkty DJI, Yuneec, Parrot, Syma i wiele innych, a tak\u017ce kursy i licencje na operatora drona.\" \/>\n<meta name=\"robots\" content=\"index, follow, max-snippet:-1, max-image-preview:large, max-video-preview:-1\" \/>\n<link rel=\"canonical\" href=\"https:\/\/ironsky.pl\/sklep\/produkt\/zestaw-mikrofonowy-bezprzewodowy-insta360-mic-air-1tx1rx\/\" \/>\n<meta property=\"og:locale\" content=\"pl_PL\" \/>\n<meta property=\"og:type\" content=\"article\" \/>\n<meta property=\"og:title\" content=\"Zestaw mikrofonowy bezprzewodowy INSTA360 Mic Air 1TX+1RX - IRONSKY.PL Sklep z Dronami\" \/>\n<meta property=\"og:description\" content=\"Zestaw mikrofonowy bezprzewodowy INSTA360 Mic Air 1TX+1RX - \u2705 sklep z dronami i fachowym doradztwem. \u2705 Tutaj kupisz produkty DJI, Yuneec, Parrot, Syma i wiele innych, a tak\u017ce kursy i licencje na operatora drona.\" \/>\n<meta property=\"og:url\" content=\"https:\/\/ironsky.pl\/sklep\/produkt\/zestaw-mikrofonowy-bezprzewodowy-insta360-mic-air-1tx1rx\/\" \/>\n<meta property=\"og:site_name\" content=\"IRONSKY.PL Sklep z Dronami\" \/>\n<meta property=\"og:image\" content=\"https:\/\/ironsky.pl\/sklep\/wp-content\/uploads\/2025\/10\/54557_1.jpg\" \/>\n\t<meta property=\"og:image:width\" content=\"800\" \/>\n\t<meta property=\"og:image:height\" content=\"800\" \/>\n\t<meta property=\"og:image:type\" content=\"image\/jpeg\" \/>\n<meta name=\"twitter:card\" content=\"summary_large_image\" \/>\n<meta name=\"twitter:label1\" content=\"Szacowany czas czytania\" \/>\n\t<meta name=\"twitter:data1\" content=\"2 minuty\" \/>\n<script type=\"application\/ld+json\" class=\"yoast-schema-graph\">{\"@context\":\"https:\/\/schema.org\",\"@graph\":[{\"@type\":\"WebPage\",\"@id\":\"https:\/\/ironsky.pl\/sklep\/produkt\/zestaw-mikrofonowy-bezprzewodowy-insta360-mic-air-1tx1rx\/\",\"url\":\"https:\/\/ironsky.pl\/sklep\/produkt\/zestaw-mikrofonowy-bezprzewodowy-insta360-mic-air-1tx1rx\/\",\"name\":\"Zestaw mikrofonowy bezprzewodowy INSTA360 Mic Air 1TX+1RX - IRONSKY.PL Sklep z Dronami\",\"isPartOf\":{\"@id\":\"https:\/\/ironsky.pl\/sklep\/#website\"},\"primaryImageOfPage\":{\"@id\":\"https:\/\/ironsky.pl\/sklep\/produkt\/zestaw-mikrofonowy-bezprzewodowy-insta360-mic-air-1tx1rx\/#primaryimage\"},\"image\":{\"@id\":\"https:\/\/ironsky.pl\/sklep\/produkt\/zestaw-mikrofonowy-bezprzewodowy-insta360-mic-air-1tx1rx\/#primaryimage\"},\"thumbnailUrl\":\"https:\/\/ironsky.pl\/sklep\/wp-content\/uploads\/2025\/10\/54557_1.jpg\",\"datePublished\":\"2026-04-15T09:09:19+00:00\",\"description\":\"Zestaw mikrofonowy bezprzewodowy INSTA360 Mic Air 1TX+1RX - \u2705 sklep z dronami i fachowym doradztwem. \u2705 Tutaj kupisz produkty DJI, Yuneec, Parrot, Syma i wiele innych, a tak\u017ce kursy i licencje na operatora drona.\",\"breadcrumb\":{\"@id\":\"https:\/\/ironsky.pl\/sklep\/produkt\/zestaw-mikrofonowy-bezprzewodowy-insta360-mic-air-1tx1rx\/#breadcrumb\"},\"inLanguage\":\"pl-PL\",\"potentialAction\":[{\"@type\":\"ReadAction\",\"target\":[\"https:\/\/ironsky.pl\/sklep\/produkt\/zestaw-mikrofonowy-bezprzewodowy-insta360-mic-air-1tx1rx\/\"]}]},{\"@type\":\"ImageObject\",\"inLanguage\":\"pl-PL\",\"@id\":\"https:\/\/ironsky.pl\/sklep\/produkt\/zestaw-mikrofonowy-bezprzewodowy-insta360-mic-air-1tx1rx\/#primaryimage\",\"url\":\"https:\/\/ironsky.pl\/sklep\/wp-content\/uploads\/2025\/10\/54557_1.jpg\",\"contentUrl\":\"https:\/\/ironsky.pl\/sklep\/wp-content\/uploads\/2025\/10\/54557_1.jpg\",\"width\":800,\"height\":800},{\"@type\":\"BreadcrumbList\",\"@id\":\"https:\/\/ironsky.pl\/sklep\/produkt\/zestaw-mikrofonowy-bezprzewodowy-insta360-mic-air-1tx1rx\/#breadcrumb\",\"itemListElement\":[{\"@type\":\"ListItem\",\"position\":1,\"name\":\"Strona g\u0142\u00f3wna\",\"item\":\"https:\/\/ironsky.pl\/sklep\/\"},{\"@type\":\"ListItem\",\"position\":2,\"name\":\"Wszystkie produkty\",\"item\":\"https:\/\/ironsky.pl\/sklep\/produkty\/\"},{\"@type\":\"ListItem\",\"position\":3,\"name\":\"Zestaw mikrofonowy bezprzewodowy INSTA360 Mic Air 1TX+1RX\"}]},{\"@type\":\"WebSite\",\"@id\":\"https:\/\/ironsky.pl\/sklep\/#website\",\"url\":\"https:\/\/ironsky.pl\/sklep\/\",\"name\":\"IRONSKY.PL Sklep z Dronami\",\"description\":\"IRONSKY.PL Sklep z Dronami\",\"potentialAction\":[{\"@type\":\"SearchAction\",\"target\":{\"@type\":\"EntryPoint\",\"urlTemplate\":\"https:\/\/ironsky.pl\/sklep\/?s={search_term_string}\"},\"query-input\":{\"@type\":\"PropertyValueSpecification\",\"valueRequired\":true,\"valueName\":\"search_term_string\"}}],\"inLanguage\":\"pl-PL\"}]}<\/script>\n<!-- \/ Yoast SEO plugin. -->","yoast_head_json":{"title":"Zestaw mikrofonowy bezprzewodowy INSTA360 Mic Air 1TX+1RX - IRONSKY.PL Sklep z Dronami","description":"Zestaw mikrofonowy bezprzewodowy INSTA360 Mic Air 1TX+1RX - \u2705 sklep z dronami i fachowym doradztwem. \u2705 Tutaj kupisz produkty DJI, Yuneec, Parrot, Syma i wiele innych, a tak\u017ce kursy i licencje na operatora drona.","robots":{"index":"index","follow":"follow","max-snippet":"max-snippet:-1","max-image-preview":"max-image-preview:large","max-video-preview":"max-video-preview:-1"},"canonical":"https:\/\/ironsky.pl\/sklep\/produkt\/zestaw-mikrofonowy-bezprzewodowy-insta360-mic-air-1tx1rx\/","og_locale":"pl_PL","og_type":"article","og_title":"Zestaw mikrofonowy bezprzewodowy INSTA360 Mic Air 1TX+1RX - IRONSKY.PL Sklep z Dronami","og_description":"Zestaw mikrofonowy bezprzewodowy INSTA360 Mic Air 1TX+1RX - \u2705 sklep z dronami i fachowym doradztwem. \u2705 Tutaj kupisz produkty DJI, Yuneec, Parrot, Syma i wiele innych, a tak\u017ce kursy i licencje na operatora drona.","og_url":"https:\/\/ironsky.pl\/sklep\/produkt\/zestaw-mikrofonowy-bezprzewodowy-insta360-mic-air-1tx1rx\/","og_site_name":"IRONSKY.PL Sklep z Dronami","og_image":[{"width":800,"height":800,"url":"https:\/\/ironsky.pl\/sklep\/wp-content\/uploads\/2025\/10\/54557_1.jpg","type":"image\/jpeg"}],"twitter_card":"summary_large_image","twitter_misc":{"Szacowany czas czytania":"2 minuty"},"schema":{"@context":"https:\/\/schema.org","@graph":[{"@type":"WebPage","@id":"https:\/\/ironsky.pl\/sklep\/produkt\/zestaw-mikrofonowy-bezprzewodowy-insta360-mic-air-1tx1rx\/","url":"https:\/\/ironsky.pl\/sklep\/produkt\/zestaw-mikrofonowy-bezprzewodowy-insta360-mic-air-1tx1rx\/","name":"Zestaw mikrofonowy bezprzewodowy INSTA360 Mic Air 1TX+1RX - IRONSKY.PL Sklep z Dronami","isPartOf":{"@id":"https:\/\/ironsky.pl\/sklep\/#website"},"primaryImageOfPage":{"@id":"https:\/\/ironsky.pl\/sklep\/produkt\/zestaw-mikrofonowy-bezprzewodowy-insta360-mic-air-1tx1rx\/#primaryimage"},"image":{"@id":"https:\/\/ironsky.pl\/sklep\/produkt\/zestaw-mikrofonowy-bezprzewodowy-insta360-mic-air-1tx1rx\/#primaryimage"},"thumbnailUrl":"https:\/\/ironsky.pl\/sklep\/wp-content\/uploads\/2025\/10\/54557_1.jpg","datePublished":"2026-04-15T09:09:19+00:00","description":"Zestaw mikrofonowy bezprzewodowy INSTA360 Mic Air 1TX+1RX - \u2705 sklep z dronami i fachowym doradztwem. \u2705 Tutaj kupisz produkty DJI, Yuneec, Parrot, Syma i wiele innych, a tak\u017ce kursy i licencje na operatora drona.","breadcrumb":{"@id":"https:\/\/ironsky.pl\/sklep\/produkt\/zestaw-mikrofonowy-bezprzewodowy-insta360-mic-air-1tx1rx\/#breadcrumb"},"inLanguage":"pl-PL","potentialAction":[{"@type":"ReadAction","target":["https:\/\/ironsky.pl\/sklep\/produkt\/zestaw-mikrofonowy-bezprzewodowy-insta360-mic-air-1tx1rx\/"]}]},{"@type":"ImageObject","inLanguage":"pl-PL","@id":"https:\/\/ironsky.pl\/sklep\/produkt\/zestaw-mikrofonowy-bezprzewodowy-insta360-mic-air-1tx1rx\/#primaryimage","url":"https:\/\/ironsky.pl\/sklep\/wp-content\/uploads\/2025\/10\/54557_1.jpg","contentUrl":"https:\/\/ironsky.pl\/sklep\/wp-content\/uploads\/2025\/10\/54557_1.jpg","width":800,"height":800},{"@type":"BreadcrumbList","@id":"https:\/\/ironsky.pl\/sklep\/produkt\/zestaw-mikrofonowy-bezprzewodowy-insta360-mic-air-1tx1rx\/#breadcrumb","itemListElement":[{"@type":"ListItem","position":1,"name":"Strona g\u0142\u00f3wna","item":"https:\/\/ironsky.pl\/sklep\/"},{"@type":"ListItem","position":2,"name":"Wszystkie produkty","item":"https:\/\/ironsky.pl\/sklep\/produkty\/"},{"@type":"ListItem","position":3,"name":"Zestaw mikrofonowy bezprzewodowy INSTA360 Mic Air 1TX+1RX"}]},{"@type":"WebSite","@id":"https:\/\/ironsky.pl\/sklep\/#website","url":"https:\/\/ironsky.pl\/sklep\/","name":"IRONSKY.PL Sklep z Dronami","description":"IRONSKY.PL Sklep z Dronami","potentialAction":[{"@type":"SearchAction","target":{"@type":"EntryPoint","urlTemplate":"https:\/\/ironsky.pl\/sklep\/?s={search_term_string}"},"query-input":{"@type":"PropertyValueSpecification","valueRequired":true,"valueName":"search_term_string"}}],"inLanguage":"pl-PL"}]}},"_links":{"self":[{"href":"https:\/\/ironsky.pl\/sklep\/wp-json\/wp\/v2\/product\/60848","targetHints":{"allow":["GET"]}}],"collection":[{"href":"https:\/\/ironsky.pl\/sklep\/wp-json\/wp\/v2\/product"}],"about":[{"href":"https:\/\/ironsky.pl\/sklep\/wp-json\/wp\/v2\/types\/product"}],"replies":[{"embeddable":true,"href":"https:\/\/ironsky.pl\/sklep\/wp-json\/wp\/v2\/comments?post=60848"}],"wp:featuredmedia":[{"embeddable":true,"href":"https:\/\/ironsky.pl\/sklep\/wp-json\/wp\/v2\/media\/49966"}],"wp:attachment":[{"href":"https:\/\/ironsky.pl\/sklep\/wp-json\/wp\/v2\/media?parent=60848"}],"wp:term":[{"taxonomy":"product_brand","embeddable":true,"href":"https:\/\/ironsky.pl\/sklep\/wp-json\/wp\/v2\/product_brand?post=60848"},{"taxonomy":"product_cat","embeddable":true,"href":"https:\/\/ironsky.pl\/sklep\/wp-json\/wp\/v2\/product_cat?post=60848"},{"taxonomy":"product_tag","embeddable":true,"href":"https:\/\/ironsky.pl\/sklep\/wp-json\/wp\/v2\/product_tag?post=60848"}],"curies":[{"name":"wp","href":"https:\/\/api.w.org\/{rel}","templated":true}]}}