{"id":60788,"date":"2026-04-15T11:07:51","date_gmt":"2026-04-15T09:07:51","guid":{"rendered":"https:\/\/ironsky.pl\/sklep\/produkt\/uchwyt-do-tv-perlegear-pgmfk6-26-60\/"},"modified":"2026-04-15T11:08:11","modified_gmt":"2026-04-15T09:08:11","slug":"uchwyt-do-tv-perlegear-pgmfk6-26-60","status":"publish","type":"product","link":"https:\/\/ironsky.pl\/sklep\/produkt\/uchwyt-do-tv-perlegear-pgmfk6-26-60\/","title":{"rendered":"Uchwyt do TV PERLEGEAR PGMFK6 26-60&#8243;"},"content":{"rendered":"<h3>Uchwyt do TV Perlegear PGMFK6<\/h3>\n<p>Ciesz si\u0119 komfortem ogl\u0105dania film\u00f3w i seriali w ka\u017cdej pozycji i z dowolnego miejsca w pomieszczeniu. Uchwyt do TV Perlegear PGMFK6 umo\u017cliwia swobodne ustawienie ekranu dzi\u0119ki obrotowi o 360\u00b0 w dw\u00f3ch punktach, obrotowi o 180\u00b0 przy mocowaniu do \u015bciany i mo\u017cliwo\u015bci nachylenia w zakresie od 5\u00b0 do -15\u00b0. Ponadto regulacja poziomu w zakresie \u00b13\u00b0 pozwala na idealne wypoziomowanie ekranu nawet po monta\u017cu.\u00a0<\/p>\n<p>\n<img decoding=\"async\" src=\"https:\/\/assets.innpro.pl\/17547\/23248\/2.jpg\" border=\"0\" alt=\" Kobieta ogl\u0105da telewizor z zamontowanym uchwytem \u015bciennym, siedz\u0105c na kanapie w jasnym salonie\" \/>\n<\/p>\n<h3>Szeroka kompatybilno\u015b\u0107<\/h3>\n<p>Perlegear PGMFK6 jest przeznaczony dla telewizor\u00f3w o przek\u0105tnej od 26 do 60 cali i wadze do 45 kg. Konstrukcja wspiera wiele uk\u0142ad\u00f3w monta\u017cowych VESA, co u\u0142atwia dopasowanie do r\u00f3\u017cnych modeli ekran\u00f3w. Mo\u017cliwo\u015b\u0107 wysuni\u0119cia od 70 mm do 495 mm od \u015bciany pozwala na \u0142atwe dopasowanie odleg\u0142o\u015bci do potrzeb u\u017cytkownika i aran\u017cacji wn\u0119trza.<\/p>\n<p>\n<img decoding=\"async\" src=\"https:\/\/assets.innpro.pl\/17547\/23248\/3.jpg\" border=\"0\" alt=\"Telewizor zamontowany na uchwycie \u015bciennym wy\u015bwietla g\u00f3rski krajobraz\" \/>\n<\/p>\n<h3>Trwa\u0142o\u015b\u0107 i prosty monta\u017c<\/h3>\n<p>Stalowa konstrukcja zapewnia wysok\u0105 trwa\u0142o\u015b\u0107 i stabilno\u015b\u0107 nawet przy maksymalnym wysuni\u0119ciu. Monta\u017c uchwytu przebiega w trzech prostych krokach: przymocowanie ramion do telewizora, instalacja p\u0142yty \u015bciennej i zawieszenie ekranu. Dzi\u0119ki temu produkt jest przyjazny r\u00f3wnie\u017c dla os\u00f3b bez do\u015bwiadczenia w instalacjach.<\/p>\n<p>\n<img decoding=\"async\" src=\"https:\/\/assets.innpro.pl\/17547\/23248\/4.jpg\" border=\"0\" alt=\"Widok z ty\u0142u na telewizor z uchytwem \u015bciennym i roz\u0142o\u017conymi ramionami mocuj\u0105cymi\" \/>\n<\/p>\n<div class=\"table-wrapper\">\n<p>\u00a0<\/p>\n<h3><\/h3>\n<table>\n<tbody>\n<tr>\n<th>Producent<\/th>\n<td>Perlegear<\/td>\n<\/tr>\n<tr>\n<th>Model<\/th>\n<td>PGMFK6<\/td>\n<\/tr>\n<tr>\n<th>Przeznaczenie<\/th>\n<td>TV o przek\u0105tnej od 26 do 60 cali<\/td>\n<\/tr>\n<tr>\n<th>Maksymalne obci\u0105\u017cenie<\/th>\n<td>45 kg<\/td>\n<\/tr>\n<tr>\n<th>Regulacja obrotu<\/th>\n<td>360\u00b0<\/td>\n<\/tr>\n<tr>\n<th>Regulacja poziomu <\/th>\n<td>\u00b13\u00b0<\/td>\n<\/tr>\n<tr>\n<th>Regulacja nachylenia<\/th>\n<td>5\u00b0\/-15\u00b0<\/td>\n<\/tr>\n<tr>\n<th>Wysi\u0119g od \u015bciany<\/th>\n<td>70 mm \u2013 495 mm<\/td>\n<\/tr>\n<tr>\n<th>Ilo\u015b\u0107 ramion<\/th>\n<td>podw\u00f3jne rami\u0119 z trzema osiami obrotu<\/td>\n<\/tr>\n<\/tbody>\n<\/table>\n<\/div>\n","protected":false},"excerpt":{"rendered":"<p>Uchwyt do TV Perlegear PGMFK6 Ciesz si\u0119 komfortem ogl\u0105dania film\u00f3w i seriali w ka\u017cdej pozycji i z dowolnego miejsca w<\/p>\n","protected":false},"featured_media":49744,"comment_status":"closed","ping_status":"open","template":"","meta":{"_acf_changed":false},"product_brand":[],"product_cat":[5929,6021],"product_tag":[],"class_list":{"0":"post-60788","1":"product","2":"type-product","3":"status-publish","4":"has-post-thumbnail","6":"product_cat-akcesoria-it","7":"product_cat-uchwyty-do-tv","8":"pa_okres-gwarancji-5775","9":"pa_producent-perlegear","11":"first","12":"outofstock","13":"taxable","14":"shipping-taxable","15":"purchasable","16":"product-type-simple"},"acf":[],"yoast_head":"<!-- This site is optimized with the Yoast SEO plugin v27.2 - https:\/\/yoast.com\/product\/yoast-seo-wordpress\/ -->\n<title>Uchwyt do TV PERLEGEAR PGMFK6 26-60&quot; - IRONSKY.PL Sklep z Dronami<\/title>\n<meta name=\"description\" content=\"Uchwyt do TV PERLEGEAR PGMFK6 26-60&quot; - \u2705 sklep z dronami i fachowym doradztwem. \u2705 Tutaj kupisz produkty DJI, Yuneec, Parrot, Syma i wiele innych, a tak\u017ce kursy i licencje na operatora drona.\" \/>\n<meta name=\"robots\" content=\"index, follow, max-snippet:-1, max-image-preview:large, max-video-preview:-1\" \/>\n<link rel=\"canonical\" href=\"https:\/\/ironsky.pl\/sklep\/produkt\/uchwyt-do-tv-perlegear-pgmfk6-26-60\/\" \/>\n<meta property=\"og:locale\" content=\"pl_PL\" \/>\n<meta property=\"og:type\" content=\"article\" \/>\n<meta property=\"og:title\" content=\"Uchwyt do TV PERLEGEAR PGMFK6 26-60&quot; - IRONSKY.PL Sklep z Dronami\" \/>\n<meta property=\"og:description\" content=\"Uchwyt do TV PERLEGEAR PGMFK6 26-60&quot; - \u2705 sklep z dronami i fachowym doradztwem. \u2705 Tutaj kupisz produkty DJI, Yuneec, Parrot, Syma i wiele innych, a tak\u017ce kursy i licencje na operatora drona.\" \/>\n<meta property=\"og:url\" content=\"https:\/\/ironsky.pl\/sklep\/produkt\/uchwyt-do-tv-perlegear-pgmfk6-26-60\/\" \/>\n<meta property=\"og:site_name\" content=\"IRONSKY.PL Sklep z Dronami\" \/>\n<meta property=\"article:modified_time\" content=\"2026-04-15T09:08:11+00:00\" \/>\n<meta property=\"og:image\" content=\"https:\/\/ironsky.pl\/sklep\/wp-content\/uploads\/2025\/10\/54183_1.jpg\" \/>\n\t<meta property=\"og:image:width\" content=\"800\" \/>\n\t<meta property=\"og:image:height\" content=\"800\" \/>\n\t<meta property=\"og:image:type\" content=\"image\/jpeg\" \/>\n<meta name=\"twitter:card\" content=\"summary_large_image\" \/>\n<meta name=\"twitter:label1\" content=\"Szacowany czas czytania\" \/>\n\t<meta name=\"twitter:data1\" content=\"1 minuta\" \/>\n<script type=\"application\/ld+json\" class=\"yoast-schema-graph\">{\"@context\":\"https:\/\/schema.org\",\"@graph\":[{\"@type\":\"WebPage\",\"@id\":\"https:\/\/ironsky.pl\/sklep\/produkt\/uchwyt-do-tv-perlegear-pgmfk6-26-60\/\",\"url\":\"https:\/\/ironsky.pl\/sklep\/produkt\/uchwyt-do-tv-perlegear-pgmfk6-26-60\/\",\"name\":\"Uchwyt do TV PERLEGEAR PGMFK6 26-60\\\" - IRONSKY.PL Sklep z Dronami\",\"isPartOf\":{\"@id\":\"https:\/\/ironsky.pl\/sklep\/#website\"},\"primaryImageOfPage\":{\"@id\":\"https:\/\/ironsky.pl\/sklep\/produkt\/uchwyt-do-tv-perlegear-pgmfk6-26-60\/#primaryimage\"},\"image\":{\"@id\":\"https:\/\/ironsky.pl\/sklep\/produkt\/uchwyt-do-tv-perlegear-pgmfk6-26-60\/#primaryimage\"},\"thumbnailUrl\":\"https:\/\/ironsky.pl\/sklep\/wp-content\/uploads\/2025\/10\/54183_1.jpg\",\"datePublished\":\"2026-04-15T09:07:51+00:00\",\"dateModified\":\"2026-04-15T09:08:11+00:00\",\"description\":\"Uchwyt do TV PERLEGEAR PGMFK6 26-60\\\" - \u2705 sklep z dronami i fachowym doradztwem. \u2705 Tutaj kupisz produkty DJI, Yuneec, Parrot, Syma i wiele innych, a tak\u017ce kursy i licencje na operatora drona.\",\"breadcrumb\":{\"@id\":\"https:\/\/ironsky.pl\/sklep\/produkt\/uchwyt-do-tv-perlegear-pgmfk6-26-60\/#breadcrumb\"},\"inLanguage\":\"pl-PL\",\"potentialAction\":[{\"@type\":\"ReadAction\",\"target\":[\"https:\/\/ironsky.pl\/sklep\/produkt\/uchwyt-do-tv-perlegear-pgmfk6-26-60\/\"]}]},{\"@type\":\"ImageObject\",\"inLanguage\":\"pl-PL\",\"@id\":\"https:\/\/ironsky.pl\/sklep\/produkt\/uchwyt-do-tv-perlegear-pgmfk6-26-60\/#primaryimage\",\"url\":\"https:\/\/ironsky.pl\/sklep\/wp-content\/uploads\/2025\/10\/54183_1.jpg\",\"contentUrl\":\"https:\/\/ironsky.pl\/sklep\/wp-content\/uploads\/2025\/10\/54183_1.jpg\",\"width\":800,\"height\":800},{\"@type\":\"BreadcrumbList\",\"@id\":\"https:\/\/ironsky.pl\/sklep\/produkt\/uchwyt-do-tv-perlegear-pgmfk6-26-60\/#breadcrumb\",\"itemListElement\":[{\"@type\":\"ListItem\",\"position\":1,\"name\":\"Strona g\u0142\u00f3wna\",\"item\":\"https:\/\/ironsky.pl\/sklep\/\"},{\"@type\":\"ListItem\",\"position\":2,\"name\":\"Wszystkie produkty\",\"item\":\"https:\/\/ironsky.pl\/sklep\/produkty\/\"},{\"@type\":\"ListItem\",\"position\":3,\"name\":\"Uchwyt do TV PERLEGEAR PGMFK6 26-60&#8243;\"}]},{\"@type\":\"WebSite\",\"@id\":\"https:\/\/ironsky.pl\/sklep\/#website\",\"url\":\"https:\/\/ironsky.pl\/sklep\/\",\"name\":\"IRONSKY.PL Sklep z Dronami\",\"description\":\"IRONSKY.PL Sklep z Dronami\",\"potentialAction\":[{\"@type\":\"SearchAction\",\"target\":{\"@type\":\"EntryPoint\",\"urlTemplate\":\"https:\/\/ironsky.pl\/sklep\/?s={search_term_string}\"},\"query-input\":{\"@type\":\"PropertyValueSpecification\",\"valueRequired\":true,\"valueName\":\"search_term_string\"}}],\"inLanguage\":\"pl-PL\"}]}<\/script>\n<!-- \/ Yoast SEO plugin. -->","yoast_head_json":{"title":"Uchwyt do TV PERLEGEAR PGMFK6 26-60\" - IRONSKY.PL Sklep z Dronami","description":"Uchwyt do TV PERLEGEAR PGMFK6 26-60\" - \u2705 sklep z dronami i fachowym doradztwem. \u2705 Tutaj kupisz produkty DJI, Yuneec, Parrot, Syma i wiele innych, a tak\u017ce kursy i licencje na operatora drona.","robots":{"index":"index","follow":"follow","max-snippet":"max-snippet:-1","max-image-preview":"max-image-preview:large","max-video-preview":"max-video-preview:-1"},"canonical":"https:\/\/ironsky.pl\/sklep\/produkt\/uchwyt-do-tv-perlegear-pgmfk6-26-60\/","og_locale":"pl_PL","og_type":"article","og_title":"Uchwyt do TV PERLEGEAR PGMFK6 26-60\" - IRONSKY.PL Sklep z Dronami","og_description":"Uchwyt do TV PERLEGEAR PGMFK6 26-60\" - \u2705 sklep z dronami i fachowym doradztwem. \u2705 Tutaj kupisz produkty DJI, Yuneec, Parrot, Syma i wiele innych, a tak\u017ce kursy i licencje na operatora drona.","og_url":"https:\/\/ironsky.pl\/sklep\/produkt\/uchwyt-do-tv-perlegear-pgmfk6-26-60\/","og_site_name":"IRONSKY.PL Sklep z Dronami","article_modified_time":"2026-04-15T09:08:11+00:00","og_image":[{"width":800,"height":800,"url":"https:\/\/ironsky.pl\/sklep\/wp-content\/uploads\/2025\/10\/54183_1.jpg","type":"image\/jpeg"}],"twitter_card":"summary_large_image","twitter_misc":{"Szacowany czas czytania":"1 minuta"},"schema":{"@context":"https:\/\/schema.org","@graph":[{"@type":"WebPage","@id":"https:\/\/ironsky.pl\/sklep\/produkt\/uchwyt-do-tv-perlegear-pgmfk6-26-60\/","url":"https:\/\/ironsky.pl\/sklep\/produkt\/uchwyt-do-tv-perlegear-pgmfk6-26-60\/","name":"Uchwyt do TV PERLEGEAR PGMFK6 26-60\" - IRONSKY.PL Sklep z Dronami","isPartOf":{"@id":"https:\/\/ironsky.pl\/sklep\/#website"},"primaryImageOfPage":{"@id":"https:\/\/ironsky.pl\/sklep\/produkt\/uchwyt-do-tv-perlegear-pgmfk6-26-60\/#primaryimage"},"image":{"@id":"https:\/\/ironsky.pl\/sklep\/produkt\/uchwyt-do-tv-perlegear-pgmfk6-26-60\/#primaryimage"},"thumbnailUrl":"https:\/\/ironsky.pl\/sklep\/wp-content\/uploads\/2025\/10\/54183_1.jpg","datePublished":"2026-04-15T09:07:51+00:00","dateModified":"2026-04-15T09:08:11+00:00","description":"Uchwyt do TV PERLEGEAR PGMFK6 26-60\" - \u2705 sklep z dronami i fachowym doradztwem. \u2705 Tutaj kupisz produkty DJI, Yuneec, Parrot, Syma i wiele innych, a tak\u017ce kursy i licencje na operatora drona.","breadcrumb":{"@id":"https:\/\/ironsky.pl\/sklep\/produkt\/uchwyt-do-tv-perlegear-pgmfk6-26-60\/#breadcrumb"},"inLanguage":"pl-PL","potentialAction":[{"@type":"ReadAction","target":["https:\/\/ironsky.pl\/sklep\/produkt\/uchwyt-do-tv-perlegear-pgmfk6-26-60\/"]}]},{"@type":"ImageObject","inLanguage":"pl-PL","@id":"https:\/\/ironsky.pl\/sklep\/produkt\/uchwyt-do-tv-perlegear-pgmfk6-26-60\/#primaryimage","url":"https:\/\/ironsky.pl\/sklep\/wp-content\/uploads\/2025\/10\/54183_1.jpg","contentUrl":"https:\/\/ironsky.pl\/sklep\/wp-content\/uploads\/2025\/10\/54183_1.jpg","width":800,"height":800},{"@type":"BreadcrumbList","@id":"https:\/\/ironsky.pl\/sklep\/produkt\/uchwyt-do-tv-perlegear-pgmfk6-26-60\/#breadcrumb","itemListElement":[{"@type":"ListItem","position":1,"name":"Strona g\u0142\u00f3wna","item":"https:\/\/ironsky.pl\/sklep\/"},{"@type":"ListItem","position":2,"name":"Wszystkie produkty","item":"https:\/\/ironsky.pl\/sklep\/produkty\/"},{"@type":"ListItem","position":3,"name":"Uchwyt do TV PERLEGEAR PGMFK6 26-60&#8243;"}]},{"@type":"WebSite","@id":"https:\/\/ironsky.pl\/sklep\/#website","url":"https:\/\/ironsky.pl\/sklep\/","name":"IRONSKY.PL Sklep z Dronami","description":"IRONSKY.PL Sklep z Dronami","potentialAction":[{"@type":"SearchAction","target":{"@type":"EntryPoint","urlTemplate":"https:\/\/ironsky.pl\/sklep\/?s={search_term_string}"},"query-input":{"@type":"PropertyValueSpecification","valueRequired":true,"valueName":"search_term_string"}}],"inLanguage":"pl-PL"}]}},"_links":{"self":[{"href":"https:\/\/ironsky.pl\/sklep\/wp-json\/wp\/v2\/product\/60788","targetHints":{"allow":["GET"]}}],"collection":[{"href":"https:\/\/ironsky.pl\/sklep\/wp-json\/wp\/v2\/product"}],"about":[{"href":"https:\/\/ironsky.pl\/sklep\/wp-json\/wp\/v2\/types\/product"}],"replies":[{"embeddable":true,"href":"https:\/\/ironsky.pl\/sklep\/wp-json\/wp\/v2\/comments?post=60788"}],"wp:featuredmedia":[{"embeddable":true,"href":"https:\/\/ironsky.pl\/sklep\/wp-json\/wp\/v2\/media\/49744"}],"wp:attachment":[{"href":"https:\/\/ironsky.pl\/sklep\/wp-json\/wp\/v2\/media?parent=60788"}],"wp:term":[{"taxonomy":"product_brand","embeddable":true,"href":"https:\/\/ironsky.pl\/sklep\/wp-json\/wp\/v2\/product_brand?post=60788"},{"taxonomy":"product_cat","embeddable":true,"href":"https:\/\/ironsky.pl\/sklep\/wp-json\/wp\/v2\/product_cat?post=60788"},{"taxonomy":"product_tag","embeddable":true,"href":"https:\/\/ironsky.pl\/sklep\/wp-json\/wp\/v2\/product_tag?post=60788"}],"curies":[{"name":"wp","href":"https:\/\/api.w.org\/{rel}","templated":true}]}}