{"id":60755,"date":"2026-04-15T11:07:26","date_gmt":"2026-04-15T09:07:26","guid":{"rendered":"https:\/\/ironsky.pl\/sklep\/produkt\/filament-anycubic-high-speed-pla-1kg-szary\/"},"modified":"2026-04-15T11:07:37","modified_gmt":"2026-04-15T09:07:37","slug":"filament-anycubic-high-speed-pla-1kg-szary","status":"publish","type":"product","link":"https:\/\/ironsky.pl\/sklep\/produkt\/filament-anycubic-high-speed-pla-1kg-szary\/","title":{"rendered":"Filament ANYCUBIC High Speed PLA 1kg (szary)"},"content":{"rendered":"<h3>Filament High Speed PLA Anycubic 1 KG (Szary)<\/h3>\n<p>Poznaj filament High Speed PLA od Anycubic, stworzony z my\u015bl\u0105 o b\u0142yskawicznym druku 3D. Dzi\u0119ki innowacyjnemu rdzeniowi zoptymalizowanemu pod k\u0105tem wysokich pr\u0119dko\u015bci materia\u0142 pozwala na drukowanie z pr\u0119dko\u015bci\u0105 do 500 mm\/s, co w po\u0142\u0105czeniu z kompatybiln\u0105 drukark\u0105 mo\u017ce da\u0107 nawet dziesi\u0119ciokrotne przyspieszenie standardowych projekt\u00f3w. Nie rezygnuj z jako\u015bci \u2013 zako\u0144czone modele zachowuj\u0105 precyzyjne kraw\u0119dzie i wyraziste detale, nawet przy najbardziej rozbudowanych strukturach.<\/p>\n<p>\n<img decoding=\"async\" src=\"https:\/\/assets.innpro.pl\/17559\/23269\/1.jpg\" border=\"0\" alt=\"Filament High Speed PLA Anycubic w szarym kolorze.\" \/>\n<\/p>\n<h3>G\u0142adko\u015b\u0107 i precyzja ka\u017cdej warstwy<\/h3>\n<p>Sekretem nieskazitelnych wydruk\u00f3w jest zoptymalizowany sk\u0142ad PLA (polilaktyd, jest jednym z najpopularniejszych materia\u0142\u00f3w wykorzystywanych do druku 3D), kt\u00f3ry zapewnia wyj\u0105tkow\u0105 p\u0142ynno\u015b\u0107 podawania filamentu i b\u0142yskawiczne ch\u0142odzenie ka\u017cdej na\u0142o\u017conej warstwy. Filament p\u0142ynie r\u00f3wnomiernie przez dysz\u0119, a szybkie zestalenie zapobiega odkszta\u0142ceniom. Dodatkowo filament Anycubic gwarantuje precyzj\u0119 druku o dok\u0142adno\u015bci \u00b10.02mm. Efektem s\u0105 perfekcyjnie wyg\u0142adzone powierzchnie i ostro odwzorowane elementy, nawet w przypadku skomplikowanych detali czy kszta\u0142t\u00f3w.\u00a0<\/p>\n<p>\n<img decoding=\"async\" src=\"https:\/\/assets.innpro.pl\/17559\/23269\/6.jpg\" border=\"0\" alt=\"Model samolotu w szarym kolorze wykonanego za pomoc\u0105 druku 3D.\" \/>\n<\/p>\n<h3>Bezproblemowy ci\u0105g druku<\/h3>\n<p>Podczas pracy z filamentem Anycubic nie musisz obawia\u0107 si\u0119 przestoj\u00f3w ani zator\u00f3w. Sta\u0142a \u015brednica w\u0142\u00f3kna i stabilna struktura gwarantuj\u0105 ci\u0105g\u0142o\u015b\u0107 materia\u0142u, eliminuj\u0105c ryzyko niedobor\u00f3w czy zgrupowa\u0144 wewn\u0105trz g\u0142owicy drukuj\u0105cej. Dzi\u0119ki temu ka\u017cdy wydruk przebiega p\u0142ynnie \u2013 od pierwszej do ostatniej warstwy.<\/p>\n<p>\n<img decoding=\"async\" src=\"https:\/\/assets.innpro.pl\/17559\/23269\/7.jpg\" border=\"0\" alt=\"Model \u0142\u00f3dki w szarym kolorze wykonanej metod\u0105 druku 3D.\" \/>\n<\/p>\n<h3>Wszechstronna kompatybilno\u015b\u0107<\/h3>\n<p>Niezale\u017cnie od tego, czy korzystasz z nowoczesnej, szybko pracuj\u0105cej drukarki, czy klasycznego modelu, filament Anycubic dopasuje si\u0119 do Twoich potrzeb. Jednolita, bezszwowa struktura z kontrolowan\u0105 tolerancj\u0105 \u015brednicy sprawia, \u017ce materia\u0142 jest ca\u0142kowicie odporny na spl\u0105tania i gotowy do pracy w ka\u017cdym urz\u0105dzeniu dost\u0119pnym na rynku.<\/p>\n<p>\n<img decoding=\"async\" src=\"https:\/\/assets.innpro.pl\/17559\/23269\/5.jpg\" border=\"0\" alt=\"Model samochodu w szarym kolorze wykonanego za pomoc\u0105 druku 3D.\" \/>\n<\/p>\n<h3>Bezpieczne u\u017cytkowanie<\/h3>\n<p>Aby zachowa\u0107 sta\u0142\u0105 jako\u015b\u0107 i unikn\u0105\u0107 ewentualnych zator\u00f3w, nale\u017cy pami\u0119ta\u0107, by przed instalacj\u0105 filamentu rozgrza\u0107 g\u0142owic\u0119 drukarki do temperatury co najmniej 230 \u00b0C. Dzi\u0119ki temu materia\u0142 pop\u0142ynie bez przeszk\u00f3d, zapewniaj\u0105c Ci spok\u00f3j i p\u0142ynno\u015b\u0107 w trakcie ka\u017cdego, nawet najbardziej intensywnego druku.<\/p>\n<p>\n<img decoding=\"async\" src=\"https:\/\/assets.innpro.pl\/17559\/23269\/2.jpg\" border=\"0\" alt=\"Szary filament PLA Anycubic, w tle znajduje si\u0119 ten sam produkt.\" \/>\n<\/p>\n<div class=\"table-wrapper\">\n<p>\u00a0<\/p>\n<h3>Og\u00f3lne<\/h3>\n<table>\n<tbody>\n<tr>\n<th>Producent<\/th>\n<td>Anycubic<\/td>\n<\/tr>\n<tr>\n<th>Model<\/th>\n<td>IPHHSGY-106<\/td>\n<\/tr>\n<tr>\n<th>Kolor<\/th>\n<td>Szary<\/td>\n<\/tr>\n<tr>\n<th>Materia\u0142 <\/th>\n<td>PLA<\/td>\n<\/tr>\n<tr>\n<th>Wymiary<\/th>\n<td>1.75 mm<\/td>\n<\/tr>\n<tr>\n<th>Waga<\/th>\n<td>1 kg<\/td>\n<\/tr>\n<tr>\n<th>Obj\u0119to\u015b\u0107<\/th>\n<td>1.26 g\/cm\u00b3<\/td>\n<\/tr>\n<tr>\n<th>Wyd\u0142u\u017cenie przy zerwaniu<\/th>\n<td>12%<\/td>\n<\/tr>\n<tr>\n<th>Temperatura topnienia filamentu<\/th>\n<td>165\u2103<\/td>\n<\/tr>\n<tr>\n<th>Temperatura zniekszta\u0142ce\u0144 cieplnych<\/th>\n<td>56\u2103<\/td>\n<\/tr>\n<tr>\n<th>Dok\u0142adno\u015b\u0107<\/th>\n<td>\u00b10.02mm<\/td>\n<\/tr>\n<tr>\n<th>D\u0142ugo\u015b\u0107<\/th>\n<td>330 m<\/td>\n<\/tr>\n<tr>\n<th>Wytrzyma\u0142o\u015b\u0107 na rozci\u0105ganie<\/th>\n<td>54MPa<\/td>\n<\/tr>\n<tr>\n<th>Wytrzyma\u0142o\u015b\u0107 na zgi\u0119cia<\/th>\n<td>74MPa<\/td>\n<\/tr>\n<tr>\n<th>Wytrzyma\u0142o\u015b\u0107 na uderzenia Izod<\/th>\n<td>46J\/m<\/td>\n<\/tr>\n<tr>\n<th>Wska\u017anik topnienia<\/th>\n<td>4-69\/10min<\/td>\n<\/tr>\n<tr>\n<th>\u015arodowisko przechowywania<\/th>\n<td>Suche i wentylowane<\/td>\n<\/tr>\n<\/tbody>\n<\/table>\n<p>\u00a0<\/p>\n<h3>Rekomendowane parametry drukarki<\/h3>\n<table>\n<tbody>\n<tr>\n<th>Temperatura dyszy<\/th>\n<td>190-210\u00b0C (50-150mm\/s) | 210-230\u00b0C (150-300mm\/s) | 230-260\u00b0C (300-600mm\/s)<\/td>\n<\/tr>\n<tr>\n<th>Materia\u0142 platformy drukarki<\/th>\n<td>Delikatna magnetyczna naklejka<\/td>\n<\/tr>\n<tr>\n<th>Obr\u00f3bka powierzchni platformy drukuj\u0105cej<\/th>\n<td>Nie jest wymagana<\/td>\n<\/tr>\n<tr>\n<th>Temperatura platformy drukarki<\/th>\n<td>50-60\u00b0C<\/td>\n<\/tr>\n<tr>\n<th>Wentylator ch\u0142odz\u0105cy<\/th>\n<td>100%<\/td>\n<\/tr>\n<tr>\n<th>Pr\u0119dko\u015b\u0107 druku<\/th>\n<td>40-250mm\/s<\/td>\n<\/tr>\n<tr>\n<th>Pr\u0119dko\u015b\u0107 wci\u0105gania<\/th>\n<td>50mm\/s<\/td>\n<\/tr>\n<tr>\n<th>Rekomendowany materia\u0142<\/th>\n<td>PVA<\/td>\n<\/tr>\n<tr>\n<th>Temperatura suszenia<\/th>\n<td>50\u00b0C<\/td>\n<\/tr>\n<\/tbody>\n<\/table>\n<\/div>\n","protected":false},"excerpt":{"rendered":"<p>Filament High Speed PLA Anycubic 1 KG (Szary) Poznaj filament High Speed PLA od Anycubic, stworzony z my\u015bl\u0105 o b\u0142yskawicznym<\/p>\n","protected":false},"featured_media":49664,"comment_status":"closed","ping_status":"open","template":"","meta":{"_acf_changed":false},"product_brand":[],"product_cat":[6222,6225,6217],"product_tag":[],"class_list":{"0":"post-60755","1":"product","2":"type-product","3":"status-publish","4":"has-post-thumbnail","6":"product_cat-druk-3d-technologie-kreatywne","7":"product_cat-filamenty-druk-3d-technologie-kreatywne","8":"product_cat-technologie-kreatywne","9":"pa_okres-gwarancji-5757","10":"pa_producent-anycubic","12":"first","13":"outofstock","14":"taxable","15":"shipping-taxable","16":"purchasable","17":"product-type-simple"},"acf":[],"yoast_head":"<!-- This site is optimized with the Yoast SEO plugin v27.2 - https:\/\/yoast.com\/product\/yoast-seo-wordpress\/ -->\n<title>Filament ANYCUBIC High Speed PLA 1kg (szary) - IRONSKY.PL Sklep z Dronami<\/title>\n<meta name=\"description\" content=\"Filament ANYCUBIC High Speed PLA 1kg (szary) - \u2705 sklep z dronami i fachowym doradztwem. \u2705 Tutaj kupisz produkty DJI, Yuneec, Parrot, Syma i wiele innych, a tak\u017ce kursy i licencje na operatora drona.\" \/>\n<meta name=\"robots\" content=\"index, follow, max-snippet:-1, max-image-preview:large, max-video-preview:-1\" \/>\n<link rel=\"canonical\" href=\"https:\/\/ironsky.pl\/sklep\/produkt\/filament-anycubic-high-speed-pla-1kg-szary\/\" \/>\n<meta property=\"og:locale\" content=\"pl_PL\" \/>\n<meta property=\"og:type\" content=\"article\" \/>\n<meta property=\"og:title\" content=\"Filament ANYCUBIC High Speed PLA 1kg (szary) - IRONSKY.PL Sklep z Dronami\" \/>\n<meta property=\"og:description\" content=\"Filament ANYCUBIC High Speed PLA 1kg (szary) - \u2705 sklep z dronami i fachowym doradztwem. \u2705 Tutaj kupisz produkty DJI, Yuneec, Parrot, Syma i wiele innych, a tak\u017ce kursy i licencje na operatora drona.\" \/>\n<meta property=\"og:url\" content=\"https:\/\/ironsky.pl\/sklep\/produkt\/filament-anycubic-high-speed-pla-1kg-szary\/\" \/>\n<meta property=\"og:site_name\" content=\"IRONSKY.PL Sklep z Dronami\" \/>\n<meta property=\"article:modified_time\" content=\"2026-04-15T09:07:37+00:00\" \/>\n<meta property=\"og:image\" content=\"https:\/\/ironsky.pl\/sklep\/wp-content\/uploads\/2025\/10\/54133_1.jpg\" \/>\n\t<meta property=\"og:image:width\" content=\"800\" \/>\n\t<meta property=\"og:image:height\" content=\"800\" \/>\n\t<meta property=\"og:image:type\" content=\"image\/jpeg\" \/>\n<meta name=\"twitter:card\" content=\"summary_large_image\" \/>\n<meta name=\"twitter:label1\" content=\"Szacowany czas czytania\" \/>\n\t<meta name=\"twitter:data1\" content=\"2 minuty\" \/>\n<script type=\"application\/ld+json\" class=\"yoast-schema-graph\">{\"@context\":\"https:\/\/schema.org\",\"@graph\":[{\"@type\":\"WebPage\",\"@id\":\"https:\/\/ironsky.pl\/sklep\/produkt\/filament-anycubic-high-speed-pla-1kg-szary\/\",\"url\":\"https:\/\/ironsky.pl\/sklep\/produkt\/filament-anycubic-high-speed-pla-1kg-szary\/\",\"name\":\"Filament ANYCUBIC High Speed PLA 1kg (szary) - IRONSKY.PL Sklep z Dronami\",\"isPartOf\":{\"@id\":\"https:\/\/ironsky.pl\/sklep\/#website\"},\"primaryImageOfPage\":{\"@id\":\"https:\/\/ironsky.pl\/sklep\/produkt\/filament-anycubic-high-speed-pla-1kg-szary\/#primaryimage\"},\"image\":{\"@id\":\"https:\/\/ironsky.pl\/sklep\/produkt\/filament-anycubic-high-speed-pla-1kg-szary\/#primaryimage\"},\"thumbnailUrl\":\"https:\/\/ironsky.pl\/sklep\/wp-content\/uploads\/2025\/10\/54133_1.jpg\",\"datePublished\":\"2026-04-15T09:07:26+00:00\",\"dateModified\":\"2026-04-15T09:07:37+00:00\",\"description\":\"Filament ANYCUBIC High Speed PLA 1kg (szary) - \u2705 sklep z dronami i fachowym doradztwem. \u2705 Tutaj kupisz produkty DJI, Yuneec, Parrot, Syma i wiele innych, a tak\u017ce kursy i licencje na operatora drona.\",\"breadcrumb\":{\"@id\":\"https:\/\/ironsky.pl\/sklep\/produkt\/filament-anycubic-high-speed-pla-1kg-szary\/#breadcrumb\"},\"inLanguage\":\"pl-PL\",\"potentialAction\":[{\"@type\":\"ReadAction\",\"target\":[\"https:\/\/ironsky.pl\/sklep\/produkt\/filament-anycubic-high-speed-pla-1kg-szary\/\"]}]},{\"@type\":\"ImageObject\",\"inLanguage\":\"pl-PL\",\"@id\":\"https:\/\/ironsky.pl\/sklep\/produkt\/filament-anycubic-high-speed-pla-1kg-szary\/#primaryimage\",\"url\":\"https:\/\/ironsky.pl\/sklep\/wp-content\/uploads\/2025\/10\/54133_1.jpg\",\"contentUrl\":\"https:\/\/ironsky.pl\/sklep\/wp-content\/uploads\/2025\/10\/54133_1.jpg\",\"width\":800,\"height\":800},{\"@type\":\"BreadcrumbList\",\"@id\":\"https:\/\/ironsky.pl\/sklep\/produkt\/filament-anycubic-high-speed-pla-1kg-szary\/#breadcrumb\",\"itemListElement\":[{\"@type\":\"ListItem\",\"position\":1,\"name\":\"Strona g\u0142\u00f3wna\",\"item\":\"https:\/\/ironsky.pl\/sklep\/\"},{\"@type\":\"ListItem\",\"position\":2,\"name\":\"Wszystkie produkty\",\"item\":\"https:\/\/ironsky.pl\/sklep\/produkty\/\"},{\"@type\":\"ListItem\",\"position\":3,\"name\":\"Filament ANYCUBIC High Speed PLA 1kg (szary)\"}]},{\"@type\":\"WebSite\",\"@id\":\"https:\/\/ironsky.pl\/sklep\/#website\",\"url\":\"https:\/\/ironsky.pl\/sklep\/\",\"name\":\"IRONSKY.PL Sklep z Dronami\",\"description\":\"IRONSKY.PL Sklep z Dronami\",\"potentialAction\":[{\"@type\":\"SearchAction\",\"target\":{\"@type\":\"EntryPoint\",\"urlTemplate\":\"https:\/\/ironsky.pl\/sklep\/?s={search_term_string}\"},\"query-input\":{\"@type\":\"PropertyValueSpecification\",\"valueRequired\":true,\"valueName\":\"search_term_string\"}}],\"inLanguage\":\"pl-PL\"}]}<\/script>\n<!-- \/ Yoast SEO plugin. -->","yoast_head_json":{"title":"Filament ANYCUBIC High Speed PLA 1kg (szary) - IRONSKY.PL Sklep z Dronami","description":"Filament ANYCUBIC High Speed PLA 1kg (szary) - \u2705 sklep z dronami i fachowym doradztwem. \u2705 Tutaj kupisz produkty DJI, Yuneec, Parrot, Syma i wiele innych, a tak\u017ce kursy i licencje na operatora drona.","robots":{"index":"index","follow":"follow","max-snippet":"max-snippet:-1","max-image-preview":"max-image-preview:large","max-video-preview":"max-video-preview:-1"},"canonical":"https:\/\/ironsky.pl\/sklep\/produkt\/filament-anycubic-high-speed-pla-1kg-szary\/","og_locale":"pl_PL","og_type":"article","og_title":"Filament ANYCUBIC High Speed PLA 1kg (szary) - IRONSKY.PL Sklep z Dronami","og_description":"Filament ANYCUBIC High Speed PLA 1kg (szary) - \u2705 sklep z dronami i fachowym doradztwem. \u2705 Tutaj kupisz produkty DJI, Yuneec, Parrot, Syma i wiele innych, a tak\u017ce kursy i licencje na operatora drona.","og_url":"https:\/\/ironsky.pl\/sklep\/produkt\/filament-anycubic-high-speed-pla-1kg-szary\/","og_site_name":"IRONSKY.PL Sklep z Dronami","article_modified_time":"2026-04-15T09:07:37+00:00","og_image":[{"width":800,"height":800,"url":"https:\/\/ironsky.pl\/sklep\/wp-content\/uploads\/2025\/10\/54133_1.jpg","type":"image\/jpeg"}],"twitter_card":"summary_large_image","twitter_misc":{"Szacowany czas czytania":"2 minuty"},"schema":{"@context":"https:\/\/schema.org","@graph":[{"@type":"WebPage","@id":"https:\/\/ironsky.pl\/sklep\/produkt\/filament-anycubic-high-speed-pla-1kg-szary\/","url":"https:\/\/ironsky.pl\/sklep\/produkt\/filament-anycubic-high-speed-pla-1kg-szary\/","name":"Filament ANYCUBIC High Speed PLA 1kg (szary) - IRONSKY.PL Sklep z Dronami","isPartOf":{"@id":"https:\/\/ironsky.pl\/sklep\/#website"},"primaryImageOfPage":{"@id":"https:\/\/ironsky.pl\/sklep\/produkt\/filament-anycubic-high-speed-pla-1kg-szary\/#primaryimage"},"image":{"@id":"https:\/\/ironsky.pl\/sklep\/produkt\/filament-anycubic-high-speed-pla-1kg-szary\/#primaryimage"},"thumbnailUrl":"https:\/\/ironsky.pl\/sklep\/wp-content\/uploads\/2025\/10\/54133_1.jpg","datePublished":"2026-04-15T09:07:26+00:00","dateModified":"2026-04-15T09:07:37+00:00","description":"Filament ANYCUBIC High Speed PLA 1kg (szary) - \u2705 sklep z dronami i fachowym doradztwem. \u2705 Tutaj kupisz produkty DJI, Yuneec, Parrot, Syma i wiele innych, a tak\u017ce kursy i licencje na operatora drona.","breadcrumb":{"@id":"https:\/\/ironsky.pl\/sklep\/produkt\/filament-anycubic-high-speed-pla-1kg-szary\/#breadcrumb"},"inLanguage":"pl-PL","potentialAction":[{"@type":"ReadAction","target":["https:\/\/ironsky.pl\/sklep\/produkt\/filament-anycubic-high-speed-pla-1kg-szary\/"]}]},{"@type":"ImageObject","inLanguage":"pl-PL","@id":"https:\/\/ironsky.pl\/sklep\/produkt\/filament-anycubic-high-speed-pla-1kg-szary\/#primaryimage","url":"https:\/\/ironsky.pl\/sklep\/wp-content\/uploads\/2025\/10\/54133_1.jpg","contentUrl":"https:\/\/ironsky.pl\/sklep\/wp-content\/uploads\/2025\/10\/54133_1.jpg","width":800,"height":800},{"@type":"BreadcrumbList","@id":"https:\/\/ironsky.pl\/sklep\/produkt\/filament-anycubic-high-speed-pla-1kg-szary\/#breadcrumb","itemListElement":[{"@type":"ListItem","position":1,"name":"Strona g\u0142\u00f3wna","item":"https:\/\/ironsky.pl\/sklep\/"},{"@type":"ListItem","position":2,"name":"Wszystkie produkty","item":"https:\/\/ironsky.pl\/sklep\/produkty\/"},{"@type":"ListItem","position":3,"name":"Filament ANYCUBIC High Speed PLA 1kg (szary)"}]},{"@type":"WebSite","@id":"https:\/\/ironsky.pl\/sklep\/#website","url":"https:\/\/ironsky.pl\/sklep\/","name":"IRONSKY.PL Sklep z Dronami","description":"IRONSKY.PL Sklep z Dronami","potentialAction":[{"@type":"SearchAction","target":{"@type":"EntryPoint","urlTemplate":"https:\/\/ironsky.pl\/sklep\/?s={search_term_string}"},"query-input":{"@type":"PropertyValueSpecification","valueRequired":true,"valueName":"search_term_string"}}],"inLanguage":"pl-PL"}]}},"_links":{"self":[{"href":"https:\/\/ironsky.pl\/sklep\/wp-json\/wp\/v2\/product\/60755","targetHints":{"allow":["GET"]}}],"collection":[{"href":"https:\/\/ironsky.pl\/sklep\/wp-json\/wp\/v2\/product"}],"about":[{"href":"https:\/\/ironsky.pl\/sklep\/wp-json\/wp\/v2\/types\/product"}],"replies":[{"embeddable":true,"href":"https:\/\/ironsky.pl\/sklep\/wp-json\/wp\/v2\/comments?post=60755"}],"wp:featuredmedia":[{"embeddable":true,"href":"https:\/\/ironsky.pl\/sklep\/wp-json\/wp\/v2\/media\/49664"}],"wp:attachment":[{"href":"https:\/\/ironsky.pl\/sklep\/wp-json\/wp\/v2\/media?parent=60755"}],"wp:term":[{"taxonomy":"product_brand","embeddable":true,"href":"https:\/\/ironsky.pl\/sklep\/wp-json\/wp\/v2\/product_brand?post=60755"},{"taxonomy":"product_cat","embeddable":true,"href":"https:\/\/ironsky.pl\/sklep\/wp-json\/wp\/v2\/product_cat?post=60755"},{"taxonomy":"product_tag","embeddable":true,"href":"https:\/\/ironsky.pl\/sklep\/wp-json\/wp\/v2\/product_tag?post=60755"}],"curies":[{"name":"wp","href":"https:\/\/api.w.org\/{rel}","templated":true}]}}