{"id":60751,"date":"2026-04-15T11:07:26","date_gmt":"2026-04-15T09:07:26","guid":{"rendered":"https:\/\/ironsky.pl\/sklep\/produkt\/filament-anycubic-pla-1kg-fioletowy\/"},"modified":"2026-04-15T11:07:32","modified_gmt":"2026-04-15T09:07:32","slug":"filament-anycubic-pla-1kg-fioletowy","status":"publish","type":"product","link":"https:\/\/ironsky.pl\/sklep\/produkt\/filament-anycubic-pla-1kg-fioletowy\/","title":{"rendered":"Filament ANYCUBIC PLA 1kg (fioletowy)"},"content":{"rendered":"<h3>Filament PLA Anycubic 1 KG (Interstellar Violet)<\/h3>\n<p>Filament PLA Anycubic \u0142\u0105czy ze sob\u0105 precyzj\u0119 i ochron\u0119 o \u015brodowisko. Dzi\u0119ki doskona\u0142emu, czystemu nawini\u0119ciu ka\u017cda szpula gwarantuje p\u0142ynny, nieprzerwany proces druku, a r\u00f3wnomierna \u015brednica z tolerancj\u0105 \u00b10,02 mm eliminuje p\u0119cherzyki powietrza i ryzyko zapychania dyszy. Kolor pozostaje intensywny od pierwszej do ostatniej warstwy, a biodegradowalny PLA z naturalnych upraw kukurydzy to \u015bwiadomy wyb\u00f3r przyjazny planecie. Dodatkowo wbudowany chip RFiD automatycznie optymalizuje parametry drukarki, zapewniaj\u0105c perfekcyjne rezultaty bez konieczno\u015bci manualnej kalibracji. Z Anycubic ka\u017cdy projekt zyska blask i najwy\u017csz\u0105 jako\u015b\u0107.<\/p>\n<p>\n<img decoding=\"async\" src=\"https:\/\/assets.innpro.pl\/17555\/23261\/1.jpg\" border=\"0\" alt=\"Filament w kolorze fioletowym, obok niego stoi mysz do komputera wykonana za pomoc\u0105 druku 3D.\" \/>\n<\/p>\n<h3>Doskona\u0142e nawijanie bez pl\u0105taniny<\/h3>\n<p>Szpula filamentu Anycubic zosta\u0142a zaprojektowana tak, aby zapewni\u0107 idealne nawini\u0119cie materia\u0142u. Dzi\u0119ki precyzyjnemu sterowaniu naci\u0105giem w\u0142\u00f3kna nie musisz obawia\u0107 si\u0119 zaci\u0119\u0107 ani niespodziewanych przerw w pracy. Ka\u017cdy metr filamentu Anycubic wysuwa si\u0119 g\u0142adko i bez zak\u0142\u00f3ce\u0144, co przek\u0142ada si\u0119 na stabilny i nieprzerwany proces druku.<\/p>\n<p>\n<img decoding=\"async\" src=\"https:\/\/assets.innpro.pl\/17555\/23261\/3.jpg\" border=\"0\" alt=\"Mysz komputerowa w kolorze zielonym wykonana za pomoc\u0105 druku 3D.\" \/>\n<\/p>\n<h3>Perfekcyjna precyzja i jednolito\u015b\u0107 koloru<\/h3>\n<p>Filament zachowuje r\u00f3wnomiern\u0105 \u015brednic\u0119 z tolerancj\u0105 +0,02 mm co gwarantuje brak p\u0119cherzyk\u00f3w powietrza oraz ca\u0142kowite wyeliminowanie ryzyka zapychania si\u0119 dyszy. Ka\u017cda warstwa wydruku prezentuje si\u0119 r\u00f3wno i g\u0142adko a barwa pozostaje intensywna i sp\u00f3jna od pocz\u0105tku do ko\u0144ca projektu.<\/p>\n<p>\n<img decoding=\"async\" src=\"https:\/\/assets.innpro.pl\/17555\/23261\/6.jpg\" border=\"0\" alt=\"Cztery rolki filament\u00f3w w r\u00f3\u017cnych kolorach na b\u0142\u0119kitnym tle.\" \/>\n<\/p>\n<h3>Materia\u0142 przyjazny \u015brodowisku<\/h3>\n<p>PLA stosowany w filamencie Anycubic wytwarzany jest z kwasu mlekowego powsta\u0142ego w wyniku fermentacji skrobi kukurydzy lub innych ro\u015blin. Dzi\u0119ki swojej biodegradowalnej naturze jest przyjazny dla planety i w pe\u0142ni bezpieczny w u\u017cytkowaniu. Wybieraj\u0105c Anycubic dbasz nie tylko o jako\u015b\u0107 swoich wydruk\u00f3w, ale tak\u017ce o \u015brodowisko.<\/p>\n<p>\n<img decoding=\"async\" src=\"https:\/\/assets.innpro.pl\/17555\/23261\/5.jpg\" border=\"0\" alt=\"Figurka przedstawiaj\u0105ca karuzel\u0119 w bia\u0142o-niebieskim kolorze stoj\u0105ca na drewnianej szafce nocnej.\" \/>\n<\/p>\n<h3>Inteligentne ustawienia z technologi\u0105 RFiD<\/h3>\n<p>Wbudowany w szpul\u0119 chip RFiD wsp\u00f3\u0142pracuje z dost\u0119pnym w osobnej sprzeda\u017cy modu\u0142em Anycubic Color Engine Pro w celu automatycznego rozpoznania rodzaju filamentu i dostosowania parametr\u00f3w drukarki. Ustawienia druku s\u0105 optymalizowane w spos\u00f3b bezinwazyjny, co pozwala osi\u0105gn\u0105\u0107 najlepsze rezultaty bez konieczno\u015bci r\u0119cznego kalibrowania urz\u0105dzenia.<\/p>\n<p>\n<img decoding=\"async\" src=\"https:\/\/assets.innpro.pl\/17555\/23261\/4.jpg\" border=\"0\" alt=\"Cztery pary okular\u00f3w przeciws\u0142onecznych, kt\u00f3rych ramy zosta\u0142y wykonane za pomoc\u0105 druku 3D.\" \/>\n<\/p>\n<div class=\"table-wrapper\">\n<p>\u00a0<\/p>\n<h3><\/h3>\n<table>\n<tbody>\n<tr>\n<th>Producent<\/th>\n<td>Anycubic<\/td>\n<\/tr>\n<tr>\n<th>Model<\/th>\n<td>IPHPL16-106<\/td>\n<\/tr>\n<tr>\n<th>Materia\u0142 <\/th>\n<td>PLA<\/td>\n<\/tr>\n<tr>\n<th>Wymiary<\/th>\n<td>1.75\u00b10.02mm<\/td>\n<\/tr>\n<tr>\n<th>Ca\u0142kowita d\u0142ugo\u015b\u0107<\/th>\n<td>330 m<\/td>\n<\/tr>\n<tr>\n<th>Waga<\/th>\n<td>1 kg<\/td>\n<\/tr>\n<tr>\n<th>Twardo\u015b\u0107<\/th>\n<td>81D<\/td>\n<\/tr>\n<tr>\n<th>Temperatura dyszy<\/th>\n<td>200-210\u2103<\/td>\n<\/tr>\n<tr>\n<th>Temperatura sto\u0142u grzewczego<\/th>\n<td>50-60\u2103<\/td>\n<\/tr>\n<tr>\n<th>Wytrzyma\u0142o\u015b\u0107 na rozci\u0105gni\u0119cia<\/th>\n<td>61 Mpa<\/td>\n<\/tr>\n<tr>\n<th>Obj\u0119to\u015b\u0107<\/th>\n<td>1.23g\/cm\u00b3<\/td>\n<\/tr>\n<tr>\n<th>Kolor<\/th>\n<td>Fioletowy (Interstellar Violet)<\/td>\n<\/tr>\n<\/tbody>\n<\/table>\n<\/div>\n","protected":false},"excerpt":{"rendered":"<p>Filament PLA Anycubic 1 KG (Interstellar Violet) Filament PLA Anycubic \u0142\u0105czy ze sob\u0105 precyzj\u0119 i ochron\u0119 o \u015brodowisko. Dzi\u0119ki doskona\u0142emu,<\/p>\n","protected":false},"featured_media":49656,"comment_status":"closed","ping_status":"open","template":"","meta":{"_acf_changed":false},"product_brand":[],"product_cat":[6222,6225,6217],"product_tag":[],"class_list":{"0":"post-60751","1":"product","2":"type-product","3":"status-publish","4":"has-post-thumbnail","6":"product_cat-druk-3d-technologie-kreatywne","7":"product_cat-filamenty-druk-3d-technologie-kreatywne","8":"product_cat-technologie-kreatywne","9":"pa_okres-gwarancji-5757","10":"pa_producent-anycubic","12":"first","13":"outofstock","14":"taxable","15":"shipping-taxable","16":"purchasable","17":"product-type-simple"},"acf":[],"yoast_head":"<!-- This site is optimized with the Yoast SEO plugin v27.2 - https:\/\/yoast.com\/product\/yoast-seo-wordpress\/ -->\n<title>Filament ANYCUBIC PLA 1kg (fioletowy) - IRONSKY.PL Sklep z Dronami<\/title>\n<meta name=\"description\" content=\"Filament ANYCUBIC PLA 1kg (fioletowy) - \u2705 sklep z dronami i fachowym doradztwem. \u2705 Tutaj kupisz produkty DJI, Yuneec, Parrot, Syma i wiele innych, a tak\u017ce kursy i licencje na operatora drona.\" \/>\n<meta name=\"robots\" content=\"index, follow, max-snippet:-1, max-image-preview:large, max-video-preview:-1\" \/>\n<link rel=\"canonical\" href=\"https:\/\/ironsky.pl\/sklep\/produkt\/filament-anycubic-pla-1kg-fioletowy\/\" \/>\n<meta property=\"og:locale\" content=\"pl_PL\" \/>\n<meta property=\"og:type\" content=\"article\" \/>\n<meta property=\"og:title\" content=\"Filament ANYCUBIC PLA 1kg (fioletowy) - IRONSKY.PL Sklep z Dronami\" \/>\n<meta property=\"og:description\" content=\"Filament ANYCUBIC PLA 1kg (fioletowy) - \u2705 sklep z dronami i fachowym doradztwem. \u2705 Tutaj kupisz produkty DJI, Yuneec, Parrot, Syma i wiele innych, a tak\u017ce kursy i licencje na operatora drona.\" \/>\n<meta property=\"og:url\" content=\"https:\/\/ironsky.pl\/sklep\/produkt\/filament-anycubic-pla-1kg-fioletowy\/\" \/>\n<meta property=\"og:site_name\" content=\"IRONSKY.PL Sklep z Dronami\" \/>\n<meta property=\"article:modified_time\" content=\"2026-04-15T09:07:32+00:00\" \/>\n<meta property=\"og:image\" content=\"https:\/\/ironsky.pl\/sklep\/wp-content\/uploads\/2025\/10\/54129_1.jpg\" \/>\n\t<meta property=\"og:image:width\" content=\"800\" \/>\n\t<meta property=\"og:image:height\" content=\"800\" \/>\n\t<meta property=\"og:image:type\" content=\"image\/jpeg\" \/>\n<meta name=\"twitter:card\" content=\"summary_large_image\" \/>\n<meta name=\"twitter:label1\" content=\"Szacowany czas czytania\" \/>\n\t<meta name=\"twitter:data1\" content=\"2 minuty\" \/>\n<script type=\"application\/ld+json\" class=\"yoast-schema-graph\">{\"@context\":\"https:\/\/schema.org\",\"@graph\":[{\"@type\":\"WebPage\",\"@id\":\"https:\/\/ironsky.pl\/sklep\/produkt\/filament-anycubic-pla-1kg-fioletowy\/\",\"url\":\"https:\/\/ironsky.pl\/sklep\/produkt\/filament-anycubic-pla-1kg-fioletowy\/\",\"name\":\"Filament ANYCUBIC PLA 1kg (fioletowy) - IRONSKY.PL Sklep z Dronami\",\"isPartOf\":{\"@id\":\"https:\/\/ironsky.pl\/sklep\/#website\"},\"primaryImageOfPage\":{\"@id\":\"https:\/\/ironsky.pl\/sklep\/produkt\/filament-anycubic-pla-1kg-fioletowy\/#primaryimage\"},\"image\":{\"@id\":\"https:\/\/ironsky.pl\/sklep\/produkt\/filament-anycubic-pla-1kg-fioletowy\/#primaryimage\"},\"thumbnailUrl\":\"https:\/\/ironsky.pl\/sklep\/wp-content\/uploads\/2025\/10\/54129_1.jpg\",\"datePublished\":\"2026-04-15T09:07:26+00:00\",\"dateModified\":\"2026-04-15T09:07:32+00:00\",\"description\":\"Filament ANYCUBIC PLA 1kg (fioletowy) - \u2705 sklep z dronami i fachowym doradztwem. \u2705 Tutaj kupisz produkty DJI, Yuneec, Parrot, Syma i wiele innych, a tak\u017ce kursy i licencje na operatora drona.\",\"breadcrumb\":{\"@id\":\"https:\/\/ironsky.pl\/sklep\/produkt\/filament-anycubic-pla-1kg-fioletowy\/#breadcrumb\"},\"inLanguage\":\"pl-PL\",\"potentialAction\":[{\"@type\":\"ReadAction\",\"target\":[\"https:\/\/ironsky.pl\/sklep\/produkt\/filament-anycubic-pla-1kg-fioletowy\/\"]}]},{\"@type\":\"ImageObject\",\"inLanguage\":\"pl-PL\",\"@id\":\"https:\/\/ironsky.pl\/sklep\/produkt\/filament-anycubic-pla-1kg-fioletowy\/#primaryimage\",\"url\":\"https:\/\/ironsky.pl\/sklep\/wp-content\/uploads\/2025\/10\/54129_1.jpg\",\"contentUrl\":\"https:\/\/ironsky.pl\/sklep\/wp-content\/uploads\/2025\/10\/54129_1.jpg\",\"width\":800,\"height\":800},{\"@type\":\"BreadcrumbList\",\"@id\":\"https:\/\/ironsky.pl\/sklep\/produkt\/filament-anycubic-pla-1kg-fioletowy\/#breadcrumb\",\"itemListElement\":[{\"@type\":\"ListItem\",\"position\":1,\"name\":\"Strona g\u0142\u00f3wna\",\"item\":\"https:\/\/ironsky.pl\/sklep\/\"},{\"@type\":\"ListItem\",\"position\":2,\"name\":\"Wszystkie produkty\",\"item\":\"https:\/\/ironsky.pl\/sklep\/produkty\/\"},{\"@type\":\"ListItem\",\"position\":3,\"name\":\"Filament ANYCUBIC PLA 1kg (fioletowy)\"}]},{\"@type\":\"WebSite\",\"@id\":\"https:\/\/ironsky.pl\/sklep\/#website\",\"url\":\"https:\/\/ironsky.pl\/sklep\/\",\"name\":\"IRONSKY.PL Sklep z Dronami\",\"description\":\"IRONSKY.PL Sklep z Dronami\",\"potentialAction\":[{\"@type\":\"SearchAction\",\"target\":{\"@type\":\"EntryPoint\",\"urlTemplate\":\"https:\/\/ironsky.pl\/sklep\/?s={search_term_string}\"},\"query-input\":{\"@type\":\"PropertyValueSpecification\",\"valueRequired\":true,\"valueName\":\"search_term_string\"}}],\"inLanguage\":\"pl-PL\"}]}<\/script>\n<!-- \/ Yoast SEO plugin. -->","yoast_head_json":{"title":"Filament ANYCUBIC PLA 1kg (fioletowy) - IRONSKY.PL Sklep z Dronami","description":"Filament ANYCUBIC PLA 1kg (fioletowy) - \u2705 sklep z dronami i fachowym doradztwem. \u2705 Tutaj kupisz produkty DJI, Yuneec, Parrot, Syma i wiele innych, a tak\u017ce kursy i licencje na operatora drona.","robots":{"index":"index","follow":"follow","max-snippet":"max-snippet:-1","max-image-preview":"max-image-preview:large","max-video-preview":"max-video-preview:-1"},"canonical":"https:\/\/ironsky.pl\/sklep\/produkt\/filament-anycubic-pla-1kg-fioletowy\/","og_locale":"pl_PL","og_type":"article","og_title":"Filament ANYCUBIC PLA 1kg (fioletowy) - IRONSKY.PL Sklep z Dronami","og_description":"Filament ANYCUBIC PLA 1kg (fioletowy) - \u2705 sklep z dronami i fachowym doradztwem. \u2705 Tutaj kupisz produkty DJI, Yuneec, Parrot, Syma i wiele innych, a tak\u017ce kursy i licencje na operatora drona.","og_url":"https:\/\/ironsky.pl\/sklep\/produkt\/filament-anycubic-pla-1kg-fioletowy\/","og_site_name":"IRONSKY.PL Sklep z Dronami","article_modified_time":"2026-04-15T09:07:32+00:00","og_image":[{"width":800,"height":800,"url":"https:\/\/ironsky.pl\/sklep\/wp-content\/uploads\/2025\/10\/54129_1.jpg","type":"image\/jpeg"}],"twitter_card":"summary_large_image","twitter_misc":{"Szacowany czas czytania":"2 minuty"},"schema":{"@context":"https:\/\/schema.org","@graph":[{"@type":"WebPage","@id":"https:\/\/ironsky.pl\/sklep\/produkt\/filament-anycubic-pla-1kg-fioletowy\/","url":"https:\/\/ironsky.pl\/sklep\/produkt\/filament-anycubic-pla-1kg-fioletowy\/","name":"Filament ANYCUBIC PLA 1kg (fioletowy) - IRONSKY.PL Sklep z Dronami","isPartOf":{"@id":"https:\/\/ironsky.pl\/sklep\/#website"},"primaryImageOfPage":{"@id":"https:\/\/ironsky.pl\/sklep\/produkt\/filament-anycubic-pla-1kg-fioletowy\/#primaryimage"},"image":{"@id":"https:\/\/ironsky.pl\/sklep\/produkt\/filament-anycubic-pla-1kg-fioletowy\/#primaryimage"},"thumbnailUrl":"https:\/\/ironsky.pl\/sklep\/wp-content\/uploads\/2025\/10\/54129_1.jpg","datePublished":"2026-04-15T09:07:26+00:00","dateModified":"2026-04-15T09:07:32+00:00","description":"Filament ANYCUBIC PLA 1kg (fioletowy) - \u2705 sklep z dronami i fachowym doradztwem. \u2705 Tutaj kupisz produkty DJI, Yuneec, Parrot, Syma i wiele innych, a tak\u017ce kursy i licencje na operatora drona.","breadcrumb":{"@id":"https:\/\/ironsky.pl\/sklep\/produkt\/filament-anycubic-pla-1kg-fioletowy\/#breadcrumb"},"inLanguage":"pl-PL","potentialAction":[{"@type":"ReadAction","target":["https:\/\/ironsky.pl\/sklep\/produkt\/filament-anycubic-pla-1kg-fioletowy\/"]}]},{"@type":"ImageObject","inLanguage":"pl-PL","@id":"https:\/\/ironsky.pl\/sklep\/produkt\/filament-anycubic-pla-1kg-fioletowy\/#primaryimage","url":"https:\/\/ironsky.pl\/sklep\/wp-content\/uploads\/2025\/10\/54129_1.jpg","contentUrl":"https:\/\/ironsky.pl\/sklep\/wp-content\/uploads\/2025\/10\/54129_1.jpg","width":800,"height":800},{"@type":"BreadcrumbList","@id":"https:\/\/ironsky.pl\/sklep\/produkt\/filament-anycubic-pla-1kg-fioletowy\/#breadcrumb","itemListElement":[{"@type":"ListItem","position":1,"name":"Strona g\u0142\u00f3wna","item":"https:\/\/ironsky.pl\/sklep\/"},{"@type":"ListItem","position":2,"name":"Wszystkie produkty","item":"https:\/\/ironsky.pl\/sklep\/produkty\/"},{"@type":"ListItem","position":3,"name":"Filament ANYCUBIC PLA 1kg (fioletowy)"}]},{"@type":"WebSite","@id":"https:\/\/ironsky.pl\/sklep\/#website","url":"https:\/\/ironsky.pl\/sklep\/","name":"IRONSKY.PL Sklep z Dronami","description":"IRONSKY.PL Sklep z Dronami","potentialAction":[{"@type":"SearchAction","target":{"@type":"EntryPoint","urlTemplate":"https:\/\/ironsky.pl\/sklep\/?s={search_term_string}"},"query-input":{"@type":"PropertyValueSpecification","valueRequired":true,"valueName":"search_term_string"}}],"inLanguage":"pl-PL"}]}},"_links":{"self":[{"href":"https:\/\/ironsky.pl\/sklep\/wp-json\/wp\/v2\/product\/60751","targetHints":{"allow":["GET"]}}],"collection":[{"href":"https:\/\/ironsky.pl\/sklep\/wp-json\/wp\/v2\/product"}],"about":[{"href":"https:\/\/ironsky.pl\/sklep\/wp-json\/wp\/v2\/types\/product"}],"replies":[{"embeddable":true,"href":"https:\/\/ironsky.pl\/sklep\/wp-json\/wp\/v2\/comments?post=60751"}],"wp:featuredmedia":[{"embeddable":true,"href":"https:\/\/ironsky.pl\/sklep\/wp-json\/wp\/v2\/media\/49656"}],"wp:attachment":[{"href":"https:\/\/ironsky.pl\/sklep\/wp-json\/wp\/v2\/media?parent=60751"}],"wp:term":[{"taxonomy":"product_brand","embeddable":true,"href":"https:\/\/ironsky.pl\/sklep\/wp-json\/wp\/v2\/product_brand?post=60751"},{"taxonomy":"product_cat","embeddable":true,"href":"https:\/\/ironsky.pl\/sklep\/wp-json\/wp\/v2\/product_cat?post=60751"},{"taxonomy":"product_tag","embeddable":true,"href":"https:\/\/ironsky.pl\/sklep\/wp-json\/wp\/v2\/product_tag?post=60751"}],"curies":[{"name":"wp","href":"https:\/\/api.w.org\/{rel}","templated":true}]}}