{"id":60677,"date":"2026-04-15T11:05:17","date_gmt":"2026-04-15T09:05:17","guid":{"rendered":"https:\/\/ironsky.pl\/sklep\/produkt\/stacja-zasilania-ecoflow-delta-2-1024wh-panel-400w\/"},"modified":"2026-04-15T11:06:04","modified_gmt":"2026-04-15T09:06:04","slug":"stacja-zasilania-ecoflow-delta-2-1024wh-panel-400w","status":"publish","type":"product","link":"https:\/\/ironsky.pl\/sklep\/produkt\/stacja-zasilania-ecoflow-delta-2-1024wh-panel-400w\/","title":{"rendered":"Stacja zasilania ECOFLOW Delta 2 1024Wh + panel 400W"},"content":{"rendered":"<h3>Zestaw: Stacja zasilania EcoFlow Delta 2 + panel fotowoltaiczny 400W<\/h3>\n<p>EcoFlow DELTA 2 to przeno\u015bna stacja zasilania, kt\u00f3ra pozwoli Ci przygotowa\u0107 si\u0119 na nieprzewidziane okoliczno\u015bci. Dzi\u0119ki wysokiej mocy wyj\u015bciowej dostarczy energii wi\u0119kszo\u015bci Twoich urz\u0105dze\u0144, gdy zabraknie pr\u0105du lub wybierzesz si\u0119 w podr\u00f3\u017c kamperem. Technologia X-Stream umo\u017cliwia jej szybkie \u0142adowanie, a aplikacja EcoFlow zapewni wygodny dost\u0119p do najwa\u017cniejszych funkcji i ustawie\u0144. Stacja wyr\u00f3\u017cnia si\u0119 pojemno\u015bci\u0105 1024 Wh, kt\u00f3r\u0105 mo\u017cna rozszerzy\u0107 za pomoc\u0105 dodatkowych akumulator\u00f3w. DELTA 2 jest przy tym zaskakuj\u0105co lekka i \u0142atwa w przenoszeniu. Mo\u017cesz te\u017c \u0142adowa\u0107 j\u0105 na kilka sposob\u00f3w, w tym przy u\u017cyciu do\u0142\u0105czonego do zestawu panelu fotowoltaicznego o mocy 400W.<\/p>\n<p>\n<img decoding=\"async\" src=\"https:\/\/assets.innpro.pl\/17038\/22311\/21.jpg\" border=\"0\" alt=\"Przeno\u015bna stacja energii EcoFlow z panelami solarnymi na jasnym tle, system zasilania awaryjnego\" \/>\n<\/p>\n<h3>Du\u017ca pojemno\u015b\u0107 z mo\u017cliwo\u015bci\u0105 rozszerzenia<\/h3>\n<p>Miej pewno\u015b\u0107, \u017ce nie zabraknie Ci energii do zasilania Twoich sprz\u0119t\u00f3w. DELTA 2 charakteryzuje si\u0119 pojemno\u015bci\u0105 a\u017c 1024 Wh, co w zupe\u0142no\u015bci wystarczy do zaspokojenia podstawowych potrzeb. Potrzebujesz jeszcze wi\u0119cej? Nie ma problemu! Mo\u017cesz rozszerzy\u0107 pojemno\u015b\u0107 stacji do 2048 Wh za pomoc\u0105 przeznaczonego dla niej dodatkowego akumulatora lub do nawet 3040 Wh za pomoc\u0105 akumulatora stworzonego z my\u015bl\u0105 o DELCIE Max. To idealne rozwi\u0105zanie, je\u015bli chcesz zapewni\u0107 sobie d\u0142ugotrwa\u0142e dzia\u0142anie wybranych urz\u0105dze\u0144 na wypadek awarii pr\u0105du!<\/p>\n<p>\n<img decoding=\"async\" src=\"https:\/\/assets.innpro.pl\/17038\/22311\/6.jpg\" border=\"0\" alt=\"Dwie stacje energii EcoFlow u\u0142o\u017cone pionowo w kuchni, czarne obudowy z wy\u015bwietlaczami LED\" \/>\n<\/p>\n<h3>Zasili prawie wszystko<\/h3>\n<p>Produkt wyr\u00f3\u017cnia si\u0119 moc\u0105 wyj\u015bciow\u0105 na poziomie a\u017c 1800 W, co oznacza, \u017ce bez problemu zasili oko\u0142o 90% powszechnie u\u017cywanych sprz\u0119t\u00f3w domowych. Lod\u00f3wka, mikrofal\u00f3wka, a nawet ekspres do kawy \u2013 DELTA 2 Ci\u0119 nie zawiedzie. Co wi\u0119cej, szereg dost\u0119pnych gniazdek takich jak AC, USB-A czy USB-C sprawia, \u017ce mo\u017cesz pod\u0142\u0105czy\u0107 do stacji nawet kilkana\u015bcie urz\u0105dze\u0144 jednocze\u015bnie. Nie musisz te\u017c obawia\u0107 si\u0119 przeci\u0105\u017cenia. Dzi\u0119ki technologii X-Boost DELTA 2 bez problemu poradzi sobie ze sprz\u0119tem o mocy do 2400 W.<\/p>\n<p>\n<img decoding=\"async\" src=\"https:\/\/assets.innpro.pl\/17038\/22311\/17.jpg\" border=\"0\" alt=\"Stacja energii EcoFlow na stole piknikowym z jedzeniem, kobieta w bordowej kurtce wtle\" \/>\n<\/p>\n<h3>Jeszcze szybsze \u0142adowanie<\/h3>\n<p>Nie czekaj zbyt d\u0142ugo, a\u017c Twoja DELTA 2 b\u0119dzie zn\u00f3w gotowa do pracy! Stacja obs\u0142uguje technologi\u0119 X-Stream, dzi\u0119ki czemu \u0142aduje si\u0119 nawet 7 razy szybciej ni\u017c inne urz\u0105dzenia tego typu. Wystarczy oko\u0142o 50 minut, aby za pomoc\u0105 gniazdka AC na\u0142adowa\u0107 j\u0105 do 80%. 100% energii odzyska ju\u017c po oko\u0142o 80 minutach! Co wi\u0119cej, ulepszony akumulator wyr\u00f3\u017cnia si\u0119 nawet 6-krotnie d\u0142u\u017csz\u0105 \u017cywotno\u015bci\u0105 \u2013 mo\u017cesz korzysta\u0107 z niego przez oko\u0142o 10 lat (3000 cykli \u0142adowania), zanim jego pojemno\u015b\u0107 spadnie do 80%. Za jego bezpieczne i wydajne dzia\u0142anie odpowiada zaawansowany system BMS.<\/p>\n<p>\n<img decoding=\"async\" src=\"https:\/\/assets.innpro.pl\/17038\/22311\/10.jpg\" border=\"0\" alt=\"M\u0119\u017cczyzna z aparatem na balkonie obok kompaktowej stacji energii EcoFlow, widok na ziele\u0144\" \/>\n<\/p>\n<h3>Korzystaj z zielonej energii<\/h3>\n<p>Do \u0142adowania swojej stacji mo\u017cesz te\u017c wykorzysta\u0107 darmow\u0105, og\u00f3lnodost\u0119pn\u0105 energi\u0119 s\u0142oneczn\u0105. Wystarczy, \u017ce po\u0142\u0105czysz j\u0105 z przeno\u015bnymi panelami fotowoltaicznymi \u2013 1x 400 W (w zestawie) lub 2x 220 W. W ten spos\u00f3b na\u0142adujesz DELT\u0118 2 w oko\u0142o 3-6 godzin! Urz\u0105dzenie wykorzystuje te\u017c inteligentny algorytm MPPT (Maximum Power Point Tracking), dzi\u0119ki czemu mo\u017ce aktywnie wykrywa\u0107 napi\u0119cie i nat\u0119\u017cenie w czasie rzeczywistym, aby osi\u0105ga\u0107 punkt mocy maksymalnej z efektywno\u015bci\u0105 nawet 98%. To przek\u0142ada si\u0119 na jeszcze wi\u0119ksz\u0105 wydajno\u015b\u0107 \u0142adowania!<\/p>\n<p>\n<img decoding=\"async\" src=\"https:\/\/assets.innpro.pl\/17038\/22311\/14.jpg\" border=\"0\" alt=\"Kobieta pracuj\u0105ca na laptopie w terenie, obok panel solarny i przeno\u015bna stacja energii\" \/>\n<\/p>\n<h3>Udoskonalona konstrukcja<\/h3>\n<p>Postaw na najwy\u017csz\u0105 jako\u015b\u0107 wykonania. DELTA 2 jest niezwykle wytrzyma\u0142a i odporna na uszkodzenia, mo\u017cesz wi\u0119c bez obaw u\u017cywa\u0107 jej niemal w ka\u017cdej sytuacji. Mimo swoich du\u017cych mo\u017cliwo\u015bci, jest te\u017c zaskakuj\u0105co lekka \u2013 wa\u017cy tylko 12 kg, co znacznie u\u0142atwia jej transport. W oddzielnej sprzeda\u017cy dost\u0119pna jest tak\u017ce specjalna torba wodoodporna, kt\u00f3ra pozwoli korzysta\u0107 ze stacji r\u00f3wnie\u017c w czasie deszczu. W domu, w ogrodzie, na rybach czy pod namiotem \u2013 DELTA 2 dostarczy energii potrzebnym Ci sprz\u0119tom niemal w ka\u017cdych warunkach!<\/p>\n<p>\n<img decoding=\"async\" src=\"https:\/\/assets.innpro.pl\/17038\/22311\/7.jpg\" border=\"0\" alt=\"M\u0119\u017cczyzna w kapeluszu na pla\u017cy z aparatem i stacj\u0105 energii EcoFlow, s\u0142oneczny dzie\u0144\" \/>\n<\/p>\n<h3>Zdalna kontrola z aplikacj\u0105 EcoFlow<\/h3>\n<p>Jeszcze wygodniejsza obs\u0142uga stacji zasilania? Teraz to mo\u017cliwe! Wystarczy, \u017ce skorzystasz z aplikacji EcoFlow, kt\u00f3ra jest dost\u0119pna do pobrania za darmo w sklepach Google Play i App Store. Za jej pomoc\u0105 mo\u017cesz kontrolowa\u0107 DELT\u0118 2 przez Wi-Fi lub Bluetooth. Z \u0142atwo\u015bci\u0105 sprawdzaj dane zasilania, dostosowuj parametry i ustawiaj pr\u0119dko\u015bci \u0142adowania w zale\u017cno\u015bci od potrzeb. Ju\u017c nie musisz za ka\u017cdym razem podchodzi\u0107 do urz\u0105dzenia \u2013 teraz wszystko, co najwa\u017cniejsze, masz zawsze w zasi\u0119gu r\u0119ki!<\/p>\n<p>\n<img decoding=\"async\" src=\"https:\/\/assets.innpro.pl\/17038\/22311\/9.jpg\" border=\"0\" alt=\"Stacja energii EcoFlow na blacie kuchennym, w tle osoba przygotowuj\u0105ca smoothie z warzywami\" \/>\n<\/p>\n<h3>Dodatkowe mo\u017cliwo\u015bci<\/h3>\n<p>DELTA 2 to dopiero pocz\u0105tek. Je\u015bli chcesz, po\u0142\u0105cz j\u0105 z innymi produktami EcoFlow, w tym dodatkowymi akumulatorami, i zyskaj wi\u0119cej mo\u017cliwo\u015bci! Stacja oferuje te\u017c funkcj\u0119 zasilania awaryjnego EPS. To oznacza, \u017ce w razie awarii pr\u0105du mo\u017ce automatycznie rozpocz\u0105\u0107 dostarczanie energii pod\u0142\u0105czonym urz\u0105dzeniom. To idealne rozwi\u0105zanie, je\u015bli zale\u017cy Ci na ci\u0105g\u0142ej pracy wybranych sprz\u0119t\u00f3w \u2013 niezale\u017cnie od sytuacji. Uwaga: DELTA 2 mo\u017ce pe\u0142ni\u0107 funkcj\u0119 EPS, ale nie UPS (op\u00f3\u017anienie 0 ms) \u2013 nie nale\u017cy pod\u0142\u0105cza\u0107 do niej urz\u0105dze\u0144, kt\u00f3re wymagaj\u0105 takiego rodzaju awaryjnego zasilania.<\/p>\n<p>\n<img decoding=\"async\" src=\"https:\/\/assets.innpro.pl\/17038\/22311\/3.jpg\" border=\"0\" alt=\"Dwie stacje EcoFlow na stole przy kamperze na pla\u017cy, motocykl w tle, panel solarny z boku\" \/>\n<\/p>\n<h3>Panel 400 W w zestawie<\/h3>\n<p>W sk\u0142ad zestawu wchodzi panel fotowoltaiczny EcoFlow NextGen o mocy 400 W, zbudowany w oparciu o monokrystaliczne ogniwa N Type TOPCon o sprawno\u015bci 25%. Dzi\u0119ki temu zapewnia wydajne \u0142adowanie stacji zasilania nawet w mniej sprzyjaj\u0105cych warunkach s\u0142onecznych. Sk\u0142adana, lekka konstrukcja o wadze 10,2 kg sprawia, \u017ce panel jest wygodny w transporcie i doskonale nadaje si\u0119 do u\u017cytku w ogrodzie, podczas podr\u00f3\u017cy czy na kempingu. Klasa szczelno\u015bci IP68 chroni go przed wod\u0105 i py\u0142em, a solidna obudowa zabezpiecza ogniwa przed uszkodzeniami. Po z\u0142o\u017ceniu panel ma kompaktowe wymiary 659 \u00d7 967 \u00d7 36 mm, co u\u0142atwia jego przechowywanie. Wyposa\u017cono go w z\u0142\u0105cze XT60, kt\u00f3re pozwala na szybkie i bezpieczne pod\u0142\u0105czenie do stacji EcoFlow oraz kompatybilnych magazyn\u00f3w energii.<\/p>\n<p>\n<img decoding=\"async\" src=\"https:\/\/assets.innpro.pl\/17038\/22311\/23.jpg\" border=\"0\" alt=\"Sk\u0142adany czarny panel s\u0142oneczny ustawiony pod k\u0105tem na jasnym tle\" \/>\n<\/p>\n<h3>W zestawie<\/h3>\n<ul class=\"list-disc pl-5\">\n<li>Przeno\u015bna stacja zasilania<\/li>\n<li>Panel fotowoltaiczny 400 W<\/li>\n<li>Torba transportowa i podp\u00f3rka w jednym<\/li>\n<li>Instrukcja obs\u0142ugi<\/li>\n<\/ul>\n<div class=\"table-wrapper\">\n<p>\u00a0<\/p>\n<h3>Przeno\u015bna stacja zasilania<\/h3>\n<table>\n<tbody>\n<tr>\n<th>Producent <\/th>\n<td>EcoFlow<\/td>\n<\/tr>\n<tr>\n<th>Model <\/th>\n<td>DELTA 2<\/td>\n<\/tr>\n<tr>\n<th>Pojemno\u015b\u0107 <\/th>\n<td>1024 Wh<\/td>\n<\/tr>\n<tr>\n<th>Wyj\u015bcia <\/th>\n<td>4 x AC, 1800 W, X-Boost 2400 W; 2 x USB-A, 5V, 2.4A, 12W Max ;<br \/>2 x USB-A Fast; Charge, 5V, 2.4A \/ 9V, 2A \/ 12V, 1.5A, 18W Max<br \/>2 x USB-C, 5 \/ 9 \/ 12 \/ 15 \/ 20V, 5A, 100W Max; 1 x wyj\u015bcie samochodowe 12.6V, 10A, 126W Max; 2 x DC5521, 12.6V, 3A<\/td>\n<\/tr>\n<tr>\n<th>Wej\u015bcia <\/th>\n<td>\u0141adowanie AC, 1200W;<br \/>\u0141adowanie solarne, 500W Max, 11-60V, 15A;<br \/>\u0141adowanie samochodowe, wspiera akumulatory 12V\/24V, domy\u015blnie 8A<\/td>\n<\/tr>\n<tr>\n<th>Akumulator <\/th>\n<td>LFP (LiFePO4)<\/td>\n<\/tr>\n<tr>\n<th>Ilo\u015b\u0107 cykli akumulatora <\/th>\n<td>3000 (do 80%)<\/td>\n<\/tr>\n<tr>\n<th>Po\u0142\u0105czenie <\/th>\n<td>WiFi &amp; Bluetooth<\/td>\n<\/tr>\n<tr>\n<th>Wymiary <\/th>\n<td>400 x 211 x 281 mm<\/td>\n<\/tr>\n<tr>\n<th>Waga <\/th>\n<td>12 kg<\/td>\n<\/tr>\n<tr>\n<th>Czasy \u0142adowania <\/th>\n<td>Wej\u015bcie AC \u2013 80 minut, 1200W Max;<br \/>Smart generator \u2013 80 minut, 1100W Max;<br \/>Przeno\u015bny panel s\u0142oneczny \u2013 3-6 godzin, 1 x 400 W \/ 2 x 220W;<br \/>\u0141adowarka samochodowa \u2013 11 godzin, 96W<\/td>\n<\/tr>\n<\/tbody>\n<\/table>\n<p>\u00a0<\/p>\n<h3>Panel fotowoltaiczny<\/h3>\n<table>\n<tbody>\n<tr>\n<th>Producent<\/th>\n<td>EcoFlow<\/td>\n<\/tr>\n<tr>\n<th>Nazwa<\/th>\n<td>400W Lightweight Portable Solar Panel<\/td>\n<\/tr>\n<tr>\n<th>Model<\/th>\n<td>EFSOLARLIGHT400W-P-D<\/td>\n<\/tr>\n<tr>\n<th>Moc znamionowa<\/th>\n<td>400 W (\u00b15 W)<\/td>\n<\/tr>\n<tr>\n<th>Rodzaj ogniw<\/th>\n<td>Monokrystaliczne ogniwa N Type TOPCon<\/td>\n<\/tr>\n<tr>\n<th>Sprawno\u015b\u0107<\/th>\n<td>25%<\/td>\n<\/tr>\n<tr>\n<th>Waga<\/th>\n<td>Ok. 10,2 kg<\/td>\n<\/tr>\n<tr>\n<th>Wymiary (po roz\u0142o\u017ceniu)<\/th>\n<td>2509 \u00d7 967 \u00d7 26 mm<\/td>\n<\/tr>\n<tr>\n<th>Wymiary (po z\u0142o\u017ceniu)<\/th>\n<td>659 \u00d7 967 \u00d7 36 mm<\/td>\n<\/tr>\n<tr>\n<th>Rodzaj z\u0142\u0105cza<\/th>\n<td>XT60<\/td>\n<\/tr>\n<tr>\n<th>Napi\u0119cie obwodu otwartego<\/th>\n<td>39,3 V (Vpm 34,5 V)<\/td>\n<\/tr>\n<tr>\n<th>Pr\u0105d zwarciowy<\/th>\n<td>12,2 A (Ipm 11,7 A)<\/td>\n<\/tr>\n<tr>\n<th>Klasa szczelno\u015bci<\/th>\n<td>IP68<\/td>\n<\/tr>\n<\/tbody>\n<\/table>\n<\/div>\n","protected":false},"excerpt":{"rendered":"<p>Zestaw: Stacja zasilania EcoFlow Delta 2 + panel fotowoltaiczny 400W EcoFlow DELTA 2 to przeno\u015bna stacja zasilania, kt\u00f3ra pozwoli Ci<\/p>\n","protected":false},"featured_media":47916,"comment_status":"closed","ping_status":"open","template":"","meta":{"_acf_changed":false},"product_brand":[],"product_cat":[1108,6199,1111],"product_tag":[],"class_list":{"0":"post-60677","1":"product","2":"type-product","3":"status-publish","4":"has-post-thumbnail","6":"product_cat-energia","7":"product_cat-stacje-zasilania-stacje-zasilania","8":"product_cat-stacje-zasilania","9":"pa_60-m-5771","10":"pa_producent-ecoflow","12":"first","13":"outofstock","14":"taxable","15":"shipping-taxable","16":"purchasable","17":"product-type-simple"},"acf":[],"yoast_head":"<!-- This site is optimized with the Yoast SEO plugin v27.2 - https:\/\/yoast.com\/product\/yoast-seo-wordpress\/ -->\n<title>Stacja zasilania ECOFLOW Delta 2 1024Wh + panel 400W - IRONSKY.PL Sklep z Dronami<\/title>\n<meta name=\"description\" content=\"Stacja zasilania ECOFLOW Delta 2 1024Wh + panel 400W - \u2705 sklep z dronami i fachowym doradztwem. \u2705 Tutaj kupisz produkty DJI, Yuneec, Parrot, Syma i wiele innych, a tak\u017ce kursy i licencje na operatora drona.\" \/>\n<meta name=\"robots\" content=\"index, follow, max-snippet:-1, max-image-preview:large, max-video-preview:-1\" \/>\n<link rel=\"canonical\" href=\"https:\/\/ironsky.pl\/sklep\/produkt\/stacja-zasilania-ecoflow-delta-2-1024wh-panel-400w\/\" \/>\n<meta property=\"og:locale\" content=\"pl_PL\" \/>\n<meta property=\"og:type\" content=\"article\" \/>\n<meta property=\"og:title\" content=\"Stacja zasilania ECOFLOW Delta 2 1024Wh + panel 400W - IRONSKY.PL Sklep z Dronami\" \/>\n<meta property=\"og:description\" content=\"Stacja zasilania ECOFLOW Delta 2 1024Wh + panel 400W - \u2705 sklep z dronami i fachowym doradztwem. \u2705 Tutaj kupisz produkty DJI, Yuneec, Parrot, Syma i wiele innych, a tak\u017ce kursy i licencje na operatora drona.\" \/>\n<meta property=\"og:url\" content=\"https:\/\/ironsky.pl\/sklep\/produkt\/stacja-zasilania-ecoflow-delta-2-1024wh-panel-400w\/\" \/>\n<meta property=\"og:site_name\" content=\"IRONSKY.PL Sklep z Dronami\" \/>\n<meta property=\"article:modified_time\" content=\"2026-04-15T09:06:04+00:00\" \/>\n<meta property=\"og:image\" content=\"https:\/\/ironsky.pl\/sklep\/wp-content\/uploads\/2025\/06\/53761_2.jpg\" \/>\n\t<meta property=\"og:image:width\" content=\"800\" \/>\n\t<meta property=\"og:image:height\" content=\"800\" \/>\n\t<meta property=\"og:image:type\" content=\"image\/jpeg\" \/>\n<meta name=\"twitter:card\" content=\"summary_large_image\" \/>\n<meta name=\"twitter:label1\" content=\"Szacowany czas czytania\" \/>\n\t<meta name=\"twitter:data1\" content=\"6 minut\" \/>\n<script type=\"application\/ld+json\" class=\"yoast-schema-graph\">{\"@context\":\"https:\/\/schema.org\",\"@graph\":[{\"@type\":\"WebPage\",\"@id\":\"https:\/\/ironsky.pl\/sklep\/produkt\/stacja-zasilania-ecoflow-delta-2-1024wh-panel-400w\/\",\"url\":\"https:\/\/ironsky.pl\/sklep\/produkt\/stacja-zasilania-ecoflow-delta-2-1024wh-panel-400w\/\",\"name\":\"Stacja zasilania ECOFLOW Delta 2 1024Wh + panel 400W - IRONSKY.PL Sklep z Dronami\",\"isPartOf\":{\"@id\":\"https:\/\/ironsky.pl\/sklep\/#website\"},\"primaryImageOfPage\":{\"@id\":\"https:\/\/ironsky.pl\/sklep\/produkt\/stacja-zasilania-ecoflow-delta-2-1024wh-panel-400w\/#primaryimage\"},\"image\":{\"@id\":\"https:\/\/ironsky.pl\/sklep\/produkt\/stacja-zasilania-ecoflow-delta-2-1024wh-panel-400w\/#primaryimage\"},\"thumbnailUrl\":\"https:\/\/ironsky.pl\/sklep\/wp-content\/uploads\/2025\/06\/53761_2.jpg\",\"datePublished\":\"2026-04-15T09:05:17+00:00\",\"dateModified\":\"2026-04-15T09:06:04+00:00\",\"description\":\"Stacja zasilania ECOFLOW Delta 2 1024Wh + panel 400W - \u2705 sklep z dronami i fachowym doradztwem. \u2705 Tutaj kupisz produkty DJI, Yuneec, Parrot, Syma i wiele innych, a tak\u017ce kursy i licencje na operatora drona.\",\"breadcrumb\":{\"@id\":\"https:\/\/ironsky.pl\/sklep\/produkt\/stacja-zasilania-ecoflow-delta-2-1024wh-panel-400w\/#breadcrumb\"},\"inLanguage\":\"pl-PL\",\"potentialAction\":[{\"@type\":\"ReadAction\",\"target\":[\"https:\/\/ironsky.pl\/sklep\/produkt\/stacja-zasilania-ecoflow-delta-2-1024wh-panel-400w\/\"]}]},{\"@type\":\"ImageObject\",\"inLanguage\":\"pl-PL\",\"@id\":\"https:\/\/ironsky.pl\/sklep\/produkt\/stacja-zasilania-ecoflow-delta-2-1024wh-panel-400w\/#primaryimage\",\"url\":\"https:\/\/ironsky.pl\/sklep\/wp-content\/uploads\/2025\/06\/53761_2.jpg\",\"contentUrl\":\"https:\/\/ironsky.pl\/sklep\/wp-content\/uploads\/2025\/06\/53761_2.jpg\",\"width\":800,\"height\":800},{\"@type\":\"BreadcrumbList\",\"@id\":\"https:\/\/ironsky.pl\/sklep\/produkt\/stacja-zasilania-ecoflow-delta-2-1024wh-panel-400w\/#breadcrumb\",\"itemListElement\":[{\"@type\":\"ListItem\",\"position\":1,\"name\":\"Strona g\u0142\u00f3wna\",\"item\":\"https:\/\/ironsky.pl\/sklep\/\"},{\"@type\":\"ListItem\",\"position\":2,\"name\":\"Wszystkie produkty\",\"item\":\"https:\/\/ironsky.pl\/sklep\/produkty\/\"},{\"@type\":\"ListItem\",\"position\":3,\"name\":\"Stacja zasilania ECOFLOW Delta 2 1024Wh + panel 400W\"}]},{\"@type\":\"WebSite\",\"@id\":\"https:\/\/ironsky.pl\/sklep\/#website\",\"url\":\"https:\/\/ironsky.pl\/sklep\/\",\"name\":\"IRONSKY.PL Sklep z Dronami\",\"description\":\"IRONSKY.PL Sklep z Dronami\",\"potentialAction\":[{\"@type\":\"SearchAction\",\"target\":{\"@type\":\"EntryPoint\",\"urlTemplate\":\"https:\/\/ironsky.pl\/sklep\/?s={search_term_string}\"},\"query-input\":{\"@type\":\"PropertyValueSpecification\",\"valueRequired\":true,\"valueName\":\"search_term_string\"}}],\"inLanguage\":\"pl-PL\"}]}<\/script>\n<!-- \/ Yoast SEO plugin. -->","yoast_head_json":{"title":"Stacja zasilania ECOFLOW Delta 2 1024Wh + panel 400W - IRONSKY.PL Sklep z Dronami","description":"Stacja zasilania ECOFLOW Delta 2 1024Wh + panel 400W - \u2705 sklep z dronami i fachowym doradztwem. \u2705 Tutaj kupisz produkty DJI, Yuneec, Parrot, Syma i wiele innych, a tak\u017ce kursy i licencje na operatora drona.","robots":{"index":"index","follow":"follow","max-snippet":"max-snippet:-1","max-image-preview":"max-image-preview:large","max-video-preview":"max-video-preview:-1"},"canonical":"https:\/\/ironsky.pl\/sklep\/produkt\/stacja-zasilania-ecoflow-delta-2-1024wh-panel-400w\/","og_locale":"pl_PL","og_type":"article","og_title":"Stacja zasilania ECOFLOW Delta 2 1024Wh + panel 400W - IRONSKY.PL Sklep z Dronami","og_description":"Stacja zasilania ECOFLOW Delta 2 1024Wh + panel 400W - \u2705 sklep z dronami i fachowym doradztwem. \u2705 Tutaj kupisz produkty DJI, Yuneec, Parrot, Syma i wiele innych, a tak\u017ce kursy i licencje na operatora drona.","og_url":"https:\/\/ironsky.pl\/sklep\/produkt\/stacja-zasilania-ecoflow-delta-2-1024wh-panel-400w\/","og_site_name":"IRONSKY.PL Sklep z Dronami","article_modified_time":"2026-04-15T09:06:04+00:00","og_image":[{"width":800,"height":800,"url":"https:\/\/ironsky.pl\/sklep\/wp-content\/uploads\/2025\/06\/53761_2.jpg","type":"image\/jpeg"}],"twitter_card":"summary_large_image","twitter_misc":{"Szacowany czas czytania":"6 minut"},"schema":{"@context":"https:\/\/schema.org","@graph":[{"@type":"WebPage","@id":"https:\/\/ironsky.pl\/sklep\/produkt\/stacja-zasilania-ecoflow-delta-2-1024wh-panel-400w\/","url":"https:\/\/ironsky.pl\/sklep\/produkt\/stacja-zasilania-ecoflow-delta-2-1024wh-panel-400w\/","name":"Stacja zasilania ECOFLOW Delta 2 1024Wh + panel 400W - IRONSKY.PL Sklep z Dronami","isPartOf":{"@id":"https:\/\/ironsky.pl\/sklep\/#website"},"primaryImageOfPage":{"@id":"https:\/\/ironsky.pl\/sklep\/produkt\/stacja-zasilania-ecoflow-delta-2-1024wh-panel-400w\/#primaryimage"},"image":{"@id":"https:\/\/ironsky.pl\/sklep\/produkt\/stacja-zasilania-ecoflow-delta-2-1024wh-panel-400w\/#primaryimage"},"thumbnailUrl":"https:\/\/ironsky.pl\/sklep\/wp-content\/uploads\/2025\/06\/53761_2.jpg","datePublished":"2026-04-15T09:05:17+00:00","dateModified":"2026-04-15T09:06:04+00:00","description":"Stacja zasilania ECOFLOW Delta 2 1024Wh + panel 400W - \u2705 sklep z dronami i fachowym doradztwem. \u2705 Tutaj kupisz produkty DJI, Yuneec, Parrot, Syma i wiele innych, a tak\u017ce kursy i licencje na operatora drona.","breadcrumb":{"@id":"https:\/\/ironsky.pl\/sklep\/produkt\/stacja-zasilania-ecoflow-delta-2-1024wh-panel-400w\/#breadcrumb"},"inLanguage":"pl-PL","potentialAction":[{"@type":"ReadAction","target":["https:\/\/ironsky.pl\/sklep\/produkt\/stacja-zasilania-ecoflow-delta-2-1024wh-panel-400w\/"]}]},{"@type":"ImageObject","inLanguage":"pl-PL","@id":"https:\/\/ironsky.pl\/sklep\/produkt\/stacja-zasilania-ecoflow-delta-2-1024wh-panel-400w\/#primaryimage","url":"https:\/\/ironsky.pl\/sklep\/wp-content\/uploads\/2025\/06\/53761_2.jpg","contentUrl":"https:\/\/ironsky.pl\/sklep\/wp-content\/uploads\/2025\/06\/53761_2.jpg","width":800,"height":800},{"@type":"BreadcrumbList","@id":"https:\/\/ironsky.pl\/sklep\/produkt\/stacja-zasilania-ecoflow-delta-2-1024wh-panel-400w\/#breadcrumb","itemListElement":[{"@type":"ListItem","position":1,"name":"Strona g\u0142\u00f3wna","item":"https:\/\/ironsky.pl\/sklep\/"},{"@type":"ListItem","position":2,"name":"Wszystkie produkty","item":"https:\/\/ironsky.pl\/sklep\/produkty\/"},{"@type":"ListItem","position":3,"name":"Stacja zasilania ECOFLOW Delta 2 1024Wh + panel 400W"}]},{"@type":"WebSite","@id":"https:\/\/ironsky.pl\/sklep\/#website","url":"https:\/\/ironsky.pl\/sklep\/","name":"IRONSKY.PL Sklep z Dronami","description":"IRONSKY.PL Sklep z Dronami","potentialAction":[{"@type":"SearchAction","target":{"@type":"EntryPoint","urlTemplate":"https:\/\/ironsky.pl\/sklep\/?s={search_term_string}"},"query-input":{"@type":"PropertyValueSpecification","valueRequired":true,"valueName":"search_term_string"}}],"inLanguage":"pl-PL"}]}},"_links":{"self":[{"href":"https:\/\/ironsky.pl\/sklep\/wp-json\/wp\/v2\/product\/60677","targetHints":{"allow":["GET"]}}],"collection":[{"href":"https:\/\/ironsky.pl\/sklep\/wp-json\/wp\/v2\/product"}],"about":[{"href":"https:\/\/ironsky.pl\/sklep\/wp-json\/wp\/v2\/types\/product"}],"replies":[{"embeddable":true,"href":"https:\/\/ironsky.pl\/sklep\/wp-json\/wp\/v2\/comments?post=60677"}],"wp:featuredmedia":[{"embeddable":true,"href":"https:\/\/ironsky.pl\/sklep\/wp-json\/wp\/v2\/media\/47916"}],"wp:attachment":[{"href":"https:\/\/ironsky.pl\/sklep\/wp-json\/wp\/v2\/media?parent=60677"}],"wp:term":[{"taxonomy":"product_brand","embeddable":true,"href":"https:\/\/ironsky.pl\/sklep\/wp-json\/wp\/v2\/product_brand?post=60677"},{"taxonomy":"product_cat","embeddable":true,"href":"https:\/\/ironsky.pl\/sklep\/wp-json\/wp\/v2\/product_cat?post=60677"},{"taxonomy":"product_tag","embeddable":true,"href":"https:\/\/ironsky.pl\/sklep\/wp-json\/wp\/v2\/product_tag?post=60677"}],"curies":[{"name":"wp","href":"https:\/\/api.w.org\/{rel}","templated":true}]}}