{"id":60617,"date":"2026-04-15T11:05:17","date_gmt":"2026-04-15T09:05:17","guid":{"rendered":"https:\/\/ironsky.pl\/sklep\/produkt\/stacja-zasilania-ecoflow-river-3-ups-245wh-panel-110w\/"},"modified":"2026-04-15T11:05:29","modified_gmt":"2026-04-15T09:05:29","slug":"stacja-zasilania-ecoflow-river-3-ups-245wh-panel-110w","status":"publish","type":"product","link":"https:\/\/ironsky.pl\/sklep\/produkt\/stacja-zasilania-ecoflow-river-3-ups-245wh-panel-110w\/","title":{"rendered":"Stacja zasilania ECOFLOW River 3 UPS 245Wh + panel 110W"},"content":{"rendered":"<h3>Zestaw: Stacja zasilania EcoFlow River 3 UPS + panel fotowoltaiczny 110W<\/h3>\n<p>Kompaktowa stacja zasilania EcoFlow RIVER 3 UPS oferuje pojemno\u015b\u0107 245 Wh i moc wyj\u015bciow\u0105 na poziomie 300 W, kt\u00f3r\u0105 mo\u017cna zwi\u0119kszy\u0107 do 600 W dzi\u0119ki funkcji X-Boost. Zastosowany p\u00f3\u0142przewodnik nowej generacji GaN zapewnia wy\u017csz\u0105 wydajno\u015b\u0107 energetyczn\u0105, mniejsze straty energii, d\u0142u\u017cszy czas dzia\u0142ania i cich\u0105 prac\u0119 \u2013 a to wszystko przy zachowaniu kompaktowej konstrukcji. Do Twojej dyspozycji b\u0119d\u0105 liczne porty, pozwalaj\u0105ce na \u0142adowanie i zasilanie r\u00f3\u017cnorodnych urz\u0105dze\u0144 \u2013 od smartfon\u00f3w po lod\u00f3wki turystyczne. Funkcja UPS z czasem prze\u0142\u0105czania poni\u017cej 10 ms gwarantuje natychmiastow\u0105 ochron\u0119 sprz\u0119tu w przypadku nag\u0142ego zaniku zasilania, a akumulator LiFePO4 zapewnia do 3000 cykli \u0142adowania, co przek\u0142ada si\u0119 na nawet 10 lat u\u017cytkowania. Stacj\u0119 zasilania \u0142adowa\u0107 mo\u017cesz na 4 r\u00f3\u017cne sposoby. Obs\u0142ug\u0119 u\u0142atwia dedykowana aplikacja. W zestawie znajdziesz te\u017c panel fotowoltaiczny 110W.<\/p>\n<p>\n<img decoding=\"async\" src=\"https:\/\/assets.innpro.pl\/11053\/13027\/3.jpg\" border=\"0\" alt=\"Czarna stacja zasilania EcoFlow RIVER 3 UPS ustawiona obok bia\u0142ego routera na niebieskiej powierzchni, na tle jasnego, futurystycznego wn\u0119trza\" \/>\n<\/p>\n<h3>Technologia GaN<\/h3>\n<p>Do produkcji stacji EcoFlow RIVER 3 UPS zastosowano p\u00f3\u0142przewodnik nowej generacji \u2013 azotek galu (GaN), kt\u00f3ry gwarantuje wy\u017csz\u0105 efektywno\u015b\u0107 energetyczn\u0105 i redukcj\u0119 strat energii w por\u00f3wnaniu do powszechnie stosowanego krzemu. Technologia GaN jest cz\u0119sto stosowana w sieciach 5G, pojazdach elektrycznych oraz urz\u0105dzeniach konsumenckich, a teraz zosta\u0142a zintegrowana w stacjach zasilania EcoFlow z serii RIVER 3. W rezultacie s\u0105 one zoptymalizowane pod k\u0105tem wyd\u0142u\u017cenia czasu pracy, zmniejszenia rozmiar\u00f3w oraz redukcji poziomu ha\u0142asu.<\/p>\n<p>\n<img decoding=\"async\" src=\"https:\/\/assets.innpro.pl\/11053\/13027\/5.jpg\" border=\"0\" alt=\"Roz\u0142o\u017cony ob\u00f3z z namiotem dachowym przy SUV-ie w g\u00f3rach, na stole widoczna stacja EcoFlow RIVER 3 UPS\" \/>\n<\/p>\n<h3>Zasilanie dla wymagaj\u0105cych urz\u0105dze\u0144<\/h3>\n<p>Dzi\u0119ki mocy wyj\u015bciowej wynosz\u0105cej 300 W z mo\u017cliwo\u015bci\u0105 rozbudowy do 600 W w trybie X-Boost model RIVER 3 UPS umo\u017cliwia zasilanie takich urz\u0105dze\u0144 jak przeno\u015bne grzejniki, kuchenki elektryczne czy lod\u00f3wki turystyczne. W efekcie spe\u0142ni on oczekiwania os\u00f3b, kt\u00f3re chc\u0105 zapewni\u0107 sobie komfortowe warunki podczas kemping\u00f3w czy biwak\u00f3w. Dzi\u0119ki technologii GaN stacja wyd\u0142u\u017ca czas pracy urz\u0105dze\u0144 o mocy do 100 W o nawet 92% w por\u00f3wnaniu do konkurencyjnych produkt\u00f3w.<\/p>\n<p>\n<img decoding=\"async\" src=\"https:\/\/assets.innpro.pl\/11053\/13027\/6.jpg\" border=\"0\" alt=\"Stacja EcoFlow RIVER 3 UPS pod\u0142\u0105czona do telewizora w salonie, na ekranie plansza do gry w szachy\" \/>\n<\/p>\n<h3>R\u00f3\u017cnorodne porty<\/h3>\n<p>Zasilaj i \u0142aduj wiele urz\u0105dze\u0144 jednocze\u015bnie. Przeno\u015bna stacja EcoFlow RIVER 3 UPS zosta\u0142a wyposa\u017cona w jedno gniazdo AC o mocy 300 W, kt\u00f3re pozwala na zasilanie sprz\u0119tu AGD, laptop\u00f3w czy o\u015bwietlenia. Dost\u0119pne s\u0105 tak\u017ce dwa porty USB-A (12 W ka\u017cdy, \u0142\u0105cznie 24 W), jeden port USB-C o mocy a\u017c 100 W oraz gniazdo samochodowe o napi\u0119ciu 12,6 V i mocy 100 W. Mo\u017cesz wi\u0119c pod\u0142\u0105czy\u0107 do niej smartfony, tablety, laptopy, kamery, lod\u00f3wki turystyczne czy te\u017c wentylatory.<\/p>\n<p>\n<img decoding=\"async\" src=\"https:\/\/assets.innpro.pl\/11053\/13027\/1.jpg\" border=\"0\" alt=\"Para u\u015bmiechni\u0119tych os\u00f3b siedzi w namiocie na dmuchanym materacu z pod\u0142\u0105czon\u0105 stacj\u0105 EcoFlow RIVER 3 UPS\" \/>\n<\/p>\n<h3>Cicha praca<\/h3>\n<p>Technologia GaN pozwoli\u0142a zmniejszy\u0107 generowany przez urz\u0105dzenie ha\u0142as do 30 dB. W rezultacie model RIVER 3 UPS jest obecnie jednym z najcichszych stacji na rynku. Mo\u017cesz wi\u0119c komfortowo zasila\u0107 lampy czy drobne urz\u0105dzenia noc\u0105, aby zapewni\u0107 sobie komfortowy sen, kt\u00f3rego nie zak\u0142\u00f3ci niepo\u017c\u0105dany ha\u0142as.<\/p>\n<p>\n<img decoding=\"async\" src=\"https:\/\/assets.innpro.pl\/11053\/13027\/7.jpg\" border=\"0\" alt=\"Ma\u0142e dziecko \u015bpi w \u0142\u00f3\u017cku przy zapalonej lampce nocnej, obok kt\u00f3rej stoi stacja EcoFlow RIVER 3 UPS\" \/>\n<\/p>\n<h3>Szybkie prze\u0142\u0105czanie UPS<\/h3>\n<p>Funkcja UPS automatycznie prze\u0142\u0105cza zasilanie na tryb awaryjny w zaledwie poni\u017cej 10 ms, zapewniaj\u0105c skuteczn\u0105 ochron\u0119 przed utrat\u0105 danych i uszkodzeniem sprz\u0119tu. Tak szybki czas reakcji jest kluczowy dla urz\u0105dze\u0144 elektronicznych, kt\u00f3re wymagaj\u0105 ci\u0105g\u0142o\u015bci zasilania, takich jak laptopy, systemy magazynowania danych (NAS) czy sprz\u0119t fotograficzny. Ponadto RIVER 3 UPS oferuje zaawansowany system inteligentnych powiadomie\u0144, kt\u00f3ry informuje o wszelkich przerwach w zasilaniu \u2013 informacje s\u0105 dost\u0119pne w aplikacji.<\/p>\n<p>\n<img decoding=\"async\" src=\"https:\/\/assets.innpro.pl\/11053\/13027\/10.jpg\" border=\"0\" alt=\"M\u0119\u017cczyzna pracuje przy biurku z laptopem, obok stoi stacja EcoFlow RIVER 3 UPS z pod\u0142\u0105czonymi urz\u0105dzeniami\" \/>\n<\/p>\n<h3>Gotowo\u015b\u0107 do pracy w ka\u017cdych warunkach<\/h3>\n<p>RIVER 3 UPS nie zawiedzie podczas przyg\u00f3d na \u015bwie\u017cym powietrzu. Stacja cechuje si\u0119 solidn\u0105 konstrukcj\u0105, a jej akumulator jest odporny na kurz oraz wod\u0119 zgodnie z norm\u0105 IP54. Ponadto obudowa urz\u0105dzenia jest niepodatna na dzia\u0142anie wysokich temperatur (do 80\u00b0C), wi\u0119c mo\u017cesz bez obaw z niej korzysta\u0107 nawet w pobli\u017cu ogniska czy grilla. Waga produktu nie przekracza 3.55 kg, a wymiary wynosz\u0105 zaledwie 255 x 212 x 113 mm \u2013 mo\u017cesz wi\u0119c wygodnie go przenosi\u0107.<\/p>\n<p>\n<img decoding=\"async\" src=\"https:\/\/assets.innpro.pl\/11053\/13027\/9.jpg\" border=\"0\" alt=\"M\u0119\u017cczyzna na biwaku siedzi na krze\u015ble przy rozstawionym sprz\u0119cie fotograficznym i stacji EcoFlow RIVER 3 UPS\" \/>\n<\/p>\n<h3>4 sposoby \u0142adowania<\/h3>\n<p>\u0141aduj stacj\u0119 tak, jak Ci wygodnie. Korzystaj\u0105c z gniazda AC, przygotujesz j\u0105 do dalszej pracy w oko\u0142o godzin\u0119. Istnieje te\u017c mo\u017cliwo\u015b\u0107 \u0142adowania przez gniazdo samochodowe \u2013 dzi\u0119ki temu mo\u017cesz odnawia\u0107 energi\u0119 RIVER 3 UPS podczas podr\u00f3\u017cy, aby zasila\u0107 sw\u00f3j sprz\u0119t po dotarciu na miejsce. Panele fotowoltaiczne o mocy do 110 W umo\u017cliwiaj\u0105 ca\u0142kowite na\u0142adowanie w ci\u0105gu kilku godzin przy dobrych warunkach pogodowych (w zestawie 1 sztuka). Mo\u017cesz r\u00f3wnie\u017c skorzysta\u0107 z generatora.<\/p>\n<p>\n<img decoding=\"async\" src=\"https:\/\/assets.innpro.pl\/11053\/13027\/2.jpg\" border=\"0\" alt=\"M\u0119\u017cczyzna siedzi w samochodzie i obs\u0142uguje stacj\u0119 EcoFlow RIVER 3 UPS ustawion\u0105 na konsoli \u015brodkowej\" \/>\n<\/p>\n<h3>Niezawodno\u015b\u0107 na lata<\/h3>\n<p>Akumulator LiFePO4 stacji gwarantuje wi\u0119ksze bezpiecze\u0144stwo ni\u017c tradycyjne akumulatory litowo-jonowe i zapewnia a\u017c do 3000 pe\u0142nych cykli \u0142adowania przy zachowaniu 80% pierwotnej pojemno\u015bci. Dzi\u0119ki temu mo\u017cesz cieszy\u0107 si\u0119 niezawodnym \u017ar\u00f3d\u0142em energii przez oko\u0142o 10 lat.<\/p>\n<p>\n<img decoding=\"async\" src=\"https:\/\/assets.innpro.pl\/11053\/13027\/4.jpg\" border=\"0\" alt=\"Para siedzi na krzes\u0142ach kempingowych obok samochodu terenowego z namiotem dachowym, na stole stoi stacja EcoFlow RIVER 3 UPS\" \/>\n<\/p>\n<h3>Kompatybilno\u015b\u0107 z aplikacj\u0105 EcoFlow<\/h3>\n<p>Aplikacja EcoFlow umo\u017cliwia zdalne monitorowanie i zarz\u0105dzanie dzia\u0142aniem stacji z poziomu smartfona. Z jej poziomu wygodnie sprawdzisz stan na\u0142adowania, moc wyj\u015bciow\u0105, pozosta\u0142y czas pracy i inne istotne parametry. Miej pe\u0142n\u0105 kontrol\u0119 nad swoim sprz\u0119tem niezale\u017cnie od tego, gdzie si\u0119 znajdujesz!<\/p>\n<p>\n<img decoding=\"async\" src=\"https:\/\/assets.innpro.pl\/11053\/13027\/8.jpg\" border=\"0\" alt=\"Kobieta w kuchni wk\u0142ada tosty do tostera zasilanego przez stacj\u0119 EcoFlow RIVER 3 UPS\" \/>\n<\/p>\n<h3>Panel fotowoltaiczny 110W w zestawie<\/h3>\n<p>Zestaw obejmuje r\u00f3wnie\u017c panel fotowoltaiczny EcoFlow 110W. Dzi\u0119ki wielowarstwowej, elastycznej konstrukcji z pow\u0142ok\u0105 EVA i wzmocnionym w\u0142\u00f3knem szklanym jest odporny na wod\u0119 i kurz, zapewniaj\u0105c jednocze\u015bnie wysok\u0105 efektywno\u015b\u0107 do 21%. Mo\u017ce by\u0107 \u0142\u0105czony w serie, co pozwala na szybsze \u0142adowanie stacji zasilania.<\/p>\n<p>\n<img decoding=\"async\" src=\"https:\/\/assets.innpro.pl\/17046\/22321\/11.jpg\" border=\"0\" alt=\"Zbli\u017cenie na mokry panel fotowoltaiczny\" \/>\n<\/p>\n<h3>W zestawie:<\/h3>\n<ul class=\"list-disc pl-5\">\n<li>Przeno\u015bna stacja zasilania EcoFlow RIVER 3 UPS<\/li>\n<li>Kabel do \u0142adowania AC<\/li>\n<li>Kabel do \u0142adowania za pomoc\u0105 \u0142adowarki samochodowej<\/li>\n<li>Instrukcja obs\u0142ugi<\/li>\n<li>panel fotowoltaiczny<\/li>\n<li>kabel MC4 &#8211; XC60 (2,5 m)<\/li>\n<\/ul>\n<div class=\"table-wrapper\">\n<p>\u00a0<\/p>\n<h3>Og\u00f3lne<\/h3>\n<table>\n<tbody>\n<tr>\n<th>Producent<\/th>\n<td>EcoFlow<\/td>\n<\/tr>\n<tr>\n<th>Model<\/th>\n<td>RIVER 3 UPS<\/td>\n<\/tr>\n<tr>\n<th>Pojemno\u015b\u0107 <\/th>\n<td>245 Wh<\/td>\n<\/tr>\n<tr>\n<th>Wymiary<\/th>\n<td>255 x 212 x 113 mm<\/td>\n<\/tr>\n<tr>\n<th>Waga<\/th>\n<td>3.55 kg<\/td>\n<\/tr>\n<\/tbody>\n<\/table>\n<p>\u00a0<\/p>\n<h3>Akumulator<\/h3>\n<table>\n<tbody>\n<tr>\n<th>Typ akumulatora<\/th>\n<td>LFP (LiFePO4)<\/td>\n<\/tr>\n<tr>\n<th>\u017bywotno\u015b\u0107 akumulatora<\/th>\n<td>80% pojemno\u015bci po 3000 cykli \u0142adowania<\/td>\n<\/tr>\n<\/tbody>\n<\/table>\n<p>\u00a0<\/p>\n<h3>Wyj\u015bcia<\/h3>\n<table>\n<tbody>\n<tr>\n<th>AC<\/th>\n<td>300 W (maks. 600 W w trybie X-Boost) <\/td>\n<\/tr>\n<tr>\n<th>USB-A<\/th>\n<td>2 porty, 12 W na port, \u0142\u0105cznie 24 W <\/td>\n<\/tr>\n<tr>\n<th>USB-C <\/th>\n<td>1 port, 100 W <\/td>\n<\/tr>\n<tr>\n<th>Wyj\u015bcie samochodowe<\/th>\n<td>1 port, 12.6 V, 100 W<\/td>\n<\/tr>\n<\/tbody>\n<\/table>\n<p>\u00a0<\/p>\n<h3>Wej\u015bcia<\/h3>\n<table>\n<tbody>\n<tr>\n<th>\u0141adowanie AC <\/th>\n<td>200~240V, 3A Max, 50\/60Hz, 3300 W \u2013 pe\u0142ne na\u0142adowanie w godzin\u0119<\/td>\n<\/tr>\n<tr>\n<th>\u0141adowanie przy u\u017cyciu paneli fotowoltaicznych <\/th>\n<td>11-30V, 8A, 110 W \u2013 pe\u0142ne na\u0142adowanie w 2.6 godziny (45 W \u2013 pe\u0142ne na\u0142adowanie w 6.3 godziny, 60 W \u2013 pe\u0142ne na\u0142adowanie w 4.7 godziny)<\/td>\n<\/tr>\n<tr>\n<th>\u0141adowanie przy u\u017cyciu \u0142adowarki samochodowej<\/th>\n<td>11~30V, 8A (maks.), 1100 W (pe\u0142ne na\u0142adowanie w 2.8 godziny)<\/td>\n<\/tr>\n<\/tbody>\n<\/table>\n<p>\u00a0<\/p>\n<h3>Inne<\/h3>\n<table>\n<tbody>\n<tr>\n<th>UPS<\/th>\n<td>&lt;10 ms<\/td>\n<\/tr>\n<tr>\n<th>Kompatybilno\u015b\u0107 z aplikacj\u0105<\/th>\n<td>tak<\/td>\n<\/tr>\n<tr>\n<th>\u0141\u0105czno\u015b\u0107<\/th>\n<td>Wi-Fi, Bluetooth<\/td>\n<\/tr>\n<tr>\n<th>Poziom ha\u0142asu <\/th>\n<td>30 dB<\/td>\n<\/tr>\n<\/tbody>\n<\/table>\n<p>\u00a0<\/p>\n<h3>Temperatura \u015brodowiskowa<\/h3>\n<table>\n<tbody>\n<tr>\n<th>Optymalna temperatura pracy<\/th>\n<td>od 20\u00b0C do 30\u00b0C<\/td>\n<\/tr>\n<tr>\n<th>Temperatura podczas \u0142adowania<\/th>\n<td>od 0\u00b0C do 45\u00b0C<\/td>\n<\/tr>\n<tr>\n<th>Temperatura podczas roz\u0142adowania<\/th>\n<td>od -10\u00b0C do 45\u00b0C<\/td>\n<\/tr>\n<tr>\n<th>Temperatura przechowywania<\/th>\n<td>od 20\u00b0C do 30\u00b0C<\/td>\n<\/tr>\n<\/tbody>\n<\/table>\n<p>\u00a0<\/p>\n<h3>Panel fotowoltaiczny<\/h3>\n<table>\n<tbody>\n<tr>\n<th>Producent <\/th>\n<td>EcoFlow<\/td>\n<\/tr>\n<tr>\n<th>Model <\/th>\n<td>1ECO1000-02<\/td>\n<\/tr>\n<tr>\n<th>Waga <\/th>\n<td>4 kg<\/td>\n<\/tr>\n<tr>\n<th>Wymiary <\/th>\n<td>Roz\u0142o\u017cony: 158 x 51,4 x 2,0 cm, Z\u0142o\u017cony: 59 x 51,4 x 2,0 cm<\/td>\n<\/tr>\n<tr>\n<th>Moc <\/th>\n<td>110 W (+\/- 5 W)<\/td>\n<\/tr>\n<tr>\n<th>Napi\u0119cie ja\u0142owe <\/th>\n<td>21,7 V (Vmp 18,5 V)<\/td>\n<\/tr>\n<tr>\n<th>Pr\u0105d zwarciowy <\/th>\n<td>6,3 A (Imp 6,0 A)<\/td>\n<\/tr>\n<tr>\n<th>Efektywno\u015b\u0107 <\/th>\n<td>20-21%<\/td>\n<\/tr>\n<tr>\n<th>Ogniwa <\/th>\n<td>Monokrystaliczne<\/td>\n<\/tr>\n<tr>\n<th>Wyj\u015bcia <\/th>\n<td>Port MC4 do USB-C: maks. 24 V, do maks. 6 A, Port MC4 do XT60: maks. 80 V, do maks. 10 A<\/td>\n<\/tr>\n<tr>\n<th>Mo\u017cliwo\u015b\u0107 \u0142\u0105czenia <\/th>\n<td>Tak<\/td>\n<\/tr>\n<\/tbody>\n<\/table>\n<\/div>\n","protected":false},"excerpt":{"rendered":"<p>Zestaw: Stacja zasilania EcoFlow River 3 UPS + panel fotowoltaiczny 110W Kompaktowa stacja zasilania EcoFlow RIVER 3 UPS oferuje pojemno\u015b\u0107<\/p>\n","protected":false},"featured_media":47830,"comment_status":"closed","ping_status":"open","template":"","meta":{"_acf_changed":false},"product_brand":[],"product_cat":[1108,1111,6199],"product_tag":[],"class_list":{"0":"post-60617","1":"product","2":"type-product","3":"status-publish","4":"has-post-thumbnail","6":"product_cat-energia","7":"product_cat-stacje-zasilania","8":"product_cat-stacje-zasilania-stacje-zasilania","9":"pa_okres-gwarancji-5757","10":"pa_producent-ecoflow","12":"first","13":"outofstock","14":"taxable","15":"shipping-taxable","16":"purchasable","17":"product-type-simple"},"acf":[],"yoast_head":"<!-- This site is optimized with the Yoast SEO plugin v27.2 - https:\/\/yoast.com\/product\/yoast-seo-wordpress\/ -->\n<title>Stacja zasilania ECOFLOW River 3 UPS 245Wh + panel 110W - IRONSKY.PL Sklep z Dronami<\/title>\n<meta name=\"description\" content=\"Stacja zasilania ECOFLOW River 3 UPS 245Wh + panel 110W - \u2705 sklep z dronami i fachowym doradztwem. \u2705 Tutaj kupisz produkty DJI, Yuneec, Parrot, Syma i wiele innych, a tak\u017ce kursy i licencje na operatora drona.\" \/>\n<meta name=\"robots\" content=\"index, follow, max-snippet:-1, max-image-preview:large, max-video-preview:-1\" \/>\n<link rel=\"canonical\" href=\"https:\/\/ironsky.pl\/sklep\/produkt\/stacja-zasilania-ecoflow-river-3-ups-245wh-panel-110w\/\" \/>\n<meta property=\"og:locale\" content=\"pl_PL\" \/>\n<meta property=\"og:type\" content=\"article\" \/>\n<meta property=\"og:title\" content=\"Stacja zasilania ECOFLOW River 3 UPS 245Wh + panel 110W - IRONSKY.PL Sklep z Dronami\" \/>\n<meta property=\"og:description\" content=\"Stacja zasilania ECOFLOW River 3 UPS 245Wh + panel 110W - \u2705 sklep z dronami i fachowym doradztwem. \u2705 Tutaj kupisz produkty DJI, Yuneec, Parrot, Syma i wiele innych, a tak\u017ce kursy i licencje na operatora drona.\" \/>\n<meta property=\"og:url\" content=\"https:\/\/ironsky.pl\/sklep\/produkt\/stacja-zasilania-ecoflow-river-3-ups-245wh-panel-110w\/\" \/>\n<meta property=\"og:site_name\" content=\"IRONSKY.PL Sklep z Dronami\" \/>\n<meta property=\"article:modified_time\" content=\"2026-04-15T09:05:29+00:00\" \/>\n<meta property=\"og:image\" content=\"https:\/\/ironsky.pl\/sklep\/wp-content\/uploads\/2025\/06\/53750_2.jpg\" \/>\n\t<meta property=\"og:image:width\" content=\"800\" \/>\n\t<meta property=\"og:image:height\" content=\"800\" \/>\n\t<meta property=\"og:image:type\" content=\"image\/jpeg\" \/>\n<meta name=\"twitter:card\" content=\"summary_large_image\" \/>\n<meta name=\"twitter:label1\" content=\"Szacowany czas czytania\" \/>\n\t<meta name=\"twitter:data1\" content=\"5 minut\" \/>\n<script type=\"application\/ld+json\" class=\"yoast-schema-graph\">{\"@context\":\"https:\/\/schema.org\",\"@graph\":[{\"@type\":\"WebPage\",\"@id\":\"https:\/\/ironsky.pl\/sklep\/produkt\/stacja-zasilania-ecoflow-river-3-ups-245wh-panel-110w\/\",\"url\":\"https:\/\/ironsky.pl\/sklep\/produkt\/stacja-zasilania-ecoflow-river-3-ups-245wh-panel-110w\/\",\"name\":\"Stacja zasilania ECOFLOW River 3 UPS 245Wh + panel 110W - IRONSKY.PL Sklep z Dronami\",\"isPartOf\":{\"@id\":\"https:\/\/ironsky.pl\/sklep\/#website\"},\"primaryImageOfPage\":{\"@id\":\"https:\/\/ironsky.pl\/sklep\/produkt\/stacja-zasilania-ecoflow-river-3-ups-245wh-panel-110w\/#primaryimage\"},\"image\":{\"@id\":\"https:\/\/ironsky.pl\/sklep\/produkt\/stacja-zasilania-ecoflow-river-3-ups-245wh-panel-110w\/#primaryimage\"},\"thumbnailUrl\":\"https:\/\/ironsky.pl\/sklep\/wp-content\/uploads\/2025\/06\/53750_2.jpg\",\"datePublished\":\"2026-04-15T09:05:17+00:00\",\"dateModified\":\"2026-04-15T09:05:29+00:00\",\"description\":\"Stacja zasilania ECOFLOW River 3 UPS 245Wh + panel 110W - \u2705 sklep z dronami i fachowym doradztwem. \u2705 Tutaj kupisz produkty DJI, Yuneec, Parrot, Syma i wiele innych, a tak\u017ce kursy i licencje na operatora drona.\",\"breadcrumb\":{\"@id\":\"https:\/\/ironsky.pl\/sklep\/produkt\/stacja-zasilania-ecoflow-river-3-ups-245wh-panel-110w\/#breadcrumb\"},\"inLanguage\":\"pl-PL\",\"potentialAction\":[{\"@type\":\"ReadAction\",\"target\":[\"https:\/\/ironsky.pl\/sklep\/produkt\/stacja-zasilania-ecoflow-river-3-ups-245wh-panel-110w\/\"]}]},{\"@type\":\"ImageObject\",\"inLanguage\":\"pl-PL\",\"@id\":\"https:\/\/ironsky.pl\/sklep\/produkt\/stacja-zasilania-ecoflow-river-3-ups-245wh-panel-110w\/#primaryimage\",\"url\":\"https:\/\/ironsky.pl\/sklep\/wp-content\/uploads\/2025\/06\/53750_2.jpg\",\"contentUrl\":\"https:\/\/ironsky.pl\/sklep\/wp-content\/uploads\/2025\/06\/53750_2.jpg\",\"width\":800,\"height\":800},{\"@type\":\"BreadcrumbList\",\"@id\":\"https:\/\/ironsky.pl\/sklep\/produkt\/stacja-zasilania-ecoflow-river-3-ups-245wh-panel-110w\/#breadcrumb\",\"itemListElement\":[{\"@type\":\"ListItem\",\"position\":1,\"name\":\"Strona g\u0142\u00f3wna\",\"item\":\"https:\/\/ironsky.pl\/sklep\/\"},{\"@type\":\"ListItem\",\"position\":2,\"name\":\"Wszystkie produkty\",\"item\":\"https:\/\/ironsky.pl\/sklep\/produkty\/\"},{\"@type\":\"ListItem\",\"position\":3,\"name\":\"Stacja zasilania ECOFLOW River 3 UPS 245Wh + panel 110W\"}]},{\"@type\":\"WebSite\",\"@id\":\"https:\/\/ironsky.pl\/sklep\/#website\",\"url\":\"https:\/\/ironsky.pl\/sklep\/\",\"name\":\"IRONSKY.PL Sklep z Dronami\",\"description\":\"IRONSKY.PL Sklep z Dronami\",\"potentialAction\":[{\"@type\":\"SearchAction\",\"target\":{\"@type\":\"EntryPoint\",\"urlTemplate\":\"https:\/\/ironsky.pl\/sklep\/?s={search_term_string}\"},\"query-input\":{\"@type\":\"PropertyValueSpecification\",\"valueRequired\":true,\"valueName\":\"search_term_string\"}}],\"inLanguage\":\"pl-PL\"}]}<\/script>\n<!-- \/ Yoast SEO plugin. -->","yoast_head_json":{"title":"Stacja zasilania ECOFLOW River 3 UPS 245Wh + panel 110W - IRONSKY.PL Sklep z Dronami","description":"Stacja zasilania ECOFLOW River 3 UPS 245Wh + panel 110W - \u2705 sklep z dronami i fachowym doradztwem. \u2705 Tutaj kupisz produkty DJI, Yuneec, Parrot, Syma i wiele innych, a tak\u017ce kursy i licencje na operatora drona.","robots":{"index":"index","follow":"follow","max-snippet":"max-snippet:-1","max-image-preview":"max-image-preview:large","max-video-preview":"max-video-preview:-1"},"canonical":"https:\/\/ironsky.pl\/sklep\/produkt\/stacja-zasilania-ecoflow-river-3-ups-245wh-panel-110w\/","og_locale":"pl_PL","og_type":"article","og_title":"Stacja zasilania ECOFLOW River 3 UPS 245Wh + panel 110W - IRONSKY.PL Sklep z Dronami","og_description":"Stacja zasilania ECOFLOW River 3 UPS 245Wh + panel 110W - \u2705 sklep z dronami i fachowym doradztwem. \u2705 Tutaj kupisz produkty DJI, Yuneec, Parrot, Syma i wiele innych, a tak\u017ce kursy i licencje na operatora drona.","og_url":"https:\/\/ironsky.pl\/sklep\/produkt\/stacja-zasilania-ecoflow-river-3-ups-245wh-panel-110w\/","og_site_name":"IRONSKY.PL Sklep z Dronami","article_modified_time":"2026-04-15T09:05:29+00:00","og_image":[{"width":800,"height":800,"url":"https:\/\/ironsky.pl\/sklep\/wp-content\/uploads\/2025\/06\/53750_2.jpg","type":"image\/jpeg"}],"twitter_card":"summary_large_image","twitter_misc":{"Szacowany czas czytania":"5 minut"},"schema":{"@context":"https:\/\/schema.org","@graph":[{"@type":"WebPage","@id":"https:\/\/ironsky.pl\/sklep\/produkt\/stacja-zasilania-ecoflow-river-3-ups-245wh-panel-110w\/","url":"https:\/\/ironsky.pl\/sklep\/produkt\/stacja-zasilania-ecoflow-river-3-ups-245wh-panel-110w\/","name":"Stacja zasilania ECOFLOW River 3 UPS 245Wh + panel 110W - IRONSKY.PL Sklep z Dronami","isPartOf":{"@id":"https:\/\/ironsky.pl\/sklep\/#website"},"primaryImageOfPage":{"@id":"https:\/\/ironsky.pl\/sklep\/produkt\/stacja-zasilania-ecoflow-river-3-ups-245wh-panel-110w\/#primaryimage"},"image":{"@id":"https:\/\/ironsky.pl\/sklep\/produkt\/stacja-zasilania-ecoflow-river-3-ups-245wh-panel-110w\/#primaryimage"},"thumbnailUrl":"https:\/\/ironsky.pl\/sklep\/wp-content\/uploads\/2025\/06\/53750_2.jpg","datePublished":"2026-04-15T09:05:17+00:00","dateModified":"2026-04-15T09:05:29+00:00","description":"Stacja zasilania ECOFLOW River 3 UPS 245Wh + panel 110W - \u2705 sklep z dronami i fachowym doradztwem. \u2705 Tutaj kupisz produkty DJI, Yuneec, Parrot, Syma i wiele innych, a tak\u017ce kursy i licencje na operatora drona.","breadcrumb":{"@id":"https:\/\/ironsky.pl\/sklep\/produkt\/stacja-zasilania-ecoflow-river-3-ups-245wh-panel-110w\/#breadcrumb"},"inLanguage":"pl-PL","potentialAction":[{"@type":"ReadAction","target":["https:\/\/ironsky.pl\/sklep\/produkt\/stacja-zasilania-ecoflow-river-3-ups-245wh-panel-110w\/"]}]},{"@type":"ImageObject","inLanguage":"pl-PL","@id":"https:\/\/ironsky.pl\/sklep\/produkt\/stacja-zasilania-ecoflow-river-3-ups-245wh-panel-110w\/#primaryimage","url":"https:\/\/ironsky.pl\/sklep\/wp-content\/uploads\/2025\/06\/53750_2.jpg","contentUrl":"https:\/\/ironsky.pl\/sklep\/wp-content\/uploads\/2025\/06\/53750_2.jpg","width":800,"height":800},{"@type":"BreadcrumbList","@id":"https:\/\/ironsky.pl\/sklep\/produkt\/stacja-zasilania-ecoflow-river-3-ups-245wh-panel-110w\/#breadcrumb","itemListElement":[{"@type":"ListItem","position":1,"name":"Strona g\u0142\u00f3wna","item":"https:\/\/ironsky.pl\/sklep\/"},{"@type":"ListItem","position":2,"name":"Wszystkie produkty","item":"https:\/\/ironsky.pl\/sklep\/produkty\/"},{"@type":"ListItem","position":3,"name":"Stacja zasilania ECOFLOW River 3 UPS 245Wh + panel 110W"}]},{"@type":"WebSite","@id":"https:\/\/ironsky.pl\/sklep\/#website","url":"https:\/\/ironsky.pl\/sklep\/","name":"IRONSKY.PL Sklep z Dronami","description":"IRONSKY.PL Sklep z Dronami","potentialAction":[{"@type":"SearchAction","target":{"@type":"EntryPoint","urlTemplate":"https:\/\/ironsky.pl\/sklep\/?s={search_term_string}"},"query-input":{"@type":"PropertyValueSpecification","valueRequired":true,"valueName":"search_term_string"}}],"inLanguage":"pl-PL"}]}},"_links":{"self":[{"href":"https:\/\/ironsky.pl\/sklep\/wp-json\/wp\/v2\/product\/60617","targetHints":{"allow":["GET"]}}],"collection":[{"href":"https:\/\/ironsky.pl\/sklep\/wp-json\/wp\/v2\/product"}],"about":[{"href":"https:\/\/ironsky.pl\/sklep\/wp-json\/wp\/v2\/types\/product"}],"replies":[{"embeddable":true,"href":"https:\/\/ironsky.pl\/sklep\/wp-json\/wp\/v2\/comments?post=60617"}],"wp:featuredmedia":[{"embeddable":true,"href":"https:\/\/ironsky.pl\/sklep\/wp-json\/wp\/v2\/media\/47830"}],"wp:attachment":[{"href":"https:\/\/ironsky.pl\/sklep\/wp-json\/wp\/v2\/media?parent=60617"}],"wp:term":[{"taxonomy":"product_brand","embeddable":true,"href":"https:\/\/ironsky.pl\/sklep\/wp-json\/wp\/v2\/product_brand?post=60617"},{"taxonomy":"product_cat","embeddable":true,"href":"https:\/\/ironsky.pl\/sklep\/wp-json\/wp\/v2\/product_cat?post=60617"},{"taxonomy":"product_tag","embeddable":true,"href":"https:\/\/ironsky.pl\/sklep\/wp-json\/wp\/v2\/product_tag?post=60617"}],"curies":[{"name":"wp","href":"https:\/\/api.w.org\/{rel}","templated":true}]}}