{"id":60608,"date":"2026-04-15T11:05:17","date_gmt":"2026-04-15T09:05:17","guid":{"rendered":"https:\/\/ironsky.pl\/sklep\/produkt\/stacja-zasilania-ecoflow-river-2-pro-768wh-panel-160w\/"},"modified":"2026-04-15T11:05:25","modified_gmt":"2026-04-15T09:05:25","slug":"stacja-zasilania-ecoflow-river-2-pro-768wh-panel-160w","status":"publish","type":"product","link":"https:\/\/ironsky.pl\/sklep\/produkt\/stacja-zasilania-ecoflow-river-2-pro-768wh-panel-160w\/","title":{"rendered":"Stacja zasilania ECOFLOW River 2 Pro 768Wh + panel 160W"},"content":{"rendered":"<h3>Zestaw: Stacja zasilania EcoFlow River 2 Pro + panel fotowoltaiczny 160W<\/h3>\n<p>Zapewnij swoim urz\u0105dzeniom niezawodne \u017ar\u00f3d\u0142o zasilania. Przeno\u015bna stacja EcoFlow RIVER 2 Pro cechuje si\u0119 pojemno\u015bci\u0105 768 Wh i moc\u0105 wyj\u015bciow\u0105 do 800 W. Co wi\u0119cej, dzi\u0119ki technologii X-Boost poradzi sobie tak\u017ce ze sprz\u0119tami o mocy do 1600 W. To oznacza, \u017ce mo\u017ce zasila\u0107 nawet 80% powszechnie u\u017cywanych urz\u0105dze\u0144 domowych! Stacja obs\u0142uguje te\u017c szybkie \u0142adowanie &#8211; do 100% na\u0142adujesz j\u0105 ju\u017c w oko\u0142o 70 minut. Produkt wyr\u00f3\u017cnia si\u0119 tak\u017ce przeno\u015bn\u0105 konstrukcj\u0105. Dost\u0119pna jest r\u00f3wnie\u017c dedykowana aplikacja EcoFlow. W zestawie znajdziesz r\u00f3wnie\u017c panel fotowoltaiczny 160W.<\/p>\n<p>\n<img decoding=\"async\" src=\"https:\/\/assets.innpro.pl\/17041\/22314\/9.jpg\" border=\"0\" alt=\"Przeno\u015bna stacja \u0142aduj\u0105ca EcoFlow na drewnianym stole z trzema gniazdkami i wy\u015bwietlaczem LCD w plenerze\" \/>\n<\/p>\n<h3>Zasili nawet 80% niezb\u0119dnych urz\u0105dze\u0144<\/h3>\n<p>Wybierz stacj\u0119 zasilania, kt\u00f3ra sprawdzi si\u0119 w ka\u017cdej sytuacji. EcoFlow RIVER 2 Pro wyr\u00f3\u017cnia si\u0119 moc\u0105 wyj\u015bciow\u0105 do 800 W (gniazdko AC). Do dyspozycji masz r\u00f3wnie\u017c technologi\u0119 X-Boost, dzi\u0119ki kt\u00f3rej produkt mo\u017ce obs\u0142u\u017cy\u0107 sprz\u0119t o mocy do 1600 W. Suszarka, mikrofal\u00f3wka, a mo\u017ce czajnik? RIVER 2 Pro dostarczy energii nawet 80% popularnych urz\u0105dze\u0144 domowych!<\/p>\n<p>\n<img decoding=\"async\" src=\"https:\/\/assets.innpro.pl\/17041\/22314\/6.jpg\" border=\"0\" alt=\"Rodzina w namiocie przy jeziorze o zmierzchu ze stacj\u0105 \u0142aduj\u0105c\u0105 EcoFlow o\u015bwietlaj\u0105c\u0105 obozowisko\" \/>\n<\/p>\n<h3>Od 0% do 100% w 70 minut<\/h3>\n<p>Koniec z przed\u0142u\u017caj\u0105cym si\u0119 oczekiwaniem, a\u017c stacja b\u0119dzie zn\u00f3w gotowa do pracy. RIVER 2 Pro obs\u0142uguje szybkie \u0142adowanie. Po prostu pod\u0142\u0105cz j\u0105 do gniazdka AC, a po oko\u0142o 70 minutach b\u0119dzie ju\u017c ca\u0142kowicie na\u0142adowana! Organizujesz wypraw\u0119 kamperem? A mo\u017ce wybierasz si\u0119 na wycieczk\u0119 pod namiot? Pod\u0142\u0105cz swoj\u0105 stacj\u0119 do pr\u0105du i zabierz si\u0119 za pakowanie &#8211; zanim sko\u0144czysz, RIVER 2 Pro b\u0119dzie ju\u017c na\u0142adowana!<\/p>\n<p>\n<img decoding=\"async\" src=\"https:\/\/assets.innpro.pl\/17041\/22314\/3.jpg\" border=\"0\" alt=\" Powerbank EcoFlow obok lampki campingowej na stole na tle g\u00f3rskiego krajobrazu o zmierzchu\" \/>\n<\/p>\n<h3>Akumulator, na kt\u00f3rym mo\u017cesz polega\u0107<\/h3>\n<p>Ciesz si\u0119 imponuj\u0105c\u0105 \u017cywotno\u015bci\u0105 swojej stacji. RIVER 2 Pro zosta\u0142a wyposa\u017cona w wydajny akumulator LFP, kt\u00f3ry b\u0119dzie \u015bwietnie Ci s\u0142u\u017cy\u0142 przez d\u0142ugi czas. Umo\u017cliwia ca\u0142kowite na\u0142adowanie i roz\u0142adowanie urz\u0105dzenia nawet 3000 razy, co przek\u0142ada si\u0119 na oko\u0142o 10 lat u\u017cytkowania. Co wi\u0119cej, dzi\u0119ki ogniwom LFP sprz\u0119ty z serii RIVER 2 pracuj\u0105 bezpieczniej i wydajniej &#8211; nawet przy wysokich temperaturach. Na uwag\u0119 zas\u0142uguje te\u017c system BMS, kt\u00f3ry gwarantuje niezawodne dzia\u0142anie akumulatora.<\/p>\n<p>\n<img decoding=\"async\" src=\"https:\/\/assets.innpro.pl\/17041\/22314\/7.jpg\" border=\"0\" alt=\"Stacja \u0142aduj\u0105ca EcoFlow z w\u0142\u0105czonym wy\u015bwietlaczem zasilaj\u0105ca lampk\u0119 dekoracyjn\u0105 w namiocie\" \/>\n<\/p>\n<h3>Na\u0142adujesz j\u0105 na 4 sposoby<\/h3>\n<p>Stacja zasilania RIVER 2 Pro doskonale sprawdzi si\u0119 w r\u00f3\u017cnych scenariuszach &#8211; w domu, podczas podr\u00f3\u017cy czy pod namiotem. Mo\u017cesz \u0142adowa\u0107 j\u0105 na 4 sposoby &#8211; na przyk\u0142ad za pomoc\u0105 gniazdka AC lub \u0142adowarki samochodowej. Istnieje te\u017c mo\u017cliwo\u015b\u0107 wykorzystania ekologicznej energii s\u0142onecznej &#8211; przy u\u017cyciu paneli fotowoltaicznych na\u0142adujesz urz\u0105dzenie w oko\u0142o 3 godziny. To jednak nie koniec &#8211; RIVER 2 Pro obs\u0142uguje r\u00f3wnie\u017c nowy spos\u00f3b \u0142adowania przez USB-C.<\/p>\n<p>\n<img decoding=\"async\" src=\"https:\/\/assets.innpro.pl\/17041\/22314\/8.jpg\" border=\"0\" alt=\"Trzy r\u00f3\u017cnej wielko\u015bci powerbanki EcoFlow ustawione na drewnianej \u0142awce w polu ze z\u0142ot\u0105 traw\u0105\" \/>\n<\/p>\n<h3>Zabierz j\u0105, gdzie chcesz<\/h3>\n<p>Piknik na pla\u017cy, grill z przyjaci\u00f3\u0142mi, a mo\u017ce weekend pod namiotem? RIVER 2 Pro mo\u017ce Ci towarzyszy\u0107 niemal wsz\u0119dzie! Mimo pot\u0119\u017cnych mo\u017cliwo\u015bci, nowa stacja EcoFlow jest zaskakuj\u0105co lekka &#8211; wa\u017cy tylko oko\u0142o 7,8 kg. Jest te\u017c na tyle niewielka, \u017ce bez trudu zmie\u015bcisz j\u0105 w kamperze czy baga\u017cniku samochodu. Dodatkowo ma praktyczny uchwyt, kt\u00f3ry znacznie u\u0142atwia jej transport. Zabierz j\u0105 tam, gdzie b\u0119dzie Ci potrzebna i ciesz si\u0119 bezproblemowym dost\u0119pem do pr\u0105du.<\/p>\n<p>\n<img decoding=\"async\" src=\"https:\/\/assets.innpro.pl\/17041\/22314\/11.jpg\" border=\"0\" alt=\"Zbli\u017cenie na porty USB stacji \u0142aduj\u0105cej EcoFlow w samochodzie z osob\u0105 na tylnym siedzeniu\" \/>\n<\/p>\n<h3>Funkcja EPS<\/h3>\n<p>Przygotuj si\u0119 na nieprzewidziane okoliczno\u015bci i zadbaj o niezawodne \u017ar\u00f3d\u0142o zasilania dla swoich urz\u0105dze\u0144. Stacja EcoFlow RIVER 2 Pro mo\u017ce pe\u0142ni\u0107 funkcj\u0119 EPS. To oznacza, \u017ce je\u015bli nagle zabraknie pr\u0105du, w ci\u0105gu oko\u0142o 30 ms zacznie dostarcza\u0107 energi\u0119 wybranym sprz\u0119tom. Sprawdzi si\u0119 na przyk\u0142ad jako zasilanie awaryjne akwarium, lampy, lod\u00f3wki czy aparatu CPAP.<\/p>\n<p>\n<img decoding=\"async\" src=\"https:\/\/assets.innpro.pl\/17041\/22314\/2.jpg\" border=\"0\" alt=\"Rodzina z dzie\u0107mi siedz\u0105ca przy powerbankach EcoFlow podczas zachodu s\u0142o\u0144ca na \u0142onie natury\" \/>\n<\/p>\n<h3>Wypr\u00f3buj aplikacj\u0119 EcoFlow<\/h3>\n<p>Ciesz si\u0119 wygodn\u0105, zdaln\u0105 kontrol\u0105 swojej stacji. Wystarczy, \u017ce sparujesz j\u0105 z aplikacj\u0105 EcoFlow, kt\u00f3r\u0105 mo\u017cesz pobra\u0107 ze sklepu Google Play lub App Store. Kiedy to zrobisz, zyskasz mo\u017cliwo\u015b\u0107 sprawdzania poziom\u00f3w na\u0142adowania, regulacji pr\u0119dko\u015bci \u0142adowania i dostosowywania ustawie\u0144. Teraz wszystkie najwa\u017cniejsze funkcje masz na wyci\u0105gni\u0119cie r\u0119ki! Stacja RIVER 2 Pro \u0142\u0105czy si\u0119 z telefonem przez Bluetooth lub Wi-Fi.<\/p>\n<p>\n<img decoding=\"async\" src=\"https:\/\/assets.innpro.pl\/17041\/22314\/5.jpg\" border=\"0\" alt=\"Powerbank EcoFlow z lampk\u0105 ambientow\u0105 na sk\u0142adanym stoliku podczas wieczornego campingu\" \/>\n<\/p>\n<h3>Panel fotowoltaiczny w zestawie<\/h3>\n<p>Wchodz\u0105cy w sk\u0142ad zestawu panel fotowoltaiczny EcoFlow NextGen wa\u017cy zaledwie 5,6 kg i dzi\u0119ki sk\u0142adanej konstrukcji jest wyj\u0105tkowo mobilny. Wyposa\u017cono go w ogniwa monokrystaliczne TOPCon typu N, kt\u00f3re oferuj\u0105 moc 160 W i sprawno\u015b\u0107 si\u0119gaj\u0105c\u0105 25%. Po z\u0142o\u017ceniu ma kompaktowe wymiary 600 \u00d7 572 \u00d7 32 mm, a do\u0142\u0105czona torba u\u0142atwia jego przenoszenie. Regulowane podp\u00f3rki (30\u00b0, 60\u00b0, 90\u00b0) oraz wska\u017anik k\u0105ta padania \u015bwiat\u0142a pomagaj\u0105 ustawi\u0107 panel w optymalnej pozycji wzgl\u0119dem s\u0142o\u0144ca. Solidna, wielowarstwowa konstrukcja chroni go przed uszkodzeniami, kurzem i wod\u0105 (IP68), a z\u0142\u0105cza gwarantuj\u0105 kompatybilno\u015b\u0107 ze stacjami EcoFlow oraz mo\u017cliwo\u015b\u0107 \u0142\u0105czenia kilku paneli w jeden system.<\/p>\n<p>\n<img decoding=\"async\" src=\"https:\/\/assets.innpro.pl\/17041\/22314\/22.jpg\" border=\"0\" alt=\"Tylna strona roz\u0142o\u017conego panelu solarnego EcoFlow z uchwytem, czarne t\u0142o studyjne, refleksje\" \/>\n<\/p>\n<h3>W zestawie<\/h3>\n<ul class=\"list-disc pl-5\">\n<li>Przeno\u015bna stacja zasilania EcoFlow RIVER 2 Pro<\/li>\n<li>Kabel do \u0142adowania AC<\/li>\n<li>Kabel do \u0142adowania za pomoc\u0105 \u0142adowarki samochodowej<\/li>\n<li>Instrukcja obs\u0142ugi<\/li>\n<li>Przew\u00f3d po\u0142\u0105czeniowy DC5521<\/li>\n<li>Panel fotowoltaiczny\u00a0<\/li>\n<\/ul>\n<div class=\"table-wrapper\">\n<p>\u00a0<\/p>\n<h3>Stacja zasilania<\/h3>\n<table>\n<tbody>\n<tr>\n<th>Producent <\/th>\n<td>EcoFlow<\/td>\n<\/tr>\n<tr>\n<th>Model <\/th>\n<td>RIVER 2 Pro<\/td>\n<\/tr>\n<tr>\n<th>Pojemno\u015b\u0107 <\/th>\n<td>768 Wh<\/td>\n<\/tr>\n<tr>\n<th>Waga <\/th>\n<td>Ok. 7,8 kg<\/td>\n<\/tr>\n<tr>\n<th>Wymiary <\/th>\n<td>Ok. 270 x 260 x 226 mm<\/td>\n<\/tr>\n<tr>\n<th>Wej\u015bcie AC <\/th>\n<td>220-240 V~ 50\/60 Hz, 10 A maks.<\/td>\n<\/tr>\n<tr>\n<th>Wej\u015bcie DC <\/th>\n<td>11-50 V 13 A, 220 W maks.<\/td>\n<\/tr>\n<tr>\n<th>Wej\u015bcie \/ wyj\u015bcie USB-C <\/th>\n<td>5 \/ 9 \/ 12 \/ 15 \/ 20 V 5 A, 100 W maks.<\/td>\n<\/tr>\n<tr>\n<th>Wyj\u015bcie USB-A <\/th>\n<td>5 V 2,4 A 12 W maks. (na ka\u017cdy port, \u0142\u0105cznie 24 W)<\/td>\n<\/tr>\n<tr>\n<th>Wyj\u015bcie DC <\/th>\n<td>12,6 V 10 A \/ 3 A \/ 3 A, 126 W maks.<\/td>\n<\/tr>\n<tr>\n<th>Wyj\u015bcie AC <\/th>\n<td>Czysta fala sinusoidalna, \u0142\u0105cznie 800 W (przep\u0142yw 1600 W), 230 V~ 50\/60 Hz<\/td>\n<\/tr>\n<tr>\n<th>Ogniwo akumulatora <\/th>\n<td>LFP<\/td>\n<\/tr>\n<tr>\n<th>\u017bywotno\u015b\u0107 <\/th>\n<td>80% pojemno\u015bci po 3000 cykli \u0142adowania<\/td>\n<\/tr>\n<tr>\n<th>Temperatura roz\u0142adowania <\/th>\n<td>Od -10\u00b0C do 45\u00b0C<\/td>\n<\/tr>\n<tr>\n<th>Temperatura \u0142adowania <\/th>\n<td>Od 0\u00b0C do 45\u00b0C<\/td>\n<\/tr>\n<tr>\n<th>Optymalna temperatura pracy <\/th>\n<td>Od 20\u00b0C do 30\u00b0C<\/td>\n<\/tr>\n<tr>\n<th>Temperatura przechowywania <\/th>\n<td>Od -10\u00b0C do 45\u00b0C (optymalnie od 20\u00b0C do 30\u00b0C)<\/td>\n<\/tr>\n<tr>\n<th>Aplikacja <\/th>\n<td>EcoFlow<\/td>\n<\/tr>\n<tr>\n<th>\u0141\u0105czno\u015b\u0107 <\/th>\n<td>Wi-Fi, Bluetooth<\/td>\n<\/tr>\n<\/tbody>\n<\/table>\n<p>\u00a0<\/p>\n<h3>Panel fotowoltaiczny<\/h3>\n<table>\n<tbody>\n<tr>\n<th>Producent<\/th>\n<td>EcoFlow<\/td>\n<\/tr>\n<tr>\n<th>Model<\/th>\n<td>EF-Fold-P160-04<\/td>\n<\/tr>\n<tr>\n<th>Moc znamionowa<\/th>\n<td>160 W (\u00b15 W)<\/td>\n<\/tr>\n<tr>\n<th>Napi\u0119cie obwodu otwartego<\/th>\n<td>21,3 V<\/td>\n<\/tr>\n<tr>\n<th>Pr\u0105d zwarciowy<\/th>\n<td>9,1 A<\/td>\n<\/tr>\n<tr>\n<th>Optymalne napi\u0119cie robocze<\/th>\n<td>18,6 V<\/td>\n<\/tr>\n<tr>\n<th>Optymalne nat\u0119\u017cenie robocze<\/th>\n<td>8,6 A<\/td>\n<\/tr>\n<tr>\n<th>Zalecana temperatura otoczenia<\/th>\n<td>Od -20\u00b0C do 85\u00b0C<\/td>\n<\/tr>\n<tr>\n<th>Sprawno\u015b\u0107<\/th>\n<td>25%<\/td>\n<\/tr>\n<tr>\n<th>Wsp\u00f3\u0142czynnik temperaturowy mocy znamionowej<\/th>\n<td>-(0,30 \u00b10,02)%\/\u00b0C<\/td>\n<\/tr>\n<tr>\n<th>Wsp\u00f3\u0142czynnik temperaturowy napi\u0119cia obwodu otwartego<\/th>\n<td>-(0,25 \u00b10,03)%\/\u00b0C<\/td>\n<\/tr>\n<tr>\n<th>Wsp\u00f3\u0142czynnik temperaturowy pr\u0105du zwarciowego<\/th>\n<td>+(0,04 \u00b10,015)%\/\u00b0C<\/td>\n<\/tr>\n<tr>\n<th>Waga<\/th>\n<td>Ok. 5,6 kg<\/td>\n<\/tr>\n<tr>\n<th>Wymiary po roz\u0142o\u017ceniu<\/th>\n<td>600 \u00d7 1610 \u00d7 25 mm<\/td>\n<\/tr>\n<tr>\n<th>Wymiary po z\u0142o\u017ceniu<\/th>\n<td>600 \u00d7 572 \u00d7 32 mm<\/td>\n<\/tr>\n<tr>\n<th>Rodzaj ogniw<\/th>\n<td>Monokrystaliczne TOPCon<\/td>\n<\/tr>\n<tr>\n<th>Rodzaj z\u0142\u0105cz<\/th>\n<td>Z\u0142\u0105cza fotowoltaiczne<\/td>\n<\/tr>\n<\/tbody>\n<\/table>\n<\/div>\n","protected":false},"excerpt":{"rendered":"<p>Zestaw: Stacja zasilania EcoFlow River 2 Pro + panel fotowoltaiczny 160W Zapewnij swoim urz\u0105dzeniom niezawodne \u017ar\u00f3d\u0142o zasilania. Przeno\u015bna stacja EcoFlow<\/p>\n","protected":false},"featured_media":60609,"comment_status":"closed","ping_status":"open","template":"","meta":{"_acf_changed":false},"product_brand":[],"product_cat":[1108,1111,6199],"product_tag":[],"class_list":{"0":"post-60608","1":"product","2":"type-product","3":"status-publish","4":"has-post-thumbnail","6":"product_cat-energia","7":"product_cat-stacje-zasilania","8":"product_cat-stacje-zasilania-stacje-zasilania","9":"pa_okres-gwarancji-5757","10":"pa_producent-ecoflow","12":"first","13":"outofstock","14":"taxable","15":"shipping-taxable","16":"purchasable","17":"product-type-simple"},"acf":[],"yoast_head":"<!-- This site is optimized with the Yoast SEO plugin v27.2 - https:\/\/yoast.com\/product\/yoast-seo-wordpress\/ -->\n<title>Stacja zasilania ECOFLOW River 2 Pro 768Wh + panel 160W - IRONSKY.PL Sklep z Dronami<\/title>\n<meta name=\"description\" content=\"Stacja zasilania ECOFLOW River 2 Pro 768Wh + panel 160W - \u2705 sklep z dronami i fachowym doradztwem. \u2705 Tutaj kupisz produkty DJI, Yuneec, Parrot, Syma i wiele innych, a tak\u017ce kursy i licencje na operatora drona.\" \/>\n<meta name=\"robots\" content=\"index, follow, max-snippet:-1, max-image-preview:large, max-video-preview:-1\" \/>\n<link rel=\"canonical\" href=\"https:\/\/ironsky.pl\/sklep\/produkt\/stacja-zasilania-ecoflow-river-2-pro-768wh-panel-160w\/\" \/>\n<meta property=\"og:locale\" content=\"pl_PL\" \/>\n<meta property=\"og:type\" content=\"article\" \/>\n<meta property=\"og:title\" content=\"Stacja zasilania ECOFLOW River 2 Pro 768Wh + panel 160W - IRONSKY.PL Sklep z Dronami\" \/>\n<meta property=\"og:description\" content=\"Stacja zasilania ECOFLOW River 2 Pro 768Wh + panel 160W - \u2705 sklep z dronami i fachowym doradztwem. \u2705 Tutaj kupisz produkty DJI, Yuneec, Parrot, Syma i wiele innych, a tak\u017ce kursy i licencje na operatora drona.\" \/>\n<meta property=\"og:url\" content=\"https:\/\/ironsky.pl\/sklep\/produkt\/stacja-zasilania-ecoflow-river-2-pro-768wh-panel-160w\/\" \/>\n<meta property=\"og:site_name\" content=\"IRONSKY.PL Sklep z Dronami\" \/>\n<meta property=\"article:modified_time\" content=\"2026-04-15T09:05:25+00:00\" \/>\n<meta property=\"og:image\" content=\"https:\/\/ironsky.pl\/sklep\/wp-content\/uploads\/2026\/04\/53749_1.jpg\" \/>\n\t<meta property=\"og:image:width\" content=\"800\" \/>\n\t<meta property=\"og:image:height\" content=\"800\" \/>\n\t<meta property=\"og:image:type\" content=\"image\/jpeg\" \/>\n<meta name=\"twitter:card\" content=\"summary_large_image\" \/>\n<meta name=\"twitter:label1\" content=\"Szacowany czas czytania\" \/>\n\t<meta name=\"twitter:data1\" content=\"5 minut\" \/>\n<script type=\"application\/ld+json\" class=\"yoast-schema-graph\">{\"@context\":\"https:\/\/schema.org\",\"@graph\":[{\"@type\":\"WebPage\",\"@id\":\"https:\/\/ironsky.pl\/sklep\/produkt\/stacja-zasilania-ecoflow-river-2-pro-768wh-panel-160w\/\",\"url\":\"https:\/\/ironsky.pl\/sklep\/produkt\/stacja-zasilania-ecoflow-river-2-pro-768wh-panel-160w\/\",\"name\":\"Stacja zasilania ECOFLOW River 2 Pro 768Wh + panel 160W - IRONSKY.PL Sklep z Dronami\",\"isPartOf\":{\"@id\":\"https:\/\/ironsky.pl\/sklep\/#website\"},\"primaryImageOfPage\":{\"@id\":\"https:\/\/ironsky.pl\/sklep\/produkt\/stacja-zasilania-ecoflow-river-2-pro-768wh-panel-160w\/#primaryimage\"},\"image\":{\"@id\":\"https:\/\/ironsky.pl\/sklep\/produkt\/stacja-zasilania-ecoflow-river-2-pro-768wh-panel-160w\/#primaryimage\"},\"thumbnailUrl\":\"https:\/\/ironsky.pl\/sklep\/wp-content\/uploads\/2026\/04\/53749_1.jpg\",\"datePublished\":\"2026-04-15T09:05:17+00:00\",\"dateModified\":\"2026-04-15T09:05:25+00:00\",\"description\":\"Stacja zasilania ECOFLOW River 2 Pro 768Wh + panel 160W - \u2705 sklep z dronami i fachowym doradztwem. \u2705 Tutaj kupisz produkty DJI, Yuneec, Parrot, Syma i wiele innych, a tak\u017ce kursy i licencje na operatora drona.\",\"breadcrumb\":{\"@id\":\"https:\/\/ironsky.pl\/sklep\/produkt\/stacja-zasilania-ecoflow-river-2-pro-768wh-panel-160w\/#breadcrumb\"},\"inLanguage\":\"pl-PL\",\"potentialAction\":[{\"@type\":\"ReadAction\",\"target\":[\"https:\/\/ironsky.pl\/sklep\/produkt\/stacja-zasilania-ecoflow-river-2-pro-768wh-panel-160w\/\"]}]},{\"@type\":\"ImageObject\",\"inLanguage\":\"pl-PL\",\"@id\":\"https:\/\/ironsky.pl\/sklep\/produkt\/stacja-zasilania-ecoflow-river-2-pro-768wh-panel-160w\/#primaryimage\",\"url\":\"https:\/\/ironsky.pl\/sklep\/wp-content\/uploads\/2026\/04\/53749_1.jpg\",\"contentUrl\":\"https:\/\/ironsky.pl\/sklep\/wp-content\/uploads\/2026\/04\/53749_1.jpg\",\"width\":800,\"height\":800},{\"@type\":\"BreadcrumbList\",\"@id\":\"https:\/\/ironsky.pl\/sklep\/produkt\/stacja-zasilania-ecoflow-river-2-pro-768wh-panel-160w\/#breadcrumb\",\"itemListElement\":[{\"@type\":\"ListItem\",\"position\":1,\"name\":\"Strona g\u0142\u00f3wna\",\"item\":\"https:\/\/ironsky.pl\/sklep\/\"},{\"@type\":\"ListItem\",\"position\":2,\"name\":\"Wszystkie produkty\",\"item\":\"https:\/\/ironsky.pl\/sklep\/produkty\/\"},{\"@type\":\"ListItem\",\"position\":3,\"name\":\"Stacja zasilania ECOFLOW River 2 Pro 768Wh + panel 160W\"}]},{\"@type\":\"WebSite\",\"@id\":\"https:\/\/ironsky.pl\/sklep\/#website\",\"url\":\"https:\/\/ironsky.pl\/sklep\/\",\"name\":\"IRONSKY.PL Sklep z Dronami\",\"description\":\"IRONSKY.PL Sklep z Dronami\",\"potentialAction\":[{\"@type\":\"SearchAction\",\"target\":{\"@type\":\"EntryPoint\",\"urlTemplate\":\"https:\/\/ironsky.pl\/sklep\/?s={search_term_string}\"},\"query-input\":{\"@type\":\"PropertyValueSpecification\",\"valueRequired\":true,\"valueName\":\"search_term_string\"}}],\"inLanguage\":\"pl-PL\"}]}<\/script>\n<!-- \/ Yoast SEO plugin. -->","yoast_head_json":{"title":"Stacja zasilania ECOFLOW River 2 Pro 768Wh + panel 160W - IRONSKY.PL Sklep z Dronami","description":"Stacja zasilania ECOFLOW River 2 Pro 768Wh + panel 160W - \u2705 sklep z dronami i fachowym doradztwem. \u2705 Tutaj kupisz produkty DJI, Yuneec, Parrot, Syma i wiele innych, a tak\u017ce kursy i licencje na operatora drona.","robots":{"index":"index","follow":"follow","max-snippet":"max-snippet:-1","max-image-preview":"max-image-preview:large","max-video-preview":"max-video-preview:-1"},"canonical":"https:\/\/ironsky.pl\/sklep\/produkt\/stacja-zasilania-ecoflow-river-2-pro-768wh-panel-160w\/","og_locale":"pl_PL","og_type":"article","og_title":"Stacja zasilania ECOFLOW River 2 Pro 768Wh + panel 160W - IRONSKY.PL Sklep z Dronami","og_description":"Stacja zasilania ECOFLOW River 2 Pro 768Wh + panel 160W - \u2705 sklep z dronami i fachowym doradztwem. \u2705 Tutaj kupisz produkty DJI, Yuneec, Parrot, Syma i wiele innych, a tak\u017ce kursy i licencje na operatora drona.","og_url":"https:\/\/ironsky.pl\/sklep\/produkt\/stacja-zasilania-ecoflow-river-2-pro-768wh-panel-160w\/","og_site_name":"IRONSKY.PL Sklep z Dronami","article_modified_time":"2026-04-15T09:05:25+00:00","og_image":[{"width":800,"height":800,"url":"https:\/\/ironsky.pl\/sklep\/wp-content\/uploads\/2026\/04\/53749_1.jpg","type":"image\/jpeg"}],"twitter_card":"summary_large_image","twitter_misc":{"Szacowany czas czytania":"5 minut"},"schema":{"@context":"https:\/\/schema.org","@graph":[{"@type":"WebPage","@id":"https:\/\/ironsky.pl\/sklep\/produkt\/stacja-zasilania-ecoflow-river-2-pro-768wh-panel-160w\/","url":"https:\/\/ironsky.pl\/sklep\/produkt\/stacja-zasilania-ecoflow-river-2-pro-768wh-panel-160w\/","name":"Stacja zasilania ECOFLOW River 2 Pro 768Wh + panel 160W - IRONSKY.PL Sklep z Dronami","isPartOf":{"@id":"https:\/\/ironsky.pl\/sklep\/#website"},"primaryImageOfPage":{"@id":"https:\/\/ironsky.pl\/sklep\/produkt\/stacja-zasilania-ecoflow-river-2-pro-768wh-panel-160w\/#primaryimage"},"image":{"@id":"https:\/\/ironsky.pl\/sklep\/produkt\/stacja-zasilania-ecoflow-river-2-pro-768wh-panel-160w\/#primaryimage"},"thumbnailUrl":"https:\/\/ironsky.pl\/sklep\/wp-content\/uploads\/2026\/04\/53749_1.jpg","datePublished":"2026-04-15T09:05:17+00:00","dateModified":"2026-04-15T09:05:25+00:00","description":"Stacja zasilania ECOFLOW River 2 Pro 768Wh + panel 160W - \u2705 sklep z dronami i fachowym doradztwem. \u2705 Tutaj kupisz produkty DJI, Yuneec, Parrot, Syma i wiele innych, a tak\u017ce kursy i licencje na operatora drona.","breadcrumb":{"@id":"https:\/\/ironsky.pl\/sklep\/produkt\/stacja-zasilania-ecoflow-river-2-pro-768wh-panel-160w\/#breadcrumb"},"inLanguage":"pl-PL","potentialAction":[{"@type":"ReadAction","target":["https:\/\/ironsky.pl\/sklep\/produkt\/stacja-zasilania-ecoflow-river-2-pro-768wh-panel-160w\/"]}]},{"@type":"ImageObject","inLanguage":"pl-PL","@id":"https:\/\/ironsky.pl\/sklep\/produkt\/stacja-zasilania-ecoflow-river-2-pro-768wh-panel-160w\/#primaryimage","url":"https:\/\/ironsky.pl\/sklep\/wp-content\/uploads\/2026\/04\/53749_1.jpg","contentUrl":"https:\/\/ironsky.pl\/sklep\/wp-content\/uploads\/2026\/04\/53749_1.jpg","width":800,"height":800},{"@type":"BreadcrumbList","@id":"https:\/\/ironsky.pl\/sklep\/produkt\/stacja-zasilania-ecoflow-river-2-pro-768wh-panel-160w\/#breadcrumb","itemListElement":[{"@type":"ListItem","position":1,"name":"Strona g\u0142\u00f3wna","item":"https:\/\/ironsky.pl\/sklep\/"},{"@type":"ListItem","position":2,"name":"Wszystkie produkty","item":"https:\/\/ironsky.pl\/sklep\/produkty\/"},{"@type":"ListItem","position":3,"name":"Stacja zasilania ECOFLOW River 2 Pro 768Wh + panel 160W"}]},{"@type":"WebSite","@id":"https:\/\/ironsky.pl\/sklep\/#website","url":"https:\/\/ironsky.pl\/sklep\/","name":"IRONSKY.PL Sklep z Dronami","description":"IRONSKY.PL Sklep z Dronami","potentialAction":[{"@type":"SearchAction","target":{"@type":"EntryPoint","urlTemplate":"https:\/\/ironsky.pl\/sklep\/?s={search_term_string}"},"query-input":{"@type":"PropertyValueSpecification","valueRequired":true,"valueName":"search_term_string"}}],"inLanguage":"pl-PL"}]}},"_links":{"self":[{"href":"https:\/\/ironsky.pl\/sklep\/wp-json\/wp\/v2\/product\/60608","targetHints":{"allow":["GET"]}}],"collection":[{"href":"https:\/\/ironsky.pl\/sklep\/wp-json\/wp\/v2\/product"}],"about":[{"href":"https:\/\/ironsky.pl\/sklep\/wp-json\/wp\/v2\/types\/product"}],"replies":[{"embeddable":true,"href":"https:\/\/ironsky.pl\/sklep\/wp-json\/wp\/v2\/comments?post=60608"}],"wp:featuredmedia":[{"embeddable":true,"href":"https:\/\/ironsky.pl\/sklep\/wp-json\/wp\/v2\/media\/60609"}],"wp:attachment":[{"href":"https:\/\/ironsky.pl\/sklep\/wp-json\/wp\/v2\/media?parent=60608"}],"wp:term":[{"taxonomy":"product_brand","embeddable":true,"href":"https:\/\/ironsky.pl\/sklep\/wp-json\/wp\/v2\/product_brand?post=60608"},{"taxonomy":"product_cat","embeddable":true,"href":"https:\/\/ironsky.pl\/sklep\/wp-json\/wp\/v2\/product_cat?post=60608"},{"taxonomy":"product_tag","embeddable":true,"href":"https:\/\/ironsky.pl\/sklep\/wp-json\/wp\/v2\/product_tag?post=60608"}],"curies":[{"name":"wp","href":"https:\/\/api.w.org\/{rel}","templated":true}]}}