{"id":60590,"date":"2026-04-15T11:04:47","date_gmt":"2026-04-15T09:04:47","guid":{"rendered":"https:\/\/ironsky.pl\/sklep\/produkt\/para-gornych-smigiel-ccw-dji-agras-t50-2\/"},"modified":"2026-04-15T11:04:59","modified_gmt":"2026-04-15T09:04:59","slug":"para-gornych-smigiel-ccw-dji-agras-t50-2","status":"publish","type":"product","link":"https:\/\/ironsky.pl\/sklep\/produkt\/para-gornych-smigiel-ccw-dji-agras-t50-2\/","title":{"rendered":"Para g\u00f3rnych \u015bmigie\u0142 CCW DJI Agras T50"},"content":{"rendered":"<h3>Para g\u00f3rnych \u015bmigie\u0142 CCW DJI Agras T50<\/h3>\n<p>\u015amig\u0142a zosta\u0142y wykonane z filamentu z nylonu i w\u0142\u00f3kna w\u0119glowego, co zapewnia im wyj\u0105tkow\u0105 trwa\u0142o\u015b\u0107 i nisk\u0105 wag\u0119. Ten zaawansowany materia\u0142 zwi\u0119ksza odporno\u015b\u0107 \u015bmig\u0142a na uszkodzenia i poprawia jego efektywno\u015b\u0107 aerodynamiczn\u0105, minimalizuj\u0105c op\u00f3r powietrza. Dzi\u0119ki temu dron mo\u017ce efektywnie przenosi\u0107 ci\u0119\u017ckie \u0142adunki i wykonywa\u0107 precyzyjne manewry, co jest kluczowe dla jego wydajno\u015bci w profesjonalnych zastosowaniach rolniczych.<\/p>\n<p><strong>UWAGA &#8211; pe\u0142en komplet\u00a0sk\u0142ada si\u0119 z 16 \u015bmigie\u0142:<br \/><\/strong><\/p>\n<ul>\n<li><strong>2 pary CW G\u00f3rne<\/strong><\/li>\n<li><strong>2 pary CW Dolne<\/strong><\/li>\n<li><strong>2 pary CCW G\u00f3rne<\/strong><\/li>\n<li><strong>2 pary CCW Dolne<\/strong><\/li>\n<\/ul>\n<div class=\"table-wrapper\">\n<table style=\"height: 23px;\" width=\"400\">\n<tbody>\n<tr>\n<td><strong>Materia\u0142<\/strong><\/td>\n<td>Filament z nylonu i w\u0142\u00f3kna w\u0119glowego<\/td>\n<\/tr>\n<tr>\n<td><strong>Wymiar<\/strong><\/td>\n<td><span>1371.6 mm<\/span><\/td>\n<\/tr>\n<tr>\n<td><strong>\u015arednica obrotu \u015bmig\u0142a<\/strong><\/td>\n<td><span>1375 mm<\/span><\/td>\n<\/tr>\n<\/tbody>\n<\/table>\n<\/div>\n","protected":false},"excerpt":{"rendered":"<p>Para g\u00f3rnych \u015bmigie\u0142 CCW DJI Agras T50 \u015amig\u0142a zosta\u0142y wykonane z filamentu z nylonu i w\u0142\u00f3kna w\u0119glowego, co zapewnia im<\/p>\n","protected":false},"featured_media":47602,"comment_status":"closed","ping_status":"open","template":"","meta":{"_acf_changed":false},"product_brand":[],"product_cat":[6169,1088,1105],"product_tag":[],"class_list":{"0":"post-60590","1":"product","2":"type-product","3":"status-publish","4":"has-post-thumbnail","6":"product_cat-akcesoria-i-czesci","7":"product_cat-drony","8":"product_cat-przemyslowe","9":"pa_producent-dji-agriculture","11":"first","12":"outofstock","13":"taxable","14":"shipping-taxable","15":"purchasable","16":"product-type-simple"},"acf":[],"yoast_head":"<!-- This site is optimized with the Yoast SEO plugin v27.2 - https:\/\/yoast.com\/product\/yoast-seo-wordpress\/ -->\n<title>Para g\u00f3rnych \u015bmigie\u0142 CCW DJI Agras T50 - IRONSKY.PL Sklep z Dronami<\/title>\n<meta name=\"description\" content=\"Para g\u00f3rnych \u015bmigie\u0142 CCW DJI Agras T50 - \u2705 sklep z dronami i fachowym doradztwem. \u2705 Tutaj kupisz produkty DJI, Yuneec, Parrot, Syma i wiele innych, a tak\u017ce kursy i licencje na operatora drona.\" \/>\n<meta name=\"robots\" content=\"index, follow, max-snippet:-1, max-image-preview:large, max-video-preview:-1\" \/>\n<link rel=\"canonical\" href=\"https:\/\/ironsky.pl\/sklep\/produkt\/para-gornych-smigiel-ccw-dji-agras-t50-2\/\" \/>\n<meta property=\"og:locale\" content=\"pl_PL\" \/>\n<meta property=\"og:type\" content=\"article\" \/>\n<meta property=\"og:title\" content=\"Para g\u00f3rnych \u015bmigie\u0142 CCW DJI Agras T50 - IRONSKY.PL Sklep z Dronami\" \/>\n<meta property=\"og:description\" content=\"Para g\u00f3rnych \u015bmigie\u0142 CCW DJI Agras T50 - \u2705 sklep z dronami i fachowym doradztwem. \u2705 Tutaj kupisz produkty DJI, Yuneec, Parrot, Syma i wiele innych, a tak\u017ce kursy i licencje na operatora drona.\" \/>\n<meta property=\"og:url\" content=\"https:\/\/ironsky.pl\/sklep\/produkt\/para-gornych-smigiel-ccw-dji-agras-t50-2\/\" \/>\n<meta property=\"og:site_name\" content=\"IRONSKY.PL Sklep z Dronami\" \/>\n<meta property=\"article:modified_time\" content=\"2026-04-15T09:04:59+00:00\" \/>\n<meta property=\"og:image\" content=\"https:\/\/ironsky.pl\/sklep\/wp-content\/uploads\/2025\/06\/53722_1.jpg\" \/>\n\t<meta property=\"og:image:width\" content=\"800\" \/>\n\t<meta property=\"og:image:height\" content=\"800\" \/>\n\t<meta property=\"og:image:type\" content=\"image\/jpeg\" \/>\n<meta name=\"twitter:card\" content=\"summary_large_image\" \/>\n<meta name=\"twitter:label1\" content=\"Szacowany czas czytania\" \/>\n\t<meta name=\"twitter:data1\" content=\"1 minuta\" \/>\n<script type=\"application\/ld+json\" class=\"yoast-schema-graph\">{\"@context\":\"https:\/\/schema.org\",\"@graph\":[{\"@type\":\"WebPage\",\"@id\":\"https:\/\/ironsky.pl\/sklep\/produkt\/para-gornych-smigiel-ccw-dji-agras-t50-2\/\",\"url\":\"https:\/\/ironsky.pl\/sklep\/produkt\/para-gornych-smigiel-ccw-dji-agras-t50-2\/\",\"name\":\"Para g\u00f3rnych \u015bmigie\u0142 CCW DJI Agras T50 - IRONSKY.PL Sklep z Dronami\",\"isPartOf\":{\"@id\":\"https:\/\/ironsky.pl\/sklep\/#website\"},\"primaryImageOfPage\":{\"@id\":\"https:\/\/ironsky.pl\/sklep\/produkt\/para-gornych-smigiel-ccw-dji-agras-t50-2\/#primaryimage\"},\"image\":{\"@id\":\"https:\/\/ironsky.pl\/sklep\/produkt\/para-gornych-smigiel-ccw-dji-agras-t50-2\/#primaryimage\"},\"thumbnailUrl\":\"https:\/\/ironsky.pl\/sklep\/wp-content\/uploads\/2025\/06\/53722_1.jpg\",\"datePublished\":\"2026-04-15T09:04:47+00:00\",\"dateModified\":\"2026-04-15T09:04:59+00:00\",\"description\":\"Para g\u00f3rnych \u015bmigie\u0142 CCW DJI Agras T50 - \u2705 sklep z dronami i fachowym doradztwem. \u2705 Tutaj kupisz produkty DJI, Yuneec, Parrot, Syma i wiele innych, a tak\u017ce kursy i licencje na operatora drona.\",\"breadcrumb\":{\"@id\":\"https:\/\/ironsky.pl\/sklep\/produkt\/para-gornych-smigiel-ccw-dji-agras-t50-2\/#breadcrumb\"},\"inLanguage\":\"pl-PL\",\"potentialAction\":[{\"@type\":\"ReadAction\",\"target\":[\"https:\/\/ironsky.pl\/sklep\/produkt\/para-gornych-smigiel-ccw-dji-agras-t50-2\/\"]}]},{\"@type\":\"ImageObject\",\"inLanguage\":\"pl-PL\",\"@id\":\"https:\/\/ironsky.pl\/sklep\/produkt\/para-gornych-smigiel-ccw-dji-agras-t50-2\/#primaryimage\",\"url\":\"https:\/\/ironsky.pl\/sklep\/wp-content\/uploads\/2025\/06\/53722_1.jpg\",\"contentUrl\":\"https:\/\/ironsky.pl\/sklep\/wp-content\/uploads\/2025\/06\/53722_1.jpg\",\"width\":800,\"height\":800},{\"@type\":\"BreadcrumbList\",\"@id\":\"https:\/\/ironsky.pl\/sklep\/produkt\/para-gornych-smigiel-ccw-dji-agras-t50-2\/#breadcrumb\",\"itemListElement\":[{\"@type\":\"ListItem\",\"position\":1,\"name\":\"Strona g\u0142\u00f3wna\",\"item\":\"https:\/\/ironsky.pl\/sklep\/\"},{\"@type\":\"ListItem\",\"position\":2,\"name\":\"Wszystkie produkty\",\"item\":\"https:\/\/ironsky.pl\/sklep\/produkty\/\"},{\"@type\":\"ListItem\",\"position\":3,\"name\":\"Para g\u00f3rnych \u015bmigie\u0142 CCW DJI Agras T50\"}]},{\"@type\":\"WebSite\",\"@id\":\"https:\/\/ironsky.pl\/sklep\/#website\",\"url\":\"https:\/\/ironsky.pl\/sklep\/\",\"name\":\"IRONSKY.PL Sklep z Dronami\",\"description\":\"IRONSKY.PL Sklep z Dronami\",\"potentialAction\":[{\"@type\":\"SearchAction\",\"target\":{\"@type\":\"EntryPoint\",\"urlTemplate\":\"https:\/\/ironsky.pl\/sklep\/?s={search_term_string}\"},\"query-input\":{\"@type\":\"PropertyValueSpecification\",\"valueRequired\":true,\"valueName\":\"search_term_string\"}}],\"inLanguage\":\"pl-PL\"}]}<\/script>\n<!-- \/ Yoast SEO plugin. -->","yoast_head_json":{"title":"Para g\u00f3rnych \u015bmigie\u0142 CCW DJI Agras T50 - IRONSKY.PL Sklep z Dronami","description":"Para g\u00f3rnych \u015bmigie\u0142 CCW DJI Agras T50 - \u2705 sklep z dronami i fachowym doradztwem. \u2705 Tutaj kupisz produkty DJI, Yuneec, Parrot, Syma i wiele innych, a tak\u017ce kursy i licencje na operatora drona.","robots":{"index":"index","follow":"follow","max-snippet":"max-snippet:-1","max-image-preview":"max-image-preview:large","max-video-preview":"max-video-preview:-1"},"canonical":"https:\/\/ironsky.pl\/sklep\/produkt\/para-gornych-smigiel-ccw-dji-agras-t50-2\/","og_locale":"pl_PL","og_type":"article","og_title":"Para g\u00f3rnych \u015bmigie\u0142 CCW DJI Agras T50 - IRONSKY.PL Sklep z Dronami","og_description":"Para g\u00f3rnych \u015bmigie\u0142 CCW DJI Agras T50 - \u2705 sklep z dronami i fachowym doradztwem. \u2705 Tutaj kupisz produkty DJI, Yuneec, Parrot, Syma i wiele innych, a tak\u017ce kursy i licencje na operatora drona.","og_url":"https:\/\/ironsky.pl\/sklep\/produkt\/para-gornych-smigiel-ccw-dji-agras-t50-2\/","og_site_name":"IRONSKY.PL Sklep z Dronami","article_modified_time":"2026-04-15T09:04:59+00:00","og_image":[{"width":800,"height":800,"url":"https:\/\/ironsky.pl\/sklep\/wp-content\/uploads\/2025\/06\/53722_1.jpg","type":"image\/jpeg"}],"twitter_card":"summary_large_image","twitter_misc":{"Szacowany czas czytania":"1 minuta"},"schema":{"@context":"https:\/\/schema.org","@graph":[{"@type":"WebPage","@id":"https:\/\/ironsky.pl\/sklep\/produkt\/para-gornych-smigiel-ccw-dji-agras-t50-2\/","url":"https:\/\/ironsky.pl\/sklep\/produkt\/para-gornych-smigiel-ccw-dji-agras-t50-2\/","name":"Para g\u00f3rnych \u015bmigie\u0142 CCW DJI Agras T50 - IRONSKY.PL Sklep z Dronami","isPartOf":{"@id":"https:\/\/ironsky.pl\/sklep\/#website"},"primaryImageOfPage":{"@id":"https:\/\/ironsky.pl\/sklep\/produkt\/para-gornych-smigiel-ccw-dji-agras-t50-2\/#primaryimage"},"image":{"@id":"https:\/\/ironsky.pl\/sklep\/produkt\/para-gornych-smigiel-ccw-dji-agras-t50-2\/#primaryimage"},"thumbnailUrl":"https:\/\/ironsky.pl\/sklep\/wp-content\/uploads\/2025\/06\/53722_1.jpg","datePublished":"2026-04-15T09:04:47+00:00","dateModified":"2026-04-15T09:04:59+00:00","description":"Para g\u00f3rnych \u015bmigie\u0142 CCW DJI Agras T50 - \u2705 sklep z dronami i fachowym doradztwem. \u2705 Tutaj kupisz produkty DJI, Yuneec, Parrot, Syma i wiele innych, a tak\u017ce kursy i licencje na operatora drona.","breadcrumb":{"@id":"https:\/\/ironsky.pl\/sklep\/produkt\/para-gornych-smigiel-ccw-dji-agras-t50-2\/#breadcrumb"},"inLanguage":"pl-PL","potentialAction":[{"@type":"ReadAction","target":["https:\/\/ironsky.pl\/sklep\/produkt\/para-gornych-smigiel-ccw-dji-agras-t50-2\/"]}]},{"@type":"ImageObject","inLanguage":"pl-PL","@id":"https:\/\/ironsky.pl\/sklep\/produkt\/para-gornych-smigiel-ccw-dji-agras-t50-2\/#primaryimage","url":"https:\/\/ironsky.pl\/sklep\/wp-content\/uploads\/2025\/06\/53722_1.jpg","contentUrl":"https:\/\/ironsky.pl\/sklep\/wp-content\/uploads\/2025\/06\/53722_1.jpg","width":800,"height":800},{"@type":"BreadcrumbList","@id":"https:\/\/ironsky.pl\/sklep\/produkt\/para-gornych-smigiel-ccw-dji-agras-t50-2\/#breadcrumb","itemListElement":[{"@type":"ListItem","position":1,"name":"Strona g\u0142\u00f3wna","item":"https:\/\/ironsky.pl\/sklep\/"},{"@type":"ListItem","position":2,"name":"Wszystkie produkty","item":"https:\/\/ironsky.pl\/sklep\/produkty\/"},{"@type":"ListItem","position":3,"name":"Para g\u00f3rnych \u015bmigie\u0142 CCW DJI Agras T50"}]},{"@type":"WebSite","@id":"https:\/\/ironsky.pl\/sklep\/#website","url":"https:\/\/ironsky.pl\/sklep\/","name":"IRONSKY.PL Sklep z Dronami","description":"IRONSKY.PL Sklep z Dronami","potentialAction":[{"@type":"SearchAction","target":{"@type":"EntryPoint","urlTemplate":"https:\/\/ironsky.pl\/sklep\/?s={search_term_string}"},"query-input":{"@type":"PropertyValueSpecification","valueRequired":true,"valueName":"search_term_string"}}],"inLanguage":"pl-PL"}]}},"_links":{"self":[{"href":"https:\/\/ironsky.pl\/sklep\/wp-json\/wp\/v2\/product\/60590","targetHints":{"allow":["GET"]}}],"collection":[{"href":"https:\/\/ironsky.pl\/sklep\/wp-json\/wp\/v2\/product"}],"about":[{"href":"https:\/\/ironsky.pl\/sklep\/wp-json\/wp\/v2\/types\/product"}],"replies":[{"embeddable":true,"href":"https:\/\/ironsky.pl\/sklep\/wp-json\/wp\/v2\/comments?post=60590"}],"wp:featuredmedia":[{"embeddable":true,"href":"https:\/\/ironsky.pl\/sklep\/wp-json\/wp\/v2\/media\/47602"}],"wp:attachment":[{"href":"https:\/\/ironsky.pl\/sklep\/wp-json\/wp\/v2\/media?parent=60590"}],"wp:term":[{"taxonomy":"product_brand","embeddable":true,"href":"https:\/\/ironsky.pl\/sklep\/wp-json\/wp\/v2\/product_brand?post=60590"},{"taxonomy":"product_cat","embeddable":true,"href":"https:\/\/ironsky.pl\/sklep\/wp-json\/wp\/v2\/product_cat?post=60590"},{"taxonomy":"product_tag","embeddable":true,"href":"https:\/\/ironsky.pl\/sklep\/wp-json\/wp\/v2\/product_tag?post=60590"}],"curies":[{"name":"wp","href":"https:\/\/api.w.org\/{rel}","templated":true}]}}