{"id":60571,"date":"2026-04-15T11:04:26","date_gmt":"2026-04-15T09:04:26","guid":{"rendered":"https:\/\/ironsky.pl\/sklep\/produkt\/statyw-neewer-n55c-168cm\/"},"modified":"2026-04-15T11:04:33","modified_gmt":"2026-04-15T09:04:33","slug":"statyw-neewer-n55c-168cm","status":"publish","type":"product","link":"https:\/\/ironsky.pl\/sklep\/produkt\/statyw-neewer-n55c-168cm\/","title":{"rendered":"Statyw NEEWER N55C 168cm"},"content":{"rendered":"<h3>Statyw \/ tripod Neewer N55C 168 cm<\/h3>\n<p>Neewer N55C to statyw z w\u0142\u00f3kna w\u0119glowego, kt\u00f3ry \u0142\u0105czy w sobie lekko\u015b\u0107, wytrzyma\u0142o\u015b\u0107 i wysok\u0105 funkcjonalno\u015b\u0107. Dzi\u0119ki mo\u017cliwo\u015bci przekszta\u0142cenia go w monopod model ten doskonale sprawdzi si\u0119 w r\u00f3\u017cnych scenariuszach fotograficznych \u2013 od portret\u00f3w, przez zdj\u0119cia makro, a\u017c po dynamiczne uj\u0119cia w plenerze. Jego kompaktowe wymiary oraz lekka waga czyni\u0105 go idealnym towarzyszem podr\u00f3\u017cy, a imponuj\u0105cy ud\u017awig pozwala pracowa\u0107 nawet z ci\u0119\u017cszym sprz\u0119tem fotograficznym. Potrzebujesz statywu, kt\u00f3ry sprosta ka\u017cdemu wyzwaniu? Postaw na Neewer N55C i ciesz si\u0119 wygodnym i profesjonalnym fotografowaniem niezale\u017cnie od warunk\u00f3w.<\/p>\n<p>\n<img decoding=\"async\" src=\"https:\/\/assets.innpro.pl\/16660\/21693\/6.jpg\" border=\"0\" alt=\"\" \/>\n<\/p>\n<h3>Pe\u0142na swoboda ruchu i panoramowania<\/h3>\n<p>Wbudowana g\u0142owica kulowa z metalowym wyko\u0144czeniem umo\u017cliwia pe\u0142ne obracanie o 360\u00b0, a tak\u017ce przechylanie do 90\u00b0, co pozwala na wygodne fotografowanie zar\u00f3wno w pionie, jak i poziomie. Obrotowa podstawa idealnie sprawdza si\u0119 przy tworzeniu panoram, a p\u0142ynny ruch g\u0142owicy zapewnia komfortow\u0105 i precyzyjn\u0105 prac\u0119.<\/p>\n<p>\n<img decoding=\"async\" src=\"https:\/\/assets.innpro.pl\/16660\/21693\/3.jpg\" border=\"0\" alt=\"\" \/>\n<\/p>\n<h3>Statyw i monopod w jednym<\/h3>\n<p>Neewer N55C oferuje dwie opcje szybkiego przekszta\u0142cenia w monopod. W pierwszej wystarczy od\u0142\u0105czy\u0107 jedn\u0105 z n\u00f3g statywu i przykr\u0119ci\u0107 do niej g\u0142owic\u0119. W drugiej mo\u017cna dodatkowo wykorzysta\u0107 kolumn\u0119 centraln\u0105, co umo\u017cliwia uzyskanie maksymalnej wysoko\u015bci nawet 180 cm. Dzi\u0119ki temu z \u0142atwo\u015bci\u0105 dostosujesz statyw do aktualnych potrzeb i warunk\u00f3w.<\/p>\n<p>\n<img decoding=\"async\" src=\"https:\/\/assets.innpro.pl\/16660\/21693\/2.jpg\" border=\"0\" alt=\"\" \/>\n<\/p>\n<h3>Zdj\u0119cia z ka\u017cdej perspektywy<\/h3>\n<p>Czterosekcyjne nogi z systemem blokad skr\u0119tnych pozwalaj\u0105 szybko ustawi\u0107 statyw na wysoko\u015bci od 57,5 do 168 cm. Mo\u017cna je r\u00f3wnie\u017c roz\u0142o\u017cy\u0107 p\u0142asko na pod\u0142o\u017cu lub ustawi\u0107 na nier\u00f3wnej powierzchni, co w po\u0142\u0105czeniu z odwracaln\u0105 kolumn\u0105 centraln\u0105 u\u0142atwia fotografowanie z niskiej perspektywy. Taki zakres regulacji daje pe\u0142n\u0105 kontrol\u0119 nad kadrem w ka\u017cdych warunkach.<\/p>\n<p>\n<img decoding=\"async\" src=\"https:\/\/assets.innpro.pl\/16660\/21693\/1.jpg\" border=\"0\" alt=\"\" \/>\n<\/p>\n<h3>Wytrzyma\u0142o\u015b\u0107 w\u0142\u00f3kna w\u0119glowego<\/h3>\n<p>Wykonany z o\u015bmiowarstwowego laminatu z w\u0142\u00f3kna w\u0119glowego, Neewer N55C jest odporny na korozj\u0119 i ekstremalne warunki. Mimo solidnej konstrukcji pozostaje lekki i mobilny \u2013 po z\u0142o\u017ceniu statyw mierzy zaledwie 47 cm i mie\u015bci si\u0119 w do\u0142\u0105czonym do zestawu pokrowcu, co u\u0142atwia jego transport i przechowywanie. Natomiast jego ud\u017awig wynosi a\u017c 12 kg, dzi\u0119ki czemu bez problemu utrzyma wi\u0119kszo\u015b\u0107 kamer. Minimalistyczna obudowa z subtelnymi wzorami dodaje mu ciekawego charakteru.<\/p>\n<p>\n<img decoding=\"async\" src=\"https:\/\/assets.innpro.pl\/16660\/21693\/4.jpg\" border=\"0\" alt=\"\" \/>\n<\/p>\n<h3>W zestawie<\/h3>\n<ul class=\"list-disc pl-5\">\n<li>statyw<\/li>\n<li>torba do przechowywania<\/li>\n<li>klucz sze\u015bciok\u0105tny<\/li>\n<li>instrukcja obs\u0142ugi<\/li>\n<\/ul>\n<div class=\"table-wrapper\">\n<p>\u00a0<\/p>\n<h3><\/h3>\n<table>\n<tbody>\n<tr>\n<th>Producent<\/th>\n<td>Neewer<\/td>\n<\/tr>\n<tr>\n<th>Model<\/th>\n<td>N55C<\/td>\n<\/tr>\n<tr>\n<th>Materia\u0142 wykonania<\/th>\n<td>W\u0142\u00f3kno w\u0119glowe<\/td>\n<\/tr>\n<tr>\n<th>Maksymalna wysoko\u015b\u0107 <\/th>\n<td>60.5 cm; 172 cm (z kolumn\u0105 centraln\u0105)<\/td>\n<\/tr>\n<tr>\n<th>Maksymalne obci\u0105\u017cenie<\/th>\n<td>12 kg<\/td>\n<\/tr>\n<tr>\n<th>Sekcje <\/th>\n<td>4<\/td>\n<\/tr>\n<tr>\n<th>Rodzaj \u015brub<\/th>\n<td>1\/4&#8243;<\/td>\n<\/tr>\n<tr>\n<th>Kolor<\/th>\n<td>Czarny, czerwony<\/td>\n<\/tr>\n<\/tbody>\n<\/table>\n<\/div>\n","protected":false},"excerpt":{"rendered":"<p>Statyw \/ tripod Neewer N55C 168 cm Neewer N55C to statyw z w\u0142\u00f3kna w\u0119glowego, kt\u00f3ry \u0142\u0105czy w sobie lekko\u015b\u0107, wytrzyma\u0142o\u015b\u0107<\/p>\n","protected":false},"featured_media":49347,"comment_status":"closed","ping_status":"open","template":"","meta":{"_acf_changed":false},"product_brand":[],"product_cat":[1128,6178,6176,6190,6177,1138],"product_tag":[],"class_list":{"0":"post-60571","1":"product","2":"type-product","3":"status-publish","4":"has-post-thumbnail","6":"product_cat-foto-wideo","7":"product_cat-mocowania","8":"product_cat-selfie-stiki","9":"product_cat-statywy-mocowania","10":"product_cat-statywy-selfie-stiki","11":"product_cat-wysiegniki","12":"pa_okres-gwarancji-5757","13":"pa_producent-neewer","15":"first","16":"outofstock","17":"taxable","18":"shipping-taxable","19":"purchasable","20":"product-type-simple"},"acf":[],"yoast_head":"<!-- This site is optimized with the Yoast SEO plugin v27.2 - https:\/\/yoast.com\/product\/yoast-seo-wordpress\/ -->\n<title>Statyw NEEWER N55C 168cm - IRONSKY.PL Sklep z Dronami<\/title>\n<meta name=\"description\" content=\"Statyw NEEWER N55C 168cm - \u2705 sklep z dronami i fachowym doradztwem. \u2705 Tutaj kupisz produkty DJI, Yuneec, Parrot, Syma i wiele innych, a tak\u017ce kursy i licencje na operatora drona.\" \/>\n<meta name=\"robots\" content=\"index, follow, max-snippet:-1, max-image-preview:large, max-video-preview:-1\" \/>\n<link rel=\"canonical\" href=\"https:\/\/ironsky.pl\/sklep\/produkt\/statyw-neewer-n55c-168cm\/\" \/>\n<meta property=\"og:locale\" content=\"pl_PL\" \/>\n<meta property=\"og:type\" content=\"article\" \/>\n<meta property=\"og:title\" content=\"Statyw NEEWER N55C 168cm - IRONSKY.PL Sklep z Dronami\" \/>\n<meta property=\"og:description\" content=\"Statyw NEEWER N55C 168cm - \u2705 sklep z dronami i fachowym doradztwem. \u2705 Tutaj kupisz produkty DJI, Yuneec, Parrot, Syma i wiele innych, a tak\u017ce kursy i licencje na operatora drona.\" \/>\n<meta property=\"og:url\" content=\"https:\/\/ironsky.pl\/sklep\/produkt\/statyw-neewer-n55c-168cm\/\" \/>\n<meta property=\"og:site_name\" content=\"IRONSKY.PL Sklep z Dronami\" \/>\n<meta property=\"article:modified_time\" content=\"2026-04-15T09:04:33+00:00\" \/>\n<meta property=\"og:image\" content=\"https:\/\/ironsky.pl\/sklep\/wp-content\/uploads\/2025\/10\/53598_1.jpg\" \/>\n\t<meta property=\"og:image:width\" content=\"800\" \/>\n\t<meta property=\"og:image:height\" content=\"800\" \/>\n\t<meta property=\"og:image:type\" content=\"image\/jpeg\" \/>\n<meta name=\"twitter:card\" content=\"summary_large_image\" \/>\n<meta name=\"twitter:label1\" content=\"Szacowany czas czytania\" \/>\n\t<meta name=\"twitter:data1\" content=\"2 minuty\" \/>\n<script type=\"application\/ld+json\" class=\"yoast-schema-graph\">{\"@context\":\"https:\/\/schema.org\",\"@graph\":[{\"@type\":\"WebPage\",\"@id\":\"https:\/\/ironsky.pl\/sklep\/produkt\/statyw-neewer-n55c-168cm\/\",\"url\":\"https:\/\/ironsky.pl\/sklep\/produkt\/statyw-neewer-n55c-168cm\/\",\"name\":\"Statyw NEEWER N55C 168cm - IRONSKY.PL Sklep z Dronami\",\"isPartOf\":{\"@id\":\"https:\/\/ironsky.pl\/sklep\/#website\"},\"primaryImageOfPage\":{\"@id\":\"https:\/\/ironsky.pl\/sklep\/produkt\/statyw-neewer-n55c-168cm\/#primaryimage\"},\"image\":{\"@id\":\"https:\/\/ironsky.pl\/sklep\/produkt\/statyw-neewer-n55c-168cm\/#primaryimage\"},\"thumbnailUrl\":\"https:\/\/ironsky.pl\/sklep\/wp-content\/uploads\/2025\/10\/53598_1.jpg\",\"datePublished\":\"2026-04-15T09:04:26+00:00\",\"dateModified\":\"2026-04-15T09:04:33+00:00\",\"description\":\"Statyw NEEWER N55C 168cm - \u2705 sklep z dronami i fachowym doradztwem. \u2705 Tutaj kupisz produkty DJI, Yuneec, Parrot, Syma i wiele innych, a tak\u017ce kursy i licencje na operatora drona.\",\"breadcrumb\":{\"@id\":\"https:\/\/ironsky.pl\/sklep\/produkt\/statyw-neewer-n55c-168cm\/#breadcrumb\"},\"inLanguage\":\"pl-PL\",\"potentialAction\":[{\"@type\":\"ReadAction\",\"target\":[\"https:\/\/ironsky.pl\/sklep\/produkt\/statyw-neewer-n55c-168cm\/\"]}]},{\"@type\":\"ImageObject\",\"inLanguage\":\"pl-PL\",\"@id\":\"https:\/\/ironsky.pl\/sklep\/produkt\/statyw-neewer-n55c-168cm\/#primaryimage\",\"url\":\"https:\/\/ironsky.pl\/sklep\/wp-content\/uploads\/2025\/10\/53598_1.jpg\",\"contentUrl\":\"https:\/\/ironsky.pl\/sklep\/wp-content\/uploads\/2025\/10\/53598_1.jpg\",\"width\":800,\"height\":800},{\"@type\":\"BreadcrumbList\",\"@id\":\"https:\/\/ironsky.pl\/sklep\/produkt\/statyw-neewer-n55c-168cm\/#breadcrumb\",\"itemListElement\":[{\"@type\":\"ListItem\",\"position\":1,\"name\":\"Strona g\u0142\u00f3wna\",\"item\":\"https:\/\/ironsky.pl\/sklep\/\"},{\"@type\":\"ListItem\",\"position\":2,\"name\":\"Wszystkie produkty\",\"item\":\"https:\/\/ironsky.pl\/sklep\/produkty\/\"},{\"@type\":\"ListItem\",\"position\":3,\"name\":\"Statyw NEEWER N55C 168cm\"}]},{\"@type\":\"WebSite\",\"@id\":\"https:\/\/ironsky.pl\/sklep\/#website\",\"url\":\"https:\/\/ironsky.pl\/sklep\/\",\"name\":\"IRONSKY.PL Sklep z Dronami\",\"description\":\"IRONSKY.PL Sklep z Dronami\",\"potentialAction\":[{\"@type\":\"SearchAction\",\"target\":{\"@type\":\"EntryPoint\",\"urlTemplate\":\"https:\/\/ironsky.pl\/sklep\/?s={search_term_string}\"},\"query-input\":{\"@type\":\"PropertyValueSpecification\",\"valueRequired\":true,\"valueName\":\"search_term_string\"}}],\"inLanguage\":\"pl-PL\"}]}<\/script>\n<!-- \/ Yoast SEO plugin. -->","yoast_head_json":{"title":"Statyw NEEWER N55C 168cm - IRONSKY.PL Sklep z Dronami","description":"Statyw NEEWER N55C 168cm - \u2705 sklep z dronami i fachowym doradztwem. \u2705 Tutaj kupisz produkty DJI, Yuneec, Parrot, Syma i wiele innych, a tak\u017ce kursy i licencje na operatora drona.","robots":{"index":"index","follow":"follow","max-snippet":"max-snippet:-1","max-image-preview":"max-image-preview:large","max-video-preview":"max-video-preview:-1"},"canonical":"https:\/\/ironsky.pl\/sklep\/produkt\/statyw-neewer-n55c-168cm\/","og_locale":"pl_PL","og_type":"article","og_title":"Statyw NEEWER N55C 168cm - IRONSKY.PL Sklep z Dronami","og_description":"Statyw NEEWER N55C 168cm - \u2705 sklep z dronami i fachowym doradztwem. \u2705 Tutaj kupisz produkty DJI, Yuneec, Parrot, Syma i wiele innych, a tak\u017ce kursy i licencje na operatora drona.","og_url":"https:\/\/ironsky.pl\/sklep\/produkt\/statyw-neewer-n55c-168cm\/","og_site_name":"IRONSKY.PL Sklep z Dronami","article_modified_time":"2026-04-15T09:04:33+00:00","og_image":[{"width":800,"height":800,"url":"https:\/\/ironsky.pl\/sklep\/wp-content\/uploads\/2025\/10\/53598_1.jpg","type":"image\/jpeg"}],"twitter_card":"summary_large_image","twitter_misc":{"Szacowany czas czytania":"2 minuty"},"schema":{"@context":"https:\/\/schema.org","@graph":[{"@type":"WebPage","@id":"https:\/\/ironsky.pl\/sklep\/produkt\/statyw-neewer-n55c-168cm\/","url":"https:\/\/ironsky.pl\/sklep\/produkt\/statyw-neewer-n55c-168cm\/","name":"Statyw NEEWER N55C 168cm - IRONSKY.PL Sklep z Dronami","isPartOf":{"@id":"https:\/\/ironsky.pl\/sklep\/#website"},"primaryImageOfPage":{"@id":"https:\/\/ironsky.pl\/sklep\/produkt\/statyw-neewer-n55c-168cm\/#primaryimage"},"image":{"@id":"https:\/\/ironsky.pl\/sklep\/produkt\/statyw-neewer-n55c-168cm\/#primaryimage"},"thumbnailUrl":"https:\/\/ironsky.pl\/sklep\/wp-content\/uploads\/2025\/10\/53598_1.jpg","datePublished":"2026-04-15T09:04:26+00:00","dateModified":"2026-04-15T09:04:33+00:00","description":"Statyw NEEWER N55C 168cm - \u2705 sklep z dronami i fachowym doradztwem. \u2705 Tutaj kupisz produkty DJI, Yuneec, Parrot, Syma i wiele innych, a tak\u017ce kursy i licencje na operatora drona.","breadcrumb":{"@id":"https:\/\/ironsky.pl\/sklep\/produkt\/statyw-neewer-n55c-168cm\/#breadcrumb"},"inLanguage":"pl-PL","potentialAction":[{"@type":"ReadAction","target":["https:\/\/ironsky.pl\/sklep\/produkt\/statyw-neewer-n55c-168cm\/"]}]},{"@type":"ImageObject","inLanguage":"pl-PL","@id":"https:\/\/ironsky.pl\/sklep\/produkt\/statyw-neewer-n55c-168cm\/#primaryimage","url":"https:\/\/ironsky.pl\/sklep\/wp-content\/uploads\/2025\/10\/53598_1.jpg","contentUrl":"https:\/\/ironsky.pl\/sklep\/wp-content\/uploads\/2025\/10\/53598_1.jpg","width":800,"height":800},{"@type":"BreadcrumbList","@id":"https:\/\/ironsky.pl\/sklep\/produkt\/statyw-neewer-n55c-168cm\/#breadcrumb","itemListElement":[{"@type":"ListItem","position":1,"name":"Strona g\u0142\u00f3wna","item":"https:\/\/ironsky.pl\/sklep\/"},{"@type":"ListItem","position":2,"name":"Wszystkie produkty","item":"https:\/\/ironsky.pl\/sklep\/produkty\/"},{"@type":"ListItem","position":3,"name":"Statyw NEEWER N55C 168cm"}]},{"@type":"WebSite","@id":"https:\/\/ironsky.pl\/sklep\/#website","url":"https:\/\/ironsky.pl\/sklep\/","name":"IRONSKY.PL Sklep z Dronami","description":"IRONSKY.PL Sklep z Dronami","potentialAction":[{"@type":"SearchAction","target":{"@type":"EntryPoint","urlTemplate":"https:\/\/ironsky.pl\/sklep\/?s={search_term_string}"},"query-input":{"@type":"PropertyValueSpecification","valueRequired":true,"valueName":"search_term_string"}}],"inLanguage":"pl-PL"}]}},"_links":{"self":[{"href":"https:\/\/ironsky.pl\/sklep\/wp-json\/wp\/v2\/product\/60571","targetHints":{"allow":["GET"]}}],"collection":[{"href":"https:\/\/ironsky.pl\/sklep\/wp-json\/wp\/v2\/product"}],"about":[{"href":"https:\/\/ironsky.pl\/sklep\/wp-json\/wp\/v2\/types\/product"}],"replies":[{"embeddable":true,"href":"https:\/\/ironsky.pl\/sklep\/wp-json\/wp\/v2\/comments?post=60571"}],"wp:featuredmedia":[{"embeddable":true,"href":"https:\/\/ironsky.pl\/sklep\/wp-json\/wp\/v2\/media\/49347"}],"wp:attachment":[{"href":"https:\/\/ironsky.pl\/sklep\/wp-json\/wp\/v2\/media?parent=60571"}],"wp:term":[{"taxonomy":"product_brand","embeddable":true,"href":"https:\/\/ironsky.pl\/sklep\/wp-json\/wp\/v2\/product_brand?post=60571"},{"taxonomy":"product_cat","embeddable":true,"href":"https:\/\/ironsky.pl\/sklep\/wp-json\/wp\/v2\/product_cat?post=60571"},{"taxonomy":"product_tag","embeddable":true,"href":"https:\/\/ironsky.pl\/sklep\/wp-json\/wp\/v2\/product_tag?post=60571"}],"curies":[{"name":"wp","href":"https:\/\/api.w.org\/{rel}","templated":true}]}}