{"id":60567,"date":"2026-04-15T11:04:26","date_gmt":"2026-04-15T09:04:26","guid":{"rendered":"https:\/\/ironsky.pl\/sklep\/produkt\/lampa-led-neewer-tl97c-moc-4-5w-rgb\/"},"modified":"2026-04-15T11:04:28","modified_gmt":"2026-04-15T09:04:28","slug":"lampa-led-neewer-tl97c-moc-4-5w-rgb","status":"publish","type":"product","link":"https:\/\/ironsky.pl\/sklep\/produkt\/lampa-led-neewer-tl97c-moc-4-5w-rgb\/","title":{"rendered":"Lampa LED NEEWER TL97C moc 4.5W RGB"},"content":{"rendered":"<h3>Kolorowa lampa fotograficzna Neewer TL97C RGB LED<\/h3>\n<p>Szukasz kompaktowego \u017ar\u00f3d\u0142a \u015bwiat\u0142a, kt\u00f3re zmie\u015bci si\u0119 w kieszeni, a jednocze\u015bnie zaoferuje pe\u0142n\u0105 kontrol\u0119 nad barw\u0105, jasno\u015bci\u0105 i efektami? Neewer TL97C to por\u0119czna lampa RGB o mocy 4,5 W, kt\u00f3ra \u0142\u0105czy technologi\u0119 RGBWW z imponuj\u0105cym wsp\u00f3\u0142czynnikiem CRI 97. Dzi\u0119ki 93 diodom (36 zimnym, 33 ciep\u0142ym i 24 RGB) generuje \u015bwiat\u0142o o nat\u0119\u017ceniu do 360 luks\u00f3w z odleg\u0142o\u015bci 0,5 metra. Mimo niewielkich rozmiar\u00f3w (10,8 \u00d7 4 \u00d7 4,4 cm) i niskiej wadze (134 g) oferuje funkcjonalno\u015b\u0107 godn\u0105 profesjonalnych zastosowa\u0144, w tym vlog\u00f3w, zdj\u0119\u0107 produktowych, transmisji na \u017cywo czy kreatywnych uj\u0119\u0107 w plenerze.<\/p>\n<p>\n<img decoding=\"async\" src=\"https:\/\/assets.innpro.pl\/16665\/21698\/2.jpg\" border=\"0\" alt=\"\" \/>\n<\/p>\n<h3>Pe\u0142na swoboda ustawie\u0144 kolorystycznych<\/h3>\n<p>Neewer TL97C oferuje trzy tryby pracy \u2013 CCT (zakres temperatury barwowej 2500K\u20138500K), HSI i FX, dzi\u0119ki kt\u00f3rym mo\u017cesz precyzyjnie dopasowa\u0107 \u015bwiat\u0142o do ka\u017cdej sceny. W trybie HSI mo\u017cliwa jest regulacja odcienia (0\u2013360\u00b0), jasno\u015bci (0\u2013100%) oraz nasycenia (0\u2013100%). Dodatkowo funkcja korekcji balansu zieleni\/magenty (GM) pozwala idealnie dopasowa\u0107 \u015bwiat\u0142o do r\u00f3\u017cnych typ\u00f3w kamer i warunk\u00f3w o\u015bwietleniowych.<\/p>\n<p>\n<img decoding=\"async\" src=\"https:\/\/assets.innpro.pl\/16665\/21698\/5.jpg\" border=\"0\" alt=\"\" \/>\n<\/p>\n<h3>17 wbudowanych efekt\u00f3w specjalnych<\/h3>\n<p>B\u0142yskawice, fajerwerki, a \u015bwiat\u0142o policyjne? Neewer TL97C oferuje 17 dynamicznych efekt\u00f3w \u015bwietlnych, kt\u00f3re umo\u017cliwiaj\u0105 tworzenie wyj\u0105tkowych uj\u0119\u0107 bez potrzeby stosowania dodatkowego oprogramowania. To idealne rozwi\u0105zanie dla tw\u00f3rc\u00f3w teledysk\u00f3w, film\u00f3w kr\u00f3tkometra\u017cowych czy stylizowanych sesji zdj\u0119ciowych.<\/p>\n<p>\n<img decoding=\"async\" src=\"https:\/\/assets.innpro.pl\/16665\/21698\/4.jpg\" border=\"0\" alt=\"\" \/>\n<\/p>\n<h3>Sterowanie zdalne przez aplikacj\u0119<\/h3>\n<p>Z lamp\u0105 Neewer TL97C mo\u017cesz dzia\u0142a\u0107 bez dotykania urz\u0105dzenia \u2014 wystarczy aplikacja Neewer Control Center na Androida lub iOS. Sterowanie dzia\u0142a w promieniu do 50 metr\u00f3w bez potrzeby \u0142\u0105czenia z Wi-Fi. Z poziomu telefonu ustawisz jasno\u015b\u0107, kolor, temperatur\u0119 barwow\u0105, efekty specjalne, a tak\u017ce zapiszesz w\u0142asne presety. Obs\u0142ugiwane s\u0105 te\u017c aktualizacje OTA, dzi\u0119ki kt\u00f3rym lampa zyskuje nowe funkcje bez konieczno\u015bci pod\u0142\u0105czania do komputera.<\/p>\n<p>\n<img decoding=\"async\" src=\"https:\/\/assets.innpro.pl\/16665\/21698\/7.jpg\" border=\"0\" alt=\"\" \/>\n<\/p>\n<h3>Mobilno\u015b\u0107 i wytrzyma\u0142o\u015b\u0107<\/h3>\n<p>Wbudowany akumulator litowy o pojemno\u015bci 2500 mAh zapewnia do 150 minut pracy na pe\u0142nej jasno\u015bci. \u0141adowanie przez USB-C (5V\/2A) trwa zaledwie 2 godziny, a z lampy mo\u017cna korzysta\u0107 r\u00f3wnie\u017c podczas \u0142adowania.<\/p>\n<p>\n<img decoding=\"async\" src=\"https:\/\/assets.innpro.pl\/16665\/21698\/3.jpg\" border=\"0\" alt=\"\" \/>\n<\/p>\n<h3>Przemy\u015blane mocowanie<\/h3>\n<p>Dzi\u0119ki dw\u00f3m gwintom 1\/4&#8243; i wbudowanym magnesom po bokach lamp\u0119 mo\u017cna stabilnie przymocowa\u0107 do statywu, metalowej powierzchni czy nawet po\u0142\u0105czy\u0107 kilka urz\u0105dze\u0144 w jeden wi\u0119kszy zestaw o\u015bwietleniowy. Mo\u017cliwo\u015b\u0107 ustawienia lampy pod dowolnym k\u0105tem (od g\u00f3ry, z boku, od do\u0142u) daje pe\u0142n\u0105 elastyczno\u015b\u0107 przy planowaniu o\u015bwietlenia.<\/p>\n<p>\n<img decoding=\"async\" src=\"https:\/\/assets.innpro.pl\/16665\/21698\/1.jpg\" border=\"0\" alt=\"\" \/>\n<\/p>\n<h3>W zestawie:<\/h3>\n<ul class=\"list-disc pl-5\">\n<li>Kolorowa lampa fotograficzna<\/li>\n<li>Kabel USB-C<\/li>\n<li>Instrukcja obs\u0142ugi<\/li>\n<\/ul>\n<div class=\"table-wrapper\">\n<p>\u00a0<\/p>\n<h3><\/h3>\n<table>\n<tbody>\n<tr>\n<th>Producent<\/th>\n<td>Neewer<\/td>\n<\/tr>\n<tr>\n<th>Model<\/th>\n<td>TL97C<\/td>\n<\/tr>\n<tr>\n<th>Liczba diod LED <\/th>\n<td>36 zimne, 33 ciep\u0142e, 24 RGB<\/td>\n<\/tr>\n<tr>\n<th>Maksymalna moc <\/th>\n<td>4,5 W<\/td>\n<\/tr>\n<tr>\n<th>Maksymalne nat\u0119\u017cenie \u015bwiat\u0142a <\/th>\n<td>360 lux z odleg\u0142o\u015bci 0,5 m<\/td>\n<\/tr>\n<tr>\n<th>Temperatura barwowa<\/th>\n<td>2500K\u20138500K<\/td>\n<\/tr>\n<tr>\n<th>Tryby pracy<\/th>\n<td>HSI \/ CCT \/ FX<\/td>\n<\/tr>\n<tr>\n<th>CRI\/TLCI<\/th>\n<td>97<\/td>\n<\/tr>\n<tr>\n<th>Regulacja jasno\u015bci <\/th>\n<td>0\u2013100%<\/td>\n<\/tr>\n<tr>\n<th>Regulacja nasycenia<\/th>\n<td>0\u2013100%<\/td>\n<\/tr>\n<tr>\n<th>Zakres barw<\/th>\n<td>0\u2013360\u00b0<\/td>\n<\/tr>\n<tr>\n<th>Efekty specjalne<\/th>\n<td>17<\/td>\n<\/tr>\n<tr>\n<th>Sterowanie przez aplikacj\u0119 <\/th>\n<td>Tak<\/td>\n<\/tr>\n<tr>\n<th>Wej\u015bcie<\/th>\n<td>5V 2A<\/td>\n<\/tr>\n<tr>\n<th>Pojemno\u015b\u0107 akumulatora<\/th>\n<td>3,7V, 2500 mAh<\/td>\n<\/tr>\n<tr>\n<th>Czas pracy<\/th>\n<td>150 minut (przy 100% jasno\u015bci)<\/td>\n<\/tr>\n<tr>\n<th>Czas \u0142adowania<\/th>\n<td>120 minut<\/td>\n<\/tr>\n<tr>\n<th>Wymiary <\/th>\n<td>10,8 \u00d7 4 \u00d7 4,4 cm<\/td>\n<\/tr>\n<tr>\n<th>Waga<\/th>\n<td>134 g<\/td>\n<\/tr>\n<\/tbody>\n<\/table>\n<\/div>\n","protected":false},"excerpt":{"rendered":"<p>Kolorowa lampa fotograficzna Neewer TL97C RGB LED Szukasz kompaktowego \u017ar\u00f3d\u0142a \u015bwiat\u0142a, kt\u00f3re zmie\u015bci si\u0119 w kieszeni, a jednocze\u015bnie zaoferuje pe\u0142n\u0105<\/p>\n","protected":false},"featured_media":49338,"comment_status":"closed","ping_status":"open","template":"","meta":{"_acf_changed":false},"product_brand":[],"product_cat":[1128,6233,6178,6176,6177,1138],"product_tag":[],"class_list":{"0":"post-60567","1":"product","2":"type-product","3":"status-publish","4":"has-post-thumbnail","6":"product_cat-foto-wideo","7":"product_cat-lampy-pierscieniowe-mocowania","8":"product_cat-mocowania","9":"product_cat-selfie-stiki","10":"product_cat-statywy-selfie-stiki","11":"product_cat-wysiegniki","12":"pa_okres-gwarancji-5757","13":"pa_producent-neewer","15":"first","16":"outofstock","17":"taxable","18":"shipping-taxable","19":"purchasable","20":"product-type-simple"},"acf":[],"yoast_head":"<!-- This site is optimized with the Yoast SEO plugin v27.2 - https:\/\/yoast.com\/product\/yoast-seo-wordpress\/ -->\n<title>Lampa LED NEEWER TL97C moc 4.5W RGB - IRONSKY.PL Sklep z Dronami<\/title>\n<meta name=\"description\" content=\"Lampa LED NEEWER TL97C moc 4.5W RGB - \u2705 sklep z dronami i fachowym doradztwem. \u2705 Tutaj kupisz produkty DJI, Yuneec, Parrot, Syma i wiele innych, a tak\u017ce kursy i licencje na operatora drona.\" \/>\n<meta name=\"robots\" content=\"index, follow, max-snippet:-1, max-image-preview:large, max-video-preview:-1\" \/>\n<link rel=\"canonical\" href=\"https:\/\/ironsky.pl\/sklep\/produkt\/lampa-led-neewer-tl97c-moc-4-5w-rgb\/\" \/>\n<meta property=\"og:locale\" content=\"pl_PL\" \/>\n<meta property=\"og:type\" content=\"article\" \/>\n<meta property=\"og:title\" content=\"Lampa LED NEEWER TL97C moc 4.5W RGB - IRONSKY.PL Sklep z Dronami\" \/>\n<meta property=\"og:description\" content=\"Lampa LED NEEWER TL97C moc 4.5W RGB - \u2705 sklep z dronami i fachowym doradztwem. \u2705 Tutaj kupisz produkty DJI, Yuneec, Parrot, Syma i wiele innych, a tak\u017ce kursy i licencje na operatora drona.\" \/>\n<meta property=\"og:url\" content=\"https:\/\/ironsky.pl\/sklep\/produkt\/lampa-led-neewer-tl97c-moc-4-5w-rgb\/\" \/>\n<meta property=\"og:site_name\" content=\"IRONSKY.PL Sklep z Dronami\" \/>\n<meta property=\"article:modified_time\" content=\"2026-04-15T09:04:28+00:00\" \/>\n<meta property=\"og:image\" content=\"https:\/\/ironsky.pl\/sklep\/wp-content\/uploads\/2025\/10\/53591_1.jpg\" \/>\n\t<meta property=\"og:image:width\" content=\"800\" \/>\n\t<meta property=\"og:image:height\" content=\"800\" \/>\n\t<meta property=\"og:image:type\" content=\"image\/jpeg\" \/>\n<meta name=\"twitter:card\" content=\"summary_large_image\" \/>\n<meta name=\"twitter:label1\" content=\"Szacowany czas czytania\" \/>\n\t<meta name=\"twitter:data1\" content=\"2 minuty\" \/>\n<script type=\"application\/ld+json\" class=\"yoast-schema-graph\">{\"@context\":\"https:\/\/schema.org\",\"@graph\":[{\"@type\":\"WebPage\",\"@id\":\"https:\/\/ironsky.pl\/sklep\/produkt\/lampa-led-neewer-tl97c-moc-4-5w-rgb\/\",\"url\":\"https:\/\/ironsky.pl\/sklep\/produkt\/lampa-led-neewer-tl97c-moc-4-5w-rgb\/\",\"name\":\"Lampa LED NEEWER TL97C moc 4.5W RGB - IRONSKY.PL Sklep z Dronami\",\"isPartOf\":{\"@id\":\"https:\/\/ironsky.pl\/sklep\/#website\"},\"primaryImageOfPage\":{\"@id\":\"https:\/\/ironsky.pl\/sklep\/produkt\/lampa-led-neewer-tl97c-moc-4-5w-rgb\/#primaryimage\"},\"image\":{\"@id\":\"https:\/\/ironsky.pl\/sklep\/produkt\/lampa-led-neewer-tl97c-moc-4-5w-rgb\/#primaryimage\"},\"thumbnailUrl\":\"https:\/\/ironsky.pl\/sklep\/wp-content\/uploads\/2025\/10\/53591_1.jpg\",\"datePublished\":\"2026-04-15T09:04:26+00:00\",\"dateModified\":\"2026-04-15T09:04:28+00:00\",\"description\":\"Lampa LED NEEWER TL97C moc 4.5W RGB - \u2705 sklep z dronami i fachowym doradztwem. \u2705 Tutaj kupisz produkty DJI, Yuneec, Parrot, Syma i wiele innych, a tak\u017ce kursy i licencje na operatora drona.\",\"breadcrumb\":{\"@id\":\"https:\/\/ironsky.pl\/sklep\/produkt\/lampa-led-neewer-tl97c-moc-4-5w-rgb\/#breadcrumb\"},\"inLanguage\":\"pl-PL\",\"potentialAction\":[{\"@type\":\"ReadAction\",\"target\":[\"https:\/\/ironsky.pl\/sklep\/produkt\/lampa-led-neewer-tl97c-moc-4-5w-rgb\/\"]}]},{\"@type\":\"ImageObject\",\"inLanguage\":\"pl-PL\",\"@id\":\"https:\/\/ironsky.pl\/sklep\/produkt\/lampa-led-neewer-tl97c-moc-4-5w-rgb\/#primaryimage\",\"url\":\"https:\/\/ironsky.pl\/sklep\/wp-content\/uploads\/2025\/10\/53591_1.jpg\",\"contentUrl\":\"https:\/\/ironsky.pl\/sklep\/wp-content\/uploads\/2025\/10\/53591_1.jpg\",\"width\":800,\"height\":800},{\"@type\":\"BreadcrumbList\",\"@id\":\"https:\/\/ironsky.pl\/sklep\/produkt\/lampa-led-neewer-tl97c-moc-4-5w-rgb\/#breadcrumb\",\"itemListElement\":[{\"@type\":\"ListItem\",\"position\":1,\"name\":\"Strona g\u0142\u00f3wna\",\"item\":\"https:\/\/ironsky.pl\/sklep\/\"},{\"@type\":\"ListItem\",\"position\":2,\"name\":\"Wszystkie produkty\",\"item\":\"https:\/\/ironsky.pl\/sklep\/produkty\/\"},{\"@type\":\"ListItem\",\"position\":3,\"name\":\"Lampa LED NEEWER TL97C moc 4.5W RGB\"}]},{\"@type\":\"WebSite\",\"@id\":\"https:\/\/ironsky.pl\/sklep\/#website\",\"url\":\"https:\/\/ironsky.pl\/sklep\/\",\"name\":\"IRONSKY.PL Sklep z Dronami\",\"description\":\"IRONSKY.PL Sklep z Dronami\",\"potentialAction\":[{\"@type\":\"SearchAction\",\"target\":{\"@type\":\"EntryPoint\",\"urlTemplate\":\"https:\/\/ironsky.pl\/sklep\/?s={search_term_string}\"},\"query-input\":{\"@type\":\"PropertyValueSpecification\",\"valueRequired\":true,\"valueName\":\"search_term_string\"}}],\"inLanguage\":\"pl-PL\"}]}<\/script>\n<!-- \/ Yoast SEO plugin. -->","yoast_head_json":{"title":"Lampa LED NEEWER TL97C moc 4.5W RGB - IRONSKY.PL Sklep z Dronami","description":"Lampa LED NEEWER TL97C moc 4.5W RGB - \u2705 sklep z dronami i fachowym doradztwem. \u2705 Tutaj kupisz produkty DJI, Yuneec, Parrot, Syma i wiele innych, a tak\u017ce kursy i licencje na operatora drona.","robots":{"index":"index","follow":"follow","max-snippet":"max-snippet:-1","max-image-preview":"max-image-preview:large","max-video-preview":"max-video-preview:-1"},"canonical":"https:\/\/ironsky.pl\/sklep\/produkt\/lampa-led-neewer-tl97c-moc-4-5w-rgb\/","og_locale":"pl_PL","og_type":"article","og_title":"Lampa LED NEEWER TL97C moc 4.5W RGB - IRONSKY.PL Sklep z Dronami","og_description":"Lampa LED NEEWER TL97C moc 4.5W RGB - \u2705 sklep z dronami i fachowym doradztwem. \u2705 Tutaj kupisz produkty DJI, Yuneec, Parrot, Syma i wiele innych, a tak\u017ce kursy i licencje na operatora drona.","og_url":"https:\/\/ironsky.pl\/sklep\/produkt\/lampa-led-neewer-tl97c-moc-4-5w-rgb\/","og_site_name":"IRONSKY.PL Sklep z Dronami","article_modified_time":"2026-04-15T09:04:28+00:00","og_image":[{"width":800,"height":800,"url":"https:\/\/ironsky.pl\/sklep\/wp-content\/uploads\/2025\/10\/53591_1.jpg","type":"image\/jpeg"}],"twitter_card":"summary_large_image","twitter_misc":{"Szacowany czas czytania":"2 minuty"},"schema":{"@context":"https:\/\/schema.org","@graph":[{"@type":"WebPage","@id":"https:\/\/ironsky.pl\/sklep\/produkt\/lampa-led-neewer-tl97c-moc-4-5w-rgb\/","url":"https:\/\/ironsky.pl\/sklep\/produkt\/lampa-led-neewer-tl97c-moc-4-5w-rgb\/","name":"Lampa LED NEEWER TL97C moc 4.5W RGB - IRONSKY.PL Sklep z Dronami","isPartOf":{"@id":"https:\/\/ironsky.pl\/sklep\/#website"},"primaryImageOfPage":{"@id":"https:\/\/ironsky.pl\/sklep\/produkt\/lampa-led-neewer-tl97c-moc-4-5w-rgb\/#primaryimage"},"image":{"@id":"https:\/\/ironsky.pl\/sklep\/produkt\/lampa-led-neewer-tl97c-moc-4-5w-rgb\/#primaryimage"},"thumbnailUrl":"https:\/\/ironsky.pl\/sklep\/wp-content\/uploads\/2025\/10\/53591_1.jpg","datePublished":"2026-04-15T09:04:26+00:00","dateModified":"2026-04-15T09:04:28+00:00","description":"Lampa LED NEEWER TL97C moc 4.5W RGB - \u2705 sklep z dronami i fachowym doradztwem. \u2705 Tutaj kupisz produkty DJI, Yuneec, Parrot, Syma i wiele innych, a tak\u017ce kursy i licencje na operatora drona.","breadcrumb":{"@id":"https:\/\/ironsky.pl\/sklep\/produkt\/lampa-led-neewer-tl97c-moc-4-5w-rgb\/#breadcrumb"},"inLanguage":"pl-PL","potentialAction":[{"@type":"ReadAction","target":["https:\/\/ironsky.pl\/sklep\/produkt\/lampa-led-neewer-tl97c-moc-4-5w-rgb\/"]}]},{"@type":"ImageObject","inLanguage":"pl-PL","@id":"https:\/\/ironsky.pl\/sklep\/produkt\/lampa-led-neewer-tl97c-moc-4-5w-rgb\/#primaryimage","url":"https:\/\/ironsky.pl\/sklep\/wp-content\/uploads\/2025\/10\/53591_1.jpg","contentUrl":"https:\/\/ironsky.pl\/sklep\/wp-content\/uploads\/2025\/10\/53591_1.jpg","width":800,"height":800},{"@type":"BreadcrumbList","@id":"https:\/\/ironsky.pl\/sklep\/produkt\/lampa-led-neewer-tl97c-moc-4-5w-rgb\/#breadcrumb","itemListElement":[{"@type":"ListItem","position":1,"name":"Strona g\u0142\u00f3wna","item":"https:\/\/ironsky.pl\/sklep\/"},{"@type":"ListItem","position":2,"name":"Wszystkie produkty","item":"https:\/\/ironsky.pl\/sklep\/produkty\/"},{"@type":"ListItem","position":3,"name":"Lampa LED NEEWER TL97C moc 4.5W RGB"}]},{"@type":"WebSite","@id":"https:\/\/ironsky.pl\/sklep\/#website","url":"https:\/\/ironsky.pl\/sklep\/","name":"IRONSKY.PL Sklep z Dronami","description":"IRONSKY.PL Sklep z Dronami","potentialAction":[{"@type":"SearchAction","target":{"@type":"EntryPoint","urlTemplate":"https:\/\/ironsky.pl\/sklep\/?s={search_term_string}"},"query-input":{"@type":"PropertyValueSpecification","valueRequired":true,"valueName":"search_term_string"}}],"inLanguage":"pl-PL"}]}},"_links":{"self":[{"href":"https:\/\/ironsky.pl\/sklep\/wp-json\/wp\/v2\/product\/60567","targetHints":{"allow":["GET"]}}],"collection":[{"href":"https:\/\/ironsky.pl\/sklep\/wp-json\/wp\/v2\/product"}],"about":[{"href":"https:\/\/ironsky.pl\/sklep\/wp-json\/wp\/v2\/types\/product"}],"replies":[{"embeddable":true,"href":"https:\/\/ironsky.pl\/sklep\/wp-json\/wp\/v2\/comments?post=60567"}],"wp:featuredmedia":[{"embeddable":true,"href":"https:\/\/ironsky.pl\/sklep\/wp-json\/wp\/v2\/media\/49338"}],"wp:attachment":[{"href":"https:\/\/ironsky.pl\/sklep\/wp-json\/wp\/v2\/media?parent=60567"}],"wp:term":[{"taxonomy":"product_brand","embeddable":true,"href":"https:\/\/ironsky.pl\/sklep\/wp-json\/wp\/v2\/product_brand?post=60567"},{"taxonomy":"product_cat","embeddable":true,"href":"https:\/\/ironsky.pl\/sklep\/wp-json\/wp\/v2\/product_cat?post=60567"},{"taxonomy":"product_tag","embeddable":true,"href":"https:\/\/ironsky.pl\/sklep\/wp-json\/wp\/v2\/product_tag?post=60567"}],"curies":[{"name":"wp","href":"https:\/\/api.w.org\/{rel}","templated":true}]}}