{"id":60566,"date":"2026-04-15T11:04:26","date_gmt":"2026-04-15T09:04:26","guid":{"rendered":"https:\/\/ironsky.pl\/sklep\/produkt\/lampa-led-neewer-bl48b-2-5w-magnetyczna\/"},"modified":"2026-04-15T11:04:27","modified_gmt":"2026-04-15T09:04:27","slug":"lampa-led-neewer-bl48b-2-5w-magnetyczna","status":"publish","type":"product","link":"https:\/\/ironsky.pl\/sklep\/produkt\/lampa-led-neewer-bl48b-2-5w-magnetyczna\/","title":{"rendered":"Lampa LED NEEWER BL48B 2.5W magnetyczna"},"content":{"rendered":"<h3>Lampa do selfie Neewer BL48B LED magnetyczna<\/h3>\n<p>Neewer BL48B to por\u0119czna, magnetyczna lampa LED zaprojektowana z my\u015bl\u0105 o u\u017cytkownikach smartfon\u00f3w, tablet\u00f3w i aparat\u00f3w. Jest kompatybilna z systemem MagSafe i wyposa\u017cona w metalowy pier\u015bcie\u0144, kt\u00f3ry umo\u017cliwia szybki i stabilny monta\u017c tak\u017ce na urz\u0105dzeniach bez wbudowanego magnesu. Dzi\u0119ki 48 diodom LED i mocy 2,5 W generuje r\u00f3wnomierne, mi\u0119kkie \u015bwiat\u0142o o nat\u0119\u017ceniu do 257 lux z odleg\u0142o\u015bci 0,5 m. Urz\u0105dzenie oferuje te\u017c 5 poziom\u00f3w jasno\u015bci oraz 5 ustawie\u0144 temperatury barwowej (3000 K\u20136500 K), co pozwala idealnie dostosowa\u0107 o\u015bwietlenie do nagra\u0144 i zdj\u0119\u0107.<\/p>\n<p>\n<img decoding=\"async\" src=\"https:\/\/assets.innpro.pl\/16663\/21696\/3.jpg\" border=\"0\" alt=\"\" \/>\n<\/p>\n<h3>Stabilne mocowanie \u2013 MagSafe i nie tylko<\/h3>\n<p>Zintegrowany system magnetycznego mocowania zgodny ze standardem MagSafe gwarantuje stabilne po\u0142\u0105czenie z kompatybilnymi iPhone\u2019ami oraz innymi telefonami obs\u0142uguj\u0105cymi t\u0119 technologi\u0119. W przypadku pozosta\u0142ych urz\u0105dze\u0144 wystarczy u\u017cy\u0107 do\u0142\u0105czonego do zestawu pier\u015bcienia metalowego, kt\u00f3ry mo\u017cna przyklei\u0107 do obudowy. Dodatkowo lampa zosta\u0142a wyposa\u017cona w uchwyt klipsowy, mocowanie typu cold shoe oraz gwint 1\/4&#8243;, co umo\u017cliwia \u0142atwy monta\u017c na laptopach, tabletach, monitorach, statywach czy aparatach.<\/p>\n<p>\n<img decoding=\"async\" src=\"https:\/\/assets.innpro.pl\/16663\/21696\/4.jpg\" border=\"0\" alt=\"\" \/>\n<\/p>\n<h3>Pe\u0142na kontrola nad \u015bwiat\u0142em<\/h3>\n<p>Lampa do selfie Neewer BL48B zapewnia precyzyjn\u0105 regulacj\u0119 jasno\u015bci i temperatury barwowej. Do wyboru jest 5 poziom\u00f3w nat\u0119\u017cenia \u015bwiat\u0142a oraz 5 ustawie\u0144 temperatury \u2013 od ciep\u0142ego 3000K po ch\u0142odne 6500K. Dzi\u0119ki temu dopasujesz o\u015bwietlenie do otoczenia i oczekiwanego efektu \u2013 od naturalnego po studyjne wyko\u0144czenie. Wysoki wsp\u00f3\u0142czynnik oddawania barw (CRI 95+) gwarantuje wierne odwzorowanie kolor\u00f3w.<\/p>\n<p>\n<img decoding=\"async\" src=\"https:\/\/assets.innpro.pl\/16663\/21696\/1.jpg\" border=\"0\" alt=\"\" \/>\n<\/p>\n<h3>Wydajny akumulator<\/h3>\n<p>Akumulator o pojemno\u015bci 1000 mAh zapewnia do 75 minut pracy przy maksymalnej jasno\u015bci. Pe\u0142ne na\u0142adowanie trwa oko\u0142o 130 minut przy u\u017cyciu portu USB-C. Mo\u017cesz korzysta\u0107 z lampki tak\u017ce podczas \u0142adowania \u2013 to ogromna zaleta przy d\u0142u\u017cszych nagraniach czy transmisjach na \u017cywo.<\/p>\n<p>\n<img decoding=\"async\" src=\"https:\/\/assets.innpro.pl\/16663\/21696\/5.jpg\" border=\"0\" alt=\"\" \/>\n<\/p>\n<h3>Lekka i mobilna \u2013 zawsze pod r\u0119k\u0105<\/h3>\n<p>Kompaktowa obudowa o wymiarach 85 \u00d7 69 \u00d7 14 mm sprawia, \u017ce lampa jest wyj\u0105tkowo por\u0119czna i nie obci\u0105\u017ca telefonu. Z \u0142atwo\u015bci\u0105 zmie\u015bci si\u0119 w kieszeni, dzi\u0119ki czemu idealnie sprawdzi si\u0119 w terenie.<\/p>\n<p>\n<img decoding=\"async\" src=\"https:\/\/assets.innpro.pl\/16663\/21696\/6.jpg\" border=\"0\" alt=\"\" \/>\n<\/p>\n<h3>W zestawie:<\/h3>\n<ul class=\"list-disc pl-5\">\n<li>Magnetyczna lampa do selfie<\/li>\n<li>Uchwyt monta\u017cowy z klipsem<\/li>\n<li>Uchwyt typu zimna stopka<\/li>\n<li>Samoprzylepny metalowy pier\u015bcie\u0144<\/li>\n<li>Kabel USB do \u0142adowania<\/li>\n<li>Instrukcja obs\u0142ugi<\/li>\n<\/ul>\n<div class=\"table-wrapper\">\n<p>\u00a0<\/p>\n<h3><\/h3>\n<table>\n<tbody>\n<tr>\n<th>Producent<\/th>\n<td>Neewer<\/td>\n<\/tr>\n<tr>\n<th>Model<\/th>\n<td>BL48B<\/td>\n<\/tr>\n<tr>\n<th>Moc <\/th>\n<td>2.5 W<\/td>\n<\/tr>\n<tr>\n<th>Liczba diod LED <\/th>\n<td>48<\/td>\n<\/tr>\n<tr>\n<th>Tryby \u015bwiat\u0142a<\/th>\n<td>Warm, White, Cool Yellow<\/td>\n<\/tr>\n<tr>\n<th>Maks. nat\u0119\u017cenie \u015bwiat\u0142a<\/th>\n<td>257 lx\/0.5m<\/td>\n<\/tr>\n<tr>\n<th>Pojemno\u015b\u0107 akumulatora <\/th>\n<td>1000mAh<\/td>\n<\/tr>\n<tr>\n<th>Temperatura barwowa<\/th>\n<td>3000\u20136500K<\/td>\n<\/tr>\n<tr>\n<th>Liczba poziom\u00f3w temperatury barwowej<\/th>\n<td>5<\/td>\n<\/tr>\n<tr>\n<th>Liczba poziom\u00f3w jasno\u015bci <\/th>\n<td>5<\/td>\n<\/tr>\n<tr>\n<th>CRI (Ra)<\/th>\n<td>95+<\/td>\n<\/tr>\n<tr>\n<th>Wymiary<\/th>\n<td>85 x 69 x 14mm<\/td>\n<\/tr>\n<\/tbody>\n<\/table>\n<\/div>\n","protected":false},"excerpt":{"rendered":"<p>Lampa do selfie Neewer BL48B LED magnetyczna Neewer BL48B to por\u0119czna, magnetyczna lampa LED zaprojektowana z my\u015bl\u0105 o u\u017cytkownikach smartfon\u00f3w,<\/p>\n","protected":false},"featured_media":49335,"comment_status":"closed","ping_status":"open","template":"","meta":{"_acf_changed":false},"product_brand":[],"product_cat":[1128,6186,6182],"product_tag":[],"class_list":{"0":"post-60566","1":"product","2":"type-product","3":"status-publish","4":"has-post-thumbnail","6":"product_cat-foto-wideo","7":"product_cat-lampy","8":"product_cat-studio-fotograficzne","9":"pa_okres-gwarancji-5757","10":"pa_producent-neewer","12":"first","13":"outofstock","14":"taxable","15":"shipping-taxable","16":"purchasable","17":"product-type-simple"},"acf":[],"yoast_head":"<!-- This site is optimized with the Yoast SEO plugin v27.2 - https:\/\/yoast.com\/product\/yoast-seo-wordpress\/ -->\n<title>Lampa LED NEEWER BL48B 2.5W magnetyczna - IRONSKY.PL Sklep z Dronami<\/title>\n<meta name=\"description\" content=\"Lampa LED NEEWER BL48B 2.5W magnetyczna - \u2705 sklep z dronami i fachowym doradztwem. \u2705 Tutaj kupisz produkty DJI, Yuneec, Parrot, Syma i wiele innych, a tak\u017ce kursy i licencje na operatora drona.\" \/>\n<meta name=\"robots\" content=\"index, follow, max-snippet:-1, max-image-preview:large, max-video-preview:-1\" \/>\n<link rel=\"canonical\" href=\"https:\/\/ironsky.pl\/sklep\/produkt\/lampa-led-neewer-bl48b-2-5w-magnetyczna\/\" \/>\n<meta property=\"og:locale\" content=\"pl_PL\" \/>\n<meta property=\"og:type\" content=\"article\" \/>\n<meta property=\"og:title\" content=\"Lampa LED NEEWER BL48B 2.5W magnetyczna - IRONSKY.PL Sklep z Dronami\" \/>\n<meta property=\"og:description\" content=\"Lampa LED NEEWER BL48B 2.5W magnetyczna - \u2705 sklep z dronami i fachowym doradztwem. \u2705 Tutaj kupisz produkty DJI, Yuneec, Parrot, Syma i wiele innych, a tak\u017ce kursy i licencje na operatora drona.\" \/>\n<meta property=\"og:url\" content=\"https:\/\/ironsky.pl\/sklep\/produkt\/lampa-led-neewer-bl48b-2-5w-magnetyczna\/\" \/>\n<meta property=\"og:site_name\" content=\"IRONSKY.PL Sklep z Dronami\" \/>\n<meta property=\"article:modified_time\" content=\"2026-04-15T09:04:27+00:00\" \/>\n<meta property=\"og:image\" content=\"https:\/\/ironsky.pl\/sklep\/wp-content\/uploads\/2025\/10\/53589_2.jpg\" \/>\n\t<meta property=\"og:image:width\" content=\"800\" \/>\n\t<meta property=\"og:image:height\" content=\"800\" \/>\n\t<meta property=\"og:image:type\" content=\"image\/jpeg\" \/>\n<meta name=\"twitter:card\" content=\"summary_large_image\" \/>\n<meta name=\"twitter:label1\" content=\"Szacowany czas czytania\" \/>\n\t<meta name=\"twitter:data1\" content=\"2 minuty\" \/>\n<script type=\"application\/ld+json\" class=\"yoast-schema-graph\">{\"@context\":\"https:\/\/schema.org\",\"@graph\":[{\"@type\":\"WebPage\",\"@id\":\"https:\/\/ironsky.pl\/sklep\/produkt\/lampa-led-neewer-bl48b-2-5w-magnetyczna\/\",\"url\":\"https:\/\/ironsky.pl\/sklep\/produkt\/lampa-led-neewer-bl48b-2-5w-magnetyczna\/\",\"name\":\"Lampa LED NEEWER BL48B 2.5W magnetyczna - IRONSKY.PL Sklep z Dronami\",\"isPartOf\":{\"@id\":\"https:\/\/ironsky.pl\/sklep\/#website\"},\"primaryImageOfPage\":{\"@id\":\"https:\/\/ironsky.pl\/sklep\/produkt\/lampa-led-neewer-bl48b-2-5w-magnetyczna\/#primaryimage\"},\"image\":{\"@id\":\"https:\/\/ironsky.pl\/sklep\/produkt\/lampa-led-neewer-bl48b-2-5w-magnetyczna\/#primaryimage\"},\"thumbnailUrl\":\"https:\/\/ironsky.pl\/sklep\/wp-content\/uploads\/2025\/10\/53589_2.jpg\",\"datePublished\":\"2026-04-15T09:04:26+00:00\",\"dateModified\":\"2026-04-15T09:04:27+00:00\",\"description\":\"Lampa LED NEEWER BL48B 2.5W magnetyczna - \u2705 sklep z dronami i fachowym doradztwem. \u2705 Tutaj kupisz produkty DJI, Yuneec, Parrot, Syma i wiele innych, a tak\u017ce kursy i licencje na operatora drona.\",\"breadcrumb\":{\"@id\":\"https:\/\/ironsky.pl\/sklep\/produkt\/lampa-led-neewer-bl48b-2-5w-magnetyczna\/#breadcrumb\"},\"inLanguage\":\"pl-PL\",\"potentialAction\":[{\"@type\":\"ReadAction\",\"target\":[\"https:\/\/ironsky.pl\/sklep\/produkt\/lampa-led-neewer-bl48b-2-5w-magnetyczna\/\"]}]},{\"@type\":\"ImageObject\",\"inLanguage\":\"pl-PL\",\"@id\":\"https:\/\/ironsky.pl\/sklep\/produkt\/lampa-led-neewer-bl48b-2-5w-magnetyczna\/#primaryimage\",\"url\":\"https:\/\/ironsky.pl\/sklep\/wp-content\/uploads\/2025\/10\/53589_2.jpg\",\"contentUrl\":\"https:\/\/ironsky.pl\/sklep\/wp-content\/uploads\/2025\/10\/53589_2.jpg\",\"width\":800,\"height\":800},{\"@type\":\"BreadcrumbList\",\"@id\":\"https:\/\/ironsky.pl\/sklep\/produkt\/lampa-led-neewer-bl48b-2-5w-magnetyczna\/#breadcrumb\",\"itemListElement\":[{\"@type\":\"ListItem\",\"position\":1,\"name\":\"Strona g\u0142\u00f3wna\",\"item\":\"https:\/\/ironsky.pl\/sklep\/\"},{\"@type\":\"ListItem\",\"position\":2,\"name\":\"Wszystkie produkty\",\"item\":\"https:\/\/ironsky.pl\/sklep\/produkty\/\"},{\"@type\":\"ListItem\",\"position\":3,\"name\":\"Lampa LED NEEWER BL48B 2.5W magnetyczna\"}]},{\"@type\":\"WebSite\",\"@id\":\"https:\/\/ironsky.pl\/sklep\/#website\",\"url\":\"https:\/\/ironsky.pl\/sklep\/\",\"name\":\"IRONSKY.PL Sklep z Dronami\",\"description\":\"IRONSKY.PL Sklep z Dronami\",\"potentialAction\":[{\"@type\":\"SearchAction\",\"target\":{\"@type\":\"EntryPoint\",\"urlTemplate\":\"https:\/\/ironsky.pl\/sklep\/?s={search_term_string}\"},\"query-input\":{\"@type\":\"PropertyValueSpecification\",\"valueRequired\":true,\"valueName\":\"search_term_string\"}}],\"inLanguage\":\"pl-PL\"}]}<\/script>\n<!-- \/ Yoast SEO plugin. -->","yoast_head_json":{"title":"Lampa LED NEEWER BL48B 2.5W magnetyczna - IRONSKY.PL Sklep z Dronami","description":"Lampa LED NEEWER BL48B 2.5W magnetyczna - \u2705 sklep z dronami i fachowym doradztwem. \u2705 Tutaj kupisz produkty DJI, Yuneec, Parrot, Syma i wiele innych, a tak\u017ce kursy i licencje na operatora drona.","robots":{"index":"index","follow":"follow","max-snippet":"max-snippet:-1","max-image-preview":"max-image-preview:large","max-video-preview":"max-video-preview:-1"},"canonical":"https:\/\/ironsky.pl\/sklep\/produkt\/lampa-led-neewer-bl48b-2-5w-magnetyczna\/","og_locale":"pl_PL","og_type":"article","og_title":"Lampa LED NEEWER BL48B 2.5W magnetyczna - IRONSKY.PL Sklep z Dronami","og_description":"Lampa LED NEEWER BL48B 2.5W magnetyczna - \u2705 sklep z dronami i fachowym doradztwem. \u2705 Tutaj kupisz produkty DJI, Yuneec, Parrot, Syma i wiele innych, a tak\u017ce kursy i licencje na operatora drona.","og_url":"https:\/\/ironsky.pl\/sklep\/produkt\/lampa-led-neewer-bl48b-2-5w-magnetyczna\/","og_site_name":"IRONSKY.PL Sklep z Dronami","article_modified_time":"2026-04-15T09:04:27+00:00","og_image":[{"width":800,"height":800,"url":"https:\/\/ironsky.pl\/sklep\/wp-content\/uploads\/2025\/10\/53589_2.jpg","type":"image\/jpeg"}],"twitter_card":"summary_large_image","twitter_misc":{"Szacowany czas czytania":"2 minuty"},"schema":{"@context":"https:\/\/schema.org","@graph":[{"@type":"WebPage","@id":"https:\/\/ironsky.pl\/sklep\/produkt\/lampa-led-neewer-bl48b-2-5w-magnetyczna\/","url":"https:\/\/ironsky.pl\/sklep\/produkt\/lampa-led-neewer-bl48b-2-5w-magnetyczna\/","name":"Lampa LED NEEWER BL48B 2.5W magnetyczna - IRONSKY.PL Sklep z Dronami","isPartOf":{"@id":"https:\/\/ironsky.pl\/sklep\/#website"},"primaryImageOfPage":{"@id":"https:\/\/ironsky.pl\/sklep\/produkt\/lampa-led-neewer-bl48b-2-5w-magnetyczna\/#primaryimage"},"image":{"@id":"https:\/\/ironsky.pl\/sklep\/produkt\/lampa-led-neewer-bl48b-2-5w-magnetyczna\/#primaryimage"},"thumbnailUrl":"https:\/\/ironsky.pl\/sklep\/wp-content\/uploads\/2025\/10\/53589_2.jpg","datePublished":"2026-04-15T09:04:26+00:00","dateModified":"2026-04-15T09:04:27+00:00","description":"Lampa LED NEEWER BL48B 2.5W magnetyczna - \u2705 sklep z dronami i fachowym doradztwem. \u2705 Tutaj kupisz produkty DJI, Yuneec, Parrot, Syma i wiele innych, a tak\u017ce kursy i licencje na operatora drona.","breadcrumb":{"@id":"https:\/\/ironsky.pl\/sklep\/produkt\/lampa-led-neewer-bl48b-2-5w-magnetyczna\/#breadcrumb"},"inLanguage":"pl-PL","potentialAction":[{"@type":"ReadAction","target":["https:\/\/ironsky.pl\/sklep\/produkt\/lampa-led-neewer-bl48b-2-5w-magnetyczna\/"]}]},{"@type":"ImageObject","inLanguage":"pl-PL","@id":"https:\/\/ironsky.pl\/sklep\/produkt\/lampa-led-neewer-bl48b-2-5w-magnetyczna\/#primaryimage","url":"https:\/\/ironsky.pl\/sklep\/wp-content\/uploads\/2025\/10\/53589_2.jpg","contentUrl":"https:\/\/ironsky.pl\/sklep\/wp-content\/uploads\/2025\/10\/53589_2.jpg","width":800,"height":800},{"@type":"BreadcrumbList","@id":"https:\/\/ironsky.pl\/sklep\/produkt\/lampa-led-neewer-bl48b-2-5w-magnetyczna\/#breadcrumb","itemListElement":[{"@type":"ListItem","position":1,"name":"Strona g\u0142\u00f3wna","item":"https:\/\/ironsky.pl\/sklep\/"},{"@type":"ListItem","position":2,"name":"Wszystkie produkty","item":"https:\/\/ironsky.pl\/sklep\/produkty\/"},{"@type":"ListItem","position":3,"name":"Lampa LED NEEWER BL48B 2.5W magnetyczna"}]},{"@type":"WebSite","@id":"https:\/\/ironsky.pl\/sklep\/#website","url":"https:\/\/ironsky.pl\/sklep\/","name":"IRONSKY.PL Sklep z Dronami","description":"IRONSKY.PL Sklep z Dronami","potentialAction":[{"@type":"SearchAction","target":{"@type":"EntryPoint","urlTemplate":"https:\/\/ironsky.pl\/sklep\/?s={search_term_string}"},"query-input":{"@type":"PropertyValueSpecification","valueRequired":true,"valueName":"search_term_string"}}],"inLanguage":"pl-PL"}]}},"_links":{"self":[{"href":"https:\/\/ironsky.pl\/sklep\/wp-json\/wp\/v2\/product\/60566","targetHints":{"allow":["GET"]}}],"collection":[{"href":"https:\/\/ironsky.pl\/sklep\/wp-json\/wp\/v2\/product"}],"about":[{"href":"https:\/\/ironsky.pl\/sklep\/wp-json\/wp\/v2\/types\/product"}],"replies":[{"embeddable":true,"href":"https:\/\/ironsky.pl\/sklep\/wp-json\/wp\/v2\/comments?post=60566"}],"wp:featuredmedia":[{"embeddable":true,"href":"https:\/\/ironsky.pl\/sklep\/wp-json\/wp\/v2\/media\/49335"}],"wp:attachment":[{"href":"https:\/\/ironsky.pl\/sklep\/wp-json\/wp\/v2\/media?parent=60566"}],"wp:term":[{"taxonomy":"product_brand","embeddable":true,"href":"https:\/\/ironsky.pl\/sklep\/wp-json\/wp\/v2\/product_brand?post=60566"},{"taxonomy":"product_cat","embeddable":true,"href":"https:\/\/ironsky.pl\/sklep\/wp-json\/wp\/v2\/product_cat?post=60566"},{"taxonomy":"product_tag","embeddable":true,"href":"https:\/\/ironsky.pl\/sklep\/wp-json\/wp\/v2\/product_tag?post=60566"}],"curies":[{"name":"wp","href":"https:\/\/api.w.org\/{rel}","templated":true}]}}