{"id":60521,"date":"2026-04-15T11:03:32","date_gmt":"2026-04-15T09:03:32","guid":{"rendered":"https:\/\/ironsky.pl\/sklep\/produkt\/akumulator-ecoflow-wave-3-1024wh\/"},"modified":"2026-04-15T11:03:33","modified_gmt":"2026-04-15T09:03:33","slug":"akumulator-ecoflow-wave-3-1024wh","status":"publish","type":"product","link":"https:\/\/ironsky.pl\/sklep\/produkt\/akumulator-ecoflow-wave-3-1024wh\/","title":{"rendered":"Akumulator ECOFLOW WAVE 3 1024Wh"},"content":{"rendered":"<h3>Bateria do EcoFlow Wave 3<\/h3>\n<p>Dodatkowy akumulator do klimatyzatora EcoFlow WAVE 3 umo\u017cliwia korzystanie z niego r\u00f3wnie\u017c tam, gdzie nie masz dost\u0119pu do sieci elektrycznej. Dzi\u0119ki pojemno\u015bci 1024 Wh produkt zapewnia od 2 do 8 godzin bezprzewodowej pracy \u2013 w zale\u017cno\u015bci od warunk\u00f3w i ustawie\u0144. To idealne rozwi\u0105zanie do u\u017cytku podczas biwak\u00f3w, w kamperze, pod namiotem czy na jachcie!<\/p>\n<p>\n<img decoding=\"async\" src=\"https:\/\/assets.innpro.pl\/16064\/20266\/3.jpg\" border=\"0\" alt=\"\" \/>\n<\/p>\n<h3>Wydajny akumulator LFP o d\u0142ugiej \u017cywotno\u015bci<\/h3>\n<p>Akumulator wykorzystuje ogniwa litowo-\u017celazowo-fosforanowe (LFP), kt\u00f3re cechuj\u0105 si\u0119 bardzo du\u017c\u0105 trwa\u0142o\u015bci\u0105 i stabilno\u015bci\u0105. Dzi\u0119ki temu jego \u017cywotno\u015b\u0107 si\u0119ga a\u017c 4000 cykli \u0142adowania (po tym czasie zachowuje oko\u0142o 80% pierwotnej pojemno\u015bci), co przek\u0142ada si\u0119 nawet na 10 lat codziennego u\u017cytkowania.<\/p>\n<p>\n<img decoding=\"async\" src=\"https:\/\/assets.innpro.pl\/16064\/20266\/4.jpg\" border=\"0\" alt=\"\" \/>\n<\/p>\n<h3>R\u00f3\u017cne sposoby \u0142adowania \u2013 w domu i w podr\u00f3\u017cy<\/h3>\n<p>Akumulator oferuje szeroki wyb\u00f3r opcji \u0142adowania: z gniazda sieciowego, z gniazda zapalniczki samochodowej, za pomoc\u0105 paneli fotowoltaicznych (do 400 W) lub z alternatora pojazdu (przy u\u017cyciu \u0142adowarki EcoFlow Alternator Charger 400 W \/ 800 W). Dzi\u0119ki temu mo\u017cesz bez problemu \u0142adowa\u0107 go w r\u00f3\u017cnych warunkach \u2013 zar\u00f3wno w domu, jak i podczas podr\u00f3\u017cy! Co wi\u0119cej, po\u0142\u0105czenie paneli fotowoltaicznych i gniazda AC pozwala na pe\u0142ne na\u0142adowanie akumulatora ju\u017c w oko\u0142o 75 minut.<\/p>\n<p>\n<img decoding=\"async\" src=\"https:\/\/assets.innpro.pl\/16064\/20266\/1.jpg\" border=\"0\" alt=\"\" \/>\n<\/p>\n<h3>Przemy\u015blana konstrukcja i klasa szczelno\u015bci IP65<\/h3>\n<p>Akumulator wa\u017cy oko\u0142o 9,7 kg, a jego wymiary to 51,6 \u00d7 28,1 \u00d7 11,1 cm. Dzi\u0119ki temu jest bardzo \u0142atwy w transporcie i przechowywaniu. Dodatkowo klasa szczelno\u015bci IP65 zapewnia mu odporno\u015b\u0107 na py\u0142 i wod\u0119, jest wi\u0119c bardzo dobrze przystosowany do pracy w zr\u00f3\u017cnicowanych warunkach terenowych. Mo\u017cesz bez obaw korzysta\u0107 z niego w ogrodzie czy na kempingu w g\u00f3rach!<\/p>\n<p>\n<img decoding=\"async\" src=\"https:\/\/assets.innpro.pl\/16064\/20266\/2.jpg\" border=\"0\" alt=\"\" \/>\n<\/p>\n<div class=\"table-wrapper\">\n<p>\u00a0<\/p>\n<h3><\/h3>\n<table>\n<tbody>\n<tr>\n<th>Producent<\/th>\n<td>EcoFlow<\/td>\n<\/tr>\n<tr>\n<th>Nazwa<\/th>\n<td>WAVE 3 Add-on Battery<\/td>\n<\/tr>\n<tr>\n<th>Model<\/th>\n<td>EFWAVE3-EB<\/td>\n<\/tr>\n<tr>\n<th>Wymiary<\/th>\n<td>51,6 \u00d7 28,1 \u00d7 11,1 cm<\/td>\n<\/tr>\n<tr>\n<th>Waga<\/th>\n<td>Ok. 9,7 kg<\/td>\n<\/tr>\n<tr>\n<th>Pojemno\u015b\u0107<\/th>\n<td>1024 Wh, 51,2 V, 20 Ah<\/td>\n<\/tr>\n<tr>\n<th>Typ ogniw<\/th>\n<td>LFP (litowo-\u017celazowo-fosforanowe)<\/td>\n<\/tr>\n<tr>\n<th>\u017bywotno\u015b\u0107<\/th>\n<td>Ok. 80% pojemno\u015bci po 4000 cyklach \u0142adowania<\/td>\n<\/tr>\n<tr>\n<th>Maks. moc wej\u015bciowa<\/th>\n<td>1000 W<\/td>\n<\/tr>\n<tr>\n<th>\u0141adowanie z gniazda zapalniczki<\/th>\n<td>12 V \/ 24 V, 8 A maks., 200 W maks.<\/td>\n<\/tr>\n<tr>\n<th>\u0141adowanie za pomoc\u0105 paneli fotowoltaicznych<\/th>\n<td>11\u201360 V, 13 A maks., 400 W maks.<\/td>\n<\/tr>\n<tr>\n<th>Maks. moc wyj\u015bciowa<\/th>\n<td>858 W<\/td>\n<\/tr>\n<tr>\n<th>Wyj\u015bcie USB-A<\/th>\n<td>5\/9\/12 V, 2,4\/2\/1,5 A, 18 W maks.<\/td>\n<\/tr>\n<tr>\n<th>Wyj\u015bcie USB-C<\/th>\n<td> 5\/9\/12\/15 V \u2393 3 A maks.; 20\/28 V \u2393 5 A maks., 140 W maks.<\/td>\n<\/tr>\n<tr>\n<th>Temperatura \u0142adowania<\/th>\n<td>Od 0\u00b0C do 45\u00b0C<\/td>\n<\/tr>\n<tr>\n<th>Temperatura roz\u0142adowania<\/th>\n<td>Od -10\u00b0C do 50\u00b0C<\/td>\n<\/tr>\n<tr>\n<th>Klasa szczelno\u015bci<\/th>\n<td>IP65<\/td>\n<\/tr>\n<\/tbody>\n<\/table>\n<\/div>\n","protected":false},"excerpt":{"rendered":"<p>Bateria do EcoFlow Wave 3 Dodatkowy akumulator do klimatyzatora EcoFlow WAVE 3 umo\u017cliwia korzystanie z niego r\u00f3wnie\u017c tam, gdzie nie<\/p>\n","protected":false},"featured_media":47527,"comment_status":"closed","ping_status":"open","template":"","meta":{"_acf_changed":false},"product_brand":[],"product_cat":[5978,5937],"product_tag":[],"class_list":{"0":"post-60521","1":"product","2":"type-product","3":"status-publish","4":"has-post-thumbnail","6":"product_cat-kemping","7":"product_cat-outdoor","8":"pa_okres-gwarancji-5757","9":"pa_producent-ecoflow","11":"first","12":"outofstock","13":"taxable","14":"shipping-taxable","15":"purchasable","16":"product-type-simple"},"acf":[],"yoast_head":"<!-- This site is optimized with the Yoast SEO plugin v27.2 - https:\/\/yoast.com\/product\/yoast-seo-wordpress\/ -->\n<title>Akumulator ECOFLOW WAVE 3 1024Wh - IRONSKY.PL Sklep z Dronami<\/title>\n<meta name=\"description\" content=\"Akumulator ECOFLOW WAVE 3 1024Wh - \u2705 sklep z dronami i fachowym doradztwem. \u2705 Tutaj kupisz produkty DJI, Yuneec, Parrot, Syma i wiele innych, a tak\u017ce kursy i licencje na operatora drona.\" \/>\n<meta name=\"robots\" content=\"index, follow, max-snippet:-1, max-image-preview:large, max-video-preview:-1\" \/>\n<link rel=\"canonical\" href=\"https:\/\/ironsky.pl\/sklep\/produkt\/akumulator-ecoflow-wave-3-1024wh\/\" \/>\n<meta property=\"og:locale\" content=\"pl_PL\" \/>\n<meta property=\"og:type\" content=\"article\" \/>\n<meta property=\"og:title\" content=\"Akumulator ECOFLOW WAVE 3 1024Wh - IRONSKY.PL Sklep z Dronami\" \/>\n<meta property=\"og:description\" content=\"Akumulator ECOFLOW WAVE 3 1024Wh - \u2705 sklep z dronami i fachowym doradztwem. \u2705 Tutaj kupisz produkty DJI, Yuneec, Parrot, Syma i wiele innych, a tak\u017ce kursy i licencje na operatora drona.\" \/>\n<meta property=\"og:url\" content=\"https:\/\/ironsky.pl\/sklep\/produkt\/akumulator-ecoflow-wave-3-1024wh\/\" \/>\n<meta property=\"og:site_name\" content=\"IRONSKY.PL Sklep z Dronami\" \/>\n<meta property=\"article:modified_time\" content=\"2026-04-15T09:03:33+00:00\" \/>\n<meta property=\"og:image\" content=\"https:\/\/ironsky.pl\/sklep\/wp-content\/uploads\/2025\/06\/53188_1.jpg\" \/>\n\t<meta property=\"og:image:width\" content=\"800\" \/>\n\t<meta property=\"og:image:height\" content=\"800\" \/>\n\t<meta property=\"og:image:type\" content=\"image\/jpeg\" \/>\n<meta name=\"twitter:card\" content=\"summary_large_image\" \/>\n<meta name=\"twitter:label1\" content=\"Szacowany czas czytania\" \/>\n\t<meta name=\"twitter:data1\" content=\"2 minuty\" \/>\n<script type=\"application\/ld+json\" class=\"yoast-schema-graph\">{\"@context\":\"https:\/\/schema.org\",\"@graph\":[{\"@type\":\"WebPage\",\"@id\":\"https:\/\/ironsky.pl\/sklep\/produkt\/akumulator-ecoflow-wave-3-1024wh\/\",\"url\":\"https:\/\/ironsky.pl\/sklep\/produkt\/akumulator-ecoflow-wave-3-1024wh\/\",\"name\":\"Akumulator ECOFLOW WAVE 3 1024Wh - IRONSKY.PL Sklep z Dronami\",\"isPartOf\":{\"@id\":\"https:\/\/ironsky.pl\/sklep\/#website\"},\"primaryImageOfPage\":{\"@id\":\"https:\/\/ironsky.pl\/sklep\/produkt\/akumulator-ecoflow-wave-3-1024wh\/#primaryimage\"},\"image\":{\"@id\":\"https:\/\/ironsky.pl\/sklep\/produkt\/akumulator-ecoflow-wave-3-1024wh\/#primaryimage\"},\"thumbnailUrl\":\"https:\/\/ironsky.pl\/sklep\/wp-content\/uploads\/2025\/06\/53188_1.jpg\",\"datePublished\":\"2026-04-15T09:03:32+00:00\",\"dateModified\":\"2026-04-15T09:03:33+00:00\",\"description\":\"Akumulator ECOFLOW WAVE 3 1024Wh - \u2705 sklep z dronami i fachowym doradztwem. \u2705 Tutaj kupisz produkty DJI, Yuneec, Parrot, Syma i wiele innych, a tak\u017ce kursy i licencje na operatora drona.\",\"breadcrumb\":{\"@id\":\"https:\/\/ironsky.pl\/sklep\/produkt\/akumulator-ecoflow-wave-3-1024wh\/#breadcrumb\"},\"inLanguage\":\"pl-PL\",\"potentialAction\":[{\"@type\":\"ReadAction\",\"target\":[\"https:\/\/ironsky.pl\/sklep\/produkt\/akumulator-ecoflow-wave-3-1024wh\/\"]}]},{\"@type\":\"ImageObject\",\"inLanguage\":\"pl-PL\",\"@id\":\"https:\/\/ironsky.pl\/sklep\/produkt\/akumulator-ecoflow-wave-3-1024wh\/#primaryimage\",\"url\":\"https:\/\/ironsky.pl\/sklep\/wp-content\/uploads\/2025\/06\/53188_1.jpg\",\"contentUrl\":\"https:\/\/ironsky.pl\/sklep\/wp-content\/uploads\/2025\/06\/53188_1.jpg\",\"width\":800,\"height\":800},{\"@type\":\"BreadcrumbList\",\"@id\":\"https:\/\/ironsky.pl\/sklep\/produkt\/akumulator-ecoflow-wave-3-1024wh\/#breadcrumb\",\"itemListElement\":[{\"@type\":\"ListItem\",\"position\":1,\"name\":\"Strona g\u0142\u00f3wna\",\"item\":\"https:\/\/ironsky.pl\/sklep\/\"},{\"@type\":\"ListItem\",\"position\":2,\"name\":\"Wszystkie produkty\",\"item\":\"https:\/\/ironsky.pl\/sklep\/produkty\/\"},{\"@type\":\"ListItem\",\"position\":3,\"name\":\"Akumulator ECOFLOW WAVE 3 1024Wh\"}]},{\"@type\":\"WebSite\",\"@id\":\"https:\/\/ironsky.pl\/sklep\/#website\",\"url\":\"https:\/\/ironsky.pl\/sklep\/\",\"name\":\"IRONSKY.PL Sklep z Dronami\",\"description\":\"IRONSKY.PL Sklep z Dronami\",\"potentialAction\":[{\"@type\":\"SearchAction\",\"target\":{\"@type\":\"EntryPoint\",\"urlTemplate\":\"https:\/\/ironsky.pl\/sklep\/?s={search_term_string}\"},\"query-input\":{\"@type\":\"PropertyValueSpecification\",\"valueRequired\":true,\"valueName\":\"search_term_string\"}}],\"inLanguage\":\"pl-PL\"}]}<\/script>\n<!-- \/ Yoast SEO plugin. -->","yoast_head_json":{"title":"Akumulator ECOFLOW WAVE 3 1024Wh - IRONSKY.PL Sklep z Dronami","description":"Akumulator ECOFLOW WAVE 3 1024Wh - \u2705 sklep z dronami i fachowym doradztwem. \u2705 Tutaj kupisz produkty DJI, Yuneec, Parrot, Syma i wiele innych, a tak\u017ce kursy i licencje na operatora drona.","robots":{"index":"index","follow":"follow","max-snippet":"max-snippet:-1","max-image-preview":"max-image-preview:large","max-video-preview":"max-video-preview:-1"},"canonical":"https:\/\/ironsky.pl\/sklep\/produkt\/akumulator-ecoflow-wave-3-1024wh\/","og_locale":"pl_PL","og_type":"article","og_title":"Akumulator ECOFLOW WAVE 3 1024Wh - IRONSKY.PL Sklep z Dronami","og_description":"Akumulator ECOFLOW WAVE 3 1024Wh - \u2705 sklep z dronami i fachowym doradztwem. \u2705 Tutaj kupisz produkty DJI, Yuneec, Parrot, Syma i wiele innych, a tak\u017ce kursy i licencje na operatora drona.","og_url":"https:\/\/ironsky.pl\/sklep\/produkt\/akumulator-ecoflow-wave-3-1024wh\/","og_site_name":"IRONSKY.PL Sklep z Dronami","article_modified_time":"2026-04-15T09:03:33+00:00","og_image":[{"width":800,"height":800,"url":"https:\/\/ironsky.pl\/sklep\/wp-content\/uploads\/2025\/06\/53188_1.jpg","type":"image\/jpeg"}],"twitter_card":"summary_large_image","twitter_misc":{"Szacowany czas czytania":"2 minuty"},"schema":{"@context":"https:\/\/schema.org","@graph":[{"@type":"WebPage","@id":"https:\/\/ironsky.pl\/sklep\/produkt\/akumulator-ecoflow-wave-3-1024wh\/","url":"https:\/\/ironsky.pl\/sklep\/produkt\/akumulator-ecoflow-wave-3-1024wh\/","name":"Akumulator ECOFLOW WAVE 3 1024Wh - IRONSKY.PL Sklep z Dronami","isPartOf":{"@id":"https:\/\/ironsky.pl\/sklep\/#website"},"primaryImageOfPage":{"@id":"https:\/\/ironsky.pl\/sklep\/produkt\/akumulator-ecoflow-wave-3-1024wh\/#primaryimage"},"image":{"@id":"https:\/\/ironsky.pl\/sklep\/produkt\/akumulator-ecoflow-wave-3-1024wh\/#primaryimage"},"thumbnailUrl":"https:\/\/ironsky.pl\/sklep\/wp-content\/uploads\/2025\/06\/53188_1.jpg","datePublished":"2026-04-15T09:03:32+00:00","dateModified":"2026-04-15T09:03:33+00:00","description":"Akumulator ECOFLOW WAVE 3 1024Wh - \u2705 sklep z dronami i fachowym doradztwem. \u2705 Tutaj kupisz produkty DJI, Yuneec, Parrot, Syma i wiele innych, a tak\u017ce kursy i licencje na operatora drona.","breadcrumb":{"@id":"https:\/\/ironsky.pl\/sklep\/produkt\/akumulator-ecoflow-wave-3-1024wh\/#breadcrumb"},"inLanguage":"pl-PL","potentialAction":[{"@type":"ReadAction","target":["https:\/\/ironsky.pl\/sklep\/produkt\/akumulator-ecoflow-wave-3-1024wh\/"]}]},{"@type":"ImageObject","inLanguage":"pl-PL","@id":"https:\/\/ironsky.pl\/sklep\/produkt\/akumulator-ecoflow-wave-3-1024wh\/#primaryimage","url":"https:\/\/ironsky.pl\/sklep\/wp-content\/uploads\/2025\/06\/53188_1.jpg","contentUrl":"https:\/\/ironsky.pl\/sklep\/wp-content\/uploads\/2025\/06\/53188_1.jpg","width":800,"height":800},{"@type":"BreadcrumbList","@id":"https:\/\/ironsky.pl\/sklep\/produkt\/akumulator-ecoflow-wave-3-1024wh\/#breadcrumb","itemListElement":[{"@type":"ListItem","position":1,"name":"Strona g\u0142\u00f3wna","item":"https:\/\/ironsky.pl\/sklep\/"},{"@type":"ListItem","position":2,"name":"Wszystkie produkty","item":"https:\/\/ironsky.pl\/sklep\/produkty\/"},{"@type":"ListItem","position":3,"name":"Akumulator ECOFLOW WAVE 3 1024Wh"}]},{"@type":"WebSite","@id":"https:\/\/ironsky.pl\/sklep\/#website","url":"https:\/\/ironsky.pl\/sklep\/","name":"IRONSKY.PL Sklep z Dronami","description":"IRONSKY.PL Sklep z Dronami","potentialAction":[{"@type":"SearchAction","target":{"@type":"EntryPoint","urlTemplate":"https:\/\/ironsky.pl\/sklep\/?s={search_term_string}"},"query-input":{"@type":"PropertyValueSpecification","valueRequired":true,"valueName":"search_term_string"}}],"inLanguage":"pl-PL"}]}},"_links":{"self":[{"href":"https:\/\/ironsky.pl\/sklep\/wp-json\/wp\/v2\/product\/60521","targetHints":{"allow":["GET"]}}],"collection":[{"href":"https:\/\/ironsky.pl\/sklep\/wp-json\/wp\/v2\/product"}],"about":[{"href":"https:\/\/ironsky.pl\/sklep\/wp-json\/wp\/v2\/types\/product"}],"replies":[{"embeddable":true,"href":"https:\/\/ironsky.pl\/sklep\/wp-json\/wp\/v2\/comments?post=60521"}],"wp:featuredmedia":[{"embeddable":true,"href":"https:\/\/ironsky.pl\/sklep\/wp-json\/wp\/v2\/media\/47527"}],"wp:attachment":[{"href":"https:\/\/ironsky.pl\/sklep\/wp-json\/wp\/v2\/media?parent=60521"}],"wp:term":[{"taxonomy":"product_brand","embeddable":true,"href":"https:\/\/ironsky.pl\/sklep\/wp-json\/wp\/v2\/product_brand?post=60521"},{"taxonomy":"product_cat","embeddable":true,"href":"https:\/\/ironsky.pl\/sklep\/wp-json\/wp\/v2\/product_cat?post=60521"},{"taxonomy":"product_tag","embeddable":true,"href":"https:\/\/ironsky.pl\/sklep\/wp-json\/wp\/v2\/product_tag?post=60521"}],"curies":[{"name":"wp","href":"https:\/\/api.w.org\/{rel}","templated":true}]}}