{"id":60505,"date":"2026-04-15T11:03:10","date_gmt":"2026-04-15T09:03:10","guid":{"rendered":"https:\/\/ironsky.pl\/sklep\/produkt\/stacja-zasilania-ecoflow-stream-ultra-2kwh\/"},"modified":"2026-04-15T11:03:16","modified_gmt":"2026-04-15T09:03:16","slug":"stacja-zasilania-ecoflow-stream-ultra-2kwh","status":"publish","type":"product","link":"https:\/\/ironsky.pl\/sklep\/produkt\/stacja-zasilania-ecoflow-stream-ultra-2kwh\/","title":{"rendered":"Stacja zasilania ECOFLOW STREAM Ultra 2kWh"},"content":{"rendered":"<h3>Smart magazyn energii z mikroinwerterem 2w1 EcoFlow STREAM Ultra<\/h3>\n<p>EcoFlow STREAM Ultra to zaawansowany magazyn energii zintegrowany z inwerterem, kt\u00f3ry pozwala w pe\u0142ni wykorzysta\u0107 potencja\u0142 instalacji fotowoltaicznej. Urz\u0105dzenie \u0142\u0105czy w sobie solidn\u0105 pojemno\u015b\u0107 baterii (2 kWh), wysok\u0105 wydajno\u015b\u0107 i inteligentne zarz\u0105dzanie energi\u0105, zapewniaj\u0105c niezale\u017cno\u015b\u0107 energetyczn\u0105 w domu. Dzi\u0119ki cichej pracy, szerokiemu zakresowi temperatur i klasie ochrony IP65 sprawdzi si\u0119 zar\u00f3wno w warunkach domowych, jak i zewn\u0119trznych.<\/p>\n<p>\n<img decoding=\"async\" src=\"https:\/\/assets.innpro.pl\/14936\/18709\/1.jpg\" border=\"0\" alt=\"\" \/>\n<\/p>\n<h3>Solidna konstrukcja i wysoka odporno\u015b\u0107<\/h3>\n<p>Urz\u0105dzenie charakteryzuje si\u0119 wymiarami 255 \u00d7 284 \u00d7 458 mm oraz wag\u0105 23,1 kg, co przy jego mo\u017cliwo\u015bciach czyni je wyj\u0105tkowo mobilnym. Zastosowana obudowa o stopniu ochrony IP65 zapewnia pe\u0142n\u0105 py\u0142oszczelno\u015b\u0107 i odporno\u015b\u0107 na wod\u0119, co pozwala na bezpieczne u\u017cytkowanie zar\u00f3wno wewn\u0105trz, jak i na zewn\u0105trz pomieszcze\u0144. Kategoria przepi\u0119ciowa DC II, AC III gwarantuj\u0105 bezpiecze\u0144stwo pracy nawet w trudnych warunkach.<\/p>\n<p>\n<img decoding=\"async\" src=\"https:\/\/assets.innpro.pl\/14936\/18709\/6.jpg\" border=\"0\" alt=\"\" \/>\n<\/p>\n<h3>Akumulator o d\u0142ugiej \u017cywotno\u015bci<\/h3>\n<p>EcoFlow Stream Ultra wykorzystuje akumulator litowo-\u017celazowo-fosforanowy (LFP &#8211; LiFePO\u2084) o pojemno\u015bci 2 kWh i napi\u0119ciu nominalnym 19.2 V. Zosta\u0142 zaprojektowany z my\u015bl\u0105 o d\u0142ugiej eksploatacji \u2013 oferuje ponad 6000 cykli pracy, co przek\u0142ada si\u0119 na lata niezawodnego u\u017cytkowania. Dzi\u0119ki naturalnemu ch\u0142odzeniu bez wentylator\u00f3w urz\u0105dzenie pracuje cicho i bezawaryjnie.<\/p>\n<p>\n<img decoding=\"async\" src=\"https:\/\/assets.innpro.pl\/14936\/18709\/5.jpg\" border=\"0\" alt=\"\" \/>\n<\/p>\n<h3>Wydajny system \u0142adowania z 4 MPPT<\/h3>\n<p>Stream Ultra obs\u0142uguje cztery niezale\u017cne wej\u015bcia MPPT (Maximum Power Point Tracking), co pozwala na maksymalne wykorzystanie energii ze \u017ar\u00f3de\u0142 fotowoltaicznych. Ka\u017cdy z kana\u0142\u00f3w obs\u0142uguje do 500 W, co \u0142\u0105cznie daje maksymaln\u0105 moc wej\u015bciow\u0105 na poziomie 2000 W (60V\/14A). Zakres napi\u0119cia MPPT wynosi 15\u201360 V, a maksymalny pr\u0105d zwarciowy to 20 A, co zapewnia kompatybilno\u015b\u0107 z szerokim zakresem paneli s\u0142onecznych.<\/p>\n<p>\n<img decoding=\"async\" src=\"https:\/\/assets.innpro.pl\/14936\/18709\/2.jpg\" border=\"0\" alt=\"\" \/>\n<\/p>\n<h3>Niezale\u017cno\u015b\u0107 energetyczna i r\u00f3\u017cne tryby wyj\u015bcia<\/h3>\n<p>W przypadku wej\u015bcia AC 230 V\/50 Hz Stream Ultra generuje moc znamionow\u0105 do 800 W, z max. pr\u0105dem wyj\u015bciowym 3,48 A. Max. moc wej\u015bciowa to 2300 W, a wsp\u00f3\u0142czynnik mocy regulowany jest w zakresie od 1 do 0,8. Dla wyj\u015bcia AC zasilanie urz\u0105dze\u0144 odbywa si\u0119 z moc\u0105 ci\u0105g\u0142\u0105 1200 W (1200 VA), przy max. pr\u0105dzie 5,22 A i mocy wej\u015bciowej 800 W. W trybie Bypass Mode max. pr\u0105d wyj\u015bciowy wynosi 10 A, co zapewnia niezawodno\u015b\u0107 nawet przy wi\u0119kszych obci\u0105\u017ceniach. Z kolei dla zastosowa\u0144 wymagaj\u0105cych wi\u0119kszej mocy, system oferuje tryb r\u00f3wnoleg\u0142ego pod\u0142\u0105czenia z moc\u0105 do 2300 W. Taki uk\u0142ad zapewnia wi\u0119ksz\u0105 elastyczno\u015b\u0107 i umo\u017cliwia skalowanie rozwi\u0105zania do bardziej rozbudowanych instalacji.<\/p>\n<p>\n<img decoding=\"async\" src=\"https:\/\/assets.innpro.pl\/14936\/18709\/9.jpg\" border=\"0\" alt=\"\" \/>\n<\/p>\n<h3>Wydajno\u015b\u0107 w ka\u017cdych warunkach<\/h3>\n<p>EcoFlow Stream Ultra pracuje bezproblemowo w temperaturach od -20\u00b0C do 55\u00b0C, przy wilgotno\u015bci powietrza w zakresie 5%\u201395%. Mo\u017cna go bezpiecznie przechowywa\u0107 w temperaturach od -20\u00b0C do 55\u00b0C, a jego konstrukcja pozwala na prac\u0119 na wysoko\u015bci do 4000 m n.p.m., co czyni go idealnym wyborem dla zastosowa\u0144 w trudnych lokalizacjach \u2013 od wysokog\u00f3rskich teren\u00f3w po gor\u0105ce pustynie.<\/p>\n<p>\n<img decoding=\"async\" src=\"https:\/\/assets.innpro.pl\/14936\/18709\/3.jpg\" border=\"0\" alt=\"\" \/>\n<\/p>\n<h3>Inteligentne zarz\u0105dzanie i \u0142\u0105czno\u015b\u0107<\/h3>\n<p>Urz\u0105dzenie oferuje \u0142\u0105czno\u015b\u0107 Bluetooth oraz WLAN, a pe\u0142na kontrola i zarz\u0105dzanie mo\u017cliwe s\u0105 z poziomu dedykowanej aplikacji EcoFlow. Dzi\u0119ki temu u\u017cytkownik zyskuje dost\u0119p do danych w czasie rzeczywistym oraz mo\u017cliwo\u015b\u0107 zdalnego monitorowania i optymalizacji pracy systemu.<\/p>\n<p>\n<img decoding=\"async\" src=\"https:\/\/assets.innpro.pl\/14936\/18709\/4.jpg\" border=\"0\" alt=\"\" \/>\n<\/p>\n<div class=\"table-wrapper\">\n<p>\u00a0<\/p>\n<h3>Og\u00f3lne<\/h3>\n<table>\n<tbody>\n<tr>\n<th>Producent<\/th>\n<td>EcoFlow<\/td>\n<\/tr>\n<tr>\n<th>Model<\/th>\n<td>STREAM Ultra<\/td>\n<\/tr>\n<tr>\n<th>Wymiary <\/th>\n<td>255 \u00d7 284 \u00d7 458 mm<\/td>\n<\/tr>\n<tr>\n<th>Waga<\/th>\n<td>23,1 kg<\/td>\n<\/tr>\n<tr>\n<th>Typologia <\/th>\n<td>Izolowany<\/td>\n<\/tr>\n<tr>\n<th>Klasa szczelno\u015bci (IP) <\/th>\n<td>IP65<\/td>\n<\/tr>\n<tr>\n<th>Kategoria zanieczyszczenia <\/th>\n<td>PD3<\/td>\n<\/tr>\n<tr>\n<th>Kategoria przepi\u0119ciowa (OVC) <\/th>\n<td>DC: II, AC: III<\/td>\n<\/tr>\n<tr>\n<th>Zastosowanie <\/th>\n<td>Na zewn\u0105trz \/ wewn\u0105trz<\/td>\n<\/tr>\n<tr>\n<th>Spos\u00f3b ch\u0142odzenia <\/th>\n<td>Naturalna konwekcja (bez wentylator\u00f3w)<\/td>\n<\/tr>\n<\/tbody>\n<\/table>\n<p>\u00a0<\/p>\n<h3>Akumulator<\/h3>\n<table>\n<tbody>\n<tr>\n<th>Pojemno\u015b\u0107 znamionowa <\/th>\n<td>2 kWh<\/td>\n<\/tr>\n<tr>\n<th>Napi\u0119cie znamionowe <\/th>\n<td>19,2 V<\/td>\n<\/tr>\n<tr>\n<th>Liczba cykli <\/th>\n<td>6000+<\/td>\n<\/tr>\n<tr>\n<th>Typ ogniwa <\/th>\n<td>LFP (litowo-\u017celazowo-fosforanowe)<\/td>\n<\/tr>\n<\/tbody>\n<\/table>\n<p>\u00a0<\/p>\n<h3>Wej\u015bcie  PV (DC)<\/h3>\n<table>\n<tbody>\n<tr>\n<th>Liczba MPPT <\/th>\n<td>4<\/td>\n<\/tr>\n<tr>\n<th>Zakres napi\u0119cia MPPT <\/th>\n<td>15 V\u201360 V<\/td>\n<\/tr>\n<tr>\n<th>Maks. moc wej\u015bciowa <\/th>\n<td>2000 W (500 W na MPPT)<\/td>\n<\/tr>\n<tr>\n<th>Maks. napi\u0119cie wej\u015bciowe <\/th>\n<td>60 V<\/td>\n<\/tr>\n<tr>\n<th>Maks. pr\u0105d wej\u015bciowy <\/th>\n<td>14 A<\/td>\n<\/tr>\n<tr>\n<th>Maks. pr\u0105d zwarciowy wej\u015bcia <\/th>\n<td>20 A<\/td>\n<\/tr>\n<\/tbody>\n<\/table>\n<p>\u00a0<\/p>\n<h3>Wyj\u015bcie sieciowe (AC Grid Terminal)<\/h3>\n<table>\n<tbody>\n<tr>\n<th>Napi\u0119cie i cz\u0119stotliwo\u015b\u0107 <\/th>\n<td>230 V~, 50 Hz<\/td>\n<\/tr>\n<tr>\n<th>Moc znamionowa <\/th>\n<td>800 W<\/td>\n<\/tr>\n<tr>\n<th>Pr\u0105d znamionowy <\/th>\n<td>3,48 A<\/td>\n<\/tr>\n<tr>\n<th>Maks. pr\u0105d wej\u015bciowy <\/th>\n<td>10 A<\/td>\n<\/tr>\n<tr>\n<th>Maks. moc wej\u015bciowa <\/th>\n<td>2300 W<\/td>\n<\/tr>\n<tr>\n<th>Wsp\u00f3\u0142czynnik mocy <\/th>\n<td>1 (0,8 do -0,8)<\/td>\n<\/tr>\n<\/tbody>\n<\/table>\n<p>\u00a0<\/p>\n<h3>Wyj\u015bcie AC<\/h3>\n<table>\n<tbody>\n<tr>\n<th>Napi\u0119cie i cz\u0119stotliwo\u015b\u0107 <\/th>\n<td>230 V~, 50 Hz<\/td>\n<\/tr>\n<tr>\n<th>Maks. moc wyj\u015bciowa <\/th>\n<td>1200 W<\/td>\n<\/tr>\n<tr>\n<th>Pr\u0105d znamionowy wyj\u015bciowy <\/th>\n<td>5,22 A<\/td>\n<\/tr>\n<tr>\n<th>Maks. pr\u0105d wyj\u015bciowy (tryb bypass) <\/th>\n<td>10 A<\/td>\n<\/tr>\n<tr>\n<th>Maks. moc wej\u015bciowa <\/th>\n<td>800 W<\/td>\n<\/tr>\n<tr>\n<th>Maks. pr\u0105d wej\u015bciowy <\/th>\n<td>3,48 A<\/td>\n<\/tr>\n<tr>\n<th>Wsp\u00f3\u0142czynnik mocy <\/th>\n<td>1 (0,8 do -0,8)<\/td>\n<\/tr>\n<\/tbody>\n<\/table>\n<p>\u00a0<\/p>\n<h3>Wyj\u015bcie r\u00f3wnoleg\u0142e (AC Parallel Terminal)<\/h3>\n<table>\n<tbody>\n<tr>\n<th>Napi\u0119cie i cz\u0119stotliwo\u015b\u0107 <\/th>\n<td>230 V~, 50 Hz<\/td>\n<\/tr>\n<tr>\n<th>Maks. moc wyj\u015bciowa <\/th>\n<td>2300 W<\/td>\n<\/tr>\n<tr>\n<th>Maks. pr\u0105d wyj\u015bciowy <\/th>\n<td>10 A<\/td>\n<\/tr>\n<tr>\n<th>Maks. pr\u0105d wej\u015bciowy <\/th>\n<td>10 A<\/td>\n<\/tr>\n<tr>\n<th>Maks. moc wej\u015bciowa <\/th>\n<td>2300 W<\/td>\n<\/tr>\n<tr>\n<th>Wsp\u00f3\u0142czynnik mocy <\/th>\n<td>1 (0,8 do -0,8)<\/td>\n<\/tr>\n<\/tbody>\n<\/table>\n<p>\u00a0<\/p>\n<h3>\u015arodowisko pracy<\/h3>\n<table>\n<tbody>\n<tr>\n<th>Wysoko\u015b\u0107 pracy <\/th>\n<td>\u2264 4000 m n.p.m.<\/td>\n<\/tr>\n<tr>\n<th>Temperatura pracy <\/th>\n<td>-20\u00b0C do 55\u00b0C<\/td>\n<\/tr>\n<tr>\n<th>Temperatura przechowywania <\/th>\n<td>-20\u00b0C do 55\u00b0C<\/td>\n<\/tr>\n<tr>\n<th>Wilgotno\u015b\u0107 wzgl\u0119dna <\/th>\n<td>5%\u201395%<\/td>\n<\/tr>\n<\/tbody>\n<\/table>\n<p>\u00a0<\/p>\n<h3>Funkcje i \u0142\u0105czno\u015b\u0107<\/h3>\n<table>\n<tbody>\n<tr>\n<th>\u0141\u0105czno\u015b\u0107 <\/th>\n<td>WLAN, Bluetooth<\/td>\n<\/tr>\n<tr>\n<th>Zarz\u0105dzanie <\/th>\n<td>Aplikacja EcoFlow<\/td>\n<\/tr>\n<\/tbody>\n<\/table>\n<\/div>\n","protected":false},"excerpt":{"rendered":"<p>Smart magazyn energii z mikroinwerterem 2w1 EcoFlow STREAM Ultra EcoFlow STREAM Ultra to zaawansowany magazyn energii zintegrowany z inwerterem, kt\u00f3ry<\/p>\n","protected":false},"featured_media":40549,"comment_status":"closed","ping_status":"open","template":"","meta":{"_acf_changed":false},"product_brand":[],"product_cat":[1108,1110,6235],"product_tag":[],"class_list":{"0":"post-60505","1":"product","2":"type-product","3":"status-publish","4":"has-post-thumbnail","6":"product_cat-energia","7":"product_cat-panele-fotowoltaiczne","8":"product_cat-systemy-balkonowe","9":"pa_120-m-5776","10":"pa_producent-ecoflow","12":"first","13":"outofstock","14":"taxable","15":"shipping-taxable","16":"purchasable","17":"product-type-simple"},"acf":[],"yoast_head":"<!-- This site is optimized with the Yoast SEO plugin v27.2 - https:\/\/yoast.com\/product\/yoast-seo-wordpress\/ -->\n<title>Stacja zasilania ECOFLOW STREAM Ultra 2kWh - IRONSKY.PL Sklep z Dronami<\/title>\n<meta name=\"description\" content=\"Stacja zasilania ECOFLOW STREAM Ultra 2kWh - \u2705 sklep z dronami i fachowym doradztwem. \u2705 Tutaj kupisz produkty DJI, Yuneec, Parrot, Syma i wiele innych, a tak\u017ce kursy i licencje na operatora drona.\" \/>\n<meta name=\"robots\" content=\"index, follow, max-snippet:-1, max-image-preview:large, max-video-preview:-1\" \/>\n<link rel=\"canonical\" href=\"https:\/\/ironsky.pl\/sklep\/produkt\/stacja-zasilania-ecoflow-stream-ultra-2kwh\/\" \/>\n<meta property=\"og:locale\" content=\"pl_PL\" \/>\n<meta property=\"og:type\" content=\"article\" \/>\n<meta property=\"og:title\" content=\"Stacja zasilania ECOFLOW STREAM Ultra 2kWh - IRONSKY.PL Sklep z Dronami\" \/>\n<meta property=\"og:description\" content=\"Stacja zasilania ECOFLOW STREAM Ultra 2kWh - \u2705 sklep z dronami i fachowym doradztwem. \u2705 Tutaj kupisz produkty DJI, Yuneec, Parrot, Syma i wiele innych, a tak\u017ce kursy i licencje na operatora drona.\" \/>\n<meta property=\"og:url\" content=\"https:\/\/ironsky.pl\/sklep\/produkt\/stacja-zasilania-ecoflow-stream-ultra-2kwh\/\" \/>\n<meta property=\"og:site_name\" content=\"IRONSKY.PL Sklep z Dronami\" \/>\n<meta property=\"article:modified_time\" content=\"2026-04-15T09:03:16+00:00\" \/>\n<meta property=\"og:image\" content=\"https:\/\/ironsky.pl\/sklep\/wp-content\/uploads\/2025\/05\/53130_3.jpg\" \/>\n\t<meta property=\"og:image:width\" content=\"800\" \/>\n\t<meta property=\"og:image:height\" content=\"800\" \/>\n\t<meta property=\"og:image:type\" content=\"image\/jpeg\" \/>\n<meta name=\"twitter:card\" content=\"summary_large_image\" \/>\n<meta name=\"twitter:label1\" content=\"Szacowany czas czytania\" \/>\n\t<meta name=\"twitter:data1\" content=\"4 minuty\" \/>\n<script type=\"application\/ld+json\" class=\"yoast-schema-graph\">{\"@context\":\"https:\/\/schema.org\",\"@graph\":[{\"@type\":\"WebPage\",\"@id\":\"https:\/\/ironsky.pl\/sklep\/produkt\/stacja-zasilania-ecoflow-stream-ultra-2kwh\/\",\"url\":\"https:\/\/ironsky.pl\/sklep\/produkt\/stacja-zasilania-ecoflow-stream-ultra-2kwh\/\",\"name\":\"Stacja zasilania ECOFLOW STREAM Ultra 2kWh - IRONSKY.PL Sklep z Dronami\",\"isPartOf\":{\"@id\":\"https:\/\/ironsky.pl\/sklep\/#website\"},\"primaryImageOfPage\":{\"@id\":\"https:\/\/ironsky.pl\/sklep\/produkt\/stacja-zasilania-ecoflow-stream-ultra-2kwh\/#primaryimage\"},\"image\":{\"@id\":\"https:\/\/ironsky.pl\/sklep\/produkt\/stacja-zasilania-ecoflow-stream-ultra-2kwh\/#primaryimage\"},\"thumbnailUrl\":\"https:\/\/ironsky.pl\/sklep\/wp-content\/uploads\/2025\/05\/53130_3.jpg\",\"datePublished\":\"2026-04-15T09:03:10+00:00\",\"dateModified\":\"2026-04-15T09:03:16+00:00\",\"description\":\"Stacja zasilania ECOFLOW STREAM Ultra 2kWh - \u2705 sklep z dronami i fachowym doradztwem. \u2705 Tutaj kupisz produkty DJI, Yuneec, Parrot, Syma i wiele innych, a tak\u017ce kursy i licencje na operatora drona.\",\"breadcrumb\":{\"@id\":\"https:\/\/ironsky.pl\/sklep\/produkt\/stacja-zasilania-ecoflow-stream-ultra-2kwh\/#breadcrumb\"},\"inLanguage\":\"pl-PL\",\"potentialAction\":[{\"@type\":\"ReadAction\",\"target\":[\"https:\/\/ironsky.pl\/sklep\/produkt\/stacja-zasilania-ecoflow-stream-ultra-2kwh\/\"]}]},{\"@type\":\"ImageObject\",\"inLanguage\":\"pl-PL\",\"@id\":\"https:\/\/ironsky.pl\/sklep\/produkt\/stacja-zasilania-ecoflow-stream-ultra-2kwh\/#primaryimage\",\"url\":\"https:\/\/ironsky.pl\/sklep\/wp-content\/uploads\/2025\/05\/53130_3.jpg\",\"contentUrl\":\"https:\/\/ironsky.pl\/sklep\/wp-content\/uploads\/2025\/05\/53130_3.jpg\",\"width\":800,\"height\":800},{\"@type\":\"BreadcrumbList\",\"@id\":\"https:\/\/ironsky.pl\/sklep\/produkt\/stacja-zasilania-ecoflow-stream-ultra-2kwh\/#breadcrumb\",\"itemListElement\":[{\"@type\":\"ListItem\",\"position\":1,\"name\":\"Strona g\u0142\u00f3wna\",\"item\":\"https:\/\/ironsky.pl\/sklep\/\"},{\"@type\":\"ListItem\",\"position\":2,\"name\":\"Wszystkie produkty\",\"item\":\"https:\/\/ironsky.pl\/sklep\/produkty\/\"},{\"@type\":\"ListItem\",\"position\":3,\"name\":\"Stacja zasilania ECOFLOW STREAM Ultra 2kWh\"}]},{\"@type\":\"WebSite\",\"@id\":\"https:\/\/ironsky.pl\/sklep\/#website\",\"url\":\"https:\/\/ironsky.pl\/sklep\/\",\"name\":\"IRONSKY.PL Sklep z Dronami\",\"description\":\"IRONSKY.PL Sklep z Dronami\",\"potentialAction\":[{\"@type\":\"SearchAction\",\"target\":{\"@type\":\"EntryPoint\",\"urlTemplate\":\"https:\/\/ironsky.pl\/sklep\/?s={search_term_string}\"},\"query-input\":{\"@type\":\"PropertyValueSpecification\",\"valueRequired\":true,\"valueName\":\"search_term_string\"}}],\"inLanguage\":\"pl-PL\"}]}<\/script>\n<!-- \/ Yoast SEO plugin. -->","yoast_head_json":{"title":"Stacja zasilania ECOFLOW STREAM Ultra 2kWh - IRONSKY.PL Sklep z Dronami","description":"Stacja zasilania ECOFLOW STREAM Ultra 2kWh - \u2705 sklep z dronami i fachowym doradztwem. \u2705 Tutaj kupisz produkty DJI, Yuneec, Parrot, Syma i wiele innych, a tak\u017ce kursy i licencje na operatora drona.","robots":{"index":"index","follow":"follow","max-snippet":"max-snippet:-1","max-image-preview":"max-image-preview:large","max-video-preview":"max-video-preview:-1"},"canonical":"https:\/\/ironsky.pl\/sklep\/produkt\/stacja-zasilania-ecoflow-stream-ultra-2kwh\/","og_locale":"pl_PL","og_type":"article","og_title":"Stacja zasilania ECOFLOW STREAM Ultra 2kWh - IRONSKY.PL Sklep z Dronami","og_description":"Stacja zasilania ECOFLOW STREAM Ultra 2kWh - \u2705 sklep z dronami i fachowym doradztwem. \u2705 Tutaj kupisz produkty DJI, Yuneec, Parrot, Syma i wiele innych, a tak\u017ce kursy i licencje na operatora drona.","og_url":"https:\/\/ironsky.pl\/sklep\/produkt\/stacja-zasilania-ecoflow-stream-ultra-2kwh\/","og_site_name":"IRONSKY.PL Sklep z Dronami","article_modified_time":"2026-04-15T09:03:16+00:00","og_image":[{"width":800,"height":800,"url":"https:\/\/ironsky.pl\/sklep\/wp-content\/uploads\/2025\/05\/53130_3.jpg","type":"image\/jpeg"}],"twitter_card":"summary_large_image","twitter_misc":{"Szacowany czas czytania":"4 minuty"},"schema":{"@context":"https:\/\/schema.org","@graph":[{"@type":"WebPage","@id":"https:\/\/ironsky.pl\/sklep\/produkt\/stacja-zasilania-ecoflow-stream-ultra-2kwh\/","url":"https:\/\/ironsky.pl\/sklep\/produkt\/stacja-zasilania-ecoflow-stream-ultra-2kwh\/","name":"Stacja zasilania ECOFLOW STREAM Ultra 2kWh - IRONSKY.PL Sklep z Dronami","isPartOf":{"@id":"https:\/\/ironsky.pl\/sklep\/#website"},"primaryImageOfPage":{"@id":"https:\/\/ironsky.pl\/sklep\/produkt\/stacja-zasilania-ecoflow-stream-ultra-2kwh\/#primaryimage"},"image":{"@id":"https:\/\/ironsky.pl\/sklep\/produkt\/stacja-zasilania-ecoflow-stream-ultra-2kwh\/#primaryimage"},"thumbnailUrl":"https:\/\/ironsky.pl\/sklep\/wp-content\/uploads\/2025\/05\/53130_3.jpg","datePublished":"2026-04-15T09:03:10+00:00","dateModified":"2026-04-15T09:03:16+00:00","description":"Stacja zasilania ECOFLOW STREAM Ultra 2kWh - \u2705 sklep z dronami i fachowym doradztwem. \u2705 Tutaj kupisz produkty DJI, Yuneec, Parrot, Syma i wiele innych, a tak\u017ce kursy i licencje na operatora drona.","breadcrumb":{"@id":"https:\/\/ironsky.pl\/sklep\/produkt\/stacja-zasilania-ecoflow-stream-ultra-2kwh\/#breadcrumb"},"inLanguage":"pl-PL","potentialAction":[{"@type":"ReadAction","target":["https:\/\/ironsky.pl\/sklep\/produkt\/stacja-zasilania-ecoflow-stream-ultra-2kwh\/"]}]},{"@type":"ImageObject","inLanguage":"pl-PL","@id":"https:\/\/ironsky.pl\/sklep\/produkt\/stacja-zasilania-ecoflow-stream-ultra-2kwh\/#primaryimage","url":"https:\/\/ironsky.pl\/sklep\/wp-content\/uploads\/2025\/05\/53130_3.jpg","contentUrl":"https:\/\/ironsky.pl\/sklep\/wp-content\/uploads\/2025\/05\/53130_3.jpg","width":800,"height":800},{"@type":"BreadcrumbList","@id":"https:\/\/ironsky.pl\/sklep\/produkt\/stacja-zasilania-ecoflow-stream-ultra-2kwh\/#breadcrumb","itemListElement":[{"@type":"ListItem","position":1,"name":"Strona g\u0142\u00f3wna","item":"https:\/\/ironsky.pl\/sklep\/"},{"@type":"ListItem","position":2,"name":"Wszystkie produkty","item":"https:\/\/ironsky.pl\/sklep\/produkty\/"},{"@type":"ListItem","position":3,"name":"Stacja zasilania ECOFLOW STREAM Ultra 2kWh"}]},{"@type":"WebSite","@id":"https:\/\/ironsky.pl\/sklep\/#website","url":"https:\/\/ironsky.pl\/sklep\/","name":"IRONSKY.PL Sklep z Dronami","description":"IRONSKY.PL Sklep z Dronami","potentialAction":[{"@type":"SearchAction","target":{"@type":"EntryPoint","urlTemplate":"https:\/\/ironsky.pl\/sklep\/?s={search_term_string}"},"query-input":{"@type":"PropertyValueSpecification","valueRequired":true,"valueName":"search_term_string"}}],"inLanguage":"pl-PL"}]}},"_links":{"self":[{"href":"https:\/\/ironsky.pl\/sklep\/wp-json\/wp\/v2\/product\/60505","targetHints":{"allow":["GET"]}}],"collection":[{"href":"https:\/\/ironsky.pl\/sklep\/wp-json\/wp\/v2\/product"}],"about":[{"href":"https:\/\/ironsky.pl\/sklep\/wp-json\/wp\/v2\/types\/product"}],"replies":[{"embeddable":true,"href":"https:\/\/ironsky.pl\/sklep\/wp-json\/wp\/v2\/comments?post=60505"}],"wp:featuredmedia":[{"embeddable":true,"href":"https:\/\/ironsky.pl\/sklep\/wp-json\/wp\/v2\/media\/40549"}],"wp:attachment":[{"href":"https:\/\/ironsky.pl\/sklep\/wp-json\/wp\/v2\/media?parent=60505"}],"wp:term":[{"taxonomy":"product_brand","embeddable":true,"href":"https:\/\/ironsky.pl\/sklep\/wp-json\/wp\/v2\/product_brand?post=60505"},{"taxonomy":"product_cat","embeddable":true,"href":"https:\/\/ironsky.pl\/sklep\/wp-json\/wp\/v2\/product_cat?post=60505"},{"taxonomy":"product_tag","embeddable":true,"href":"https:\/\/ironsky.pl\/sklep\/wp-json\/wp\/v2\/product_tag?post=60505"}],"curies":[{"name":"wp","href":"https:\/\/api.w.org\/{rel}","templated":true}]}}