{"id":60503,"date":"2026-04-15T11:03:10","date_gmt":"2026-04-15T09:03:10","guid":{"rendered":"https:\/\/ironsky.pl\/sklep\/produkt\/przelacznik-ugreen-aw502-2-portowy-usb-c-hdmi\/"},"modified":"2026-04-15T11:03:14","modified_gmt":"2026-04-15T09:03:14","slug":"przelacznik-ugreen-aw502-2-portowy-usb-c-hdmi","status":"publish","type":"product","link":"https:\/\/ironsky.pl\/sklep\/produkt\/przelacznik-ugreen-aw502-2-portowy-usb-c-hdmi\/","title":{"rendered":"Prze\u0142\u0105cznik UGREEN AW502 2-portowy USB-C-HDMI"},"content":{"rendered":"<h3>Prze\u0142\u0105cznik \/ switch 2x USB-C do HDMI Ugreen AW502 2w1, 4K 60Hz<\/h3>\n<p>Zyskaj wygod\u0119 i oszcz\u0119dno\u015b\u0107 miejsca dzi\u0119ki prze\u0142\u0105cznikowi Ugreen AW502 2w1. To kompaktowe i funkcjonalne urz\u0105dzenie pozwala na szybkie prze\u0142\u0105czanie sygna\u0142u wideo mi\u0119dzy dwoma komputerami, laptopami lub smartfonami z portem USB-C, wykorzystuj\u0105c tylko jeden monitor. Wystarczy jedno klikni\u0119cie, by przenie\u015b\u0107 obraz z jednego urz\u0105dzenia na ekran \u2013 idealne rozwi\u0105zanie do pracy zdalnej, nauki i codziennego u\u017cytkowania.<\/p>\n<p>\n<img decoding=\"async\" src=\"https:\/\/assets.innpro.pl\/17335\/22917\/1.jpg\" border=\"0\" alt=\"prze\u0142\u0105cznik hdmi ugreen z przyciskiem\" \/>\n<\/p>\n<h3>Jako\u015b\u0107, kt\u00f3ra robi wra\u017cenie<\/h3>\n<p>Prze\u0142\u0105cznik obs\u0142uguje rozdzielczo\u015b\u0107 4K przy 60 Hz oraz technologi\u0119 HDR10+, dzi\u0119ki czemu oferuje \u017cywe kolory, doskona\u0142y kontrast i wyj\u0105tkow\u0105 p\u0142ynno\u015b\u0107 obrazu. Dodatkowo, dzi\u0119ki wsparciu dla HD Audio Sync, mo\u017cesz cieszy\u0107 si\u0119 zsynchronizowanym, wyra\u017anym d\u017awi\u0119kiem zar\u00f3wno w trakcie ogl\u0105dania film\u00f3w, jak i podczas wideokonferencji czy prezentacji.<\/p>\n<p>\n<img decoding=\"async\" src=\"https:\/\/assets.innpro.pl\/17335\/22917\/3.jpg\" border=\"0\" alt=\"m\u0119\u017cczyzna siedz\u0105cy przed prezentacj\u0105 wy\u015bwietlan\u0105 z laptopa na du\u017cym ekranie\" \/>\n<\/p>\n<h3>Bez zb\u0119dnych kabli i zasilaczy<\/h3>\n<p>Ugreen AW502 nie wymaga \u017cadnego dodatkowego zasilania ani instalacji sterownik\u00f3w dzi\u0119ki zastosowaniu Plug &amp; Play. Wystarczy pod\u0142\u0105czy\u0107 urz\u0105dzenia i gotowe \u2013 mo\u017cesz od razu rozpocz\u0105\u0107 prac\u0119 lub rozrywk\u0119.\u00a0<\/p>\n<p>\n<img decoding=\"async\" src=\"https:\/\/assets.innpro.pl\/17335\/22917\/2.jpg\" border=\"0\" alt=\"laptop podpi\u0119ty do konsoli i monitora\" \/>\n<\/p>\n<h3>Elastyczne po\u0142\u0105czenia<\/h3>\n<p>Prze\u0142\u0105cznik wsp\u00f3\u0142pracuje z wi\u0119kszo\u015bci\u0105 urz\u0105dze\u0144 z portem USB-C obs\u0142uguj\u0105cym tryb DP Alt, takich jak MacBooki Pro i Air, komputery Mac Mini i Mac Studio, modele Dell XPS, a tak\u017ce smartfony i tablety, w tym iPhone 15\/16 Pro Max czy seria Samsung Galaxy S23\/S24\/S25. To uniwersalne rozwi\u0105zanie dla domu, biura i pracy mobilnej.<\/p>\n<p>\n<img decoding=\"async\" src=\"https:\/\/assets.innpro.pl\/17335\/22917\/4.jpg\" border=\"0\" alt=\"dwa laptopy i du\u017cy ekran po\u0142\u0105czone za pomoc\u0105 switcha ugreen\" \/>\n<\/p>\n<h3>Wa\u017cne informacje przed u\u017cyciem<\/h3>\n<p>Prze\u0142\u0105cznik Ugreen AW502 obs\u0142uguje dwa wej\u015bcia USB-C i jedno wyj\u015bcie HDMI. Na ekranie mo\u017ce by\u0107 wy\u015bwietlany obraz tylko z jednego urz\u0105dzenia jednocze\u015bnie. Upewnij si\u0119, \u017ce u\u017cywane kable spe\u0142niaj\u0105 odpowiednie standardy, a Tw\u00f3j monitor obs\u0142uguje HDCP, by zapewni\u0107 pe\u0142n\u0105 funkcjonalno\u015b\u0107. Port USB-C Twojego sprz\u0119tu musi wspiera\u0107 przesy\u0142anie obrazu (DP Alt Mode).<\/p>\n<p>\n<img decoding=\"async\" src=\"https:\/\/assets.innpro.pl\/17335\/22917\/5.jpg\" border=\"0\" alt=\"konsola, tablet i telewizor po\u0142\u0105czone switchem ugreen\" \/>\n<\/p>\n<div class=\"table-wrapper\">\n<p>\u00a0<\/p>\n<h3><\/h3>\n<table>\n<tbody>\n<tr>\n<th>Producent<\/th>\n<td>Ugreen<\/td>\n<\/tr>\n<tr>\n<th>Model<\/th>\n<td>AW502<\/td>\n<\/tr>\n<tr>\n<th>Kompatybilne urz\u0105dzenia<\/th>\n<td>Laptopy, komputery osobiste, monitory, smartfony, tablety<\/td>\n<\/tr>\n<tr>\n<th>Kompatybilne systemy operacyjne <\/th>\n<td>Windows, MacOS, iOS, Linux<\/td>\n<\/tr>\n<tr>\n<th>Jako\u015b\u0107 odtwarzania multimedi\u00f3w<\/th>\n<td>4k@60Hz, 1440p@144Hz\/120Hz\/60Hz, 1080p@240Hz\/120Hz\/60Hz<\/td>\n<\/tr>\n<tr>\n<th>Typ z\u0142\u0105cz<\/th>\n<td>HDMI, USB-C<\/td>\n<\/tr>\n<tr>\n<th>Ilo\u015b\u0107 port\u00f3w <\/th>\n<td>3<\/td>\n<\/tr>\n<tr>\n<th>Wymiary<\/th>\n<td>\u200e5,59 x 6,35 x 1,7 cm<\/td>\n<\/tr>\n<tr>\n<th>Waga<\/th>\n<td>98 g<\/td>\n<\/tr>\n<\/tbody>\n<\/table>\n<\/div>\n","protected":false},"excerpt":{"rendered":"<p>Prze\u0142\u0105cznik \/ switch 2x USB-C do HDMI Ugreen AW502 2w1, 4K 60Hz Zyskaj wygod\u0119 i oszcz\u0119dno\u015b\u0107 miejsca dzi\u0119ki prze\u0142\u0105cznikowi Ugreen<\/p>\n","protected":false},"featured_media":49233,"comment_status":"closed","ping_status":"open","template":"","meta":{"_acf_changed":false},"product_brand":[],"product_cat":[5930,5929],"product_tag":[],"class_list":{"0":"post-60503","1":"product","2":"type-product","3":"status-publish","4":"has-post-thumbnail","6":"product_cat-adaptery-przejsciowki-konwertery","7":"product_cat-akcesoria-it","8":"pa_okres-gwarancji-5757","9":"pa_producent-ugreen","11":"first","12":"outofstock","13":"taxable","14":"shipping-taxable","15":"purchasable","16":"product-type-simple"},"acf":[],"yoast_head":"<!-- This site is optimized with the Yoast SEO plugin v27.2 - https:\/\/yoast.com\/product\/yoast-seo-wordpress\/ -->\n<title>Prze\u0142\u0105cznik UGREEN AW502 2-portowy USB-C-HDMI - IRONSKY.PL Sklep z Dronami<\/title>\n<meta name=\"description\" content=\"Prze\u0142\u0105cznik UGREEN AW502 2-portowy USB-C-HDMI - \u2705 sklep z dronami i fachowym doradztwem. \u2705 Tutaj kupisz produkty DJI, Yuneec, Parrot, Syma i wiele innych, a tak\u017ce kursy i licencje na operatora drona.\" \/>\n<meta name=\"robots\" content=\"index, follow, max-snippet:-1, max-image-preview:large, max-video-preview:-1\" \/>\n<link rel=\"canonical\" href=\"https:\/\/ironsky.pl\/sklep\/produkt\/przelacznik-ugreen-aw502-2-portowy-usb-c-hdmi\/\" \/>\n<meta property=\"og:locale\" content=\"pl_PL\" \/>\n<meta property=\"og:type\" content=\"article\" \/>\n<meta property=\"og:title\" content=\"Prze\u0142\u0105cznik UGREEN AW502 2-portowy USB-C-HDMI - IRONSKY.PL Sklep z Dronami\" \/>\n<meta property=\"og:description\" content=\"Prze\u0142\u0105cznik UGREEN AW502 2-portowy USB-C-HDMI - \u2705 sklep z dronami i fachowym doradztwem. \u2705 Tutaj kupisz produkty DJI, Yuneec, Parrot, Syma i wiele innych, a tak\u017ce kursy i licencje na operatora drona.\" \/>\n<meta property=\"og:url\" content=\"https:\/\/ironsky.pl\/sklep\/produkt\/przelacznik-ugreen-aw502-2-portowy-usb-c-hdmi\/\" \/>\n<meta property=\"og:site_name\" content=\"IRONSKY.PL Sklep z Dronami\" \/>\n<meta property=\"article:modified_time\" content=\"2026-04-15T09:03:14+00:00\" \/>\n<meta property=\"og:image\" content=\"https:\/\/ironsky.pl\/sklep\/wp-content\/uploads\/2025\/10\/53120_1.jpg\" \/>\n\t<meta property=\"og:image:width\" content=\"800\" \/>\n\t<meta property=\"og:image:height\" content=\"800\" \/>\n\t<meta property=\"og:image:type\" content=\"image\/jpeg\" \/>\n<meta name=\"twitter:card\" content=\"summary_large_image\" \/>\n<meta name=\"twitter:label1\" content=\"Szacowany czas czytania\" \/>\n\t<meta name=\"twitter:data1\" content=\"2 minuty\" \/>\n<script type=\"application\/ld+json\" class=\"yoast-schema-graph\">{\"@context\":\"https:\/\/schema.org\",\"@graph\":[{\"@type\":\"WebPage\",\"@id\":\"https:\/\/ironsky.pl\/sklep\/produkt\/przelacznik-ugreen-aw502-2-portowy-usb-c-hdmi\/\",\"url\":\"https:\/\/ironsky.pl\/sklep\/produkt\/przelacznik-ugreen-aw502-2-portowy-usb-c-hdmi\/\",\"name\":\"Prze\u0142\u0105cznik UGREEN AW502 2-portowy USB-C-HDMI - IRONSKY.PL Sklep z Dronami\",\"isPartOf\":{\"@id\":\"https:\/\/ironsky.pl\/sklep\/#website\"},\"primaryImageOfPage\":{\"@id\":\"https:\/\/ironsky.pl\/sklep\/produkt\/przelacznik-ugreen-aw502-2-portowy-usb-c-hdmi\/#primaryimage\"},\"image\":{\"@id\":\"https:\/\/ironsky.pl\/sklep\/produkt\/przelacznik-ugreen-aw502-2-portowy-usb-c-hdmi\/#primaryimage\"},\"thumbnailUrl\":\"https:\/\/ironsky.pl\/sklep\/wp-content\/uploads\/2025\/10\/53120_1.jpg\",\"datePublished\":\"2026-04-15T09:03:10+00:00\",\"dateModified\":\"2026-04-15T09:03:14+00:00\",\"description\":\"Prze\u0142\u0105cznik UGREEN AW502 2-portowy USB-C-HDMI - \u2705 sklep z dronami i fachowym doradztwem. \u2705 Tutaj kupisz produkty DJI, Yuneec, Parrot, Syma i wiele innych, a tak\u017ce kursy i licencje na operatora drona.\",\"breadcrumb\":{\"@id\":\"https:\/\/ironsky.pl\/sklep\/produkt\/przelacznik-ugreen-aw502-2-portowy-usb-c-hdmi\/#breadcrumb\"},\"inLanguage\":\"pl-PL\",\"potentialAction\":[{\"@type\":\"ReadAction\",\"target\":[\"https:\/\/ironsky.pl\/sklep\/produkt\/przelacznik-ugreen-aw502-2-portowy-usb-c-hdmi\/\"]}]},{\"@type\":\"ImageObject\",\"inLanguage\":\"pl-PL\",\"@id\":\"https:\/\/ironsky.pl\/sklep\/produkt\/przelacznik-ugreen-aw502-2-portowy-usb-c-hdmi\/#primaryimage\",\"url\":\"https:\/\/ironsky.pl\/sklep\/wp-content\/uploads\/2025\/10\/53120_1.jpg\",\"contentUrl\":\"https:\/\/ironsky.pl\/sklep\/wp-content\/uploads\/2025\/10\/53120_1.jpg\",\"width\":800,\"height\":800},{\"@type\":\"BreadcrumbList\",\"@id\":\"https:\/\/ironsky.pl\/sklep\/produkt\/przelacznik-ugreen-aw502-2-portowy-usb-c-hdmi\/#breadcrumb\",\"itemListElement\":[{\"@type\":\"ListItem\",\"position\":1,\"name\":\"Strona g\u0142\u00f3wna\",\"item\":\"https:\/\/ironsky.pl\/sklep\/\"},{\"@type\":\"ListItem\",\"position\":2,\"name\":\"Wszystkie produkty\",\"item\":\"https:\/\/ironsky.pl\/sklep\/produkty\/\"},{\"@type\":\"ListItem\",\"position\":3,\"name\":\"Prze\u0142\u0105cznik UGREEN AW502 2-portowy USB-C-HDMI\"}]},{\"@type\":\"WebSite\",\"@id\":\"https:\/\/ironsky.pl\/sklep\/#website\",\"url\":\"https:\/\/ironsky.pl\/sklep\/\",\"name\":\"IRONSKY.PL Sklep z Dronami\",\"description\":\"IRONSKY.PL Sklep z Dronami\",\"potentialAction\":[{\"@type\":\"SearchAction\",\"target\":{\"@type\":\"EntryPoint\",\"urlTemplate\":\"https:\/\/ironsky.pl\/sklep\/?s={search_term_string}\"},\"query-input\":{\"@type\":\"PropertyValueSpecification\",\"valueRequired\":true,\"valueName\":\"search_term_string\"}}],\"inLanguage\":\"pl-PL\"}]}<\/script>\n<!-- \/ Yoast SEO plugin. -->","yoast_head_json":{"title":"Prze\u0142\u0105cznik UGREEN AW502 2-portowy USB-C-HDMI - IRONSKY.PL Sklep z Dronami","description":"Prze\u0142\u0105cznik UGREEN AW502 2-portowy USB-C-HDMI - \u2705 sklep z dronami i fachowym doradztwem. \u2705 Tutaj kupisz produkty DJI, Yuneec, Parrot, Syma i wiele innych, a tak\u017ce kursy i licencje na operatora drona.","robots":{"index":"index","follow":"follow","max-snippet":"max-snippet:-1","max-image-preview":"max-image-preview:large","max-video-preview":"max-video-preview:-1"},"canonical":"https:\/\/ironsky.pl\/sklep\/produkt\/przelacznik-ugreen-aw502-2-portowy-usb-c-hdmi\/","og_locale":"pl_PL","og_type":"article","og_title":"Prze\u0142\u0105cznik UGREEN AW502 2-portowy USB-C-HDMI - IRONSKY.PL Sklep z Dronami","og_description":"Prze\u0142\u0105cznik UGREEN AW502 2-portowy USB-C-HDMI - \u2705 sklep z dronami i fachowym doradztwem. \u2705 Tutaj kupisz produkty DJI, Yuneec, Parrot, Syma i wiele innych, a tak\u017ce kursy i licencje na operatora drona.","og_url":"https:\/\/ironsky.pl\/sklep\/produkt\/przelacznik-ugreen-aw502-2-portowy-usb-c-hdmi\/","og_site_name":"IRONSKY.PL Sklep z Dronami","article_modified_time":"2026-04-15T09:03:14+00:00","og_image":[{"width":800,"height":800,"url":"https:\/\/ironsky.pl\/sklep\/wp-content\/uploads\/2025\/10\/53120_1.jpg","type":"image\/jpeg"}],"twitter_card":"summary_large_image","twitter_misc":{"Szacowany czas czytania":"2 minuty"},"schema":{"@context":"https:\/\/schema.org","@graph":[{"@type":"WebPage","@id":"https:\/\/ironsky.pl\/sklep\/produkt\/przelacznik-ugreen-aw502-2-portowy-usb-c-hdmi\/","url":"https:\/\/ironsky.pl\/sklep\/produkt\/przelacznik-ugreen-aw502-2-portowy-usb-c-hdmi\/","name":"Prze\u0142\u0105cznik UGREEN AW502 2-portowy USB-C-HDMI - IRONSKY.PL Sklep z Dronami","isPartOf":{"@id":"https:\/\/ironsky.pl\/sklep\/#website"},"primaryImageOfPage":{"@id":"https:\/\/ironsky.pl\/sklep\/produkt\/przelacznik-ugreen-aw502-2-portowy-usb-c-hdmi\/#primaryimage"},"image":{"@id":"https:\/\/ironsky.pl\/sklep\/produkt\/przelacznik-ugreen-aw502-2-portowy-usb-c-hdmi\/#primaryimage"},"thumbnailUrl":"https:\/\/ironsky.pl\/sklep\/wp-content\/uploads\/2025\/10\/53120_1.jpg","datePublished":"2026-04-15T09:03:10+00:00","dateModified":"2026-04-15T09:03:14+00:00","description":"Prze\u0142\u0105cznik UGREEN AW502 2-portowy USB-C-HDMI - \u2705 sklep z dronami i fachowym doradztwem. \u2705 Tutaj kupisz produkty DJI, Yuneec, Parrot, Syma i wiele innych, a tak\u017ce kursy i licencje na operatora drona.","breadcrumb":{"@id":"https:\/\/ironsky.pl\/sklep\/produkt\/przelacznik-ugreen-aw502-2-portowy-usb-c-hdmi\/#breadcrumb"},"inLanguage":"pl-PL","potentialAction":[{"@type":"ReadAction","target":["https:\/\/ironsky.pl\/sklep\/produkt\/przelacznik-ugreen-aw502-2-portowy-usb-c-hdmi\/"]}]},{"@type":"ImageObject","inLanguage":"pl-PL","@id":"https:\/\/ironsky.pl\/sklep\/produkt\/przelacznik-ugreen-aw502-2-portowy-usb-c-hdmi\/#primaryimage","url":"https:\/\/ironsky.pl\/sklep\/wp-content\/uploads\/2025\/10\/53120_1.jpg","contentUrl":"https:\/\/ironsky.pl\/sklep\/wp-content\/uploads\/2025\/10\/53120_1.jpg","width":800,"height":800},{"@type":"BreadcrumbList","@id":"https:\/\/ironsky.pl\/sklep\/produkt\/przelacznik-ugreen-aw502-2-portowy-usb-c-hdmi\/#breadcrumb","itemListElement":[{"@type":"ListItem","position":1,"name":"Strona g\u0142\u00f3wna","item":"https:\/\/ironsky.pl\/sklep\/"},{"@type":"ListItem","position":2,"name":"Wszystkie produkty","item":"https:\/\/ironsky.pl\/sklep\/produkty\/"},{"@type":"ListItem","position":3,"name":"Prze\u0142\u0105cznik UGREEN AW502 2-portowy USB-C-HDMI"}]},{"@type":"WebSite","@id":"https:\/\/ironsky.pl\/sklep\/#website","url":"https:\/\/ironsky.pl\/sklep\/","name":"IRONSKY.PL Sklep z Dronami","description":"IRONSKY.PL Sklep z Dronami","potentialAction":[{"@type":"SearchAction","target":{"@type":"EntryPoint","urlTemplate":"https:\/\/ironsky.pl\/sklep\/?s={search_term_string}"},"query-input":{"@type":"PropertyValueSpecification","valueRequired":true,"valueName":"search_term_string"}}],"inLanguage":"pl-PL"}]}},"_links":{"self":[{"href":"https:\/\/ironsky.pl\/sklep\/wp-json\/wp\/v2\/product\/60503","targetHints":{"allow":["GET"]}}],"collection":[{"href":"https:\/\/ironsky.pl\/sklep\/wp-json\/wp\/v2\/product"}],"about":[{"href":"https:\/\/ironsky.pl\/sklep\/wp-json\/wp\/v2\/types\/product"}],"replies":[{"embeddable":true,"href":"https:\/\/ironsky.pl\/sklep\/wp-json\/wp\/v2\/comments?post=60503"}],"wp:featuredmedia":[{"embeddable":true,"href":"https:\/\/ironsky.pl\/sklep\/wp-json\/wp\/v2\/media\/49233"}],"wp:attachment":[{"href":"https:\/\/ironsky.pl\/sklep\/wp-json\/wp\/v2\/media?parent=60503"}],"wp:term":[{"taxonomy":"product_brand","embeddable":true,"href":"https:\/\/ironsky.pl\/sklep\/wp-json\/wp\/v2\/product_brand?post=60503"},{"taxonomy":"product_cat","embeddable":true,"href":"https:\/\/ironsky.pl\/sklep\/wp-json\/wp\/v2\/product_cat?post=60503"},{"taxonomy":"product_tag","embeddable":true,"href":"https:\/\/ironsky.pl\/sklep\/wp-json\/wp\/v2\/product_tag?post=60503"}],"curies":[{"name":"wp","href":"https:\/\/api.w.org\/{rel}","templated":true}]}}