{"id":60477,"date":"2026-04-15T11:02:43","date_gmt":"2026-04-15T09:02:43","guid":{"rendered":"https:\/\/ironsky.pl\/sklep\/produkt\/drukarka-3d-creality-k1-se-2\/"},"modified":"2026-04-15T11:02:50","modified_gmt":"2026-04-15T09:02:50","slug":"drukarka-3d-creality-k1-se-2","status":"publish","type":"product","link":"https:\/\/ironsky.pl\/sklep\/produkt\/drukarka-3d-creality-k1-se-2\/","title":{"rendered":"Drukarka 3D CREALITY K1-SE"},"content":{"rendered":"<h3>Drukarka 3D Creality K1-SE<\/h3>\n<p>Creality K1-SE to wyj\u0105tkowo wydajna drukarka 3D, kt\u00f3ra osi\u0105gaj\u0105c pr\u0119dko\u015b\u0107 do 600 mm\/s oraz przyspieszenie 20 000 mm\/s\u00b2, K1-SE pozwala drukowa\u0107 znacznie szybciej ni\u017c wi\u0119kszo\u015b\u0107 konkurencyjnych modeli. Jej solidna konstrukcja sprawia, \u017ce sprawdzi si\u0119 zar\u00f3wno w domowym warsztacie, jak i w pracowni. Dzi\u0119ki fabrycznej kalibracji i szybkiej konfiguracji urz\u0105dzenie jest gotowe do pracy ju\u017c w kilka po rozpakowaniu.\u00a0<\/p>\n<p>\n<img decoding=\"async\" src=\"https:\/\/assets.innpro.pl\/15854\/19984\/4.jpg\" border=\"0\" alt=\"\" \/>\n<\/p>\n<h3>Podw\u00f3jny ekstruder \u2013 mniej zaci\u0119\u0107, lepszy przep\u0142yw materia\u0142u<\/h3>\n<p>Zastosowany w K1-SE system podw\u00f3jnego nap\u0119du ekstrudera zapewnia stabilne podawanie filamentu, co przek\u0142ada si\u0119 na mniejsz\u0105 liczb\u0119 przerw i lepsz\u0105 kontrol\u0119 nad przep\u0142ywem materia\u0142u. Ceramiczny element grzewczy nagrzewa si\u0119 bardzo szybko, co skraca czas przygotowania do druku. Dodatkowo tytanowa rurka i stalowa dysza o wysokiej wytrzyma\u0142o\u015bci zapewniaj\u0105 d\u0142ug\u0105 \u017cywotno\u015b\u0107.<\/p>\n<p>\n<img decoding=\"async\" src=\"https:\/\/assets.innpro.pl\/15854\/19984\/5.jpg\" border=\"0\" alt=\"\" \/>\n<\/p>\n<h3>Stabilno\u015b\u0107 i dok\u0142adno\u015b\u0107 wydruku<\/h3>\n<p>Projektanci K1-SE postawili na po\u0142\u0105czenie lekkiej g\u0142owicy drukuj\u0105cej z metalow\u0105 ram\u0105. Sztywno\u015b\u0107 konstrukcji i zastosowany G-sensor eliminuj\u0105 mikrodrgania powstaj\u0105ce podczas pracy z du\u017c\u0105 pr\u0119dko\u015bci\u0105, co przek\u0142ada si\u0119 na wi\u0119ksz\u0105 dok\u0142adno\u015b\u0107 odwzorowania detali. Ca\u0142a mechanika dzia\u0142a p\u0142ynnie i stabilnie, co pozwala drukarce pracowa\u0107 sprawnie nawet przy bardziej z\u0142o\u017conych modelach.<\/p>\n<p>\n<img decoding=\"async\" src=\"https:\/\/assets.innpro.pl\/15854\/19984\/6.jpg\" border=\"0\" alt=\"\" \/>\n<\/p>\n<h3>Drukowanie bez kalibracji<\/h3>\n<p>Creality K1-SE zosta\u0142a z\u0142o\u017cona i skalibrowana ju\u017c na etapie produkcji. To oznacza, \u017ce po wyj\u0119ciu z opakowania wystarczy j\u0105 pod\u0142\u0105czy\u0107, za\u0142adowa\u0107 filament i rozpocz\u0105\u0107 drukowanie. Dodatkowo urz\u0105dzenie wyposa\u017cone jest w funkcj\u0119 automatycznej kalibracji sto\u0142u, kt\u00f3ra samodzielnie dopasowuje wysoko\u015b\u0107 platformy roboczej.\u00a0<\/p>\n<p>\n<img decoding=\"async\" src=\"https:\/\/assets.innpro.pl\/15854\/19984\/8.jpg\" border=\"0\" alt=\"\" \/>\n<\/p>\n<h3>Dostosuj K1-SE do w\u0142asnych potrzeb<\/h3>\n<p>K1 SE oferuje rozwi\u0105zanie druku 3D typu barebone, kt\u00f3re mo\u017cna \u0142atwo modyfikowa\u0107, dodaj\u0105c drukowane panele boczne, boczny uchwyt na szpul\u0119 itp. Zarezerwowane porty USB doskonale nadaj\u0105 si\u0119 do pod\u0142\u0105czenia kamery internetowej lub innych akcesori\u00f3w.<\/p>\n<p>\n<img decoding=\"async\" src=\"https:\/\/assets.innpro.pl\/15854\/19984\/3.jpg\" border=\"0\" alt=\"\" \/>\n<\/p>\n<h3>Inteligentne funkcje i przyjazny interfejs<\/h3>\n<p>Creality OS, kt\u00f3ry dzia\u0142a w oparciu o Klipper, umo\u017cliwia wiele zaawansowanych funkcji, takich jak post\u0119p liniowy i kszta\u0142towanie wej\u015bcia. Ponadto oprogramowanie Creality Print 5.0 oferuje r\u00f3\u017cne funkcje zwi\u0119kszaj\u0105ce wydajno\u015b\u0107 pracy i jako\u015b\u0107 druku. Z kolei Creality Cloud to platforma umo\u017cliwiaj\u0105ca dost\u0119p do niezliczonych modeli w r\u00f3\u017cnych kategoriach, drukowanie w chmurze oraz kontakt z innymi mi\u0142o\u015bnikami drukowania 3D.<\/p>\n<p>\n<img decoding=\"async\" src=\"https:\/\/assets.innpro.pl\/15854\/19984\/10.jpg\" border=\"0\" alt=\"\" \/>\n<\/p>\n<h3>W zestawie<\/h3>\n<ul class=\"list-disc pl-5\">\n<li>drukarka 3D<\/li>\n<li>ekran dotykowy<\/li>\n<li>filament<\/li>\n<li>klucz i \u015brubokr\u0119t<\/li>\n<li>szpachelka<\/li>\n<li>uchwyt na filament<\/li>\n<li>szczypce<\/li>\n<li>pendrive<\/li>\n<li>kabel zasilania<\/li>\n<li>klucz nasadowy M6<\/li>\n<li>instrukcja obs\u0142ugi<\/li>\n<li>dysza czyszcz\u0105ca 1.2 mm<\/li>\n<\/ul>\n<div class=\"table-wrapper\">\n<p>\u00a0<\/p>\n<h3><\/h3>\n<table>\n<tbody>\n<tr>\n<th>Producent<\/th>\n<td>Creality<\/td>\n<\/tr>\n<tr>\n<th>Model<\/th>\n<td>K1-SE<\/td>\n<\/tr>\n<tr>\n<th>Technologia druku<\/th>\n<td>FDM<\/td>\n<\/tr>\n<tr>\n<th>Rozmiar druku<\/th>\n<td>220 x 220 x 250 mm<\/td>\n<\/tr>\n<tr>\n<th>Wymiary drukarki<\/th>\n<td>355 x 355 x 482 mm<\/td>\n<\/tr>\n<tr>\n<th>Waga<\/th>\n<td>10.24 kg<\/td>\n<\/tr>\n<tr>\n<th>Pr\u0119dko\u015b\u0107 druku<\/th>\n<td>\u2264600 mm\/s<\/td>\n<\/tr>\n<tr>\n<th>Przyspieszenie<\/th>\n<td>\u226420000 mm\/s\u00b2<\/td>\n<\/tr>\n<tr>\n<th>Dok\u0142adno\u015b\u0107 wydruku<\/th>\n<td>100\u00b10.1 mm<\/td>\n<\/tr>\n<tr>\n<th>Wysoko\u015b\u0107 warstwy<\/th>\n<td>0.1-0.35mm<\/td>\n<\/tr>\n<tr>\n<th>Wyt\u0142aczarka<\/th>\n<td>z nap\u0119dem bezpo\u015brednim z podw\u00f3jn\u0105 przek\u0142adni\u0105<\/td>\n<\/tr>\n<tr>\n<th>\u015arednica filamentu<\/th>\n<td>1.75 mm<\/td>\n<\/tr>\n<tr>\n<th>\u015arednica dyszy<\/th>\n<td>0.4 mm<\/td>\n<\/tr>\n<tr>\n<th>Temperatura dyszy<\/th>\n<td>\u2264300\u2103<\/td>\n<\/tr>\n<tr>\n<th>Temperatura podgrzewanej platformy<\/th>\n<td>\u2264100\u2103<\/td>\n<\/tr>\n<tr>\n<th>Platforma drukowania<\/th>\n<td>p\u0142yta konstrukcyjna z \u017cywicy epoksydowej<\/td>\n<\/tr>\n<tr>\n<th>Tryb poziomowania<\/th>\n<td>automatyczny<\/td>\n<\/tr>\n<tr>\n<th>Transfer plik\u00f3w<\/th>\n<td>pendrive, Wi-Fi<\/td>\n<\/tr>\n<tr>\n<th>Ekran<\/th>\n<td>dotykowy, kolorowy<\/td>\n<\/tr>\n<tr>\n<th>Kamera<\/th>\n<td>opcjonalnie<\/td>\n<\/tr>\n<tr>\n<th>Odzyskiwanie strat mocy<\/th>\n<td>tak<\/td>\n<\/tr>\n<tr>\n<th>Czujnik wyczerpania filamentu<\/th>\n<td>tak<\/td>\n<\/tr>\n<tr>\n<th>Oczyszczacz powietrza<\/th>\n<td>nie<\/td>\n<\/tr>\n<tr>\n<th>Kszta\u0142towanie wej\u015bcia (input shaping)<\/th>\n<td>tak<\/td>\n<\/tr>\n<tr>\n<th>Zestaw o\u015bwietleniowy<\/th>\n<td>tak<\/td>\n<\/tr>\n<tr>\n<th>Tryb u\u015bpienia<\/th>\n<td>tak<\/td>\n<\/tr>\n<tr>\n<th>Napi\u0119cie znamionowe<\/th>\n<td>100-120V~, 200-240V~, 50\/60Hz<\/td>\n<\/tr>\n<tr>\n<th>Moc znamionowa<\/th>\n<td>350 W<\/td>\n<\/tr>\n<tr>\n<th>Materia\u0142y druku<\/th>\n<td>Hyper PLA\/PLA\/PETG\/TPU<\/td>\n<\/tr>\n<tr>\n<th>Obs\u0142ugiwany format plik\u00f3w<\/th>\n<td>G-Code<\/td>\n<\/tr>\n<tr>\n<th>Oprogramowanie<\/th>\n<td>Creality Print 5.0, Cura, PrusaSlicer<\/td>\n<\/tr>\n<tr>\n<th>Obs\u0142ugiwany format plik\u00f3w do druku<\/th>\n<td>STL, OBJ, 3MF<\/td>\n<\/tr>\n<tr>\n<th>J\u0119zyki interfejsu<\/th>\n<td>angielski, hiszpa\u0144ski, niemiecki, francuski, rosyjski, portugalski, w\u0142oski, turecki, japo\u0144ski, korea\u0144ski, chi\u0144ski<\/td>\n<\/tr>\n<\/tbody>\n<\/table>\n<\/div>\n","protected":false},"excerpt":{"rendered":"<p>Drukarka 3D Creality K1-SE Creality K1-SE to wyj\u0105tkowo wydajna drukarka 3D, kt\u00f3ra osi\u0105gaj\u0105c pr\u0119dko\u015b\u0107 do 600 mm\/s oraz przyspieszenie 20<\/p>\n","protected":false},"featured_media":49176,"comment_status":"closed","ping_status":"open","template":"","meta":{"_acf_changed":false},"product_brand":[],"product_cat":[6222,6223,6217],"product_tag":[],"class_list":{"0":"post-60477","1":"product","2":"type-product","3":"status-publish","4":"has-post-thumbnail","6":"product_cat-druk-3d-technologie-kreatywne","7":"product_cat-drukarki-3d","8":"product_cat-technologie-kreatywne","9":"pa_okres-gwarancji-5754","10":"pa_producent-creality","12":"first","13":"outofstock","14":"taxable","15":"shipping-taxable","16":"purchasable","17":"product-type-simple"},"acf":[],"yoast_head":"<!-- This site is optimized with the Yoast SEO plugin v27.2 - https:\/\/yoast.com\/product\/yoast-seo-wordpress\/ -->\n<title>Drukarka 3D CREALITY K1-SE - IRONSKY.PL Sklep z Dronami<\/title>\n<meta name=\"description\" content=\"Drukarka 3D CREALITY K1-SE - \u2705 sklep z dronami i fachowym doradztwem. \u2705 Tutaj kupisz produkty DJI, Yuneec, Parrot, Syma i wiele innych, a tak\u017ce kursy i licencje na operatora drona.\" \/>\n<meta name=\"robots\" content=\"index, follow, max-snippet:-1, max-image-preview:large, max-video-preview:-1\" \/>\n<link rel=\"canonical\" href=\"https:\/\/ironsky.pl\/sklep\/produkt\/drukarka-3d-creality-k1-se-2\/\" \/>\n<meta property=\"og:locale\" content=\"pl_PL\" \/>\n<meta property=\"og:type\" content=\"article\" \/>\n<meta property=\"og:title\" content=\"Drukarka 3D CREALITY K1-SE - IRONSKY.PL Sklep z Dronami\" \/>\n<meta property=\"og:description\" content=\"Drukarka 3D CREALITY K1-SE - \u2705 sklep z dronami i fachowym doradztwem. \u2705 Tutaj kupisz produkty DJI, Yuneec, Parrot, Syma i wiele innych, a tak\u017ce kursy i licencje na operatora drona.\" \/>\n<meta property=\"og:url\" content=\"https:\/\/ironsky.pl\/sklep\/produkt\/drukarka-3d-creality-k1-se-2\/\" \/>\n<meta property=\"og:site_name\" content=\"IRONSKY.PL Sklep z Dronami\" \/>\n<meta property=\"article:modified_time\" content=\"2026-04-15T09:02:50+00:00\" \/>\n<meta property=\"og:image\" content=\"https:\/\/ironsky.pl\/sklep\/wp-content\/uploads\/2025\/10\/53042_5.jpg\" \/>\n\t<meta property=\"og:image:width\" content=\"800\" \/>\n\t<meta property=\"og:image:height\" content=\"800\" \/>\n\t<meta property=\"og:image:type\" content=\"image\/jpeg\" \/>\n<meta name=\"twitter:card\" content=\"summary_large_image\" \/>\n<meta name=\"twitter:label1\" content=\"Szacowany czas czytania\" \/>\n\t<meta name=\"twitter:data1\" content=\"3 minuty\" \/>\n<script type=\"application\/ld+json\" class=\"yoast-schema-graph\">{\"@context\":\"https:\/\/schema.org\",\"@graph\":[{\"@type\":\"WebPage\",\"@id\":\"https:\/\/ironsky.pl\/sklep\/produkt\/drukarka-3d-creality-k1-se-2\/\",\"url\":\"https:\/\/ironsky.pl\/sklep\/produkt\/drukarka-3d-creality-k1-se-2\/\",\"name\":\"Drukarka 3D CREALITY K1-SE - IRONSKY.PL Sklep z Dronami\",\"isPartOf\":{\"@id\":\"https:\/\/ironsky.pl\/sklep\/#website\"},\"primaryImageOfPage\":{\"@id\":\"https:\/\/ironsky.pl\/sklep\/produkt\/drukarka-3d-creality-k1-se-2\/#primaryimage\"},\"image\":{\"@id\":\"https:\/\/ironsky.pl\/sklep\/produkt\/drukarka-3d-creality-k1-se-2\/#primaryimage\"},\"thumbnailUrl\":\"https:\/\/ironsky.pl\/sklep\/wp-content\/uploads\/2025\/10\/53042_5.jpg\",\"datePublished\":\"2026-04-15T09:02:43+00:00\",\"dateModified\":\"2026-04-15T09:02:50+00:00\",\"description\":\"Drukarka 3D CREALITY K1-SE - \u2705 sklep z dronami i fachowym doradztwem. \u2705 Tutaj kupisz produkty DJI, Yuneec, Parrot, Syma i wiele innych, a tak\u017ce kursy i licencje na operatora drona.\",\"breadcrumb\":{\"@id\":\"https:\/\/ironsky.pl\/sklep\/produkt\/drukarka-3d-creality-k1-se-2\/#breadcrumb\"},\"inLanguage\":\"pl-PL\",\"potentialAction\":[{\"@type\":\"ReadAction\",\"target\":[\"https:\/\/ironsky.pl\/sklep\/produkt\/drukarka-3d-creality-k1-se-2\/\"]}]},{\"@type\":\"ImageObject\",\"inLanguage\":\"pl-PL\",\"@id\":\"https:\/\/ironsky.pl\/sklep\/produkt\/drukarka-3d-creality-k1-se-2\/#primaryimage\",\"url\":\"https:\/\/ironsky.pl\/sklep\/wp-content\/uploads\/2025\/10\/53042_5.jpg\",\"contentUrl\":\"https:\/\/ironsky.pl\/sklep\/wp-content\/uploads\/2025\/10\/53042_5.jpg\",\"width\":800,\"height\":800},{\"@type\":\"BreadcrumbList\",\"@id\":\"https:\/\/ironsky.pl\/sklep\/produkt\/drukarka-3d-creality-k1-se-2\/#breadcrumb\",\"itemListElement\":[{\"@type\":\"ListItem\",\"position\":1,\"name\":\"Strona g\u0142\u00f3wna\",\"item\":\"https:\/\/ironsky.pl\/sklep\/\"},{\"@type\":\"ListItem\",\"position\":2,\"name\":\"Wszystkie produkty\",\"item\":\"https:\/\/ironsky.pl\/sklep\/produkty\/\"},{\"@type\":\"ListItem\",\"position\":3,\"name\":\"Drukarka 3D CREALITY K1-SE\"}]},{\"@type\":\"WebSite\",\"@id\":\"https:\/\/ironsky.pl\/sklep\/#website\",\"url\":\"https:\/\/ironsky.pl\/sklep\/\",\"name\":\"IRONSKY.PL Sklep z Dronami\",\"description\":\"IRONSKY.PL Sklep z Dronami\",\"potentialAction\":[{\"@type\":\"SearchAction\",\"target\":{\"@type\":\"EntryPoint\",\"urlTemplate\":\"https:\/\/ironsky.pl\/sklep\/?s={search_term_string}\"},\"query-input\":{\"@type\":\"PropertyValueSpecification\",\"valueRequired\":true,\"valueName\":\"search_term_string\"}}],\"inLanguage\":\"pl-PL\"}]}<\/script>\n<!-- \/ Yoast SEO plugin. -->","yoast_head_json":{"title":"Drukarka 3D CREALITY K1-SE - IRONSKY.PL Sklep z Dronami","description":"Drukarka 3D CREALITY K1-SE - \u2705 sklep z dronami i fachowym doradztwem. \u2705 Tutaj kupisz produkty DJI, Yuneec, Parrot, Syma i wiele innych, a tak\u017ce kursy i licencje na operatora drona.","robots":{"index":"index","follow":"follow","max-snippet":"max-snippet:-1","max-image-preview":"max-image-preview:large","max-video-preview":"max-video-preview:-1"},"canonical":"https:\/\/ironsky.pl\/sklep\/produkt\/drukarka-3d-creality-k1-se-2\/","og_locale":"pl_PL","og_type":"article","og_title":"Drukarka 3D CREALITY K1-SE - IRONSKY.PL Sklep z Dronami","og_description":"Drukarka 3D CREALITY K1-SE - \u2705 sklep z dronami i fachowym doradztwem. \u2705 Tutaj kupisz produkty DJI, Yuneec, Parrot, Syma i wiele innych, a tak\u017ce kursy i licencje na operatora drona.","og_url":"https:\/\/ironsky.pl\/sklep\/produkt\/drukarka-3d-creality-k1-se-2\/","og_site_name":"IRONSKY.PL Sklep z Dronami","article_modified_time":"2026-04-15T09:02:50+00:00","og_image":[{"width":800,"height":800,"url":"https:\/\/ironsky.pl\/sklep\/wp-content\/uploads\/2025\/10\/53042_5.jpg","type":"image\/jpeg"}],"twitter_card":"summary_large_image","twitter_misc":{"Szacowany czas czytania":"3 minuty"},"schema":{"@context":"https:\/\/schema.org","@graph":[{"@type":"WebPage","@id":"https:\/\/ironsky.pl\/sklep\/produkt\/drukarka-3d-creality-k1-se-2\/","url":"https:\/\/ironsky.pl\/sklep\/produkt\/drukarka-3d-creality-k1-se-2\/","name":"Drukarka 3D CREALITY K1-SE - IRONSKY.PL Sklep z Dronami","isPartOf":{"@id":"https:\/\/ironsky.pl\/sklep\/#website"},"primaryImageOfPage":{"@id":"https:\/\/ironsky.pl\/sklep\/produkt\/drukarka-3d-creality-k1-se-2\/#primaryimage"},"image":{"@id":"https:\/\/ironsky.pl\/sklep\/produkt\/drukarka-3d-creality-k1-se-2\/#primaryimage"},"thumbnailUrl":"https:\/\/ironsky.pl\/sklep\/wp-content\/uploads\/2025\/10\/53042_5.jpg","datePublished":"2026-04-15T09:02:43+00:00","dateModified":"2026-04-15T09:02:50+00:00","description":"Drukarka 3D CREALITY K1-SE - \u2705 sklep z dronami i fachowym doradztwem. \u2705 Tutaj kupisz produkty DJI, Yuneec, Parrot, Syma i wiele innych, a tak\u017ce kursy i licencje na operatora drona.","breadcrumb":{"@id":"https:\/\/ironsky.pl\/sklep\/produkt\/drukarka-3d-creality-k1-se-2\/#breadcrumb"},"inLanguage":"pl-PL","potentialAction":[{"@type":"ReadAction","target":["https:\/\/ironsky.pl\/sklep\/produkt\/drukarka-3d-creality-k1-se-2\/"]}]},{"@type":"ImageObject","inLanguage":"pl-PL","@id":"https:\/\/ironsky.pl\/sklep\/produkt\/drukarka-3d-creality-k1-se-2\/#primaryimage","url":"https:\/\/ironsky.pl\/sklep\/wp-content\/uploads\/2025\/10\/53042_5.jpg","contentUrl":"https:\/\/ironsky.pl\/sklep\/wp-content\/uploads\/2025\/10\/53042_5.jpg","width":800,"height":800},{"@type":"BreadcrumbList","@id":"https:\/\/ironsky.pl\/sklep\/produkt\/drukarka-3d-creality-k1-se-2\/#breadcrumb","itemListElement":[{"@type":"ListItem","position":1,"name":"Strona g\u0142\u00f3wna","item":"https:\/\/ironsky.pl\/sklep\/"},{"@type":"ListItem","position":2,"name":"Wszystkie produkty","item":"https:\/\/ironsky.pl\/sklep\/produkty\/"},{"@type":"ListItem","position":3,"name":"Drukarka 3D CREALITY K1-SE"}]},{"@type":"WebSite","@id":"https:\/\/ironsky.pl\/sklep\/#website","url":"https:\/\/ironsky.pl\/sklep\/","name":"IRONSKY.PL Sklep z Dronami","description":"IRONSKY.PL Sklep z Dronami","potentialAction":[{"@type":"SearchAction","target":{"@type":"EntryPoint","urlTemplate":"https:\/\/ironsky.pl\/sklep\/?s={search_term_string}"},"query-input":{"@type":"PropertyValueSpecification","valueRequired":true,"valueName":"search_term_string"}}],"inLanguage":"pl-PL"}]}},"_links":{"self":[{"href":"https:\/\/ironsky.pl\/sklep\/wp-json\/wp\/v2\/product\/60477","targetHints":{"allow":["GET"]}}],"collection":[{"href":"https:\/\/ironsky.pl\/sklep\/wp-json\/wp\/v2\/product"}],"about":[{"href":"https:\/\/ironsky.pl\/sklep\/wp-json\/wp\/v2\/types\/product"}],"replies":[{"embeddable":true,"href":"https:\/\/ironsky.pl\/sklep\/wp-json\/wp\/v2\/comments?post=60477"}],"wp:featuredmedia":[{"embeddable":true,"href":"https:\/\/ironsky.pl\/sklep\/wp-json\/wp\/v2\/media\/49176"}],"wp:attachment":[{"href":"https:\/\/ironsky.pl\/sklep\/wp-json\/wp\/v2\/media?parent=60477"}],"wp:term":[{"taxonomy":"product_brand","embeddable":true,"href":"https:\/\/ironsky.pl\/sklep\/wp-json\/wp\/v2\/product_brand?post=60477"},{"taxonomy":"product_cat","embeddable":true,"href":"https:\/\/ironsky.pl\/sklep\/wp-json\/wp\/v2\/product_cat?post=60477"},{"taxonomy":"product_tag","embeddable":true,"href":"https:\/\/ironsky.pl\/sklep\/wp-json\/wp\/v2\/product_tag?post=60477"}],"curies":[{"name":"wp","href":"https:\/\/api.w.org\/{rel}","templated":true}]}}