{"id":60419,"date":"2026-04-15T11:01:38","date_gmt":"2026-04-15T09:01:38","guid":{"rendered":"https:\/\/ironsky.pl\/sklep\/produkt\/zestaw-naklejek-telesin-gp-brk-004-do-mocowania-j-hook\/"},"modified":"2026-04-15T11:01:52","modified_gmt":"2026-04-15T09:01:52","slug":"zestaw-naklejek-telesin-gp-brk-004-do-mocowania-j-hook","status":"publish","type":"product","link":"https:\/\/ironsky.pl\/sklep\/produkt\/zestaw-naklejek-telesin-gp-brk-004-do-mocowania-j-hook\/","title":{"rendered":"Zestaw naklejek TELESIN GP-BRK-004 do mocowania J-Hook"},"content":{"rendered":"<h3>Zestaw naklejek Telesin na mocowanie typu J-Hook do kamer sportowych (GP-BRK-004)<\/h3>\n<p>Szukasz sposobu na tworzenie jeszcze ciekawszych materia\u0142\u00f3w za pomoc\u0105 swojej GoPro? Wypr\u00f3buj praktyczny zestaw mocowa\u0144 i naklejek marki Telesin! U\u017cywaj\u0105c ich, z \u0142atwo\u015bci\u0105 przyczepisz kamer\u0119 do wybranej p\u0142askiej lub zakrzywionej powierzchni. Akcesoria s\u0105 przy tym wodoodporne &#8211; nie musisz si\u0119 obawia\u0107, \u017ce szybko odklej\u0105 si\u0119 pod wp\u0142ywem wilgoci!<\/p>\n<p>\n<img decoding=\"async\" src=\"https:\/\/assets.innpro.pl\/15469\/19438\/1.jpg\" border=\"0\" alt=\"\" \/>\n<\/p>\n<h3>Zyskaj nowe mo\u017cliwo\u015bci<\/h3>\n<p>W sk\u0142ad zestawu wchodz\u0105 2 p\u0142askie i 2 zakrzywione mocowania, a tak\u017ce 2 kwadratowe i 2 okr\u0105g\u0142e naklejki 3M. Akcesoria s\u0105 bajecznie proste i szybkie w monta\u017cu, a dzi\u0119ki zastosowaniu wytrzyma\u0142ego kleju zaskocz\u0105 Ci\u0119 trwa\u0142o\u015bci\u0105 i zapewni\u0105 Twojej kamerze niezb\u0119dn\u0105 stabilno\u015b\u0107. Po prostu przymocuj GoPro do wybranej powierzchni i bez obaw wykonaj kolejne oryginalne uj\u0119cie!<\/p>\n<p>\n<img decoding=\"async\" src=\"https:\/\/assets.innpro.pl\/15469\/19438\/4.jpg\" border=\"0\" alt=\"\" \/>\n<\/p>\n<h3>Woda im niestraszna<\/h3>\n<p>Planujesz nagra\u0107 fantastyczn\u0105 relacj\u0119 z pobytu nad morzem? Marz\u0105 Ci si\u0119 zachwycaj\u0105ce uj\u0119cia wodnego \u015bwiata? Mamy dla Ciebie doskona\u0142\u0105 wiadomo\u015b\u0107! Mocowania i naklejki Telesin s\u0105 wodoodporne &#8211; nic nie stoi wi\u0119c na przeszkodzie, aby zamontowa\u0107 je na przyk\u0142ad na desce surfingowej. Teraz bez trudu przygotujesz oryginalny materia\u0142 niemal w ka\u017cdych warunkach.<\/p>\n<p>\n<img decoding=\"async\" src=\"https:\/\/assets.innpro.pl\/15469\/19438\/2.jpg\" border=\"0\" alt=\"\" \/>\n<\/p>\n<h3>W zestawie<\/h3>\n<ul class=\"list-disc pl-5\">\n<li>2x p\u0142askie mocowanie<\/li>\n<li>2x zakrzywione mocowanie<\/li>\n<li>2x kwadratowa naklejka 3M<\/li>\n<li>2x okr\u0105g\u0142a naklejka 3M<\/li>\n<\/ul>\n<div class=\"table-wrapper\">\n<p>\u00a0<\/p>\n<h3><\/h3>\n<table>\n<tbody>\n<tr>\n<th>Producent<\/th>\n<td>Telesin<\/td>\n<\/tr>\n<tr>\n<th>Model<\/th>\n<td>GP-BRK-004<\/td>\n<\/tr>\n<tr>\n<th>Kompatybilno\u015b\u0107<\/th>\n<td>Kamery sportowe takie jak np. GoPro Hero, DJI Osmo Action, Xiaomi Yi, SJCAM<\/td>\n<\/tr>\n<\/tbody>\n<\/table>\n<\/div>\n","protected":false},"excerpt":{"rendered":"<p>Zestaw naklejek Telesin na mocowanie typu J-Hook do kamer sportowych (GP-BRK-004) Szukasz sposobu na tworzenie jeszcze ciekawszych materia\u0142\u00f3w za pomoc\u0105<\/p>\n","protected":false},"featured_media":40405,"comment_status":"closed","ping_status":"open","template":"","meta":{"_acf_changed":false},"product_brand":[],"product_cat":[1128,6178,6176,6177,6181,1138],"product_tag":[],"class_list":{"0":"post-60419","1":"product","2":"type-product","3":"status-publish","4":"has-post-thumbnail","6":"product_cat-foto-wideo","7":"product_cat-mocowania","8":"product_cat-selfie-stiki","9":"product_cat-statywy-selfie-stiki","10":"product_cat-szelki-mocowania-i-uchwyty","11":"product_cat-wysiegniki","12":"pa_okres-gwarancji-5754","13":"pa_producent-telesin","15":"first","16":"outofstock","17":"taxable","18":"shipping-taxable","19":"purchasable","20":"product-type-simple"},"acf":[],"yoast_head":"<!-- This site is optimized with the Yoast SEO plugin v27.2 - https:\/\/yoast.com\/product\/yoast-seo-wordpress\/ -->\n<title>Zestaw naklejek TELESIN GP-BRK-004 do mocowania J-Hook - IRONSKY.PL Sklep z Dronami<\/title>\n<meta name=\"description\" content=\"Zestaw naklejek TELESIN GP-BRK-004 do mocowania J-Hook - \u2705 sklep z dronami i fachowym doradztwem. \u2705 Tutaj kupisz produkty DJI, Yuneec, Parrot, Syma i wiele innych, a tak\u017ce kursy i licencje na operatora drona.\" \/>\n<meta name=\"robots\" content=\"index, follow, max-snippet:-1, max-image-preview:large, max-video-preview:-1\" \/>\n<link rel=\"canonical\" href=\"https:\/\/ironsky.pl\/sklep\/produkt\/zestaw-naklejek-telesin-gp-brk-004-do-mocowania-j-hook\/\" \/>\n<meta property=\"og:locale\" content=\"pl_PL\" \/>\n<meta property=\"og:type\" content=\"article\" \/>\n<meta property=\"og:title\" content=\"Zestaw naklejek TELESIN GP-BRK-004 do mocowania J-Hook - IRONSKY.PL Sklep z Dronami\" \/>\n<meta property=\"og:description\" content=\"Zestaw naklejek TELESIN GP-BRK-004 do mocowania J-Hook - \u2705 sklep z dronami i fachowym doradztwem. \u2705 Tutaj kupisz produkty DJI, Yuneec, Parrot, Syma i wiele innych, a tak\u017ce kursy i licencje na operatora drona.\" \/>\n<meta property=\"og:url\" content=\"https:\/\/ironsky.pl\/sklep\/produkt\/zestaw-naklejek-telesin-gp-brk-004-do-mocowania-j-hook\/\" \/>\n<meta property=\"og:site_name\" content=\"IRONSKY.PL Sklep z Dronami\" \/>\n<meta property=\"article:modified_time\" content=\"2026-04-15T09:01:52+00:00\" \/>\n<meta property=\"og:image\" content=\"https:\/\/ironsky.pl\/sklep\/wp-content\/uploads\/2025\/05\/52323_1.jpg\" \/>\n\t<meta property=\"og:image:width\" content=\"800\" \/>\n\t<meta property=\"og:image:height\" content=\"800\" \/>\n\t<meta property=\"og:image:type\" content=\"image\/jpeg\" \/>\n<meta name=\"twitter:card\" content=\"summary_large_image\" \/>\n<meta name=\"twitter:label1\" content=\"Szacowany czas czytania\" \/>\n\t<meta name=\"twitter:data1\" content=\"1 minuta\" \/>\n<script type=\"application\/ld+json\" class=\"yoast-schema-graph\">{\"@context\":\"https:\/\/schema.org\",\"@graph\":[{\"@type\":\"WebPage\",\"@id\":\"https:\/\/ironsky.pl\/sklep\/produkt\/zestaw-naklejek-telesin-gp-brk-004-do-mocowania-j-hook\/\",\"url\":\"https:\/\/ironsky.pl\/sklep\/produkt\/zestaw-naklejek-telesin-gp-brk-004-do-mocowania-j-hook\/\",\"name\":\"Zestaw naklejek TELESIN GP-BRK-004 do mocowania J-Hook - IRONSKY.PL Sklep z Dronami\",\"isPartOf\":{\"@id\":\"https:\/\/ironsky.pl\/sklep\/#website\"},\"primaryImageOfPage\":{\"@id\":\"https:\/\/ironsky.pl\/sklep\/produkt\/zestaw-naklejek-telesin-gp-brk-004-do-mocowania-j-hook\/#primaryimage\"},\"image\":{\"@id\":\"https:\/\/ironsky.pl\/sklep\/produkt\/zestaw-naklejek-telesin-gp-brk-004-do-mocowania-j-hook\/#primaryimage\"},\"thumbnailUrl\":\"https:\/\/ironsky.pl\/sklep\/wp-content\/uploads\/2025\/05\/52323_1.jpg\",\"datePublished\":\"2026-04-15T09:01:38+00:00\",\"dateModified\":\"2026-04-15T09:01:52+00:00\",\"description\":\"Zestaw naklejek TELESIN GP-BRK-004 do mocowania J-Hook - \u2705 sklep z dronami i fachowym doradztwem. \u2705 Tutaj kupisz produkty DJI, Yuneec, Parrot, Syma i wiele innych, a tak\u017ce kursy i licencje na operatora drona.\",\"breadcrumb\":{\"@id\":\"https:\/\/ironsky.pl\/sklep\/produkt\/zestaw-naklejek-telesin-gp-brk-004-do-mocowania-j-hook\/#breadcrumb\"},\"inLanguage\":\"pl-PL\",\"potentialAction\":[{\"@type\":\"ReadAction\",\"target\":[\"https:\/\/ironsky.pl\/sklep\/produkt\/zestaw-naklejek-telesin-gp-brk-004-do-mocowania-j-hook\/\"]}]},{\"@type\":\"ImageObject\",\"inLanguage\":\"pl-PL\",\"@id\":\"https:\/\/ironsky.pl\/sklep\/produkt\/zestaw-naklejek-telesin-gp-brk-004-do-mocowania-j-hook\/#primaryimage\",\"url\":\"https:\/\/ironsky.pl\/sklep\/wp-content\/uploads\/2025\/05\/52323_1.jpg\",\"contentUrl\":\"https:\/\/ironsky.pl\/sklep\/wp-content\/uploads\/2025\/05\/52323_1.jpg\",\"width\":800,\"height\":800},{\"@type\":\"BreadcrumbList\",\"@id\":\"https:\/\/ironsky.pl\/sklep\/produkt\/zestaw-naklejek-telesin-gp-brk-004-do-mocowania-j-hook\/#breadcrumb\",\"itemListElement\":[{\"@type\":\"ListItem\",\"position\":1,\"name\":\"Strona g\u0142\u00f3wna\",\"item\":\"https:\/\/ironsky.pl\/sklep\/\"},{\"@type\":\"ListItem\",\"position\":2,\"name\":\"Wszystkie produkty\",\"item\":\"https:\/\/ironsky.pl\/sklep\/produkty\/\"},{\"@type\":\"ListItem\",\"position\":3,\"name\":\"Zestaw naklejek TELESIN GP-BRK-004 do mocowania J-Hook\"}]},{\"@type\":\"WebSite\",\"@id\":\"https:\/\/ironsky.pl\/sklep\/#website\",\"url\":\"https:\/\/ironsky.pl\/sklep\/\",\"name\":\"IRONSKY.PL Sklep z Dronami\",\"description\":\"IRONSKY.PL Sklep z Dronami\",\"potentialAction\":[{\"@type\":\"SearchAction\",\"target\":{\"@type\":\"EntryPoint\",\"urlTemplate\":\"https:\/\/ironsky.pl\/sklep\/?s={search_term_string}\"},\"query-input\":{\"@type\":\"PropertyValueSpecification\",\"valueRequired\":true,\"valueName\":\"search_term_string\"}}],\"inLanguage\":\"pl-PL\"}]}<\/script>\n<!-- \/ Yoast SEO plugin. -->","yoast_head_json":{"title":"Zestaw naklejek TELESIN GP-BRK-004 do mocowania J-Hook - IRONSKY.PL Sklep z Dronami","description":"Zestaw naklejek TELESIN GP-BRK-004 do mocowania J-Hook - \u2705 sklep z dronami i fachowym doradztwem. \u2705 Tutaj kupisz produkty DJI, Yuneec, Parrot, Syma i wiele innych, a tak\u017ce kursy i licencje na operatora drona.","robots":{"index":"index","follow":"follow","max-snippet":"max-snippet:-1","max-image-preview":"max-image-preview:large","max-video-preview":"max-video-preview:-1"},"canonical":"https:\/\/ironsky.pl\/sklep\/produkt\/zestaw-naklejek-telesin-gp-brk-004-do-mocowania-j-hook\/","og_locale":"pl_PL","og_type":"article","og_title":"Zestaw naklejek TELESIN GP-BRK-004 do mocowania J-Hook - IRONSKY.PL Sklep z Dronami","og_description":"Zestaw naklejek TELESIN GP-BRK-004 do mocowania J-Hook - \u2705 sklep z dronami i fachowym doradztwem. \u2705 Tutaj kupisz produkty DJI, Yuneec, Parrot, Syma i wiele innych, a tak\u017ce kursy i licencje na operatora drona.","og_url":"https:\/\/ironsky.pl\/sklep\/produkt\/zestaw-naklejek-telesin-gp-brk-004-do-mocowania-j-hook\/","og_site_name":"IRONSKY.PL Sklep z Dronami","article_modified_time":"2026-04-15T09:01:52+00:00","og_image":[{"width":800,"height":800,"url":"https:\/\/ironsky.pl\/sklep\/wp-content\/uploads\/2025\/05\/52323_1.jpg","type":"image\/jpeg"}],"twitter_card":"summary_large_image","twitter_misc":{"Szacowany czas czytania":"1 minuta"},"schema":{"@context":"https:\/\/schema.org","@graph":[{"@type":"WebPage","@id":"https:\/\/ironsky.pl\/sklep\/produkt\/zestaw-naklejek-telesin-gp-brk-004-do-mocowania-j-hook\/","url":"https:\/\/ironsky.pl\/sklep\/produkt\/zestaw-naklejek-telesin-gp-brk-004-do-mocowania-j-hook\/","name":"Zestaw naklejek TELESIN GP-BRK-004 do mocowania J-Hook - IRONSKY.PL Sklep z Dronami","isPartOf":{"@id":"https:\/\/ironsky.pl\/sklep\/#website"},"primaryImageOfPage":{"@id":"https:\/\/ironsky.pl\/sklep\/produkt\/zestaw-naklejek-telesin-gp-brk-004-do-mocowania-j-hook\/#primaryimage"},"image":{"@id":"https:\/\/ironsky.pl\/sklep\/produkt\/zestaw-naklejek-telesin-gp-brk-004-do-mocowania-j-hook\/#primaryimage"},"thumbnailUrl":"https:\/\/ironsky.pl\/sklep\/wp-content\/uploads\/2025\/05\/52323_1.jpg","datePublished":"2026-04-15T09:01:38+00:00","dateModified":"2026-04-15T09:01:52+00:00","description":"Zestaw naklejek TELESIN GP-BRK-004 do mocowania J-Hook - \u2705 sklep z dronami i fachowym doradztwem. \u2705 Tutaj kupisz produkty DJI, Yuneec, Parrot, Syma i wiele innych, a tak\u017ce kursy i licencje na operatora drona.","breadcrumb":{"@id":"https:\/\/ironsky.pl\/sklep\/produkt\/zestaw-naklejek-telesin-gp-brk-004-do-mocowania-j-hook\/#breadcrumb"},"inLanguage":"pl-PL","potentialAction":[{"@type":"ReadAction","target":["https:\/\/ironsky.pl\/sklep\/produkt\/zestaw-naklejek-telesin-gp-brk-004-do-mocowania-j-hook\/"]}]},{"@type":"ImageObject","inLanguage":"pl-PL","@id":"https:\/\/ironsky.pl\/sklep\/produkt\/zestaw-naklejek-telesin-gp-brk-004-do-mocowania-j-hook\/#primaryimage","url":"https:\/\/ironsky.pl\/sklep\/wp-content\/uploads\/2025\/05\/52323_1.jpg","contentUrl":"https:\/\/ironsky.pl\/sklep\/wp-content\/uploads\/2025\/05\/52323_1.jpg","width":800,"height":800},{"@type":"BreadcrumbList","@id":"https:\/\/ironsky.pl\/sklep\/produkt\/zestaw-naklejek-telesin-gp-brk-004-do-mocowania-j-hook\/#breadcrumb","itemListElement":[{"@type":"ListItem","position":1,"name":"Strona g\u0142\u00f3wna","item":"https:\/\/ironsky.pl\/sklep\/"},{"@type":"ListItem","position":2,"name":"Wszystkie produkty","item":"https:\/\/ironsky.pl\/sklep\/produkty\/"},{"@type":"ListItem","position":3,"name":"Zestaw naklejek TELESIN GP-BRK-004 do mocowania J-Hook"}]},{"@type":"WebSite","@id":"https:\/\/ironsky.pl\/sklep\/#website","url":"https:\/\/ironsky.pl\/sklep\/","name":"IRONSKY.PL Sklep z Dronami","description":"IRONSKY.PL Sklep z Dronami","potentialAction":[{"@type":"SearchAction","target":{"@type":"EntryPoint","urlTemplate":"https:\/\/ironsky.pl\/sklep\/?s={search_term_string}"},"query-input":{"@type":"PropertyValueSpecification","valueRequired":true,"valueName":"search_term_string"}}],"inLanguage":"pl-PL"}]}},"_links":{"self":[{"href":"https:\/\/ironsky.pl\/sklep\/wp-json\/wp\/v2\/product\/60419","targetHints":{"allow":["GET"]}}],"collection":[{"href":"https:\/\/ironsky.pl\/sklep\/wp-json\/wp\/v2\/product"}],"about":[{"href":"https:\/\/ironsky.pl\/sklep\/wp-json\/wp\/v2\/types\/product"}],"replies":[{"embeddable":true,"href":"https:\/\/ironsky.pl\/sklep\/wp-json\/wp\/v2\/comments?post=60419"}],"wp:featuredmedia":[{"embeddable":true,"href":"https:\/\/ironsky.pl\/sklep\/wp-json\/wp\/v2\/media\/40405"}],"wp:attachment":[{"href":"https:\/\/ironsky.pl\/sklep\/wp-json\/wp\/v2\/media?parent=60419"}],"wp:term":[{"taxonomy":"product_brand","embeddable":true,"href":"https:\/\/ironsky.pl\/sklep\/wp-json\/wp\/v2\/product_brand?post=60419"},{"taxonomy":"product_cat","embeddable":true,"href":"https:\/\/ironsky.pl\/sklep\/wp-json\/wp\/v2\/product_cat?post=60419"},{"taxonomy":"product_tag","embeddable":true,"href":"https:\/\/ironsky.pl\/sklep\/wp-json\/wp\/v2\/product_tag?post=60419"}],"curies":[{"name":"wp","href":"https:\/\/api.w.org\/{rel}","templated":true}]}}