{"id":60309,"date":"2026-04-15T10:59:42","date_gmt":"2026-04-15T08:59:42","guid":{"rendered":"https:\/\/ironsky.pl\/sklep\/produkt\/stacja-dokujaca-usb-c-blitzwolf-bw-th15-17w1\/"},"modified":"2026-04-15T10:59:52","modified_gmt":"2026-04-15T08:59:52","slug":"stacja-dokujaca-usb-c-blitzwolf-bw-th15-17w1","status":"publish","type":"product","link":"https:\/\/ironsky.pl\/sklep\/produkt\/stacja-dokujaca-usb-c-blitzwolf-bw-th15-17w1\/","title":{"rendered":"Stacja dokuj\u0105ca USB-C BLITZWOLF BW-TH15 17w1"},"content":{"rendered":"<h3>Stacja dokuj\u0105ca 17w1 Blitzwolf BW-TH15 2xHD+DP+4xC+3xUSB 3.0+USB 3.1+C 3.2+C PD+RJ45+micro SD+SD+3,5mm Audio<\/h3>\n<p>Stacja dokuj\u0105ca Blitzwolf BW-TH15 to zaawansowane rozwi\u0105zanie dla os\u00f3b potrzebuj\u0105cych maksymalnej liczby port\u00f3w w jednym miejscu. Wyposa\u017cona w a\u017c 17 r\u00f3\u017cnych interfejs\u00f3w, pozwala na jednoczesne pod\u0142\u0105czenie wielu urz\u0105dze\u0144, zapewniaj\u0105c wygod\u0119 i oszcz\u0119dno\u015b\u0107 miejsca na biurku. Do dyspozycji u\u017cytkownika s\u0105 2 porty HDMI, 1 DisplayPort, 4 porty USB-C, 3 porty USB 3.0, 1 port USB 3.1 oraz USB-C 3.2 Gen2 dla hosta, co gwarantuje szerok\u0105 kompatybilno\u015b\u0107 i szybki transfer danych.<\/p>\n<p>\n<img decoding=\"async\" src=\"https:\/\/assets.innpro.pl\/13402\/16493\/2.jpg\" border=\"0\" alt=\"\" \/>\n<\/p>\n<h3>Obraz w jako\u015bci 4K i b\u0142yskawiczny transfer danych<\/h3>\n<p>Dzi\u0119ki obs\u0142udze dw\u00f3ch port\u00f3w HDMI oraz jednego DisplayPort, stacja dokuj\u0105ca umo\u017cliwia wy\u015bwietlanie obrazu w rozdzielczo\u015bci 4K@60Hz, co sprawia, \u017ce idealnie nadaje si\u0119 do pracy z wieloma monitorami. Pr\u0119dko\u015b\u0107 przesy\u0142u danych r\u00f3wnie\u017c stoi na najwy\u017cszym poziomie \u2013 dwa porty USB-C i jeden USB 3.1 oferuj\u0105 przepustowo\u015b\u0107 do 10 Gbps, a dwa dodatkowe porty USB-C oraz USB 3.0 osi\u0105gaj\u0105 pr\u0119dko\u015b\u0107 5 Gbps, zapewniaj\u0105c szybkie kopiowanie plik\u00f3w i bezproblemow\u0105 prac\u0119 z zewn\u0119trznymi no\u015bnikami.<\/p>\n<p>\n<img decoding=\"async\" src=\"https:\/\/assets.innpro.pl\/13402\/16493\/1.jpg\" border=\"0\" alt=\"\" \/>\n<\/p>\n<h3>Wydajne zasilanie i stabilne po\u0142\u0105czenie sieciowe<\/h3>\n<p>Stacja dokuj\u0105ca Blitzwolf BW-TH15 wspiera \u0142adowanie USB-C PD o mocy do 100W, z czego 65W przeznaczone jest dla urz\u0105dze\u0144 pod\u0142\u0105czonych do g\u0142\u00f3wnego interfejsu sterowania, a 35W do samej stacji. Dzi\u0119ki wbudowanemu portowi RJ45, u\u017cytkownicy mog\u0105 korzysta\u0107 z przewodowego internetu o pr\u0119dko\u015bci do 1000 Mbps, co gwarantuje stabilne i szybkie po\u0142\u0105czenie. Dodatkowo, urz\u0105dzenie obs\u0142uguje sloty na karty microSD i SD o maksymalnej pr\u0119dko\u015bci transferu 400 MB\/s oraz wej\u015bcie audio 3,5 mm, umo\u017cliwiaj\u0105ce pod\u0142\u0105czenie s\u0142uchawek i mikrofonu.<\/p>\n<p>\n<img decoding=\"async\" src=\"https:\/\/assets.innpro.pl\/13402\/16493\/4.jpg\" border=\"0\" alt=\"\" \/>\n<\/p>\n<div class=\"table-wrapper\">\n<p>\u00a0<\/p>\n<h3><\/h3>\n<table>\n<tbody>\n<tr>\n<th>Producent<\/th>\n<td>Blitzwolf<\/td>\n<\/tr>\n<tr>\n<th>Model<\/th>\n<td>BW-TH15<\/td>\n<\/tr>\n<tr>\n<th>Rozmiar<\/th>\n<td>115 * 129 * 64 mm<\/td>\n<\/tr>\n<tr>\n<th>Protok\u00f3\u0142 C PD<\/th>\n<td>20V<\/td>\n<\/tr>\n<tr>\n<th>Temperatura robocza<\/th>\n<td>+70\u2103\/-20\u2103<\/td>\n<\/tr>\n<tr>\n<th>Interfejsy<\/th>\n<td>2 * HD, 1 * DiP, 4 * USB-C, 3 * USB 3.0, 1 * USB 3.1, 1 * USB-C 3.2 Gen2 dla HOSTA, 1 * USB-C PD, 1 * RJ45, 1 * Micro SD 4.0, 1 * SD 4.0, 1 * 3,5 mm Audio<\/td>\n<\/tr>\n<tr>\n<th>Rozdzielczo\u015b\u0107 interfejsu HD 1<\/th>\n<td>4K@60Hz DiP 1.4<\/td>\n<\/tr>\n<tr>\n<th>Rozdzielczo\u015b\u0107 interfejsu HD 2<\/th>\n<td>4K@60Hz DiP 1.4<\/td>\n<\/tr>\n<tr>\n<th>DiRozdzielczo\u015b\u0107 interfejsu<\/th>\n<td>4K@60Hz<\/td>\n<\/tr>\n<tr>\n<th>2 * Szybko\u015b\u0107 transferu danych USB-C<\/th>\n<td>10Gbps<\/td>\n<\/tr>\n<tr>\n<th>2 * Szybko\u015b\u0107 transferu danych USB-C<\/th>\n<td>5Gbps<\/td>\n<\/tr>\n<tr>\n<th>Pr\u0119dko\u015b\u0107 transferu danych USB 3.0 x 3<\/th>\n<td>5Gbps<\/td>\n<\/tr>\n<tr>\n<th>Pr\u0119dko\u015b\u0107 transferu danych USB 3.1<\/th>\n<td>10Gbps<\/td>\n<\/tr>\n<tr>\n<th>USB-C 3.2 Gen2 dla HOST<\/th>\n<td>Po\u0142\u0105cz si\u0119 z urz\u0105dzeniem hosta, Oferuje \u0142adowanie o mocy 65 W<\/td>\n<\/tr>\n<tr>\n<th>Szybkie \u0142adowanie USB-C PD<\/th>\n<td>100W (65W jest przeznaczonych dla interfejsu g\u0142\u00f3wnego sterowania, a 35W dla samej stacji dokuj\u0105cej)<\/td>\n<\/tr>\n<tr>\n<th>Przesy\u0142 sieciowy RJ45<\/th>\n<td>1000Mbps<\/td>\n<\/tr>\n<tr>\n<th>SD \/ Micro SD 4.0<\/th>\n<td>Maksymalna pr\u0119dko\u015b\u0107 do 400MB\/s<\/td>\n<\/tr>\n<tr>\n<th>3,5 mm audio<\/th>\n<td>D\u017awi\u0119k i mikrofon<\/td>\n<\/tr>\n<\/tbody>\n<\/table>\n<\/div>\n","protected":false},"excerpt":{"rendered":"<p>Stacja dokuj\u0105ca 17w1 Blitzwolf BW-TH15 2xHD+DP+4xC+3xUSB 3.0+USB 3.1+C 3.2+C PD+RJ45+micro SD+SD+3,5mm Audio Stacja dokuj\u0105ca Blitzwolf BW-TH15 to zaawansowane rozwi\u0105zanie dla<\/p>\n","protected":false},"featured_media":49034,"comment_status":"closed","ping_status":"open","template":"","meta":{"_acf_changed":false},"product_brand":[],"product_cat":[5929,5982],"product_tag":[],"class_list":{"0":"post-60309","1":"product","2":"type-product","3":"status-publish","4":"has-post-thumbnail","6":"product_cat-akcesoria-it","7":"product_cat-stacje-dokujace-it","8":"pa_okres-gwarancji-5768","9":"pa_producent-blitzwolf","11":"first","12":"outofstock","13":"taxable","14":"shipping-taxable","15":"purchasable","16":"product-type-simple"},"acf":[],"yoast_head":"<!-- This site is optimized with the Yoast SEO plugin v27.2 - https:\/\/yoast.com\/product\/yoast-seo-wordpress\/ -->\n<title>Stacja dokuj\u0105ca USB-C BLITZWOLF BW-TH15 17w1 - IRONSKY.PL Sklep z Dronami<\/title>\n<meta name=\"description\" content=\"Stacja dokuj\u0105ca USB-C BLITZWOLF BW-TH15 17w1 - \u2705 sklep z dronami i fachowym doradztwem. \u2705 Tutaj kupisz produkty DJI, Yuneec, Parrot, Syma i wiele innych, a tak\u017ce kursy i licencje na operatora drona.\" \/>\n<meta name=\"robots\" content=\"index, follow, max-snippet:-1, max-image-preview:large, max-video-preview:-1\" \/>\n<link rel=\"canonical\" href=\"https:\/\/ironsky.pl\/sklep\/produkt\/stacja-dokujaca-usb-c-blitzwolf-bw-th15-17w1\/\" \/>\n<meta property=\"og:locale\" content=\"pl_PL\" \/>\n<meta property=\"og:type\" content=\"article\" \/>\n<meta property=\"og:title\" content=\"Stacja dokuj\u0105ca USB-C BLITZWOLF BW-TH15 17w1 - IRONSKY.PL Sklep z Dronami\" \/>\n<meta property=\"og:description\" content=\"Stacja dokuj\u0105ca USB-C BLITZWOLF BW-TH15 17w1 - \u2705 sklep z dronami i fachowym doradztwem. \u2705 Tutaj kupisz produkty DJI, Yuneec, Parrot, Syma i wiele innych, a tak\u017ce kursy i licencje na operatora drona.\" \/>\n<meta property=\"og:url\" content=\"https:\/\/ironsky.pl\/sklep\/produkt\/stacja-dokujaca-usb-c-blitzwolf-bw-th15-17w1\/\" \/>\n<meta property=\"og:site_name\" content=\"IRONSKY.PL Sklep z Dronami\" \/>\n<meta property=\"article:modified_time\" content=\"2026-04-15T08:59:52+00:00\" \/>\n<meta property=\"og:image\" content=\"https:\/\/ironsky.pl\/sklep\/wp-content\/uploads\/2025\/10\/51250_6.jpg\" \/>\n\t<meta property=\"og:image:width\" content=\"800\" \/>\n\t<meta property=\"og:image:height\" content=\"800\" \/>\n\t<meta property=\"og:image:type\" content=\"image\/jpeg\" \/>\n<meta name=\"twitter:card\" content=\"summary_large_image\" \/>\n<meta name=\"twitter:label1\" content=\"Szacowany czas czytania\" \/>\n\t<meta name=\"twitter:data1\" content=\"2 minuty\" \/>\n<script type=\"application\/ld+json\" class=\"yoast-schema-graph\">{\"@context\":\"https:\/\/schema.org\",\"@graph\":[{\"@type\":\"WebPage\",\"@id\":\"https:\/\/ironsky.pl\/sklep\/produkt\/stacja-dokujaca-usb-c-blitzwolf-bw-th15-17w1\/\",\"url\":\"https:\/\/ironsky.pl\/sklep\/produkt\/stacja-dokujaca-usb-c-blitzwolf-bw-th15-17w1\/\",\"name\":\"Stacja dokuj\u0105ca USB-C BLITZWOLF BW-TH15 17w1 - IRONSKY.PL Sklep z Dronami\",\"isPartOf\":{\"@id\":\"https:\/\/ironsky.pl\/sklep\/#website\"},\"primaryImageOfPage\":{\"@id\":\"https:\/\/ironsky.pl\/sklep\/produkt\/stacja-dokujaca-usb-c-blitzwolf-bw-th15-17w1\/#primaryimage\"},\"image\":{\"@id\":\"https:\/\/ironsky.pl\/sklep\/produkt\/stacja-dokujaca-usb-c-blitzwolf-bw-th15-17w1\/#primaryimage\"},\"thumbnailUrl\":\"https:\/\/ironsky.pl\/sklep\/wp-content\/uploads\/2025\/10\/51250_6.jpg\",\"datePublished\":\"2026-04-15T08:59:42+00:00\",\"dateModified\":\"2026-04-15T08:59:52+00:00\",\"description\":\"Stacja dokuj\u0105ca USB-C BLITZWOLF BW-TH15 17w1 - \u2705 sklep z dronami i fachowym doradztwem. \u2705 Tutaj kupisz produkty DJI, Yuneec, Parrot, Syma i wiele innych, a tak\u017ce kursy i licencje na operatora drona.\",\"breadcrumb\":{\"@id\":\"https:\/\/ironsky.pl\/sklep\/produkt\/stacja-dokujaca-usb-c-blitzwolf-bw-th15-17w1\/#breadcrumb\"},\"inLanguage\":\"pl-PL\",\"potentialAction\":[{\"@type\":\"ReadAction\",\"target\":[\"https:\/\/ironsky.pl\/sklep\/produkt\/stacja-dokujaca-usb-c-blitzwolf-bw-th15-17w1\/\"]}]},{\"@type\":\"ImageObject\",\"inLanguage\":\"pl-PL\",\"@id\":\"https:\/\/ironsky.pl\/sklep\/produkt\/stacja-dokujaca-usb-c-blitzwolf-bw-th15-17w1\/#primaryimage\",\"url\":\"https:\/\/ironsky.pl\/sklep\/wp-content\/uploads\/2025\/10\/51250_6.jpg\",\"contentUrl\":\"https:\/\/ironsky.pl\/sklep\/wp-content\/uploads\/2025\/10\/51250_6.jpg\",\"width\":800,\"height\":800},{\"@type\":\"BreadcrumbList\",\"@id\":\"https:\/\/ironsky.pl\/sklep\/produkt\/stacja-dokujaca-usb-c-blitzwolf-bw-th15-17w1\/#breadcrumb\",\"itemListElement\":[{\"@type\":\"ListItem\",\"position\":1,\"name\":\"Strona g\u0142\u00f3wna\",\"item\":\"https:\/\/ironsky.pl\/sklep\/\"},{\"@type\":\"ListItem\",\"position\":2,\"name\":\"Wszystkie produkty\",\"item\":\"https:\/\/ironsky.pl\/sklep\/produkty\/\"},{\"@type\":\"ListItem\",\"position\":3,\"name\":\"Stacja dokuj\u0105ca USB-C BLITZWOLF BW-TH15 17w1\"}]},{\"@type\":\"WebSite\",\"@id\":\"https:\/\/ironsky.pl\/sklep\/#website\",\"url\":\"https:\/\/ironsky.pl\/sklep\/\",\"name\":\"IRONSKY.PL Sklep z Dronami\",\"description\":\"IRONSKY.PL Sklep z Dronami\",\"potentialAction\":[{\"@type\":\"SearchAction\",\"target\":{\"@type\":\"EntryPoint\",\"urlTemplate\":\"https:\/\/ironsky.pl\/sklep\/?s={search_term_string}\"},\"query-input\":{\"@type\":\"PropertyValueSpecification\",\"valueRequired\":true,\"valueName\":\"search_term_string\"}}],\"inLanguage\":\"pl-PL\"}]}<\/script>\n<!-- \/ Yoast SEO plugin. -->","yoast_head_json":{"title":"Stacja dokuj\u0105ca USB-C BLITZWOLF BW-TH15 17w1 - IRONSKY.PL Sklep z Dronami","description":"Stacja dokuj\u0105ca USB-C BLITZWOLF BW-TH15 17w1 - \u2705 sklep z dronami i fachowym doradztwem. \u2705 Tutaj kupisz produkty DJI, Yuneec, Parrot, Syma i wiele innych, a tak\u017ce kursy i licencje na operatora drona.","robots":{"index":"index","follow":"follow","max-snippet":"max-snippet:-1","max-image-preview":"max-image-preview:large","max-video-preview":"max-video-preview:-1"},"canonical":"https:\/\/ironsky.pl\/sklep\/produkt\/stacja-dokujaca-usb-c-blitzwolf-bw-th15-17w1\/","og_locale":"pl_PL","og_type":"article","og_title":"Stacja dokuj\u0105ca USB-C BLITZWOLF BW-TH15 17w1 - IRONSKY.PL Sklep z Dronami","og_description":"Stacja dokuj\u0105ca USB-C BLITZWOLF BW-TH15 17w1 - \u2705 sklep z dronami i fachowym doradztwem. \u2705 Tutaj kupisz produkty DJI, Yuneec, Parrot, Syma i wiele innych, a tak\u017ce kursy i licencje na operatora drona.","og_url":"https:\/\/ironsky.pl\/sklep\/produkt\/stacja-dokujaca-usb-c-blitzwolf-bw-th15-17w1\/","og_site_name":"IRONSKY.PL Sklep z Dronami","article_modified_time":"2026-04-15T08:59:52+00:00","og_image":[{"width":800,"height":800,"url":"https:\/\/ironsky.pl\/sklep\/wp-content\/uploads\/2025\/10\/51250_6.jpg","type":"image\/jpeg"}],"twitter_card":"summary_large_image","twitter_misc":{"Szacowany czas czytania":"2 minuty"},"schema":{"@context":"https:\/\/schema.org","@graph":[{"@type":"WebPage","@id":"https:\/\/ironsky.pl\/sklep\/produkt\/stacja-dokujaca-usb-c-blitzwolf-bw-th15-17w1\/","url":"https:\/\/ironsky.pl\/sklep\/produkt\/stacja-dokujaca-usb-c-blitzwolf-bw-th15-17w1\/","name":"Stacja dokuj\u0105ca USB-C BLITZWOLF BW-TH15 17w1 - IRONSKY.PL Sklep z Dronami","isPartOf":{"@id":"https:\/\/ironsky.pl\/sklep\/#website"},"primaryImageOfPage":{"@id":"https:\/\/ironsky.pl\/sklep\/produkt\/stacja-dokujaca-usb-c-blitzwolf-bw-th15-17w1\/#primaryimage"},"image":{"@id":"https:\/\/ironsky.pl\/sklep\/produkt\/stacja-dokujaca-usb-c-blitzwolf-bw-th15-17w1\/#primaryimage"},"thumbnailUrl":"https:\/\/ironsky.pl\/sklep\/wp-content\/uploads\/2025\/10\/51250_6.jpg","datePublished":"2026-04-15T08:59:42+00:00","dateModified":"2026-04-15T08:59:52+00:00","description":"Stacja dokuj\u0105ca USB-C BLITZWOLF BW-TH15 17w1 - \u2705 sklep z dronami i fachowym doradztwem. \u2705 Tutaj kupisz produkty DJI, Yuneec, Parrot, Syma i wiele innych, a tak\u017ce kursy i licencje na operatora drona.","breadcrumb":{"@id":"https:\/\/ironsky.pl\/sklep\/produkt\/stacja-dokujaca-usb-c-blitzwolf-bw-th15-17w1\/#breadcrumb"},"inLanguage":"pl-PL","potentialAction":[{"@type":"ReadAction","target":["https:\/\/ironsky.pl\/sklep\/produkt\/stacja-dokujaca-usb-c-blitzwolf-bw-th15-17w1\/"]}]},{"@type":"ImageObject","inLanguage":"pl-PL","@id":"https:\/\/ironsky.pl\/sklep\/produkt\/stacja-dokujaca-usb-c-blitzwolf-bw-th15-17w1\/#primaryimage","url":"https:\/\/ironsky.pl\/sklep\/wp-content\/uploads\/2025\/10\/51250_6.jpg","contentUrl":"https:\/\/ironsky.pl\/sklep\/wp-content\/uploads\/2025\/10\/51250_6.jpg","width":800,"height":800},{"@type":"BreadcrumbList","@id":"https:\/\/ironsky.pl\/sklep\/produkt\/stacja-dokujaca-usb-c-blitzwolf-bw-th15-17w1\/#breadcrumb","itemListElement":[{"@type":"ListItem","position":1,"name":"Strona g\u0142\u00f3wna","item":"https:\/\/ironsky.pl\/sklep\/"},{"@type":"ListItem","position":2,"name":"Wszystkie produkty","item":"https:\/\/ironsky.pl\/sklep\/produkty\/"},{"@type":"ListItem","position":3,"name":"Stacja dokuj\u0105ca USB-C BLITZWOLF BW-TH15 17w1"}]},{"@type":"WebSite","@id":"https:\/\/ironsky.pl\/sklep\/#website","url":"https:\/\/ironsky.pl\/sklep\/","name":"IRONSKY.PL Sklep z Dronami","description":"IRONSKY.PL Sklep z Dronami","potentialAction":[{"@type":"SearchAction","target":{"@type":"EntryPoint","urlTemplate":"https:\/\/ironsky.pl\/sklep\/?s={search_term_string}"},"query-input":{"@type":"PropertyValueSpecification","valueRequired":true,"valueName":"search_term_string"}}],"inLanguage":"pl-PL"}]}},"_links":{"self":[{"href":"https:\/\/ironsky.pl\/sklep\/wp-json\/wp\/v2\/product\/60309","targetHints":{"allow":["GET"]}}],"collection":[{"href":"https:\/\/ironsky.pl\/sklep\/wp-json\/wp\/v2\/product"}],"about":[{"href":"https:\/\/ironsky.pl\/sklep\/wp-json\/wp\/v2\/types\/product"}],"replies":[{"embeddable":true,"href":"https:\/\/ironsky.pl\/sklep\/wp-json\/wp\/v2\/comments?post=60309"}],"wp:featuredmedia":[{"embeddable":true,"href":"https:\/\/ironsky.pl\/sklep\/wp-json\/wp\/v2\/media\/49034"}],"wp:attachment":[{"href":"https:\/\/ironsky.pl\/sklep\/wp-json\/wp\/v2\/media?parent=60309"}],"wp:term":[{"taxonomy":"product_brand","embeddable":true,"href":"https:\/\/ironsky.pl\/sklep\/wp-json\/wp\/v2\/product_brand?post=60309"},{"taxonomy":"product_cat","embeddable":true,"href":"https:\/\/ironsky.pl\/sklep\/wp-json\/wp\/v2\/product_cat?post=60309"},{"taxonomy":"product_tag","embeddable":true,"href":"https:\/\/ironsky.pl\/sklep\/wp-json\/wp\/v2\/product_tag?post=60309"}],"curies":[{"name":"wp","href":"https:\/\/api.w.org\/{rel}","templated":true}]}}