{"id":60268,"date":"2026-04-15T10:58:49","date_gmt":"2026-04-15T08:58:49","guid":{"rendered":"https:\/\/ironsky.pl\/sklep\/produkt\/lampa-led-pgytech-magglow-do-telefonu-2-5w-szara\/"},"modified":"2026-04-15T10:59:05","modified_gmt":"2026-04-15T08:59:05","slug":"lampa-led-pgytech-magglow-do-telefonu-2-5w-szara","status":"publish","type":"product","link":"https:\/\/ironsky.pl\/sklep\/produkt\/lampa-led-pgytech-magglow-do-telefonu-2-5w-szara\/","title":{"rendered":"Lampa LED PGYTECH MagGlow do telefonu 2.5W (szara)"},"content":{"rendered":"<h3>Lampa PGYTech MagGlow do telefonu (szara)<\/h3>\n<p>PGYTech MagGlow to wielofunkcyjna lampa do telefonu, zaprojektowana z my\u015bl\u0105 o poprawie jako\u015bci zdj\u0119\u0107 i nagra\u0144 w ka\u017cdych warunkach. Dzi\u0119ki magnetycznemu mocowaniu akcesorium idealnie wsp\u00f3\u0142pracuje z urz\u0105dzeniami obs\u0142uguj\u0105cymi MagSafe, oferuj\u0105c stabilno\u015b\u0107 i wygod\u0119 u\u017cytkowania. Niezale\u017cnie od tego, czy robisz selfie, nagrywasz vlogi, czy prowadzisz wideorozmowy, MagGlow zapewni odpowiednie o\u015bwietlenie, podkre\u015blaj\u0105c naturalne kolory i szczeg\u00f3\u0142y.<\/p>\n<p>\n<img decoding=\"async\" src=\"https:\/\/assets.innpro.pl\/13184\/16159\/1.jpg\" border=\"0\" alt=\"\" \/>\n<\/p>\n<h3>Magnetyczne mocowanie<\/h3>\n<p>Lampa PGYTech MagGlow wyposa\u017cona jest w magnesy, kt\u00f3re umo\u017cliwiaj\u0105 szybkie i pewne mocowanie do telefon\u00f3w z MagSafe, etui kompatybilnych z tym systemem, a tak\u017ce do uchwyt\u00f3w PGYTech MagCam. Dodatkowo do zestawu do\u0142\u0105czony jest magnetyczny pier\u015bcie\u0144, kt\u00f3ry umo\u017cliwia korzystanie z lampy r\u00f3wnie\u017c na smartfonach bez MagSafe, w tym na urz\u0105dzeniach z systemem Android.<\/p>\n<p>\n<img decoding=\"async\" src=\"https:\/\/assets.innpro.pl\/13184\/16159\/2.jpg\" border=\"0\" alt=\"\" \/>\n<\/p>\n<h3>Regulowane o\u015bwietlenie<\/h3>\n<p>MagGlow oferuje trzy poziomy jasno\u015bci (15%, 50% i 100%), kt\u00f3re mo\u017cna \u0142atwo prze\u0142\u0105cza\u0107 za pomoc\u0105 przycisku. Dzi\u0119ki temu bez problemu dostosujesz intensywno\u015b\u0107 \u015bwiat\u0142a do panuj\u0105cych warunk\u00f3w. Lampa umo\u017cliwia tak\u017ce wyb\u00f3r jednej z trzech temperatur barwowych \u2013 ciep\u0142ej (2500K), neutralnej (5500K) i ch\u0142odnej (9000K), co pozwala uzyska\u0107 po\u017c\u0105dany efekt zar\u00f3wno w pomieszczeniach, jak i na zewn\u0105trz.<\/p>\n<p>\n<img decoding=\"async\" src=\"https:\/\/assets.innpro.pl\/13184\/16159\/3.jpg\" border=\"0\" alt=\"\" \/>\n<\/p>\n<h3>Swobodna rotacja<\/h3>\n<p>Akcesorium wspiera obr\u00f3t do 290\u00b0, umo\u017cliwiaj\u0105c precyzyjne ustawienie k\u0105ta \u015bwiecenia, co \u015bwietnie sprawdza si\u0119 zar\u00f3wno przy robieniu selfie, jak i podczas nagrywania film\u00f3w lub prowadzenia wideorozm\u00f3w. Stabilny zawias pozwala na p\u0142ynne dostosowanie pozycji lampy bez ryzyka jej przesuni\u0119cia.<\/p>\n<p>\n<img decoding=\"async\" src=\"https:\/\/assets.innpro.pl\/13184\/16159\/6.jpg\" border=\"0\" alt=\"\" \/>\n<\/p>\n<h3>Lekka i wydajna<\/h3>\n<p>Produkt wyr\u00f3\u017cnia si\u0119 kompaktow\u0105 konstrukcj\u0105 \u2013 ma zaledwie 10,5 mm grubo\u015bci i wa\u017cy 37,6 g, dzi\u0119ki czemu bez problemu zmie\u015bci si\u0119 w kieszeni lub torebce. Wbudowany akumulator o pojemno\u015bci 300 mAh zapewnia do 30 minut intensywnego \u015bwiecenia, a port USB-C umo\u017cliwia szybkie \u0142adowanie, gwarantuj\u0105c gotowo\u015b\u0107 do dzia\u0142ania w ka\u017cdej chwili.<\/p>\n<p>\n<img decoding=\"async\" src=\"https:\/\/assets.innpro.pl\/13184\/16159\/5.jpg\" border=\"0\" alt=\"\" \/>\n<\/p>\n<h3>W zestawie:<\/h3>\n<ul class=\"list-disc pl-5\">\n<li>Lampa PGYTech MagGlow do telefonu<\/li>\n<li>Pier\u015bcie\u0144 magnetyczny<\/li>\n<li>Instrukcja obs\u0142ugi<\/li>\n<\/ul>\n<div class=\"table-wrapper\">\n<p>\u00a0<\/p>\n<h3><\/h3>\n<table>\n<tbody>\n<tr>\n<th>Producent<\/th>\n<td>PGYTech<\/td>\n<\/tr>\n<tr>\n<th>Kod producenta<\/th>\n<td>P-PG-012<\/td>\n<\/tr>\n<tr>\n<th>Materia\u0142<\/th>\n<td>AB + PC<\/td>\n<\/tr>\n<tr>\n<th>Wymiary<\/th>\n<td>85.5 x 97 x 16.5 mm<\/td>\n<\/tr>\n<tr>\n<th>Waga<\/th>\n<td>37,6 g<\/td>\n<\/tr>\n<\/tbody>\n<\/table>\n<\/div>\n","protected":false},"excerpt":{"rendered":"<p>Lampa PGYTech MagGlow do telefonu (szara) PGYTech MagGlow to wielofunkcyjna lampa do telefonu, zaprojektowana z my\u015bl\u0105 o poprawie jako\u015bci zdj\u0119\u0107<\/p>\n","protected":false},"featured_media":47005,"comment_status":"closed","ping_status":"open","template":"","meta":{"_acf_changed":false},"product_brand":[],"product_cat":[1128,6233,6178,6176,6177,1138],"product_tag":[],"class_list":{"0":"post-60268","1":"product","2":"type-product","3":"status-publish","4":"has-post-thumbnail","6":"product_cat-foto-wideo","7":"product_cat-lampy-pierscieniowe-mocowania","8":"product_cat-mocowania","9":"product_cat-selfie-stiki","10":"product_cat-statywy-selfie-stiki","11":"product_cat-wysiegniki","12":"pa_okres-gwarancji-5754","13":"pa_producent-pgytech","15":"first","16":"outofstock","17":"taxable","18":"shipping-taxable","19":"purchasable","20":"product-type-simple"},"acf":[],"yoast_head":"<!-- This site is optimized with the Yoast SEO plugin v27.2 - https:\/\/yoast.com\/product\/yoast-seo-wordpress\/ -->\n<title>Lampa LED PGYTECH MagGlow do telefonu 2.5W (szara) - IRONSKY.PL Sklep z Dronami<\/title>\n<meta name=\"description\" content=\"Lampa LED PGYTECH MagGlow do telefonu 2.5W (szara) - \u2705 sklep z dronami i fachowym doradztwem. \u2705 Tutaj kupisz produkty DJI, Yuneec, Parrot, Syma i wiele innych, a tak\u017ce kursy i licencje na operatora drona.\" \/>\n<meta name=\"robots\" content=\"index, follow, max-snippet:-1, max-image-preview:large, max-video-preview:-1\" \/>\n<link rel=\"canonical\" href=\"https:\/\/ironsky.pl\/sklep\/produkt\/lampa-led-pgytech-magglow-do-telefonu-2-5w-szara\/\" \/>\n<meta property=\"og:locale\" content=\"pl_PL\" \/>\n<meta property=\"og:type\" content=\"article\" \/>\n<meta property=\"og:title\" content=\"Lampa LED PGYTECH MagGlow do telefonu 2.5W (szara) - IRONSKY.PL Sklep z Dronami\" \/>\n<meta property=\"og:description\" content=\"Lampa LED PGYTECH MagGlow do telefonu 2.5W (szara) - \u2705 sklep z dronami i fachowym doradztwem. \u2705 Tutaj kupisz produkty DJI, Yuneec, Parrot, Syma i wiele innych, a tak\u017ce kursy i licencje na operatora drona.\" \/>\n<meta property=\"og:url\" content=\"https:\/\/ironsky.pl\/sklep\/produkt\/lampa-led-pgytech-magglow-do-telefonu-2-5w-szara\/\" \/>\n<meta property=\"og:site_name\" content=\"IRONSKY.PL Sklep z Dronami\" \/>\n<meta property=\"article:modified_time\" content=\"2026-04-15T08:59:05+00:00\" \/>\n<meta property=\"og:image\" content=\"https:\/\/ironsky.pl\/sklep\/wp-content\/uploads\/2025\/06\/50840_1.jpg\" \/>\n\t<meta property=\"og:image:width\" content=\"800\" \/>\n\t<meta property=\"og:image:height\" content=\"800\" \/>\n\t<meta property=\"og:image:type\" content=\"image\/jpeg\" \/>\n<meta name=\"twitter:card\" content=\"summary_large_image\" \/>\n<meta name=\"twitter:label1\" content=\"Szacowany czas czytania\" \/>\n\t<meta name=\"twitter:data1\" content=\"2 minuty\" \/>\n<script type=\"application\/ld+json\" class=\"yoast-schema-graph\">{\"@context\":\"https:\/\/schema.org\",\"@graph\":[{\"@type\":\"WebPage\",\"@id\":\"https:\/\/ironsky.pl\/sklep\/produkt\/lampa-led-pgytech-magglow-do-telefonu-2-5w-szara\/\",\"url\":\"https:\/\/ironsky.pl\/sklep\/produkt\/lampa-led-pgytech-magglow-do-telefonu-2-5w-szara\/\",\"name\":\"Lampa LED PGYTECH MagGlow do telefonu 2.5W (szara) - IRONSKY.PL Sklep z Dronami\",\"isPartOf\":{\"@id\":\"https:\/\/ironsky.pl\/sklep\/#website\"},\"primaryImageOfPage\":{\"@id\":\"https:\/\/ironsky.pl\/sklep\/produkt\/lampa-led-pgytech-magglow-do-telefonu-2-5w-szara\/#primaryimage\"},\"image\":{\"@id\":\"https:\/\/ironsky.pl\/sklep\/produkt\/lampa-led-pgytech-magglow-do-telefonu-2-5w-szara\/#primaryimage\"},\"thumbnailUrl\":\"https:\/\/ironsky.pl\/sklep\/wp-content\/uploads\/2025\/06\/50840_1.jpg\",\"datePublished\":\"2026-04-15T08:58:49+00:00\",\"dateModified\":\"2026-04-15T08:59:05+00:00\",\"description\":\"Lampa LED PGYTECH MagGlow do telefonu 2.5W (szara) - \u2705 sklep z dronami i fachowym doradztwem. \u2705 Tutaj kupisz produkty DJI, Yuneec, Parrot, Syma i wiele innych, a tak\u017ce kursy i licencje na operatora drona.\",\"breadcrumb\":{\"@id\":\"https:\/\/ironsky.pl\/sklep\/produkt\/lampa-led-pgytech-magglow-do-telefonu-2-5w-szara\/#breadcrumb\"},\"inLanguage\":\"pl-PL\",\"potentialAction\":[{\"@type\":\"ReadAction\",\"target\":[\"https:\/\/ironsky.pl\/sklep\/produkt\/lampa-led-pgytech-magglow-do-telefonu-2-5w-szara\/\"]}]},{\"@type\":\"ImageObject\",\"inLanguage\":\"pl-PL\",\"@id\":\"https:\/\/ironsky.pl\/sklep\/produkt\/lampa-led-pgytech-magglow-do-telefonu-2-5w-szara\/#primaryimage\",\"url\":\"https:\/\/ironsky.pl\/sklep\/wp-content\/uploads\/2025\/06\/50840_1.jpg\",\"contentUrl\":\"https:\/\/ironsky.pl\/sklep\/wp-content\/uploads\/2025\/06\/50840_1.jpg\",\"width\":800,\"height\":800},{\"@type\":\"BreadcrumbList\",\"@id\":\"https:\/\/ironsky.pl\/sklep\/produkt\/lampa-led-pgytech-magglow-do-telefonu-2-5w-szara\/#breadcrumb\",\"itemListElement\":[{\"@type\":\"ListItem\",\"position\":1,\"name\":\"Strona g\u0142\u00f3wna\",\"item\":\"https:\/\/ironsky.pl\/sklep\/\"},{\"@type\":\"ListItem\",\"position\":2,\"name\":\"Wszystkie produkty\",\"item\":\"https:\/\/ironsky.pl\/sklep\/produkty\/\"},{\"@type\":\"ListItem\",\"position\":3,\"name\":\"Lampa LED PGYTECH MagGlow do telefonu 2.5W (szara)\"}]},{\"@type\":\"WebSite\",\"@id\":\"https:\/\/ironsky.pl\/sklep\/#website\",\"url\":\"https:\/\/ironsky.pl\/sklep\/\",\"name\":\"IRONSKY.PL Sklep z Dronami\",\"description\":\"IRONSKY.PL Sklep z Dronami\",\"potentialAction\":[{\"@type\":\"SearchAction\",\"target\":{\"@type\":\"EntryPoint\",\"urlTemplate\":\"https:\/\/ironsky.pl\/sklep\/?s={search_term_string}\"},\"query-input\":{\"@type\":\"PropertyValueSpecification\",\"valueRequired\":true,\"valueName\":\"search_term_string\"}}],\"inLanguage\":\"pl-PL\"}]}<\/script>\n<!-- \/ Yoast SEO plugin. -->","yoast_head_json":{"title":"Lampa LED PGYTECH MagGlow do telefonu 2.5W (szara) - IRONSKY.PL Sklep z Dronami","description":"Lampa LED PGYTECH MagGlow do telefonu 2.5W (szara) - \u2705 sklep z dronami i fachowym doradztwem. \u2705 Tutaj kupisz produkty DJI, Yuneec, Parrot, Syma i wiele innych, a tak\u017ce kursy i licencje na operatora drona.","robots":{"index":"index","follow":"follow","max-snippet":"max-snippet:-1","max-image-preview":"max-image-preview:large","max-video-preview":"max-video-preview:-1"},"canonical":"https:\/\/ironsky.pl\/sklep\/produkt\/lampa-led-pgytech-magglow-do-telefonu-2-5w-szara\/","og_locale":"pl_PL","og_type":"article","og_title":"Lampa LED PGYTECH MagGlow do telefonu 2.5W (szara) - IRONSKY.PL Sklep z Dronami","og_description":"Lampa LED PGYTECH MagGlow do telefonu 2.5W (szara) - \u2705 sklep z dronami i fachowym doradztwem. \u2705 Tutaj kupisz produkty DJI, Yuneec, Parrot, Syma i wiele innych, a tak\u017ce kursy i licencje na operatora drona.","og_url":"https:\/\/ironsky.pl\/sklep\/produkt\/lampa-led-pgytech-magglow-do-telefonu-2-5w-szara\/","og_site_name":"IRONSKY.PL Sklep z Dronami","article_modified_time":"2026-04-15T08:59:05+00:00","og_image":[{"width":800,"height":800,"url":"https:\/\/ironsky.pl\/sklep\/wp-content\/uploads\/2025\/06\/50840_1.jpg","type":"image\/jpeg"}],"twitter_card":"summary_large_image","twitter_misc":{"Szacowany czas czytania":"2 minuty"},"schema":{"@context":"https:\/\/schema.org","@graph":[{"@type":"WebPage","@id":"https:\/\/ironsky.pl\/sklep\/produkt\/lampa-led-pgytech-magglow-do-telefonu-2-5w-szara\/","url":"https:\/\/ironsky.pl\/sklep\/produkt\/lampa-led-pgytech-magglow-do-telefonu-2-5w-szara\/","name":"Lampa LED PGYTECH MagGlow do telefonu 2.5W (szara) - IRONSKY.PL Sklep z Dronami","isPartOf":{"@id":"https:\/\/ironsky.pl\/sklep\/#website"},"primaryImageOfPage":{"@id":"https:\/\/ironsky.pl\/sklep\/produkt\/lampa-led-pgytech-magglow-do-telefonu-2-5w-szara\/#primaryimage"},"image":{"@id":"https:\/\/ironsky.pl\/sklep\/produkt\/lampa-led-pgytech-magglow-do-telefonu-2-5w-szara\/#primaryimage"},"thumbnailUrl":"https:\/\/ironsky.pl\/sklep\/wp-content\/uploads\/2025\/06\/50840_1.jpg","datePublished":"2026-04-15T08:58:49+00:00","dateModified":"2026-04-15T08:59:05+00:00","description":"Lampa LED PGYTECH MagGlow do telefonu 2.5W (szara) - \u2705 sklep z dronami i fachowym doradztwem. \u2705 Tutaj kupisz produkty DJI, Yuneec, Parrot, Syma i wiele innych, a tak\u017ce kursy i licencje na operatora drona.","breadcrumb":{"@id":"https:\/\/ironsky.pl\/sklep\/produkt\/lampa-led-pgytech-magglow-do-telefonu-2-5w-szara\/#breadcrumb"},"inLanguage":"pl-PL","potentialAction":[{"@type":"ReadAction","target":["https:\/\/ironsky.pl\/sklep\/produkt\/lampa-led-pgytech-magglow-do-telefonu-2-5w-szara\/"]}]},{"@type":"ImageObject","inLanguage":"pl-PL","@id":"https:\/\/ironsky.pl\/sklep\/produkt\/lampa-led-pgytech-magglow-do-telefonu-2-5w-szara\/#primaryimage","url":"https:\/\/ironsky.pl\/sklep\/wp-content\/uploads\/2025\/06\/50840_1.jpg","contentUrl":"https:\/\/ironsky.pl\/sklep\/wp-content\/uploads\/2025\/06\/50840_1.jpg","width":800,"height":800},{"@type":"BreadcrumbList","@id":"https:\/\/ironsky.pl\/sklep\/produkt\/lampa-led-pgytech-magglow-do-telefonu-2-5w-szara\/#breadcrumb","itemListElement":[{"@type":"ListItem","position":1,"name":"Strona g\u0142\u00f3wna","item":"https:\/\/ironsky.pl\/sklep\/"},{"@type":"ListItem","position":2,"name":"Wszystkie produkty","item":"https:\/\/ironsky.pl\/sklep\/produkty\/"},{"@type":"ListItem","position":3,"name":"Lampa LED PGYTECH MagGlow do telefonu 2.5W (szara)"}]},{"@type":"WebSite","@id":"https:\/\/ironsky.pl\/sklep\/#website","url":"https:\/\/ironsky.pl\/sklep\/","name":"IRONSKY.PL Sklep z Dronami","description":"IRONSKY.PL Sklep z Dronami","potentialAction":[{"@type":"SearchAction","target":{"@type":"EntryPoint","urlTemplate":"https:\/\/ironsky.pl\/sklep\/?s={search_term_string}"},"query-input":{"@type":"PropertyValueSpecification","valueRequired":true,"valueName":"search_term_string"}}],"inLanguage":"pl-PL"}]}},"_links":{"self":[{"href":"https:\/\/ironsky.pl\/sklep\/wp-json\/wp\/v2\/product\/60268","targetHints":{"allow":["GET"]}}],"collection":[{"href":"https:\/\/ironsky.pl\/sklep\/wp-json\/wp\/v2\/product"}],"about":[{"href":"https:\/\/ironsky.pl\/sklep\/wp-json\/wp\/v2\/types\/product"}],"replies":[{"embeddable":true,"href":"https:\/\/ironsky.pl\/sklep\/wp-json\/wp\/v2\/comments?post=60268"}],"wp:featuredmedia":[{"embeddable":true,"href":"https:\/\/ironsky.pl\/sklep\/wp-json\/wp\/v2\/media\/47005"}],"wp:attachment":[{"href":"https:\/\/ironsky.pl\/sklep\/wp-json\/wp\/v2\/media?parent=60268"}],"wp:term":[{"taxonomy":"product_brand","embeddable":true,"href":"https:\/\/ironsky.pl\/sklep\/wp-json\/wp\/v2\/product_brand?post=60268"},{"taxonomy":"product_cat","embeddable":true,"href":"https:\/\/ironsky.pl\/sklep\/wp-json\/wp\/v2\/product_cat?post=60268"},{"taxonomy":"product_tag","embeddable":true,"href":"https:\/\/ironsky.pl\/sklep\/wp-json\/wp\/v2\/product_tag?post=60268"}],"curies":[{"name":"wp","href":"https:\/\/api.w.org\/{rel}","templated":true}]}}