{"id":60242,"date":"2026-04-15T10:58:20","date_gmt":"2026-04-15T08:58:20","guid":{"rendered":"https:\/\/ironsky.pl\/sklep\/produkt\/czytnik-kart-telesin-s6-mcr-01-sd-tf\/"},"modified":"2026-04-15T10:58:33","modified_gmt":"2026-04-15T08:58:33","slug":"czytnik-kart-telesin-s6-mcr-01-sd-tf","status":"publish","type":"product","link":"https:\/\/ironsky.pl\/sklep\/produkt\/czytnik-kart-telesin-s6-mcr-01-sd-tf\/","title":{"rendered":"Czytnik kart TELESIN S6-MCR-01 SD\/TF"},"content":{"rendered":"<h3>Wielofunkcyjny czytnik kart SD i TF Telesin (S6-MCR-01)<\/h3>\n<p>Czytnik kart Telesin S6-MCR-01 to wszechstronne urz\u0105dzenie, kt\u00f3re \u0142\u0105czy funkcje przechowywania, odczytu i zapisu danych. Umo\u017cliwia jednoczesne odczytywanie dw\u00f3ch kart \u2013 1 SD i 1 TF, a dodatkowo pozwala na bezpieczne przechowywanie 4 kart SD, 6 kart TF i 2 kart Nano SIM. Dzi\u0119ki temu \u015bwietnie sprawdzi si\u0119 podczas profesjonalnych sesji zdj\u0119ciowych i filmowych! Wyr\u00f3\u017cnia go tak\u017ce szeroka kompatybilno\u015b\u0107 i wytrzyma\u0142a konstrukcja z klas\u0105 szczelno\u015bci IP54.<\/p>\n<p>\n<img decoding=\"async\" src=\"https:\/\/assets.innpro.pl\/13038\/15916\/6.jpg\" border=\"0\" alt=\"\" \/>\n<\/p>\n<h3>Szybki przesy\u0142 danych i szeroka kompatybilno\u015b\u0107<\/h3>\n<p>Dzi\u0119ki obs\u0142udze transmisji z pr\u0119dko\u015bci\u0105 do 312 MB\/s i wbudowanemu chipsetowi USB 3.1 czytnik Telesin zapewnia b\u0142yskawiczny przesy\u0142 du\u017cych plik\u00f3w. Zapomnij o d\u0142ugim oczekiwaniu! Co wi\u0119cej, urz\u0105dzenie zosta\u0142o wyposa\u017cone w z\u0142\u0105cze USB-C z rozwi\u0105zaniem plug and play, co pozwala na bezpo\u015brednie pod\u0142\u0105czenie go do smartfona, tabletu lub laptopa \u2013 bez konieczno\u015bci dodatkowej konfiguracji. Produkt jest kompatybilny z systemami Linux, iOS, Android, Windows 7+ oraz macOS 10+.<\/p>\n<p>\n<img decoding=\"async\" src=\"https:\/\/assets.innpro.pl\/13038\/15916\/8.jpg\" border=\"0\" alt=\"\" \/>\n<\/p>\n<h3>Ochrona i trwa\u0142o\u015b\u0107 w ka\u017cdych warunkach<\/h3>\n<p>Czytnik kart S6-MCR-01 charakteryzuje si\u0119 solidn\u0105 konstrukcj\u0105, klas\u0105 szczelno\u015bci IP54 i grub\u0105 silikonow\u0105 os\u0142on\u0105. Dzi\u0119ki temu jest skutecznie chroniony przed upadkami, kurzem i zachlapaniami, gwarantuj\u0105c bezpiecze\u0144stwo danych nawet w trudnych warunkach terenowych. Ponadto jego kompaktowe wymiary i niewielka waga (144 g) sprawiaj\u0105, \u017ce jest bardzo wygodny do przenoszenia. W zestawie znajdziesz te\u017c karabi\u0144czyk, kt\u00f3ry jeszcze bardziej u\u0142atwia jego transport \u2013 mo\u017cesz na przyk\u0142ad przymocowa\u0107 go do torby.<\/p>\n<p>\n<img decoding=\"async\" src=\"https:\/\/assets.innpro.pl\/13038\/15916\/1.jpg\" border=\"0\" alt=\"\" \/>\n<\/p>\n<h3>W zestawie<\/h3>\n<ul class=\"list-disc pl-5\">\n<li>Czytnik kart<\/li>\n<li>Karabi\u0144czyk<\/li>\n<li>Instrukcja obs\u0142ugi<\/li>\n<\/ul>\n<div class=\"table-wrapper\">\n<p>\u00a0<\/p>\n<h3><\/h3>\n<table>\n<tbody>\n<tr>\n<th>Producent<\/th>\n<td>Telesin<\/td>\n<\/tr>\n<tr>\n<th>Nazwa<\/th>\n<td>Multifunctional Card Reader<\/td>\n<\/tr>\n<tr>\n<th>Model<\/th>\n<td>S6-MCR-01<\/td>\n<\/tr>\n<tr>\n<th>Kolor<\/th>\n<td>Czarny<\/td>\n<\/tr>\n<tr>\n<th>Materia\u0142<\/th>\n<td>Aluminium, ABS, silikon<\/td>\n<\/tr>\n<tr>\n<th>Waga<\/th>\n<td>144 g<\/td>\n<\/tr>\n<tr>\n<th>Wymiary<\/th>\n<td>117 \u00d7 53 \u00d7 24 mm<\/td>\n<\/tr>\n<tr>\n<th>Przechowywanie<\/th>\n<td>4x karta SD, 6x karta TF, 2x karta Nano SIM<\/td>\n<\/tr>\n<tr>\n<th>Interfejs<\/th>\n<td>USB-C<\/td>\n<\/tr>\n<tr>\n<th>Pr\u0119dko\u015b\u0107 transmisji<\/th>\n<td>Do 312 MB\/s<\/td>\n<\/tr>\n<tr>\n<th>Kompatybilne systemy<\/th>\n<td>Linux, iOS, Android, Windows 7+, macOS 10+<\/td>\n<\/tr>\n<tr>\n<th>Kompatybilne urz\u0105dzenia<\/th>\n<td>Kamery sportowe, kamery, smartfony, komputery<\/td>\n<\/tr>\n<tr>\n<th>Obs\u0142ugiwane karty pami\u0119ci<\/th>\n<td>UHS-II, SD4.0: UHS-II: SDXC, SDHC, karty SD; UHS-I: SDXC, SDHC, karty SD; UHS-II: micro SDXC, micro SDHC, karty micro SD; UHS-I: micro SDXC, micro SDHC, karty micro SD;<\/td>\n<\/tr>\n<\/tbody>\n<\/table>\n<\/div>\n","protected":false},"excerpt":{"rendered":"<p>Wielofunkcyjny czytnik kart SD i TF Telesin (S6-MCR-01) Czytnik kart Telesin S6-MCR-01 to wszechstronne urz\u0105dzenie, kt\u00f3re \u0142\u0105czy funkcje przechowywania, odczytu<\/p>\n","protected":false},"featured_media":46989,"comment_status":"closed","ping_status":"open","template":"","meta":{"_acf_changed":false},"product_brand":[],"product_cat":[5929,5943],"product_tag":[],"class_list":{"0":"post-60242","1":"product","2":"type-product","3":"status-publish","4":"has-post-thumbnail","6":"product_cat-akcesoria-it","7":"product_cat-czytniki-kart","8":"pa_okres-gwarancji-5754","9":"pa_producent-telesin","11":"first","12":"outofstock","13":"taxable","14":"shipping-taxable","15":"purchasable","16":"product-type-simple"},"acf":[],"yoast_head":"<!-- This site is optimized with the Yoast SEO plugin v27.2 - https:\/\/yoast.com\/product\/yoast-seo-wordpress\/ -->\n<title>Czytnik kart TELESIN S6-MCR-01 SD\/TF - IRONSKY.PL Sklep z Dronami<\/title>\n<meta name=\"description\" content=\"Czytnik kart TELESIN S6-MCR-01 SD\/TF - \u2705 sklep z dronami i fachowym doradztwem. \u2705 Tutaj kupisz produkty DJI, Yuneec, Parrot, Syma i wiele innych, a tak\u017ce kursy i licencje na operatora drona.\" \/>\n<meta name=\"robots\" content=\"index, follow, max-snippet:-1, max-image-preview:large, max-video-preview:-1\" \/>\n<link rel=\"canonical\" href=\"https:\/\/ironsky.pl\/sklep\/produkt\/czytnik-kart-telesin-s6-mcr-01-sd-tf\/\" \/>\n<meta property=\"og:locale\" content=\"pl_PL\" \/>\n<meta property=\"og:type\" content=\"article\" \/>\n<meta property=\"og:title\" content=\"Czytnik kart TELESIN S6-MCR-01 SD\/TF - IRONSKY.PL Sklep z Dronami\" \/>\n<meta property=\"og:description\" content=\"Czytnik kart TELESIN S6-MCR-01 SD\/TF - \u2705 sklep z dronami i fachowym doradztwem. \u2705 Tutaj kupisz produkty DJI, Yuneec, Parrot, Syma i wiele innych, a tak\u017ce kursy i licencje na operatora drona.\" \/>\n<meta property=\"og:url\" content=\"https:\/\/ironsky.pl\/sklep\/produkt\/czytnik-kart-telesin-s6-mcr-01-sd-tf\/\" \/>\n<meta property=\"og:site_name\" content=\"IRONSKY.PL Sklep z Dronami\" \/>\n<meta property=\"article:modified_time\" content=\"2026-04-15T08:58:33+00:00\" \/>\n<meta property=\"og:image\" content=\"https:\/\/ironsky.pl\/sklep\/wp-content\/uploads\/2025\/06\/50721_1.jpg\" \/>\n\t<meta property=\"og:image:width\" content=\"800\" \/>\n\t<meta property=\"og:image:height\" content=\"800\" \/>\n\t<meta property=\"og:image:type\" content=\"image\/jpeg\" \/>\n<meta name=\"twitter:card\" content=\"summary_large_image\" \/>\n<meta name=\"twitter:label1\" content=\"Szacowany czas czytania\" \/>\n\t<meta name=\"twitter:data1\" content=\"2 minuty\" \/>\n<script type=\"application\/ld+json\" class=\"yoast-schema-graph\">{\"@context\":\"https:\/\/schema.org\",\"@graph\":[{\"@type\":\"WebPage\",\"@id\":\"https:\/\/ironsky.pl\/sklep\/produkt\/czytnik-kart-telesin-s6-mcr-01-sd-tf\/\",\"url\":\"https:\/\/ironsky.pl\/sklep\/produkt\/czytnik-kart-telesin-s6-mcr-01-sd-tf\/\",\"name\":\"Czytnik kart TELESIN S6-MCR-01 SD\/TF - IRONSKY.PL Sklep z Dronami\",\"isPartOf\":{\"@id\":\"https:\/\/ironsky.pl\/sklep\/#website\"},\"primaryImageOfPage\":{\"@id\":\"https:\/\/ironsky.pl\/sklep\/produkt\/czytnik-kart-telesin-s6-mcr-01-sd-tf\/#primaryimage\"},\"image\":{\"@id\":\"https:\/\/ironsky.pl\/sklep\/produkt\/czytnik-kart-telesin-s6-mcr-01-sd-tf\/#primaryimage\"},\"thumbnailUrl\":\"https:\/\/ironsky.pl\/sklep\/wp-content\/uploads\/2025\/06\/50721_1.jpg\",\"datePublished\":\"2026-04-15T08:58:20+00:00\",\"dateModified\":\"2026-04-15T08:58:33+00:00\",\"description\":\"Czytnik kart TELESIN S6-MCR-01 SD\/TF - \u2705 sklep z dronami i fachowym doradztwem. \u2705 Tutaj kupisz produkty DJI, Yuneec, Parrot, Syma i wiele innych, a tak\u017ce kursy i licencje na operatora drona.\",\"breadcrumb\":{\"@id\":\"https:\/\/ironsky.pl\/sklep\/produkt\/czytnik-kart-telesin-s6-mcr-01-sd-tf\/#breadcrumb\"},\"inLanguage\":\"pl-PL\",\"potentialAction\":[{\"@type\":\"ReadAction\",\"target\":[\"https:\/\/ironsky.pl\/sklep\/produkt\/czytnik-kart-telesin-s6-mcr-01-sd-tf\/\"]}]},{\"@type\":\"ImageObject\",\"inLanguage\":\"pl-PL\",\"@id\":\"https:\/\/ironsky.pl\/sklep\/produkt\/czytnik-kart-telesin-s6-mcr-01-sd-tf\/#primaryimage\",\"url\":\"https:\/\/ironsky.pl\/sklep\/wp-content\/uploads\/2025\/06\/50721_1.jpg\",\"contentUrl\":\"https:\/\/ironsky.pl\/sklep\/wp-content\/uploads\/2025\/06\/50721_1.jpg\",\"width\":800,\"height\":800},{\"@type\":\"BreadcrumbList\",\"@id\":\"https:\/\/ironsky.pl\/sklep\/produkt\/czytnik-kart-telesin-s6-mcr-01-sd-tf\/#breadcrumb\",\"itemListElement\":[{\"@type\":\"ListItem\",\"position\":1,\"name\":\"Strona g\u0142\u00f3wna\",\"item\":\"https:\/\/ironsky.pl\/sklep\/\"},{\"@type\":\"ListItem\",\"position\":2,\"name\":\"Wszystkie produkty\",\"item\":\"https:\/\/ironsky.pl\/sklep\/produkty\/\"},{\"@type\":\"ListItem\",\"position\":3,\"name\":\"Czytnik kart TELESIN S6-MCR-01 SD\/TF\"}]},{\"@type\":\"WebSite\",\"@id\":\"https:\/\/ironsky.pl\/sklep\/#website\",\"url\":\"https:\/\/ironsky.pl\/sklep\/\",\"name\":\"IRONSKY.PL Sklep z Dronami\",\"description\":\"IRONSKY.PL Sklep z Dronami\",\"potentialAction\":[{\"@type\":\"SearchAction\",\"target\":{\"@type\":\"EntryPoint\",\"urlTemplate\":\"https:\/\/ironsky.pl\/sklep\/?s={search_term_string}\"},\"query-input\":{\"@type\":\"PropertyValueSpecification\",\"valueRequired\":true,\"valueName\":\"search_term_string\"}}],\"inLanguage\":\"pl-PL\"}]}<\/script>\n<!-- \/ Yoast SEO plugin. -->","yoast_head_json":{"title":"Czytnik kart TELESIN S6-MCR-01 SD\/TF - IRONSKY.PL Sklep z Dronami","description":"Czytnik kart TELESIN S6-MCR-01 SD\/TF - \u2705 sklep z dronami i fachowym doradztwem. \u2705 Tutaj kupisz produkty DJI, Yuneec, Parrot, Syma i wiele innych, a tak\u017ce kursy i licencje na operatora drona.","robots":{"index":"index","follow":"follow","max-snippet":"max-snippet:-1","max-image-preview":"max-image-preview:large","max-video-preview":"max-video-preview:-1"},"canonical":"https:\/\/ironsky.pl\/sklep\/produkt\/czytnik-kart-telesin-s6-mcr-01-sd-tf\/","og_locale":"pl_PL","og_type":"article","og_title":"Czytnik kart TELESIN S6-MCR-01 SD\/TF - IRONSKY.PL Sklep z Dronami","og_description":"Czytnik kart TELESIN S6-MCR-01 SD\/TF - \u2705 sklep z dronami i fachowym doradztwem. \u2705 Tutaj kupisz produkty DJI, Yuneec, Parrot, Syma i wiele innych, a tak\u017ce kursy i licencje na operatora drona.","og_url":"https:\/\/ironsky.pl\/sklep\/produkt\/czytnik-kart-telesin-s6-mcr-01-sd-tf\/","og_site_name":"IRONSKY.PL Sklep z Dronami","article_modified_time":"2026-04-15T08:58:33+00:00","og_image":[{"width":800,"height":800,"url":"https:\/\/ironsky.pl\/sklep\/wp-content\/uploads\/2025\/06\/50721_1.jpg","type":"image\/jpeg"}],"twitter_card":"summary_large_image","twitter_misc":{"Szacowany czas czytania":"2 minuty"},"schema":{"@context":"https:\/\/schema.org","@graph":[{"@type":"WebPage","@id":"https:\/\/ironsky.pl\/sklep\/produkt\/czytnik-kart-telesin-s6-mcr-01-sd-tf\/","url":"https:\/\/ironsky.pl\/sklep\/produkt\/czytnik-kart-telesin-s6-mcr-01-sd-tf\/","name":"Czytnik kart TELESIN S6-MCR-01 SD\/TF - IRONSKY.PL Sklep z Dronami","isPartOf":{"@id":"https:\/\/ironsky.pl\/sklep\/#website"},"primaryImageOfPage":{"@id":"https:\/\/ironsky.pl\/sklep\/produkt\/czytnik-kart-telesin-s6-mcr-01-sd-tf\/#primaryimage"},"image":{"@id":"https:\/\/ironsky.pl\/sklep\/produkt\/czytnik-kart-telesin-s6-mcr-01-sd-tf\/#primaryimage"},"thumbnailUrl":"https:\/\/ironsky.pl\/sklep\/wp-content\/uploads\/2025\/06\/50721_1.jpg","datePublished":"2026-04-15T08:58:20+00:00","dateModified":"2026-04-15T08:58:33+00:00","description":"Czytnik kart TELESIN S6-MCR-01 SD\/TF - \u2705 sklep z dronami i fachowym doradztwem. \u2705 Tutaj kupisz produkty DJI, Yuneec, Parrot, Syma i wiele innych, a tak\u017ce kursy i licencje na operatora drona.","breadcrumb":{"@id":"https:\/\/ironsky.pl\/sklep\/produkt\/czytnik-kart-telesin-s6-mcr-01-sd-tf\/#breadcrumb"},"inLanguage":"pl-PL","potentialAction":[{"@type":"ReadAction","target":["https:\/\/ironsky.pl\/sklep\/produkt\/czytnik-kart-telesin-s6-mcr-01-sd-tf\/"]}]},{"@type":"ImageObject","inLanguage":"pl-PL","@id":"https:\/\/ironsky.pl\/sklep\/produkt\/czytnik-kart-telesin-s6-mcr-01-sd-tf\/#primaryimage","url":"https:\/\/ironsky.pl\/sklep\/wp-content\/uploads\/2025\/06\/50721_1.jpg","contentUrl":"https:\/\/ironsky.pl\/sklep\/wp-content\/uploads\/2025\/06\/50721_1.jpg","width":800,"height":800},{"@type":"BreadcrumbList","@id":"https:\/\/ironsky.pl\/sklep\/produkt\/czytnik-kart-telesin-s6-mcr-01-sd-tf\/#breadcrumb","itemListElement":[{"@type":"ListItem","position":1,"name":"Strona g\u0142\u00f3wna","item":"https:\/\/ironsky.pl\/sklep\/"},{"@type":"ListItem","position":2,"name":"Wszystkie produkty","item":"https:\/\/ironsky.pl\/sklep\/produkty\/"},{"@type":"ListItem","position":3,"name":"Czytnik kart TELESIN S6-MCR-01 SD\/TF"}]},{"@type":"WebSite","@id":"https:\/\/ironsky.pl\/sklep\/#website","url":"https:\/\/ironsky.pl\/sklep\/","name":"IRONSKY.PL Sklep z Dronami","description":"IRONSKY.PL Sklep z Dronami","potentialAction":[{"@type":"SearchAction","target":{"@type":"EntryPoint","urlTemplate":"https:\/\/ironsky.pl\/sklep\/?s={search_term_string}"},"query-input":{"@type":"PropertyValueSpecification","valueRequired":true,"valueName":"search_term_string"}}],"inLanguage":"pl-PL"}]}},"_links":{"self":[{"href":"https:\/\/ironsky.pl\/sklep\/wp-json\/wp\/v2\/product\/60242","targetHints":{"allow":["GET"]}}],"collection":[{"href":"https:\/\/ironsky.pl\/sklep\/wp-json\/wp\/v2\/product"}],"about":[{"href":"https:\/\/ironsky.pl\/sklep\/wp-json\/wp\/v2\/types\/product"}],"replies":[{"embeddable":true,"href":"https:\/\/ironsky.pl\/sklep\/wp-json\/wp\/v2\/comments?post=60242"}],"wp:featuredmedia":[{"embeddable":true,"href":"https:\/\/ironsky.pl\/sklep\/wp-json\/wp\/v2\/media\/46989"}],"wp:attachment":[{"href":"https:\/\/ironsky.pl\/sklep\/wp-json\/wp\/v2\/media?parent=60242"}],"wp:term":[{"taxonomy":"product_brand","embeddable":true,"href":"https:\/\/ironsky.pl\/sklep\/wp-json\/wp\/v2\/product_brand?post=60242"},{"taxonomy":"product_cat","embeddable":true,"href":"https:\/\/ironsky.pl\/sklep\/wp-json\/wp\/v2\/product_cat?post=60242"},{"taxonomy":"product_tag","embeddable":true,"href":"https:\/\/ironsky.pl\/sklep\/wp-json\/wp\/v2\/product_tag?post=60242"}],"curies":[{"name":"wp","href":"https:\/\/api.w.org\/{rel}","templated":true}]}}