{"id":60225,"date":"2026-04-15T10:57:52","date_gmt":"2026-04-15T08:57:52","guid":{"rendered":"https:\/\/ironsky.pl\/sklep\/produkt\/kapelusz-solarny-ecoflow-power-hat-12w-rozmiar-m-l\/"},"modified":"2026-04-15T10:58:13","modified_gmt":"2026-04-15T08:58:13","slug":"kapelusz-solarny-ecoflow-power-hat-12w-rozmiar-m-l","status":"publish","type":"product","link":"https:\/\/ironsky.pl\/sklep\/produkt\/kapelusz-solarny-ecoflow-power-hat-12w-rozmiar-m-l\/","title":{"rendered":"Kapelusz solarny ECOFLOW Power Hat 12W rozmiar M-L"},"content":{"rendered":"<h3>Kapelusz EcoFlow Power Hat (M-L)<\/h3>\n<p>Zyskaj niezale\u017cno\u015b\u0107 energetyczn\u0105 w terenie. EcoFlow Power Hat to inteligentne nakrycie g\u0142owy, kt\u00f3re zapewnia ochron\u0119 przed s\u0142o\u0144cem, jednocze\u015bnie oferuj\u0105c mo\u017cliwo\u015b\u0107 \u0142adowania urz\u0105dze\u0144 w dowolnym miejscu. Rondo zosta\u0142o pokryte wysokosprawnymi panelami fotowoltaicznymi o mocy 12 W, dzi\u0119ki czemu kapelusz jest zdolny do konwersji \u015bwiat\u0142a s\u0142onecznego w energi\u0119 elektryczn\u0105. Sk\u0142adana konstrukcja i niska waga sprawiaj\u0105, \u017ce mo\u017cna go \u0142atwo schowa\u0107 do plecaka, a wodoodporno\u015b\u0107 zgodna z norm\u0105 IP65 gwarantuje niezawodno\u015b\u0107 niezale\u017cnie od pogody.<\/p>\n<p>\n<img decoding=\"async\" src=\"https:\/\/assets.innpro.pl\/13054\/15961\/1.jpg\" border=\"0\" alt=\"\" \/>\n<\/p>\n<h3>Sta\u0142e \u017ar\u00f3d\u0142o zasilania<\/h3>\n<p>Ca\u0142e rondo kapelusza wyposa\u017cono w panele fotowoltaiczne wykonane z monokrystalicznego krzemu w technologii PERC, dzi\u0119ki czemu ich sprawno\u015b\u0107 wynosi 23-24%. Energia s\u0142oneczna jest przechwytywana z ka\u017cdej strony i przekszta\u0142cana w pr\u0105d. W efekcie mo\u017cesz \u0142adowa\u0107 telefon, tablet i inne urz\u0105dzenia, korzystaj\u0105c z port\u00f3w USB-A oraz USB-C. Uniezale\u017cnij si\u0119 od tradycyjnych \u017ar\u00f3de\u0142 zasilania podczas d\u0142ugich w\u0119dr\u00f3wek, biwakowania czy pracy na \u015bwie\u017cym powietrzu!<\/p>\n<p>\n<img decoding=\"async\" src=\"https:\/\/assets.innpro.pl\/13054\/15961\/3.jpg\" border=\"0\" alt=\"\" \/>\n<\/p>\n<h3>Sk\u0142adana konstrukcja<\/h3>\n<p>Kapelusz EcoFlow Power Hat zaprojektowano tak, by mo\u017cna go by\u0142o \u0142atwo z\u0142o\u017cy\u0107 i schowa\u0107 do torby czy bocznej kieszeni plecaka. Po z\u0142o\u017ceniu produkt zachowuje kompaktowy kszta\u0142t, co u\u0142atwia transport. Po dotarciu na miejsce wystarczy go roz\u0142o\u017cy\u0107, aby ponownie czerpa\u0107 energi\u0119 ze s\u0142o\u0144ca.<\/p>\n<p>\n<img decoding=\"async\" src=\"https:\/\/assets.innpro.pl\/13054\/15961\/4.jpg\" border=\"0\" alt=\"\" \/>\n<\/p>\n<h3>Odporno\u015b\u0107 na trudne warunki<\/h3>\n<p>Ekstremalne warunki pogodowe nie stanowi\u0105 przeszkody \u2013 kapelusz spe\u0142nia norm\u0119 IP65, co oznacza pe\u0142n\u0105 ochron\u0119 przed kurzem i odporno\u015b\u0107 na zachlapania. Dzi\u0119ki temu EcoFlow Power Hat sprawdzi si\u0119 zar\u00f3wno w s\u0142oneczne dni, jak i podczas nag\u0142ej m\u017cawki.<\/p>\n<p>\n<img decoding=\"async\" src=\"https:\/\/assets.innpro.pl\/13054\/15961\/8.jpg\" border=\"0\" alt=\"\" \/>\n<\/p>\n<h3>Komfort noszenia<\/h3>\n<p>Ciesz si\u0119 wygod\u0105 i funkcjonalno\u015bci\u0105 niezale\u017cnie od tego, czy w\u0119drujesz po g\u00f3rskich szlakach, \u017ceglujesz czy odpoczywasz na pla\u017cy. Regulowany obw\u00f3d pozwala na dostosowanie kapelusza do kszta\u0142tu g\u0142owy (od 56 do 58 cm), a jego lekka konstrukcja (370 g) sprawia, \u017ce mo\u017cna go nosi\u0107 przez ca\u0142y dzie\u0144 bez uczucia dyskomfortu. Odpinany pasek pod brod\u0119 zwi\u0119ksza stabilno\u015b\u0107, dzi\u0119ki czemu EcoFlow Power Hat pozostaje na miejscu nawet podczas silnego wiatru.<\/p>\n<p>\n<img decoding=\"async\" src=\"https:\/\/assets.innpro.pl\/13054\/15961\/5.jpg\" border=\"0\" alt=\"\" \/>\n<\/p>\n<div class=\"table-wrapper\">\n<p>\u00a0<\/p>\n<h3><\/h3>\n<table>\n<tbody>\n<tr>\n<th>Producent<\/th>\n<td>EcoFlow<\/td>\n<\/tr>\n<tr>\n<th>Model<\/th>\n<td>Power Hat<\/td>\n<\/tr>\n<tr>\n<th>Kod producenta<\/th>\n<td>5020601003<\/td>\n<\/tr>\n<tr>\n<th>Rozmiar<\/th>\n<td>M-L<\/td>\n<\/tr>\n<tr>\n<th>Kompatybilny obw\u00f3d g\u0142owy<\/th>\n<td>od 56 do 58 cm (22-22,8 cala)<\/td>\n<\/tr>\n<tr>\n<th>Moc znamionowa<\/th>\n<td>STC12 W ( \u00b11 W)<\/td>\n<\/tr>\n<tr>\n<th>Technologia ogniw<\/th>\n<td>Monokrystaliczny krzem (technologia PERC), 23-24% wydajno\u015bci<\/td>\n<\/tr>\n<tr>\n<th>Napi\u0119cie obwodu otwartego<\/th>\n<td>7,8 V<\/td>\n<\/tr>\n<tr>\n<th>Maksymalne napi\u0119cie robocze <\/th>\n<td>6 V<\/td>\n<\/tr>\n<tr>\n<th>Maksymalny pr\u0105d roboczy <\/th>\n<td>2 A<\/td>\n<\/tr>\n<tr>\n<th>Pr\u0105d zwarcia<\/th>\n<td>2,2 A<\/td>\n<\/tr>\n<tr>\n<th>Porty wyj\u015bciowe<\/th>\n<td>USB-A, USB-C<\/td>\n<\/tr>\n<tr>\n<th>Maksymalne wyj\u015bcie<\/th>\n<td>5 V\/2,4 A<\/td>\n<\/tr>\n<tr>\n<th>Waga<\/th>\n<td>370 g (13 oz)<\/td>\n<\/tr>\n<tr>\n<th>Wodoodporno\u015b\u0107<\/th>\n<td>IP65<\/td>\n<\/tr>\n<\/tbody>\n<\/table>\n<\/div>\n","protected":false},"excerpt":{"rendered":"<p>Kapelusz EcoFlow Power Hat (M-L) Zyskaj niezale\u017cno\u015b\u0107 energetyczn\u0105 w terenie. EcoFlow Power Hat to inteligentne nakrycie g\u0142owy, kt\u00f3re zapewnia ochron\u0119<\/p>\n","protected":false},"featured_media":39600,"comment_status":"closed","ping_status":"open","template":"","meta":{"_acf_changed":false},"product_brand":[],"product_cat":[6209,1108,1110],"product_tag":[],"class_list":{"0":"post-60225","1":"product","2":"type-product","3":"status-publish","4":"has-post-thumbnail","6":"product_cat-akcesoria-panele-fotowoltaiczne","7":"product_cat-energia","8":"product_cat-panele-fotowoltaiczne","9":"pa_okres-gwarancji-5757","10":"pa_producent-ecoflow","12":"first","13":"outofstock","14":"taxable","15":"shipping-taxable","16":"purchasable","17":"product-type-simple"},"acf":[],"yoast_head":"<!-- This site is optimized with the Yoast SEO plugin v27.2 - https:\/\/yoast.com\/product\/yoast-seo-wordpress\/ -->\n<title>Kapelusz solarny ECOFLOW Power Hat 12W rozmiar M-L - IRONSKY.PL Sklep z Dronami<\/title>\n<meta name=\"description\" content=\"Kapelusz solarny ECOFLOW Power Hat 12W rozmiar M-L - \u2705 sklep z dronami i fachowym doradztwem. \u2705 Tutaj kupisz produkty DJI, Yuneec, Parrot, Syma i wiele innych, a tak\u017ce kursy i licencje na operatora drona.\" \/>\n<meta name=\"robots\" content=\"index, follow, max-snippet:-1, max-image-preview:large, max-video-preview:-1\" \/>\n<link rel=\"canonical\" href=\"https:\/\/ironsky.pl\/sklep\/produkt\/kapelusz-solarny-ecoflow-power-hat-12w-rozmiar-m-l\/\" \/>\n<meta property=\"og:locale\" content=\"pl_PL\" \/>\n<meta property=\"og:type\" content=\"article\" \/>\n<meta property=\"og:title\" content=\"Kapelusz solarny ECOFLOW Power Hat 12W rozmiar M-L - IRONSKY.PL Sklep z Dronami\" \/>\n<meta property=\"og:description\" content=\"Kapelusz solarny ECOFLOW Power Hat 12W rozmiar M-L - \u2705 sklep z dronami i fachowym doradztwem. \u2705 Tutaj kupisz produkty DJI, Yuneec, Parrot, Syma i wiele innych, a tak\u017ce kursy i licencje na operatora drona.\" \/>\n<meta property=\"og:url\" content=\"https:\/\/ironsky.pl\/sklep\/produkt\/kapelusz-solarny-ecoflow-power-hat-12w-rozmiar-m-l\/\" \/>\n<meta property=\"og:site_name\" content=\"IRONSKY.PL Sklep z Dronami\" \/>\n<meta property=\"article:modified_time\" content=\"2026-04-15T08:58:13+00:00\" \/>\n<meta property=\"og:image\" content=\"https:\/\/ironsky.pl\/sklep\/wp-content\/uploads\/2025\/04\/50699_1.jpg\" \/>\n\t<meta property=\"og:image:width\" content=\"800\" \/>\n\t<meta property=\"og:image:height\" content=\"800\" \/>\n\t<meta property=\"og:image:type\" content=\"image\/jpeg\" \/>\n<meta name=\"twitter:card\" content=\"summary_large_image\" \/>\n<meta name=\"twitter:label1\" content=\"Szacowany czas czytania\" \/>\n\t<meta name=\"twitter:data1\" content=\"2 minuty\" \/>\n<script type=\"application\/ld+json\" class=\"yoast-schema-graph\">{\"@context\":\"https:\/\/schema.org\",\"@graph\":[{\"@type\":\"WebPage\",\"@id\":\"https:\/\/ironsky.pl\/sklep\/produkt\/kapelusz-solarny-ecoflow-power-hat-12w-rozmiar-m-l\/\",\"url\":\"https:\/\/ironsky.pl\/sklep\/produkt\/kapelusz-solarny-ecoflow-power-hat-12w-rozmiar-m-l\/\",\"name\":\"Kapelusz solarny ECOFLOW Power Hat 12W rozmiar M-L - IRONSKY.PL Sklep z Dronami\",\"isPartOf\":{\"@id\":\"https:\/\/ironsky.pl\/sklep\/#website\"},\"primaryImageOfPage\":{\"@id\":\"https:\/\/ironsky.pl\/sklep\/produkt\/kapelusz-solarny-ecoflow-power-hat-12w-rozmiar-m-l\/#primaryimage\"},\"image\":{\"@id\":\"https:\/\/ironsky.pl\/sklep\/produkt\/kapelusz-solarny-ecoflow-power-hat-12w-rozmiar-m-l\/#primaryimage\"},\"thumbnailUrl\":\"https:\/\/ironsky.pl\/sklep\/wp-content\/uploads\/2025\/04\/50699_1.jpg\",\"datePublished\":\"2026-04-15T08:57:52+00:00\",\"dateModified\":\"2026-04-15T08:58:13+00:00\",\"description\":\"Kapelusz solarny ECOFLOW Power Hat 12W rozmiar M-L - \u2705 sklep z dronami i fachowym doradztwem. \u2705 Tutaj kupisz produkty DJI, Yuneec, Parrot, Syma i wiele innych, a tak\u017ce kursy i licencje na operatora drona.\",\"breadcrumb\":{\"@id\":\"https:\/\/ironsky.pl\/sklep\/produkt\/kapelusz-solarny-ecoflow-power-hat-12w-rozmiar-m-l\/#breadcrumb\"},\"inLanguage\":\"pl-PL\",\"potentialAction\":[{\"@type\":\"ReadAction\",\"target\":[\"https:\/\/ironsky.pl\/sklep\/produkt\/kapelusz-solarny-ecoflow-power-hat-12w-rozmiar-m-l\/\"]}]},{\"@type\":\"ImageObject\",\"inLanguage\":\"pl-PL\",\"@id\":\"https:\/\/ironsky.pl\/sklep\/produkt\/kapelusz-solarny-ecoflow-power-hat-12w-rozmiar-m-l\/#primaryimage\",\"url\":\"https:\/\/ironsky.pl\/sklep\/wp-content\/uploads\/2025\/04\/50699_1.jpg\",\"contentUrl\":\"https:\/\/ironsky.pl\/sklep\/wp-content\/uploads\/2025\/04\/50699_1.jpg\",\"width\":800,\"height\":800},{\"@type\":\"BreadcrumbList\",\"@id\":\"https:\/\/ironsky.pl\/sklep\/produkt\/kapelusz-solarny-ecoflow-power-hat-12w-rozmiar-m-l\/#breadcrumb\",\"itemListElement\":[{\"@type\":\"ListItem\",\"position\":1,\"name\":\"Strona g\u0142\u00f3wna\",\"item\":\"https:\/\/ironsky.pl\/sklep\/\"},{\"@type\":\"ListItem\",\"position\":2,\"name\":\"Wszystkie produkty\",\"item\":\"https:\/\/ironsky.pl\/sklep\/produkty\/\"},{\"@type\":\"ListItem\",\"position\":3,\"name\":\"Kapelusz solarny ECOFLOW Power Hat 12W rozmiar M-L\"}]},{\"@type\":\"WebSite\",\"@id\":\"https:\/\/ironsky.pl\/sklep\/#website\",\"url\":\"https:\/\/ironsky.pl\/sklep\/\",\"name\":\"IRONSKY.PL Sklep z Dronami\",\"description\":\"IRONSKY.PL Sklep z Dronami\",\"potentialAction\":[{\"@type\":\"SearchAction\",\"target\":{\"@type\":\"EntryPoint\",\"urlTemplate\":\"https:\/\/ironsky.pl\/sklep\/?s={search_term_string}\"},\"query-input\":{\"@type\":\"PropertyValueSpecification\",\"valueRequired\":true,\"valueName\":\"search_term_string\"}}],\"inLanguage\":\"pl-PL\"}]}<\/script>\n<!-- \/ Yoast SEO plugin. -->","yoast_head_json":{"title":"Kapelusz solarny ECOFLOW Power Hat 12W rozmiar M-L - IRONSKY.PL Sklep z Dronami","description":"Kapelusz solarny ECOFLOW Power Hat 12W rozmiar M-L - \u2705 sklep z dronami i fachowym doradztwem. \u2705 Tutaj kupisz produkty DJI, Yuneec, Parrot, Syma i wiele innych, a tak\u017ce kursy i licencje na operatora drona.","robots":{"index":"index","follow":"follow","max-snippet":"max-snippet:-1","max-image-preview":"max-image-preview:large","max-video-preview":"max-video-preview:-1"},"canonical":"https:\/\/ironsky.pl\/sklep\/produkt\/kapelusz-solarny-ecoflow-power-hat-12w-rozmiar-m-l\/","og_locale":"pl_PL","og_type":"article","og_title":"Kapelusz solarny ECOFLOW Power Hat 12W rozmiar M-L - IRONSKY.PL Sklep z Dronami","og_description":"Kapelusz solarny ECOFLOW Power Hat 12W rozmiar M-L - \u2705 sklep z dronami i fachowym doradztwem. \u2705 Tutaj kupisz produkty DJI, Yuneec, Parrot, Syma i wiele innych, a tak\u017ce kursy i licencje na operatora drona.","og_url":"https:\/\/ironsky.pl\/sklep\/produkt\/kapelusz-solarny-ecoflow-power-hat-12w-rozmiar-m-l\/","og_site_name":"IRONSKY.PL Sklep z Dronami","article_modified_time":"2026-04-15T08:58:13+00:00","og_image":[{"width":800,"height":800,"url":"https:\/\/ironsky.pl\/sklep\/wp-content\/uploads\/2025\/04\/50699_1.jpg","type":"image\/jpeg"}],"twitter_card":"summary_large_image","twitter_misc":{"Szacowany czas czytania":"2 minuty"},"schema":{"@context":"https:\/\/schema.org","@graph":[{"@type":"WebPage","@id":"https:\/\/ironsky.pl\/sklep\/produkt\/kapelusz-solarny-ecoflow-power-hat-12w-rozmiar-m-l\/","url":"https:\/\/ironsky.pl\/sklep\/produkt\/kapelusz-solarny-ecoflow-power-hat-12w-rozmiar-m-l\/","name":"Kapelusz solarny ECOFLOW Power Hat 12W rozmiar M-L - IRONSKY.PL Sklep z Dronami","isPartOf":{"@id":"https:\/\/ironsky.pl\/sklep\/#website"},"primaryImageOfPage":{"@id":"https:\/\/ironsky.pl\/sklep\/produkt\/kapelusz-solarny-ecoflow-power-hat-12w-rozmiar-m-l\/#primaryimage"},"image":{"@id":"https:\/\/ironsky.pl\/sklep\/produkt\/kapelusz-solarny-ecoflow-power-hat-12w-rozmiar-m-l\/#primaryimage"},"thumbnailUrl":"https:\/\/ironsky.pl\/sklep\/wp-content\/uploads\/2025\/04\/50699_1.jpg","datePublished":"2026-04-15T08:57:52+00:00","dateModified":"2026-04-15T08:58:13+00:00","description":"Kapelusz solarny ECOFLOW Power Hat 12W rozmiar M-L - \u2705 sklep z dronami i fachowym doradztwem. \u2705 Tutaj kupisz produkty DJI, Yuneec, Parrot, Syma i wiele innych, a tak\u017ce kursy i licencje na operatora drona.","breadcrumb":{"@id":"https:\/\/ironsky.pl\/sklep\/produkt\/kapelusz-solarny-ecoflow-power-hat-12w-rozmiar-m-l\/#breadcrumb"},"inLanguage":"pl-PL","potentialAction":[{"@type":"ReadAction","target":["https:\/\/ironsky.pl\/sklep\/produkt\/kapelusz-solarny-ecoflow-power-hat-12w-rozmiar-m-l\/"]}]},{"@type":"ImageObject","inLanguage":"pl-PL","@id":"https:\/\/ironsky.pl\/sklep\/produkt\/kapelusz-solarny-ecoflow-power-hat-12w-rozmiar-m-l\/#primaryimage","url":"https:\/\/ironsky.pl\/sklep\/wp-content\/uploads\/2025\/04\/50699_1.jpg","contentUrl":"https:\/\/ironsky.pl\/sklep\/wp-content\/uploads\/2025\/04\/50699_1.jpg","width":800,"height":800},{"@type":"BreadcrumbList","@id":"https:\/\/ironsky.pl\/sklep\/produkt\/kapelusz-solarny-ecoflow-power-hat-12w-rozmiar-m-l\/#breadcrumb","itemListElement":[{"@type":"ListItem","position":1,"name":"Strona g\u0142\u00f3wna","item":"https:\/\/ironsky.pl\/sklep\/"},{"@type":"ListItem","position":2,"name":"Wszystkie produkty","item":"https:\/\/ironsky.pl\/sklep\/produkty\/"},{"@type":"ListItem","position":3,"name":"Kapelusz solarny ECOFLOW Power Hat 12W rozmiar M-L"}]},{"@type":"WebSite","@id":"https:\/\/ironsky.pl\/sklep\/#website","url":"https:\/\/ironsky.pl\/sklep\/","name":"IRONSKY.PL Sklep z Dronami","description":"IRONSKY.PL Sklep z Dronami","potentialAction":[{"@type":"SearchAction","target":{"@type":"EntryPoint","urlTemplate":"https:\/\/ironsky.pl\/sklep\/?s={search_term_string}"},"query-input":{"@type":"PropertyValueSpecification","valueRequired":true,"valueName":"search_term_string"}}],"inLanguage":"pl-PL"}]}},"_links":{"self":[{"href":"https:\/\/ironsky.pl\/sklep\/wp-json\/wp\/v2\/product\/60225","targetHints":{"allow":["GET"]}}],"collection":[{"href":"https:\/\/ironsky.pl\/sklep\/wp-json\/wp\/v2\/product"}],"about":[{"href":"https:\/\/ironsky.pl\/sklep\/wp-json\/wp\/v2\/types\/product"}],"replies":[{"embeddable":true,"href":"https:\/\/ironsky.pl\/sklep\/wp-json\/wp\/v2\/comments?post=60225"}],"wp:featuredmedia":[{"embeddable":true,"href":"https:\/\/ironsky.pl\/sklep\/wp-json\/wp\/v2\/media\/39600"}],"wp:attachment":[{"href":"https:\/\/ironsky.pl\/sklep\/wp-json\/wp\/v2\/media?parent=60225"}],"wp:term":[{"taxonomy":"product_brand","embeddable":true,"href":"https:\/\/ironsky.pl\/sklep\/wp-json\/wp\/v2\/product_brand?post=60225"},{"taxonomy":"product_cat","embeddable":true,"href":"https:\/\/ironsky.pl\/sklep\/wp-json\/wp\/v2\/product_cat?post=60225"},{"taxonomy":"product_tag","embeddable":true,"href":"https:\/\/ironsky.pl\/sklep\/wp-json\/wp\/v2\/product_tag?post=60225"}],"curies":[{"name":"wp","href":"https:\/\/api.w.org\/{rel}","templated":true}]}}