{"id":60206,"date":"2026-04-15T10:57:52","date_gmt":"2026-04-15T08:57:52","guid":{"rendered":"https:\/\/ironsky.pl\/sklep\/produkt\/bateria-dji-power-2000-2048wh\/"},"modified":"2026-04-15T10:57:53","modified_gmt":"2026-04-15T08:57:53","slug":"bateria-dji-power-2000-2048wh","status":"publish","type":"product","link":"https:\/\/ironsky.pl\/sklep\/produkt\/bateria-dji-power-2000-2048wh\/","title":{"rendered":"Bateria DJI Power 2000 2048Wh"},"content":{"rendered":"<h3>Bateria DJI Power 2000<\/h3>\n<p>DJI Power 2000 to niezwykle wydajna bateria, kt\u00f3ra oferuje pot\u0119\u017cn\u0105 moc i elastyczno\u015b\u0107, co czyni j\u0105 idealn\u0105 do r\u00f3\u017cnorodnych zastosowa\u0144. Z jej pomoc\u0105 zasilisz swoje urz\u0105dzenia nawet w trudnych warunkach, a dzi\u0119ki \u0142atwej rozbudowie systemu o dodatkowe akumulatory, dostosujesz j\u0105 do w\u0142asnych potrzeb. Jest to doskona\u0142e rozwi\u0105zanie dla tych, kt\u00f3rzy szukaj\u0105 niezawodnej mocy na co dzie\u0144, w podr\u00f3\u017cy, lub w pracy w terenie.<\/p>\n<p>\n<img decoding=\"async\" src=\"https:\/\/assets.innpro.pl\/12823\/15578\/3.jpg\" border=\"0\" alt=\"\" \/>\n<\/p>\n<h3>Pot\u0119\u017cna pojemno\u015b\u0107, kompaktowy rozmiar<\/h3>\n<p>DJI Power 2000 to bateria, kt\u00f3ra \u0142\u0105czy ogromn\u0105 pojemno\u015b\u0107 z wygodnym rozmiarem. Z pojemno\u015bci\u0105 2048 Wh, jest wystarczaj\u0105co mocna, aby zasila\u0107 szerok\u0105 gam\u0119 urz\u0105dze\u0144, jednocze\u015bnie jej rozmiar jest por\u00f3wnywalny z bateri\u0105 DJI Power 1000 o pojemno\u015bci 1024 Wh. Dzi\u0119ki temu jest \u0142atwa do przechowywania, transportowania i \u0142\u0105czenia w zestawy, co sprawia, \u017ce jest idealnym rozwi\u0105zaniem zar\u00f3wno na wypady, jak i w codziennym u\u017cytkowaniu.<\/p>\n<p>\n<img decoding=\"async\" src=\"https:\/\/assets.innpro.pl\/12823\/15578\/1.jpg\" border=\"0\" alt=\"\" \/>\n<\/p>\n<h3>Elastyczne opcje rozbudowy<\/h3>\n<p>Bateria DJI Power 2000 oferuje pi\u0119\u0107 opcji rozbudowy, kt\u00f3re pozwalaj\u0105 na zwi\u0119kszenie jej pojemno\u015bci. Mo\u017cesz po\u0142\u0105czy\u0107 j\u0105 z jednostk\u0105 Power 1000 oraz do pi\u0119ciu dodatkowych akumulator\u00f3w, tworz\u0105c zestaw o pojemno\u015bci od 3072 Wh a\u017c do 11264 Wh. To elastyczne podej\u015bcie pozwala dostosowa\u0107 zapotrzebowanie na energi\u0119 do w\u0142asnych potrzeb, zapewniaj\u0105c niezawodn\u0105 moc w ka\u017cdej sytuacji.<\/p>\n<p>\n<img decoding=\"async\" src=\"https:\/\/assets.innpro.pl\/12823\/15578\/2.jpg\" border=\"0\" alt=\"\" \/>\n<\/p>\n<h3>Pot\u0119\u017cna moc wyj\u015bciowa<\/h3>\n<p>Z po\u0142\u0105czeniem z bateri\u0105 DJI Power 1000, DJI Power 2000 oferuje sta\u0142\u0105 moc wyj\u015bciow\u0105 na poziomie 2400 W, co zapewnia bezproblemowe zasilanie nawet najbardziej wymagaj\u0105cych urz\u0105dze\u0144. Dodatkowo gwarantuje maksymaln\u0105 moc wyj\u015bciow\u0105 do nawet 2600 W przez 15 minut, co pozwala na bezwysi\u0142kowe zasilanie a\u017c 99% urz\u0105dze\u0144 codziennego u\u017cytku. Tak wysoka moc gwarantuje, \u017ce nigdy nie zabraknie Ci energii. Dodatkowo z DJI Power 1000, model DJI Power 2000 \u0142adowany jest z moc\u0105 1950 W, co pozwala na na\u0142adowanie go do 1024 Wh w zaledwie 36 minut.<\/p>\n<p>\n<img decoding=\"async\" src=\"https:\/\/assets.innpro.pl\/12823\/15578\/5.jpg\" border=\"0\" alt=\"\" \/>\n<\/p>\n<h3>Przemy\u015blana konstrukcja i \u0142atwo\u015b\u0107 w u\u017cytkowaniu<\/h3>\n<p>DJI Power 2000 zosta\u0142a zaprojektowana z my\u015bl\u0105 o wygodzie u\u017cytkowania. Porty, przyciski i ekran znajduj\u0105 si\u0119 na froncie urz\u0105dzenia, co sprawia, \u017ce jest ono intuicyjne w obs\u0142udze. Dodatkowo z obu stron oraz z ty\u0142u znajduj\u0105 si\u0119 otwory gwintowane 1\/4&#8243;, co u\u0142atwia monta\u017c oraz zabezpieczenie urz\u0105dzenia, zapewniaj\u0105c jego stabilno\u015b\u0107 i bezpieczne u\u017cytkowanie w ka\u017cdych warunkach.<\/p>\n<p>\n<img decoding=\"async\" src=\"https:\/\/assets.innpro.pl\/12823\/15578\/4.jpg\" border=\"0\" alt=\"\" \/>\n<\/p>\n<h3>Bezpiecze\u0144stwo i trwa\u0142o\u015b\u0107 na najwy\u017cszym poziomie<\/h3>\n<p>Bateria DJI Power 2000 zosta\u0142a wyposa\u017cona w nowoczesny system zarz\u0105dzania energi\u0105, kt\u00f3ry zapewnia a\u017c 4000 cykli \u0142adowania. Dzi\u0119ki zastosowaniu innowacyjnej sub-nano pow\u0142oki ochronnej akumulator jest odporny na dzia\u0142anie deszczu, kondensacji czy mg\u0142y solnej, co czyni go idealnym rozwi\u0105zaniem do pracy w trudnych warunkach atmosferycznych.\u00a0<\/p>\n<p>\n<img decoding=\"async\" src=\"https:\/\/assets.innpro.pl\/12823\/15578\/7.jpg\" border=\"0\" alt=\"\" \/>\n<\/p>\n<h3>Wymagania i kompatybilno\u015b\u0107<\/h3>\n<p>Aby skorzysta\u0107 z pe\u0142ni mo\u017cliwo\u015bci baterii DJI Power 2000, nale\u017cy u\u017cywa\u0107 jej razem z jednostk\u0105 DJI Power 1000. Je\u015bli jeste\u015b w posiadaniu Power 1000, przed pierwszym u\u017cyciem akumulatora nale\u017cy zaktualizowa\u0107 oprogramowanie stacji roboczej za pomoc\u0105 aplikacji DJI Assistant 2, aby uzyska\u0107 pe\u0142n\u0105 kompatybilno\u015b\u0107 z akumulatorem.<\/p>\n<p>\n<img decoding=\"async\" src=\"https:\/\/assets.innpro.pl\/12823\/15578\/8.jpg\" border=\"0\" alt=\"\" \/>\n<\/p>\n<h3>W zestawie<\/h3>\n<ul class=\"list-disc pl-5\">\n<li>bateria DJI Power 2000<\/li>\n<li>kabel rozszerzaj\u0105cy do baterii DJI Power 2000<\/li>\n<\/ul>\n<div class=\"table-wrapper\">\n<p>\u00a0<\/p>\n<h3><\/h3>\n<table>\n<tbody>\n<tr>\n<th>Producent<\/th>\n<td>DJI<\/td>\n<\/tr>\n<tr>\n<th>Model<\/th>\n<td>Power 2000<\/td>\n<\/tr>\n<tr>\n<th>Pojemno\u015b\u0107<\/th>\n<td>2048 Wh, 23,5 L<\/td>\n<\/tr>\n<tr>\n<th>Opcje rozbudowy<\/th>\n<td>Mo\u017cliwo\u015b\u0107 pod\u0142\u0105czenia do DJI Power 1000 oraz do pi\u0119ciu baterii o pojemno\u015bci 3072 Wh, 5120 Wh, 7168 Wh, 9216 Wh, oraz 11264 Wh<\/td>\n<\/tr>\n<tr>\n<th>Moc wyj\u015bciowa<\/th>\n<td>2400 W (max. 2600 W przez 15 minut)<\/td>\n<\/tr>\n<tr>\n<th>Zabezpieczenia<\/th>\n<td>Pow\u0142oka ochronna sub-nano<\/td>\n<\/tr>\n<tr>\n<th>Szybkie \u0142adowanie<\/th>\n<td>Obs\u0142ugiwane<\/td>\n<\/tr>\n<tr>\n<th>Moc \u0142adowania<\/th>\n<td>1950 W<\/td>\n<\/tr>\n<tr>\n<th>Aplikacja<\/th>\n<td>DJI Assistant 2<\/td>\n<\/tr>\n<tr>\n<th>Temperatura otoczenia<\/th>\n<td>25\u00b0C<\/td>\n<\/tr>\n<\/tbody>\n<\/table>\n<\/div>\n","protected":false},"excerpt":{"rendered":"<p>Bateria DJI Power 2000 DJI Power 2000 to niezwykle wydajna bateria, kt\u00f3ra oferuje pot\u0119\u017cn\u0105 moc i elastyczno\u015b\u0107, co czyni j\u0105<\/p>\n","protected":false},"featured_media":47645,"comment_status":"closed","ping_status":"open","template":"","meta":{"_acf_changed":false},"product_brand":[],"product_cat":[6167,6170,1088],"product_tag":[],"class_list":{"0":"post-60206","1":"product","2":"type-product","3":"status-publish","4":"has-post-thumbnail","6":"product_cat-akcesoria-do-dronow","7":"product_cat-dji-akcesoria-do-dronow","8":"product_cat-drony","9":"pa_okres-gwarancji-5757","10":"pa_producent-dji","12":"first","13":"outofstock","14":"taxable","15":"shipping-taxable","16":"purchasable","17":"product-type-simple"},"acf":[],"yoast_head":"<!-- This site is optimized with the Yoast SEO plugin v27.2 - https:\/\/yoast.com\/product\/yoast-seo-wordpress\/ -->\n<title>Bateria DJI Power 2000 2048Wh - IRONSKY.PL Sklep z Dronami<\/title>\n<meta name=\"description\" content=\"Bateria DJI Power 2000 2048Wh - \u2705 sklep z dronami i fachowym doradztwem. \u2705 Tutaj kupisz produkty DJI, Yuneec, Parrot, Syma i wiele innych, a tak\u017ce kursy i licencje na operatora drona.\" \/>\n<meta name=\"robots\" content=\"index, follow, max-snippet:-1, max-image-preview:large, max-video-preview:-1\" \/>\n<link rel=\"canonical\" href=\"https:\/\/ironsky.pl\/sklep\/produkt\/bateria-dji-power-2000-2048wh\/\" \/>\n<meta property=\"og:locale\" content=\"pl_PL\" \/>\n<meta property=\"og:type\" content=\"article\" \/>\n<meta property=\"og:title\" content=\"Bateria DJI Power 2000 2048Wh - IRONSKY.PL Sklep z Dronami\" \/>\n<meta property=\"og:description\" content=\"Bateria DJI Power 2000 2048Wh - \u2705 sklep z dronami i fachowym doradztwem. \u2705 Tutaj kupisz produkty DJI, Yuneec, Parrot, Syma i wiele innych, a tak\u017ce kursy i licencje na operatora drona.\" \/>\n<meta property=\"og:url\" content=\"https:\/\/ironsky.pl\/sklep\/produkt\/bateria-dji-power-2000-2048wh\/\" \/>\n<meta property=\"og:site_name\" content=\"IRONSKY.PL Sklep z Dronami\" \/>\n<meta property=\"article:modified_time\" content=\"2026-04-15T08:57:53+00:00\" \/>\n<meta property=\"og:image\" content=\"https:\/\/ironsky.pl\/sklep\/wp-content\/uploads\/2025\/06\/50490_7.jpg\" \/>\n\t<meta property=\"og:image:width\" content=\"800\" \/>\n\t<meta property=\"og:image:height\" content=\"800\" \/>\n\t<meta property=\"og:image:type\" content=\"image\/jpeg\" \/>\n<meta name=\"twitter:card\" content=\"summary_large_image\" \/>\n<meta name=\"twitter:label1\" content=\"Szacowany czas czytania\" \/>\n\t<meta name=\"twitter:data1\" content=\"3 minuty\" \/>\n<script type=\"application\/ld+json\" class=\"yoast-schema-graph\">{\"@context\":\"https:\/\/schema.org\",\"@graph\":[{\"@type\":\"WebPage\",\"@id\":\"https:\/\/ironsky.pl\/sklep\/produkt\/bateria-dji-power-2000-2048wh\/\",\"url\":\"https:\/\/ironsky.pl\/sklep\/produkt\/bateria-dji-power-2000-2048wh\/\",\"name\":\"Bateria DJI Power 2000 2048Wh - IRONSKY.PL Sklep z Dronami\",\"isPartOf\":{\"@id\":\"https:\/\/ironsky.pl\/sklep\/#website\"},\"primaryImageOfPage\":{\"@id\":\"https:\/\/ironsky.pl\/sklep\/produkt\/bateria-dji-power-2000-2048wh\/#primaryimage\"},\"image\":{\"@id\":\"https:\/\/ironsky.pl\/sklep\/produkt\/bateria-dji-power-2000-2048wh\/#primaryimage\"},\"thumbnailUrl\":\"https:\/\/ironsky.pl\/sklep\/wp-content\/uploads\/2025\/06\/50490_7.jpg\",\"datePublished\":\"2026-04-15T08:57:52+00:00\",\"dateModified\":\"2026-04-15T08:57:53+00:00\",\"description\":\"Bateria DJI Power 2000 2048Wh - \u2705 sklep z dronami i fachowym doradztwem. \u2705 Tutaj kupisz produkty DJI, Yuneec, Parrot, Syma i wiele innych, a tak\u017ce kursy i licencje na operatora drona.\",\"breadcrumb\":{\"@id\":\"https:\/\/ironsky.pl\/sklep\/produkt\/bateria-dji-power-2000-2048wh\/#breadcrumb\"},\"inLanguage\":\"pl-PL\",\"potentialAction\":[{\"@type\":\"ReadAction\",\"target\":[\"https:\/\/ironsky.pl\/sklep\/produkt\/bateria-dji-power-2000-2048wh\/\"]}]},{\"@type\":\"ImageObject\",\"inLanguage\":\"pl-PL\",\"@id\":\"https:\/\/ironsky.pl\/sklep\/produkt\/bateria-dji-power-2000-2048wh\/#primaryimage\",\"url\":\"https:\/\/ironsky.pl\/sklep\/wp-content\/uploads\/2025\/06\/50490_7.jpg\",\"contentUrl\":\"https:\/\/ironsky.pl\/sklep\/wp-content\/uploads\/2025\/06\/50490_7.jpg\",\"width\":800,\"height\":800},{\"@type\":\"BreadcrumbList\",\"@id\":\"https:\/\/ironsky.pl\/sklep\/produkt\/bateria-dji-power-2000-2048wh\/#breadcrumb\",\"itemListElement\":[{\"@type\":\"ListItem\",\"position\":1,\"name\":\"Strona g\u0142\u00f3wna\",\"item\":\"https:\/\/ironsky.pl\/sklep\/\"},{\"@type\":\"ListItem\",\"position\":2,\"name\":\"Wszystkie produkty\",\"item\":\"https:\/\/ironsky.pl\/sklep\/produkty\/\"},{\"@type\":\"ListItem\",\"position\":3,\"name\":\"Bateria DJI Power 2000 2048Wh\"}]},{\"@type\":\"WebSite\",\"@id\":\"https:\/\/ironsky.pl\/sklep\/#website\",\"url\":\"https:\/\/ironsky.pl\/sklep\/\",\"name\":\"IRONSKY.PL Sklep z Dronami\",\"description\":\"IRONSKY.PL Sklep z Dronami\",\"potentialAction\":[{\"@type\":\"SearchAction\",\"target\":{\"@type\":\"EntryPoint\",\"urlTemplate\":\"https:\/\/ironsky.pl\/sklep\/?s={search_term_string}\"},\"query-input\":{\"@type\":\"PropertyValueSpecification\",\"valueRequired\":true,\"valueName\":\"search_term_string\"}}],\"inLanguage\":\"pl-PL\"}]}<\/script>\n<!-- \/ Yoast SEO plugin. -->","yoast_head_json":{"title":"Bateria DJI Power 2000 2048Wh - IRONSKY.PL Sklep z Dronami","description":"Bateria DJI Power 2000 2048Wh - \u2705 sklep z dronami i fachowym doradztwem. \u2705 Tutaj kupisz produkty DJI, Yuneec, Parrot, Syma i wiele innych, a tak\u017ce kursy i licencje na operatora drona.","robots":{"index":"index","follow":"follow","max-snippet":"max-snippet:-1","max-image-preview":"max-image-preview:large","max-video-preview":"max-video-preview:-1"},"canonical":"https:\/\/ironsky.pl\/sklep\/produkt\/bateria-dji-power-2000-2048wh\/","og_locale":"pl_PL","og_type":"article","og_title":"Bateria DJI Power 2000 2048Wh - IRONSKY.PL Sklep z Dronami","og_description":"Bateria DJI Power 2000 2048Wh - \u2705 sklep z dronami i fachowym doradztwem. \u2705 Tutaj kupisz produkty DJI, Yuneec, Parrot, Syma i wiele innych, a tak\u017ce kursy i licencje na operatora drona.","og_url":"https:\/\/ironsky.pl\/sklep\/produkt\/bateria-dji-power-2000-2048wh\/","og_site_name":"IRONSKY.PL Sklep z Dronami","article_modified_time":"2026-04-15T08:57:53+00:00","og_image":[{"width":800,"height":800,"url":"https:\/\/ironsky.pl\/sklep\/wp-content\/uploads\/2025\/06\/50490_7.jpg","type":"image\/jpeg"}],"twitter_card":"summary_large_image","twitter_misc":{"Szacowany czas czytania":"3 minuty"},"schema":{"@context":"https:\/\/schema.org","@graph":[{"@type":"WebPage","@id":"https:\/\/ironsky.pl\/sklep\/produkt\/bateria-dji-power-2000-2048wh\/","url":"https:\/\/ironsky.pl\/sklep\/produkt\/bateria-dji-power-2000-2048wh\/","name":"Bateria DJI Power 2000 2048Wh - IRONSKY.PL Sklep z Dronami","isPartOf":{"@id":"https:\/\/ironsky.pl\/sklep\/#website"},"primaryImageOfPage":{"@id":"https:\/\/ironsky.pl\/sklep\/produkt\/bateria-dji-power-2000-2048wh\/#primaryimage"},"image":{"@id":"https:\/\/ironsky.pl\/sklep\/produkt\/bateria-dji-power-2000-2048wh\/#primaryimage"},"thumbnailUrl":"https:\/\/ironsky.pl\/sklep\/wp-content\/uploads\/2025\/06\/50490_7.jpg","datePublished":"2026-04-15T08:57:52+00:00","dateModified":"2026-04-15T08:57:53+00:00","description":"Bateria DJI Power 2000 2048Wh - \u2705 sklep z dronami i fachowym doradztwem. \u2705 Tutaj kupisz produkty DJI, Yuneec, Parrot, Syma i wiele innych, a tak\u017ce kursy i licencje na operatora drona.","breadcrumb":{"@id":"https:\/\/ironsky.pl\/sklep\/produkt\/bateria-dji-power-2000-2048wh\/#breadcrumb"},"inLanguage":"pl-PL","potentialAction":[{"@type":"ReadAction","target":["https:\/\/ironsky.pl\/sklep\/produkt\/bateria-dji-power-2000-2048wh\/"]}]},{"@type":"ImageObject","inLanguage":"pl-PL","@id":"https:\/\/ironsky.pl\/sklep\/produkt\/bateria-dji-power-2000-2048wh\/#primaryimage","url":"https:\/\/ironsky.pl\/sklep\/wp-content\/uploads\/2025\/06\/50490_7.jpg","contentUrl":"https:\/\/ironsky.pl\/sklep\/wp-content\/uploads\/2025\/06\/50490_7.jpg","width":800,"height":800},{"@type":"BreadcrumbList","@id":"https:\/\/ironsky.pl\/sklep\/produkt\/bateria-dji-power-2000-2048wh\/#breadcrumb","itemListElement":[{"@type":"ListItem","position":1,"name":"Strona g\u0142\u00f3wna","item":"https:\/\/ironsky.pl\/sklep\/"},{"@type":"ListItem","position":2,"name":"Wszystkie produkty","item":"https:\/\/ironsky.pl\/sklep\/produkty\/"},{"@type":"ListItem","position":3,"name":"Bateria DJI Power 2000 2048Wh"}]},{"@type":"WebSite","@id":"https:\/\/ironsky.pl\/sklep\/#website","url":"https:\/\/ironsky.pl\/sklep\/","name":"IRONSKY.PL Sklep z Dronami","description":"IRONSKY.PL Sklep z Dronami","potentialAction":[{"@type":"SearchAction","target":{"@type":"EntryPoint","urlTemplate":"https:\/\/ironsky.pl\/sklep\/?s={search_term_string}"},"query-input":{"@type":"PropertyValueSpecification","valueRequired":true,"valueName":"search_term_string"}}],"inLanguage":"pl-PL"}]}},"_links":{"self":[{"href":"https:\/\/ironsky.pl\/sklep\/wp-json\/wp\/v2\/product\/60206","targetHints":{"allow":["GET"]}}],"collection":[{"href":"https:\/\/ironsky.pl\/sklep\/wp-json\/wp\/v2\/product"}],"about":[{"href":"https:\/\/ironsky.pl\/sklep\/wp-json\/wp\/v2\/types\/product"}],"replies":[{"embeddable":true,"href":"https:\/\/ironsky.pl\/sklep\/wp-json\/wp\/v2\/comments?post=60206"}],"wp:featuredmedia":[{"embeddable":true,"href":"https:\/\/ironsky.pl\/sklep\/wp-json\/wp\/v2\/media\/47645"}],"wp:attachment":[{"href":"https:\/\/ironsky.pl\/sklep\/wp-json\/wp\/v2\/media?parent=60206"}],"wp:term":[{"taxonomy":"product_brand","embeddable":true,"href":"https:\/\/ironsky.pl\/sklep\/wp-json\/wp\/v2\/product_brand?post=60206"},{"taxonomy":"product_cat","embeddable":true,"href":"https:\/\/ironsky.pl\/sklep\/wp-json\/wp\/v2\/product_cat?post=60206"},{"taxonomy":"product_tag","embeddable":true,"href":"https:\/\/ironsky.pl\/sklep\/wp-json\/wp\/v2\/product_tag?post=60206"}],"curies":[{"name":"wp","href":"https:\/\/api.w.org\/{rel}","templated":true}]}}