{"id":60201,"date":"2026-04-15T10:57:26","date_gmt":"2026-04-15T08:57:26","guid":{"rendered":"https:\/\/ironsky.pl\/sklep\/produkt\/etui-sunnylife-fp-b958-c-dji-flip-pomaranczowe\/"},"modified":"2026-04-15T10:57:46","modified_gmt":"2026-04-15T08:57:46","slug":"etui-sunnylife-fp-b958-c-dji-flip-pomaranczowe","status":"publish","type":"product","link":"https:\/\/ironsky.pl\/sklep\/produkt\/etui-sunnylife-fp-b958-c-dji-flip-pomaranczowe\/","title":{"rendered":"Etui SUNNYLIFE FP-B958-C DJI Flip (pomara\u0144czowe)"},"content":{"rendered":"<h3>Etui Sunnylife FP-B958-C do DJI Flip (pomara\u0144czowe)<\/h3>\n<p>Etui Sunnylife FP-B958-C do DJI Flip to doskona\u0142e rozwi\u0105zanie dla os\u00f3b, kt\u00f3re szukaj\u0105 funkcjonalnego, bezpiecznego i stylowego sposobu przechowywania swojego sprz\u0119tu. Dzi\u0119ki po\u0142\u0105czeniu wysokiej jako\u015bci materia\u0142\u00f3w du\u017cej pojemno\u015bci oraz praktycznemu designowi jest to produkt, kt\u00f3ry z pewno\u015bci\u0105 spe\u0142ni oczekiwania ka\u017cdego u\u017cytkownika. Wybierz etui, kt\u00f3re zapewni Ci pe\u0142n\u0105 ochron\u0119 i komfort transportu \u2013 niezale\u017cnie od warunk\u00f3w.<\/p>\n<p>\n<img decoding=\"async\" src=\"https:\/\/assets.innpro.pl\/12746\/15449\/2.jpg\" border=\"0\" alt=\"\" \/>\n<\/p>\n<h3>Wielofunkcyjno\u015b\u0107 i pojemno\u015b\u0107<\/h3>\n<p>Etui jest zaprojektowane tak, aby pomie\u015bci\u0107 wszystkie kluczowe akcesoria, kt\u00f3rych potrzebujesz do pracy z DJI Flip. Wyj\u0105tkowy system przechowywania umo\u017cliwia bezpieczne umieszczenie \u0142adowarki, zapasowych \u015bmigie\u0142, \u015brubokr\u0119tu oraz kabli \u0142aduj\u0105cych. Dodatkowo wbudowana cz\u0119\u015b\u0107 umo\u017cliwia przechowywanie kontrolera, kompatybilnego z RC 2 lub RC-N3, a tak\u017ce oryginalnej os\u0142ony gimbala. Etui posiada tak\u017ce miejsce na hub do \u0142adowania sprz\u0119tu, w kt\u00f3rym mo\u017cesz przechowywa\u0107 a\u017c pi\u0119\u0107 akumulator\u00f3w \u2013 jeden w dronie i cztery w hubie.<\/p>\n<p>\n<img decoding=\"async\" src=\"https:\/\/assets.innpro.pl\/12746\/15449\/3.jpg\" border=\"0\" alt=\"\" \/>\n<\/p>\n<h3>Ochrona na najwy\u017cszym poziomie<\/h3>\n<p>Wykonane z wysokiej jako\u015bci matowej sk\u00f3ry PU, etui jest wodoodporne, odporne na wilgo\u0107 oraz kurz, co zapewnia d\u0142ugotrwa\u0142\u0105 ochron\u0119 sprz\u0119tu w trudnych warunkach. Twarda obudowa w technologii wstrz\u0105soodpornej skutecznie chroni DJI Flip i akcesoria przed uszkodzeniami mechanicznymi. Wewn\u0119trzna, starannie formowana wy\u015bci\u00f3\u0142ka jest mi\u0119kka i amortyzuje wszelkie wstrz\u0105sy, co dodatkowo zapewnia bezpiecze\u0144stwo Twojego sprz\u0119tu.<\/p>\n<p>\n<img decoding=\"async\" src=\"https:\/\/assets.innpro.pl\/12746\/15449\/5.jpg\" border=\"0\" alt=\"\" \/>\n<\/p>\n<h3>Wygoda w codziennym u\u017cytkowaniu<\/h3>\n<p>Etui Sunnylife FP-B958-C nie tylko chroni, ale tak\u017ce zapewnia wygod\u0119 codziennego u\u017cytkowania. Dzi\u0119ki por\u0119cznemu uchwytowi etui mo\u017ce by\u0107 u\u017cywane zar\u00f3wno jako torba na rami\u0119, jak i torba podr\u0119czna. Zamek b\u0142yskawiczny i siatkowa kiesze\u0144 wewn\u0119trzna to dodatkowe udogodnienia, kt\u00f3re pozwalaj\u0105 na przechowywanie drobnych akcesori\u00f3w, takich jak zapasowe \u015bmig\u0142a czy kabel \u0142aduj\u0105cy.<\/p>\n<p>\n<img decoding=\"async\" src=\"https:\/\/assets.innpro.pl\/12746\/15449\/6.jpg\" border=\"0\" alt=\"\" \/>\n<\/p>\n<h3>W zestawie<\/h3>\n<ul class=\"list-disc pl-5\">\n<li>etui Sunnylife<\/li>\n<li>pasek na rami\u0119<\/li>\n<\/ul>\n<div class=\"table-wrapper\">\n<p>\u00a0<\/p>\n<h3><\/h3>\n<table>\n<tbody>\n<tr>\n<th>Producent<\/th>\n<td>Sunnylife <\/td>\n<\/tr>\n<tr>\n<th>Model<\/th>\n<td>FP-B958<\/td>\n<\/tr>\n<tr>\n<th>Kompatybilne urz\u0105dzenia<\/th>\n<td>DJI Flip<\/td>\n<\/tr>\n<tr>\n<th>Materia\u0142 wykonania<\/th>\n<td>Sk\u00f3ra PU, materia\u0142 EVA<\/td>\n<\/tr>\n<tr>\n<th>Waga<\/th>\n<td>629 g<\/td>\n<\/tr>\n<tr>\n<th>Wymiary<\/th>\n<td>315 x 270 x 82 mm<\/td>\n<\/tr>\n<tr>\n<th>Kolor<\/th>\n<td>Pomara\u0144czowy<\/td>\n<\/tr>\n<tr>\n<th>Zabezpieczenia<\/th>\n<td>Odporno\u015b\u0107 na wstrz\u0105sy, wod\u0119, wilgo\u0107 i py\u0142<\/td>\n<\/tr>\n<\/tbody>\n<\/table>\n<\/div>\n","protected":false},"excerpt":{"rendered":"<p>Etui Sunnylife FP-B958-C do DJI Flip (pomara\u0144czowe) Etui Sunnylife FP-B958-C do DJI Flip to doskona\u0142e rozwi\u0105zanie dla os\u00f3b, kt\u00f3re szukaj\u0105<\/p>\n","protected":false},"featured_media":40184,"comment_status":"closed","ping_status":"open","template":"","meta":{"_acf_changed":false},"product_brand":[],"product_cat":[6167,1088,6171],"product_tag":[],"class_list":{"0":"post-60201","1":"product","2":"type-product","3":"status-publish","4":"has-post-thumbnail","6":"product_cat-akcesoria-do-dronow","7":"product_cat-drony","8":"product_cat-torby-i-walizki","9":"pa_okres-gwarancji-5754","10":"pa_producent-sunnylife","12":"first","13":"outofstock","14":"taxable","15":"shipping-taxable","16":"purchasable","17":"product-type-simple"},"acf":[],"yoast_head":"<!-- This site is optimized with the Yoast SEO plugin v27.2 - https:\/\/yoast.com\/product\/yoast-seo-wordpress\/ -->\n<title>Etui SUNNYLIFE FP-B958-C DJI Flip (pomara\u0144czowe) - IRONSKY.PL Sklep z Dronami<\/title>\n<meta name=\"description\" content=\"Etui SUNNYLIFE FP-B958-C DJI Flip (pomara\u0144czowe) - \u2705 sklep z dronami i fachowym doradztwem. \u2705 Tutaj kupisz produkty DJI, Yuneec, Parrot, Syma i wiele innych, a tak\u017ce kursy i licencje na operatora drona.\" \/>\n<meta name=\"robots\" content=\"index, follow, max-snippet:-1, max-image-preview:large, max-video-preview:-1\" \/>\n<link rel=\"canonical\" href=\"https:\/\/ironsky.pl\/sklep\/produkt\/etui-sunnylife-fp-b958-c-dji-flip-pomaranczowe\/\" \/>\n<meta property=\"og:locale\" content=\"pl_PL\" \/>\n<meta property=\"og:type\" content=\"article\" \/>\n<meta property=\"og:title\" content=\"Etui SUNNYLIFE FP-B958-C DJI Flip (pomara\u0144czowe) - IRONSKY.PL Sklep z Dronami\" \/>\n<meta property=\"og:description\" content=\"Etui SUNNYLIFE FP-B958-C DJI Flip (pomara\u0144czowe) - \u2705 sklep z dronami i fachowym doradztwem. \u2705 Tutaj kupisz produkty DJI, Yuneec, Parrot, Syma i wiele innych, a tak\u017ce kursy i licencje na operatora drona.\" \/>\n<meta property=\"og:url\" content=\"https:\/\/ironsky.pl\/sklep\/produkt\/etui-sunnylife-fp-b958-c-dji-flip-pomaranczowe\/\" \/>\n<meta property=\"og:site_name\" content=\"IRONSKY.PL Sklep z Dronami\" \/>\n<meta property=\"article:modified_time\" content=\"2026-04-15T08:57:46+00:00\" \/>\n<meta property=\"og:image\" content=\"https:\/\/ironsky.pl\/sklep\/wp-content\/uploads\/2025\/05\/50404_1.jpg\" \/>\n\t<meta property=\"og:image:width\" content=\"800\" \/>\n\t<meta property=\"og:image:height\" content=\"800\" \/>\n\t<meta property=\"og:image:type\" content=\"image\/jpeg\" \/>\n<meta name=\"twitter:card\" content=\"summary_large_image\" \/>\n<meta name=\"twitter:label1\" content=\"Szacowany czas czytania\" \/>\n\t<meta name=\"twitter:data1\" content=\"2 minuty\" \/>\n<script type=\"application\/ld+json\" class=\"yoast-schema-graph\">{\"@context\":\"https:\/\/schema.org\",\"@graph\":[{\"@type\":\"WebPage\",\"@id\":\"https:\/\/ironsky.pl\/sklep\/produkt\/etui-sunnylife-fp-b958-c-dji-flip-pomaranczowe\/\",\"url\":\"https:\/\/ironsky.pl\/sklep\/produkt\/etui-sunnylife-fp-b958-c-dji-flip-pomaranczowe\/\",\"name\":\"Etui SUNNYLIFE FP-B958-C DJI Flip (pomara\u0144czowe) - IRONSKY.PL Sklep z Dronami\",\"isPartOf\":{\"@id\":\"https:\/\/ironsky.pl\/sklep\/#website\"},\"primaryImageOfPage\":{\"@id\":\"https:\/\/ironsky.pl\/sklep\/produkt\/etui-sunnylife-fp-b958-c-dji-flip-pomaranczowe\/#primaryimage\"},\"image\":{\"@id\":\"https:\/\/ironsky.pl\/sklep\/produkt\/etui-sunnylife-fp-b958-c-dji-flip-pomaranczowe\/#primaryimage\"},\"thumbnailUrl\":\"https:\/\/ironsky.pl\/sklep\/wp-content\/uploads\/2025\/05\/50404_1.jpg\",\"datePublished\":\"2026-04-15T08:57:26+00:00\",\"dateModified\":\"2026-04-15T08:57:46+00:00\",\"description\":\"Etui SUNNYLIFE FP-B958-C DJI Flip (pomara\u0144czowe) - \u2705 sklep z dronami i fachowym doradztwem. \u2705 Tutaj kupisz produkty DJI, Yuneec, Parrot, Syma i wiele innych, a tak\u017ce kursy i licencje na operatora drona.\",\"breadcrumb\":{\"@id\":\"https:\/\/ironsky.pl\/sklep\/produkt\/etui-sunnylife-fp-b958-c-dji-flip-pomaranczowe\/#breadcrumb\"},\"inLanguage\":\"pl-PL\",\"potentialAction\":[{\"@type\":\"ReadAction\",\"target\":[\"https:\/\/ironsky.pl\/sklep\/produkt\/etui-sunnylife-fp-b958-c-dji-flip-pomaranczowe\/\"]}]},{\"@type\":\"ImageObject\",\"inLanguage\":\"pl-PL\",\"@id\":\"https:\/\/ironsky.pl\/sklep\/produkt\/etui-sunnylife-fp-b958-c-dji-flip-pomaranczowe\/#primaryimage\",\"url\":\"https:\/\/ironsky.pl\/sklep\/wp-content\/uploads\/2025\/05\/50404_1.jpg\",\"contentUrl\":\"https:\/\/ironsky.pl\/sklep\/wp-content\/uploads\/2025\/05\/50404_1.jpg\",\"width\":800,\"height\":800},{\"@type\":\"BreadcrumbList\",\"@id\":\"https:\/\/ironsky.pl\/sklep\/produkt\/etui-sunnylife-fp-b958-c-dji-flip-pomaranczowe\/#breadcrumb\",\"itemListElement\":[{\"@type\":\"ListItem\",\"position\":1,\"name\":\"Strona g\u0142\u00f3wna\",\"item\":\"https:\/\/ironsky.pl\/sklep\/\"},{\"@type\":\"ListItem\",\"position\":2,\"name\":\"Wszystkie produkty\",\"item\":\"https:\/\/ironsky.pl\/sklep\/produkty\/\"},{\"@type\":\"ListItem\",\"position\":3,\"name\":\"Etui SUNNYLIFE FP-B958-C DJI Flip (pomara\u0144czowe)\"}]},{\"@type\":\"WebSite\",\"@id\":\"https:\/\/ironsky.pl\/sklep\/#website\",\"url\":\"https:\/\/ironsky.pl\/sklep\/\",\"name\":\"IRONSKY.PL Sklep z Dronami\",\"description\":\"IRONSKY.PL Sklep z Dronami\",\"potentialAction\":[{\"@type\":\"SearchAction\",\"target\":{\"@type\":\"EntryPoint\",\"urlTemplate\":\"https:\/\/ironsky.pl\/sklep\/?s={search_term_string}\"},\"query-input\":{\"@type\":\"PropertyValueSpecification\",\"valueRequired\":true,\"valueName\":\"search_term_string\"}}],\"inLanguage\":\"pl-PL\"}]}<\/script>\n<!-- \/ Yoast SEO plugin. -->","yoast_head_json":{"title":"Etui SUNNYLIFE FP-B958-C DJI Flip (pomara\u0144czowe) - IRONSKY.PL Sklep z Dronami","description":"Etui SUNNYLIFE FP-B958-C DJI Flip (pomara\u0144czowe) - \u2705 sklep z dronami i fachowym doradztwem. \u2705 Tutaj kupisz produkty DJI, Yuneec, Parrot, Syma i wiele innych, a tak\u017ce kursy i licencje na operatora drona.","robots":{"index":"index","follow":"follow","max-snippet":"max-snippet:-1","max-image-preview":"max-image-preview:large","max-video-preview":"max-video-preview:-1"},"canonical":"https:\/\/ironsky.pl\/sklep\/produkt\/etui-sunnylife-fp-b958-c-dji-flip-pomaranczowe\/","og_locale":"pl_PL","og_type":"article","og_title":"Etui SUNNYLIFE FP-B958-C DJI Flip (pomara\u0144czowe) - IRONSKY.PL Sklep z Dronami","og_description":"Etui SUNNYLIFE FP-B958-C DJI Flip (pomara\u0144czowe) - \u2705 sklep z dronami i fachowym doradztwem. \u2705 Tutaj kupisz produkty DJI, Yuneec, Parrot, Syma i wiele innych, a tak\u017ce kursy i licencje na operatora drona.","og_url":"https:\/\/ironsky.pl\/sklep\/produkt\/etui-sunnylife-fp-b958-c-dji-flip-pomaranczowe\/","og_site_name":"IRONSKY.PL Sklep z Dronami","article_modified_time":"2026-04-15T08:57:46+00:00","og_image":[{"width":800,"height":800,"url":"https:\/\/ironsky.pl\/sklep\/wp-content\/uploads\/2025\/05\/50404_1.jpg","type":"image\/jpeg"}],"twitter_card":"summary_large_image","twitter_misc":{"Szacowany czas czytania":"2 minuty"},"schema":{"@context":"https:\/\/schema.org","@graph":[{"@type":"WebPage","@id":"https:\/\/ironsky.pl\/sklep\/produkt\/etui-sunnylife-fp-b958-c-dji-flip-pomaranczowe\/","url":"https:\/\/ironsky.pl\/sklep\/produkt\/etui-sunnylife-fp-b958-c-dji-flip-pomaranczowe\/","name":"Etui SUNNYLIFE FP-B958-C DJI Flip (pomara\u0144czowe) - IRONSKY.PL Sklep z Dronami","isPartOf":{"@id":"https:\/\/ironsky.pl\/sklep\/#website"},"primaryImageOfPage":{"@id":"https:\/\/ironsky.pl\/sklep\/produkt\/etui-sunnylife-fp-b958-c-dji-flip-pomaranczowe\/#primaryimage"},"image":{"@id":"https:\/\/ironsky.pl\/sklep\/produkt\/etui-sunnylife-fp-b958-c-dji-flip-pomaranczowe\/#primaryimage"},"thumbnailUrl":"https:\/\/ironsky.pl\/sklep\/wp-content\/uploads\/2025\/05\/50404_1.jpg","datePublished":"2026-04-15T08:57:26+00:00","dateModified":"2026-04-15T08:57:46+00:00","description":"Etui SUNNYLIFE FP-B958-C DJI Flip (pomara\u0144czowe) - \u2705 sklep z dronami i fachowym doradztwem. \u2705 Tutaj kupisz produkty DJI, Yuneec, Parrot, Syma i wiele innych, a tak\u017ce kursy i licencje na operatora drona.","breadcrumb":{"@id":"https:\/\/ironsky.pl\/sklep\/produkt\/etui-sunnylife-fp-b958-c-dji-flip-pomaranczowe\/#breadcrumb"},"inLanguage":"pl-PL","potentialAction":[{"@type":"ReadAction","target":["https:\/\/ironsky.pl\/sklep\/produkt\/etui-sunnylife-fp-b958-c-dji-flip-pomaranczowe\/"]}]},{"@type":"ImageObject","inLanguage":"pl-PL","@id":"https:\/\/ironsky.pl\/sklep\/produkt\/etui-sunnylife-fp-b958-c-dji-flip-pomaranczowe\/#primaryimage","url":"https:\/\/ironsky.pl\/sklep\/wp-content\/uploads\/2025\/05\/50404_1.jpg","contentUrl":"https:\/\/ironsky.pl\/sklep\/wp-content\/uploads\/2025\/05\/50404_1.jpg","width":800,"height":800},{"@type":"BreadcrumbList","@id":"https:\/\/ironsky.pl\/sklep\/produkt\/etui-sunnylife-fp-b958-c-dji-flip-pomaranczowe\/#breadcrumb","itemListElement":[{"@type":"ListItem","position":1,"name":"Strona g\u0142\u00f3wna","item":"https:\/\/ironsky.pl\/sklep\/"},{"@type":"ListItem","position":2,"name":"Wszystkie produkty","item":"https:\/\/ironsky.pl\/sklep\/produkty\/"},{"@type":"ListItem","position":3,"name":"Etui SUNNYLIFE FP-B958-C DJI Flip (pomara\u0144czowe)"}]},{"@type":"WebSite","@id":"https:\/\/ironsky.pl\/sklep\/#website","url":"https:\/\/ironsky.pl\/sklep\/","name":"IRONSKY.PL Sklep z Dronami","description":"IRONSKY.PL Sklep z Dronami","potentialAction":[{"@type":"SearchAction","target":{"@type":"EntryPoint","urlTemplate":"https:\/\/ironsky.pl\/sklep\/?s={search_term_string}"},"query-input":{"@type":"PropertyValueSpecification","valueRequired":true,"valueName":"search_term_string"}}],"inLanguage":"pl-PL"}]}},"_links":{"self":[{"href":"https:\/\/ironsky.pl\/sklep\/wp-json\/wp\/v2\/product\/60201","targetHints":{"allow":["GET"]}}],"collection":[{"href":"https:\/\/ironsky.pl\/sklep\/wp-json\/wp\/v2\/product"}],"about":[{"href":"https:\/\/ironsky.pl\/sklep\/wp-json\/wp\/v2\/types\/product"}],"replies":[{"embeddable":true,"href":"https:\/\/ironsky.pl\/sklep\/wp-json\/wp\/v2\/comments?post=60201"}],"wp:featuredmedia":[{"embeddable":true,"href":"https:\/\/ironsky.pl\/sklep\/wp-json\/wp\/v2\/media\/40184"}],"wp:attachment":[{"href":"https:\/\/ironsky.pl\/sklep\/wp-json\/wp\/v2\/media?parent=60201"}],"wp:term":[{"taxonomy":"product_brand","embeddable":true,"href":"https:\/\/ironsky.pl\/sklep\/wp-json\/wp\/v2\/product_brand?post=60201"},{"taxonomy":"product_cat","embeddable":true,"href":"https:\/\/ironsky.pl\/sklep\/wp-json\/wp\/v2\/product_cat?post=60201"},{"taxonomy":"product_tag","embeddable":true,"href":"https:\/\/ironsky.pl\/sklep\/wp-json\/wp\/v2\/product_tag?post=60201"}],"curies":[{"name":"wp","href":"https:\/\/api.w.org\/{rel}","templated":true}]}}