{"id":60174,"date":"2026-04-15T10:56:53","date_gmt":"2026-04-15T08:56:53","guid":{"rendered":"https:\/\/ironsky.pl\/sklep\/produkt\/drukarka-3d-anycubic-kobra-s1-2\/"},"modified":"2026-04-15T10:57:15","modified_gmt":"2026-04-15T08:57:15","slug":"drukarka-3d-anycubic-kobra-s1-2","status":"publish","type":"product","link":"https:\/\/ironsky.pl\/sklep\/produkt\/drukarka-3d-anycubic-kobra-s1-2\/","title":{"rendered":"Drukarka 3D ANYCUBIC Kobra S1"},"content":{"rendered":"<h3>Drukarka 3D Anycubic Kobra S1<\/h3>\n<p>Drukarka 3D Anycubic Kobra S1 to innowacyjne urz\u0105dzenie, kt\u00f3re \u0142\u0105czy precyzj\u0119 druku z nowoczesnymi funkcjami, umo\u017cliwiaj\u0105c realizacj\u0119 nawet najbardziej wymagaj\u0105cych projekt\u00f3w. Stworzona z my\u015bl\u0105 o r\u00f3\u017cnorodnych zastosowaniach, wyr\u00f3\u017cnia si\u0119 \u0142atwo\u015bci\u0105 obs\u0142ugi, wszechstronno\u015bci\u0105 oraz solidn\u0105 konstrukcj\u0105, kt\u00f3ra zapewnia niezawodno\u015b\u0107 podczas d\u0142ugotrwa\u0142ej pracy.<\/p>\n<p><img decoding=\"async\" src=\"https:\/\/assets.innpro.pl\/12511\/14992\/1.jpg\" border=\"0\" alt=\"\" \/><\/p>\n<h3>Doskona\u0142e ch\u0142odzenie i stabilna praca<\/h3>\n<p>Anycubic Kobra S1 wyposa\u017cono w zaawansowany system ch\u0142odzenia, kt\u00f3ry skutecznie reguluje temperatur\u0119 kluczowych podzespo\u0142\u00f3w, zapobiegaj\u0105c przegrzewaniu si\u0119 urz\u0105dzenia. Dzi\u0119ki temu mo\u017cliwa jest stabilna i bezproblemowa praca nawet przy d\u0142ugotrwa\u0142ych sesjach drukowania. Dodatkowo optymalna temperatura poprawia jako\u015b\u0107 wydruk\u00f3w i minimalizuje ryzyko wyst\u0105pienia b\u0142\u0119d\u00f3w.<\/p>\n<p><img decoding=\"async\" src=\"https:\/\/assets.innpro.pl\/12511\/14992\/4.jpg\" border=\"0\" alt=\"\" \/><\/p>\n<h3>Stabilno\u015b\u0107 i precyzja Z konstrukcj\u0105 CoreXY<\/h3>\n<p>Zastosowanie konstrukcji CoreXY w po\u0142\u0105czeniu z nap\u0119dem na dwa silniki oraz systemem Kobra OS pozwala znacz\u0105co ograniczy\u0107 wibracje podczas pracy. Rozwi\u0105zanie to zwi\u0119ksza responsywno\u015b\u0107 i precyzj\u0119 ekstrudera, co przek\u0142ada si\u0119 na p\u0142ynniejsze i bardziej dok\u0142adne wydruki. Konstrukcja CoreXY to idealne po\u0142\u0105czenie stabilno\u015bci i wydajno\u015bci, kt\u00f3re sprosta wymaganiom najbardziej zaawansowanych projekt\u00f3w.<\/p>\n<p><img decoding=\"async\" src=\"https:\/\/assets.innpro.pl\/12511\/14992\/2.jpg\" border=\"0\" alt=\"\" \/><\/p>\n<h3>Autopoziomowanie dla idealnych wydruk\u00f3w<\/h3>\n<p>Jedn\u0105 z najwi\u0119kszych zalet drukarki jest zintegrowany system autopoziomowania, kt\u00f3ry automatycznie dostosowuje pozycj\u0119 platformy roboczej. Z jego pomoc\u0105 proces przygotowania do druku jest szybki i bezproblemowy, a ka\u017cdy wydruk charakteryzuje si\u0119 doskona\u0142\u0105 precyzj\u0105 i jako\u015bci\u0105. Bez wzgl\u0119du na stopie\u0144 zaawansowania u\u017cytkownika, autopoziomowanie eliminuje ryzyko b\u0142\u0119d\u00f3w zwi\u0105zanych z nieodpowiednim ustawieniem platformy.<\/p>\n<p><img decoding=\"async\" src=\"https:\/\/assets.innpro.pl\/12511\/14992\/3.jpg\" border=\"0\" alt=\"\" \/><\/p>\n<h3>Zamkni\u0119ta konstrukcja<\/h3>\n<p>Za spraw\u0105 zamkni\u0119tej konstrukcji drukarka gwarantuje stabilne warunki pracy, eliminuj\u0105c wp\u0142yw waha\u0144 temperatury otoczenia. Takie rozwi\u0105zanie jest idealne do drukowania przy u\u017cyciu wymagaj\u0105cych materia\u0142\u00f3w, takich jak ABS, kt\u00f3re potrzebuj\u0105 r\u00f3wnomiernego ch\u0142odzenia. Zamkni\u0119ta obudowa w ten spos\u00f3b minimalizuje skurcze materia\u0142u, zapewniaj\u0105c precyzyjne odwzorowanie modeli i wysok\u0105 jako\u015b\u0107 wydruk\u00f3w.<\/p>\n<p><img decoding=\"async\" src=\"https:\/\/assets.innpro.pl\/12511\/14992\/8.jpg\" border=\"0\" alt=\"\" \/><\/p>\n<h3>Wszechstronno\u015b\u0107 materia\u0142\u00f3w i zastosowa\u0144<\/h3>\n<p>Drukarka obs\u0142uguje r\u00f3\u017cnorodne materia\u0142y, w tym PLA, ABS, PETG i inne, co sprawia, \u017ce nadaje si\u0119 zar\u00f3wno do prostych projekt\u00f3w hobbystycznych, jak i zaawansowanych prototyp\u00f3w. Z swoj\u0105 uniwersalno\u015bci\u0105 Anycubic Kobra S1 znajdzie zastosowanie w edukacji, przemy\u015ble, a tak\u017ce w projektach artystycznych.<\/p>\n<p><img decoding=\"async\" src=\"https:\/\/assets.innpro.pl\/12511\/14992\/10.jpg\" border=\"0\" alt=\"\" \/><\/p>\n<h3>Tryby pracy dopasowane do Twoich potrzeb<\/h3>\n<p>Anycubic Kobra S1 oferuje kilka tryb\u00f3w pracy, takich jak Duplicate Mode, Extend Mode oraz Second Screen Mode. Dzi\u0119ki temu mo\u017cesz wybra\u0107 tryb, kt\u00f3ry najlepiej odpowiada Twoim potrzebom \u2013 od jednoczesnego drukowania identycznych element\u00f3w po rozszerzenie funkcjonalno\u015bci drukarki o dodatkowy ekran roboczy.<\/p>\n<p><img decoding=\"async\" src=\"https:\/\/assets.innpro.pl\/12511\/14992\/11.jpg\" border=\"0\" alt=\"\" \/><\/p>\n<h3>Intuicyjny interfejs i \u0142atwo\u015b\u0107 obs\u0142ugi<\/h3>\n<p>Du\u017cy, czytelny ekran dotykowy oraz intuicyjne menu sprawiaj\u0105, \u017ce obs\u0142uga drukarki jest niezwykle prosta. Funkcja szybkiego monta\u017cu i \u0142atwe sterowanie sprawiaj\u0105, \u017ce urz\u0105dzenie jest przyjazne nawet dla os\u00f3b rozpoczynaj\u0105cych przygod\u0119 z drukiem 3D. Dodatkowo solidna konstrukcja zapewnia d\u0142ug\u0105 \u017cywotno\u015b\u0107 urz\u0105dzenia.<\/p>\n<p><img decoding=\"async\" src=\"https:\/\/assets.innpro.pl\/12511\/14992\/9.jpg\" border=\"0\" alt=\"\" \/><\/p>\n<h3>Cicha praca i ergonomiczny design<\/h3>\n<p>Kobra S1 zosta\u0142a zaprojektowana tak, aby praca z ni\u0105 by\u0142a komfortowa. Mechanizm t\u0142umienia drga\u0144 oraz niski poziom ha\u0142asu wynosz\u0105cy jedynie 44 dB sprawiaj\u0105, \u017ce drukowanie nie zak\u0142\u00f3ca spokoju w pomieszczeniu. Kompaktowe wymiary i minimalistyczny design sprawiaj\u0105, \u017ce drukarka doskonale wpasuje si\u0119 w ka\u017cde otoczenie.<\/p>\n<p><img decoding=\"async\" src=\"https:\/\/assets.innpro.pl\/12511\/14992\/7.jpg\" border=\"0\" alt=\"\" \/><\/p>\n<h3>Druk wielokolorowy z systemem ACE Pro<\/h3>\n<p>Drukarka umo\u017cliwia drukowanie w a\u017c 8 kolorach, dzi\u0119ki pod\u0142\u0105czeniu dw\u00f3ch modu\u0142\u00f3w ACE Pro, dost\u0119pnych oddzielnie. Ta zaawansowana funkcjonalno\u015b\u0107 otwiera nowe mo\u017cliwo\u015bci w projektowaniu i tworzeniu bardziej z\u0142o\u017conych, kolorowych modeli. B\u0119d\u0105c \u015bwietnym rozwi\u0105zaniem dla u\u017cytkownik\u00f3w poszukuj\u0105cych narz\u0119dzi do realizacji ambitnych projekt\u00f3w w wielu barwach.<\/p>\n<p><img decoding=\"async\" src=\"https:\/\/assets.innpro.pl\/12511\/14992\/10.jpg\" border=\"0\" alt=\"\" \/><\/p>\n<h3>Solidna konstrukcja i precyzja wykonania<\/h3>\n<p>Zastosowanie aluminiowej ramy i solidnych materia\u0142\u00f3w konstrukcyjnych zapewnia trwa\u0142o\u015b\u0107 urz\u0105dzenia. Precyzyjne prowadnice i wysokiej jako\u015bci komponenty mechaniczne przek\u0142adaj\u0105 si\u0119 na niezr\u00f3wnan\u0105 dok\u0142adno\u015b\u0107 druku oraz d\u0142ugowieczno\u015b\u0107 sprz\u0119tu.<\/p>\n<p><img decoding=\"async\" src=\"https:\/\/assets.innpro.pl\/12511\/14992\/5.jpg\" border=\"0\" alt=\"\" \/><\/p>\n<h3>Idealny wyb\u00f3r do nauki, pracy i rozrywki<\/h3>\n<p>Anycubic Kobra S1 to wszechstronna drukarka, kt\u00f3ra sprawdzi si\u0119 zar\u00f3wno w profesjonalnych projektach, jak i w domowych zastosowaniach. Bez wzgl\u0119du na Twoje potrzeby, ta drukarka 3D dostarcza doskona\u0142ych efekt\u00f3w, a zaawansowane funkcje, intuicyjna obs\u0142uga i niezawodno\u015b\u0107 czyni\u0105 j\u0105 jednym z najlepszych wybor\u00f3w na rynku.<\/p>\n<p><img decoding=\"async\" src=\"https:\/\/assets.innpro.pl\/12511\/14992\/6.jpg\" border=\"0\" alt=\"\" \/><\/p>\n<h3>W zestawie<\/h3>\n<ul class=\"list-disc pl-5\">\n<li>Drukarka Kobra S1\n<\/li>\n<li>Uchwyt szpuli\n<\/li>\n<li>\u015aruby M3*6 (2 szt.)<\/li>\n<\/ul>\n<ul class=\"list-disc pl-5\">\n<li>Pndrive (1 szt.)<\/li>\n<\/ul>\n<ul class=\"list-disc pl-5\">\n<li>Przew\u00f3d zasilaj\u0105cy (2 szt.)<\/li>\n<\/ul>\n<ul class=\"list-disc pl-5\">\n<li>Imbus 2.5\/2.0\/1.5<\/li>\n<\/ul>\n<ul class=\"list-disc pl-5\">\n<li>Pr\u00f3bka filamentu (100g)<\/li>\n<\/ul>\n<ul class=\"list-disc pl-5\">\n<li>W\u0119giel aktywny (1 szt.)<\/li>\n<\/ul>\n<ul class=\"list-disc pl-5\">\n<li>Modu\u0142 czyszcz\u0105cy dyszy (1 szt.)<\/li>\n<\/ul>\n<ul class=\"list-disc pl-5\">\n<li>Silikonowa cz\u0119\u015b\u0107 dyszy (1 szt.)<\/li>\n<\/ul>\n<ul class=\"list-disc pl-5\">\n<li>\u015arodek do czyszczenia dysz<\/li>\n<\/ul>\n<ul class=\"list-disc pl-5\">\n<li>Smar<\/li>\n<\/ul>\n<div class=\"table-wrapper\">\n<p>\u00a0<\/p>\n<h3>\u00a0<\/h3>\n<table>\n<tbody>\n<tr>\n<th>Producent<\/th>\n<td>Anycubic<\/td>\n<\/tr>\n<tr>\n<th>Model<\/th>\n<td>KBS1-IP-O<\/td>\n<\/tr>\n<tr>\n<th>Obj\u0119to\u015b\u0107 druku<\/th>\n<td>250*250*250mm<\/td>\n<\/tr>\n<tr>\n<th>Zalecana pr\u0119dko\u015b\u0107<\/th>\n<td>300 mm\/s<\/td>\n<\/tr>\n<tr>\n<th>Maksymalne przyspieszenie<\/th>\n<td>20000 mm\/s\u00b2<\/td>\n<\/tr>\n<tr>\n<th>Temperatura komory grzewczej<\/th>\n<td>120\u00b0C<\/td>\n<\/tr>\n<tr>\n<th>\u015arednica dyszy<\/th>\n<td>Standardowa 0,4 mm, obs\u0142uguje rozszerzenie 0,2\/0,6\/0,8 mm<\/td>\n<\/tr>\n<tr>\n<th>Obs\u0142ugiwane materia\u0142y eksploatacyjne<\/th>\n<td>PLA, PETG, TPU, ABS, ASA<\/td>\n<\/tr>\n<tr>\n<th>Maksymalna pr\u0119dko\u015b\u0107<\/th>\n<td>600 mm\/s<\/td>\n<\/tr>\n<tr>\n<th>Temperatura dyszy<\/th>\n<td>320\u00b0C<\/td>\n<\/tr>\n<tr>\n<th>Automatyczne poziomowanie<\/th>\n<td>W pe\u0142ni automatyczne poziomowanie, bez potrzeby kompensacji osi Z<\/td>\n<\/tr>\n<tr>\n<th>Ha\u0142as<\/th>\n<td>\u226446dB (tryb standardowy), \u226444dB (tryb cichy)<\/td>\n<\/tr>\n<\/tbody>\n<\/table>\n<\/div>\n","protected":false},"excerpt":{"rendered":"<p>Drukarka 3D Anycubic Kobra S1 Drukarka 3D Anycubic Kobra S1 to innowacyjne urz\u0105dzenie, kt\u00f3re \u0142\u0105czy precyzj\u0119 druku z nowoczesnymi funkcjami,<\/p>\n","protected":false},"featured_media":46883,"comment_status":"closed","ping_status":"open","template":"","meta":{"_acf_changed":false},"product_brand":[],"product_cat":[6222,6223,6217],"product_tag":[],"class_list":{"0":"post-60174","1":"product","2":"type-product","3":"status-publish","4":"has-post-thumbnail","6":"product_cat-druk-3d-technologie-kreatywne","7":"product_cat-drukarki-3d","8":"product_cat-technologie-kreatywne","9":"pa_okres-gwarancji-5754","10":"pa_producent-anycubic","12":"first","13":"outofstock","14":"taxable","15":"shipping-taxable","16":"purchasable","17":"product-type-simple"},"acf":[],"yoast_head":"<!-- This site is optimized with the Yoast SEO plugin v27.2 - https:\/\/yoast.com\/product\/yoast-seo-wordpress\/ -->\n<title>Drukarka 3D ANYCUBIC Kobra S1 - IRONSKY.PL Sklep z Dronami<\/title>\n<meta name=\"description\" content=\"Drukarka 3D ANYCUBIC Kobra S1 - \u2705 sklep z dronami i fachowym doradztwem. \u2705 Tutaj kupisz produkty DJI, Yuneec, Parrot, Syma i wiele innych, a tak\u017ce kursy i licencje na operatora drona.\" \/>\n<meta name=\"robots\" content=\"index, follow, max-snippet:-1, max-image-preview:large, max-video-preview:-1\" \/>\n<link rel=\"canonical\" href=\"https:\/\/ironsky.pl\/sklep\/produkt\/drukarka-3d-anycubic-kobra-s1-2\/\" \/>\n<meta property=\"og:locale\" content=\"pl_PL\" \/>\n<meta property=\"og:type\" content=\"article\" \/>\n<meta property=\"og:title\" content=\"Drukarka 3D ANYCUBIC Kobra S1 - IRONSKY.PL Sklep z Dronami\" \/>\n<meta property=\"og:description\" content=\"Drukarka 3D ANYCUBIC Kobra S1 - \u2705 sklep z dronami i fachowym doradztwem. \u2705 Tutaj kupisz produkty DJI, Yuneec, Parrot, Syma i wiele innych, a tak\u017ce kursy i licencje na operatora drona.\" \/>\n<meta property=\"og:url\" content=\"https:\/\/ironsky.pl\/sklep\/produkt\/drukarka-3d-anycubic-kobra-s1-2\/\" \/>\n<meta property=\"og:site_name\" content=\"IRONSKY.PL Sklep z Dronami\" \/>\n<meta property=\"article:modified_time\" content=\"2026-04-15T08:57:15+00:00\" \/>\n<meta property=\"og:image\" content=\"https:\/\/ironsky.pl\/sklep\/wp-content\/uploads\/2025\/06\/49958_1.jpg\" \/>\n\t<meta property=\"og:image:width\" content=\"800\" \/>\n\t<meta property=\"og:image:height\" content=\"800\" \/>\n\t<meta property=\"og:image:type\" content=\"image\/jpeg\" \/>\n<meta name=\"twitter:card\" content=\"summary_large_image\" \/>\n<meta name=\"twitter:label1\" content=\"Szacowany czas czytania\" \/>\n\t<meta name=\"twitter:data1\" content=\"4 minuty\" \/>\n<script type=\"application\/ld+json\" class=\"yoast-schema-graph\">{\"@context\":\"https:\/\/schema.org\",\"@graph\":[{\"@type\":\"WebPage\",\"@id\":\"https:\/\/ironsky.pl\/sklep\/produkt\/drukarka-3d-anycubic-kobra-s1-2\/\",\"url\":\"https:\/\/ironsky.pl\/sklep\/produkt\/drukarka-3d-anycubic-kobra-s1-2\/\",\"name\":\"Drukarka 3D ANYCUBIC Kobra S1 - IRONSKY.PL Sklep z Dronami\",\"isPartOf\":{\"@id\":\"https:\/\/ironsky.pl\/sklep\/#website\"},\"primaryImageOfPage\":{\"@id\":\"https:\/\/ironsky.pl\/sklep\/produkt\/drukarka-3d-anycubic-kobra-s1-2\/#primaryimage\"},\"image\":{\"@id\":\"https:\/\/ironsky.pl\/sklep\/produkt\/drukarka-3d-anycubic-kobra-s1-2\/#primaryimage\"},\"thumbnailUrl\":\"https:\/\/ironsky.pl\/sklep\/wp-content\/uploads\/2025\/06\/49958_1.jpg\",\"datePublished\":\"2026-04-15T08:56:53+00:00\",\"dateModified\":\"2026-04-15T08:57:15+00:00\",\"description\":\"Drukarka 3D ANYCUBIC Kobra S1 - \u2705 sklep z dronami i fachowym doradztwem. \u2705 Tutaj kupisz produkty DJI, Yuneec, Parrot, Syma i wiele innych, a tak\u017ce kursy i licencje na operatora drona.\",\"breadcrumb\":{\"@id\":\"https:\/\/ironsky.pl\/sklep\/produkt\/drukarka-3d-anycubic-kobra-s1-2\/#breadcrumb\"},\"inLanguage\":\"pl-PL\",\"potentialAction\":[{\"@type\":\"ReadAction\",\"target\":[\"https:\/\/ironsky.pl\/sklep\/produkt\/drukarka-3d-anycubic-kobra-s1-2\/\"]}]},{\"@type\":\"ImageObject\",\"inLanguage\":\"pl-PL\",\"@id\":\"https:\/\/ironsky.pl\/sklep\/produkt\/drukarka-3d-anycubic-kobra-s1-2\/#primaryimage\",\"url\":\"https:\/\/ironsky.pl\/sklep\/wp-content\/uploads\/2025\/06\/49958_1.jpg\",\"contentUrl\":\"https:\/\/ironsky.pl\/sklep\/wp-content\/uploads\/2025\/06\/49958_1.jpg\",\"width\":800,\"height\":800},{\"@type\":\"BreadcrumbList\",\"@id\":\"https:\/\/ironsky.pl\/sklep\/produkt\/drukarka-3d-anycubic-kobra-s1-2\/#breadcrumb\",\"itemListElement\":[{\"@type\":\"ListItem\",\"position\":1,\"name\":\"Strona g\u0142\u00f3wna\",\"item\":\"https:\/\/ironsky.pl\/sklep\/\"},{\"@type\":\"ListItem\",\"position\":2,\"name\":\"Wszystkie produkty\",\"item\":\"https:\/\/ironsky.pl\/sklep\/produkty\/\"},{\"@type\":\"ListItem\",\"position\":3,\"name\":\"Drukarka 3D ANYCUBIC Kobra S1\"}]},{\"@type\":\"WebSite\",\"@id\":\"https:\/\/ironsky.pl\/sklep\/#website\",\"url\":\"https:\/\/ironsky.pl\/sklep\/\",\"name\":\"IRONSKY.PL Sklep z Dronami\",\"description\":\"IRONSKY.PL Sklep z Dronami\",\"potentialAction\":[{\"@type\":\"SearchAction\",\"target\":{\"@type\":\"EntryPoint\",\"urlTemplate\":\"https:\/\/ironsky.pl\/sklep\/?s={search_term_string}\"},\"query-input\":{\"@type\":\"PropertyValueSpecification\",\"valueRequired\":true,\"valueName\":\"search_term_string\"}}],\"inLanguage\":\"pl-PL\"}]}<\/script>\n<!-- \/ Yoast SEO plugin. -->","yoast_head_json":{"title":"Drukarka 3D ANYCUBIC Kobra S1 - IRONSKY.PL Sklep z Dronami","description":"Drukarka 3D ANYCUBIC Kobra S1 - \u2705 sklep z dronami i fachowym doradztwem. \u2705 Tutaj kupisz produkty DJI, Yuneec, Parrot, Syma i wiele innych, a tak\u017ce kursy i licencje na operatora drona.","robots":{"index":"index","follow":"follow","max-snippet":"max-snippet:-1","max-image-preview":"max-image-preview:large","max-video-preview":"max-video-preview:-1"},"canonical":"https:\/\/ironsky.pl\/sklep\/produkt\/drukarka-3d-anycubic-kobra-s1-2\/","og_locale":"pl_PL","og_type":"article","og_title":"Drukarka 3D ANYCUBIC Kobra S1 - IRONSKY.PL Sklep z Dronami","og_description":"Drukarka 3D ANYCUBIC Kobra S1 - \u2705 sklep z dronami i fachowym doradztwem. \u2705 Tutaj kupisz produkty DJI, Yuneec, Parrot, Syma i wiele innych, a tak\u017ce kursy i licencje na operatora drona.","og_url":"https:\/\/ironsky.pl\/sklep\/produkt\/drukarka-3d-anycubic-kobra-s1-2\/","og_site_name":"IRONSKY.PL Sklep z Dronami","article_modified_time":"2026-04-15T08:57:15+00:00","og_image":[{"width":800,"height":800,"url":"https:\/\/ironsky.pl\/sklep\/wp-content\/uploads\/2025\/06\/49958_1.jpg","type":"image\/jpeg"}],"twitter_card":"summary_large_image","twitter_misc":{"Szacowany czas czytania":"4 minuty"},"schema":{"@context":"https:\/\/schema.org","@graph":[{"@type":"WebPage","@id":"https:\/\/ironsky.pl\/sklep\/produkt\/drukarka-3d-anycubic-kobra-s1-2\/","url":"https:\/\/ironsky.pl\/sklep\/produkt\/drukarka-3d-anycubic-kobra-s1-2\/","name":"Drukarka 3D ANYCUBIC Kobra S1 - IRONSKY.PL Sklep z Dronami","isPartOf":{"@id":"https:\/\/ironsky.pl\/sklep\/#website"},"primaryImageOfPage":{"@id":"https:\/\/ironsky.pl\/sklep\/produkt\/drukarka-3d-anycubic-kobra-s1-2\/#primaryimage"},"image":{"@id":"https:\/\/ironsky.pl\/sklep\/produkt\/drukarka-3d-anycubic-kobra-s1-2\/#primaryimage"},"thumbnailUrl":"https:\/\/ironsky.pl\/sklep\/wp-content\/uploads\/2025\/06\/49958_1.jpg","datePublished":"2026-04-15T08:56:53+00:00","dateModified":"2026-04-15T08:57:15+00:00","description":"Drukarka 3D ANYCUBIC Kobra S1 - \u2705 sklep z dronami i fachowym doradztwem. \u2705 Tutaj kupisz produkty DJI, Yuneec, Parrot, Syma i wiele innych, a tak\u017ce kursy i licencje na operatora drona.","breadcrumb":{"@id":"https:\/\/ironsky.pl\/sklep\/produkt\/drukarka-3d-anycubic-kobra-s1-2\/#breadcrumb"},"inLanguage":"pl-PL","potentialAction":[{"@type":"ReadAction","target":["https:\/\/ironsky.pl\/sklep\/produkt\/drukarka-3d-anycubic-kobra-s1-2\/"]}]},{"@type":"ImageObject","inLanguage":"pl-PL","@id":"https:\/\/ironsky.pl\/sklep\/produkt\/drukarka-3d-anycubic-kobra-s1-2\/#primaryimage","url":"https:\/\/ironsky.pl\/sklep\/wp-content\/uploads\/2025\/06\/49958_1.jpg","contentUrl":"https:\/\/ironsky.pl\/sklep\/wp-content\/uploads\/2025\/06\/49958_1.jpg","width":800,"height":800},{"@type":"BreadcrumbList","@id":"https:\/\/ironsky.pl\/sklep\/produkt\/drukarka-3d-anycubic-kobra-s1-2\/#breadcrumb","itemListElement":[{"@type":"ListItem","position":1,"name":"Strona g\u0142\u00f3wna","item":"https:\/\/ironsky.pl\/sklep\/"},{"@type":"ListItem","position":2,"name":"Wszystkie produkty","item":"https:\/\/ironsky.pl\/sklep\/produkty\/"},{"@type":"ListItem","position":3,"name":"Drukarka 3D ANYCUBIC Kobra S1"}]},{"@type":"WebSite","@id":"https:\/\/ironsky.pl\/sklep\/#website","url":"https:\/\/ironsky.pl\/sklep\/","name":"IRONSKY.PL Sklep z Dronami","description":"IRONSKY.PL Sklep z Dronami","potentialAction":[{"@type":"SearchAction","target":{"@type":"EntryPoint","urlTemplate":"https:\/\/ironsky.pl\/sklep\/?s={search_term_string}"},"query-input":{"@type":"PropertyValueSpecification","valueRequired":true,"valueName":"search_term_string"}}],"inLanguage":"pl-PL"}]}},"_links":{"self":[{"href":"https:\/\/ironsky.pl\/sklep\/wp-json\/wp\/v2\/product\/60174","targetHints":{"allow":["GET"]}}],"collection":[{"href":"https:\/\/ironsky.pl\/sklep\/wp-json\/wp\/v2\/product"}],"about":[{"href":"https:\/\/ironsky.pl\/sklep\/wp-json\/wp\/v2\/types\/product"}],"replies":[{"embeddable":true,"href":"https:\/\/ironsky.pl\/sklep\/wp-json\/wp\/v2\/comments?post=60174"}],"wp:featuredmedia":[{"embeddable":true,"href":"https:\/\/ironsky.pl\/sklep\/wp-json\/wp\/v2\/media\/46883"}],"wp:attachment":[{"href":"https:\/\/ironsky.pl\/sklep\/wp-json\/wp\/v2\/media?parent=60174"}],"wp:term":[{"taxonomy":"product_brand","embeddable":true,"href":"https:\/\/ironsky.pl\/sklep\/wp-json\/wp\/v2\/product_brand?post=60174"},{"taxonomy":"product_cat","embeddable":true,"href":"https:\/\/ironsky.pl\/sklep\/wp-json\/wp\/v2\/product_cat?post=60174"},{"taxonomy":"product_tag","embeddable":true,"href":"https:\/\/ironsky.pl\/sklep\/wp-json\/wp\/v2\/product_tag?post=60174"}],"curies":[{"name":"wp","href":"https:\/\/api.w.org\/{rel}","templated":true}]}}