{"id":60163,"date":"2026-04-15T10:56:53","date_gmt":"2026-04-15T08:56:53","guid":{"rendered":"https:\/\/ironsky.pl\/sklep\/produkt\/adapter-hdmi-ugreen-cm737-nadajnikodbiornik-czarny\/"},"modified":"2026-04-15T10:57:05","modified_gmt":"2026-04-15T08:57:05","slug":"adapter-hdmi-ugreen-cm737-nadajnikodbiornik-czarny","status":"publish","type":"product","link":"https:\/\/ironsky.pl\/sklep\/produkt\/adapter-hdmi-ugreen-cm737-nadajnikodbiornik-czarny\/","title":{"rendered":"Adapter HDMI UGREEN CM737 nadajnik+odbiornik (czarny)"},"content":{"rendered":"<h3>Bezprzewodowy nadajnik i odbiornik HDMI Ugreen CM737 1080p 30m<\/h3>\n<p>Bezprzewodowy nadajnik i odbiornik HDMI Ugreen CM737 to niezwykle wygodne i funkcjonalne rozwi\u0105zanie zar\u00f3wno do u\u017cytku domowego, jak i profesjonalnego. Prosta konfiguracja, wysokiej jako\u015bci obraz, stabilne po\u0142\u0105czenie oraz mo\u017cliwo\u015b\u0107 jednoczesnego zasilania urz\u0105dzenia \u017ar\u00f3d\u0142owego sprawiaj\u0105, \u017ce zestaw spe\u0142ni oczekiwania najbardziej wymagaj\u0105cych u\u017cytkownik\u00f3w. Wybierz Ugreen CM737 i ciesz si\u0119 wolno\u015bci\u0105 od kabli ju\u017c dzi\u015b!<\/p>\n<p>\n<img decoding=\"async\" src=\"https:\/\/assets.innpro.pl\/12608\/15116\/6.jpg\" border=\"0\" alt=\"\" \/>\n<\/p>\n<h3>Maksymalna wygoda i prostota konfiguracji<\/h3>\n<p>Zastosowanie technologii bezprzewodowej w pa\u015bmie 5 GHz gwarantuje stabilne po\u0142\u0105czenie oraz szybki transfer danych. Nadajnik z ko\u0144c\u00f3wk\u0105 USB-C (PD 60W) mo\u017cna jednocze\u015bnie zasila\u0107 oraz pod\u0142\u0105czy\u0107 do urz\u0105dzenia \u017ar\u00f3d\u0142owego. Odbiornik wyposa\u00ad\u017cony w z\u0142\u0105cze HDMI oraz USB-A zapewnia szybkie pod\u0142\u0105czenie do ekranu czy telewizora. Monta\u017c jest niezwykle \u0142atwy \u2013 wystarczy wpi\u0105\u0107 nadajnik do \u017ar\u00f3d\u0142a sygna\u0142u, odbiornik do wy\u015bwietlacza, a nast\u0119pnie cieszy\u0107 si\u0119 bezprzewodowym obrazem w kilka sekund!<\/p>\n<p>\n<img decoding=\"async\" src=\"https:\/\/assets.innpro.pl\/12608\/15116\/2.jpg\" border=\"0\" alt=\"\" \/>\n<\/p>\n<h3>Imponuj\u0105ca jako\u015b\u0107 obrazu i d\u017awi\u0119ku<\/h3>\n<p>Zestaw Ugreen CM737 oferuje rozdzielczo\u015b\u0107 do 1080p przy 60 Hz, co pozwala na wy\u015bwietlanie niezwykle wyra\u017anego, p\u0142ynnego obrazu Full HD. Bez problemu sprawdzi si\u0119 w prezentacjach biurowych, odtwarzaniu film\u00f3w, transmisjach rozgrywek sportowych czy podczas grania na wi\u0119kszym ekranie.<\/p>\n<p>\n<img decoding=\"async\" src=\"https:\/\/assets.innpro.pl\/12608\/15116\/3.jpg\" border=\"0\" alt=\"\" \/>\n<\/p>\n<h3>Dodatkowe zabezpieczenia<\/h3>\n<p>Urz\u0105dzenie Ugreen zapewnia maksimum bezpiecze\u0144stwa zar\u00f3wno dla u\u017cytkownika, jak i pod\u0142\u0105czonego sprz\u0119tu. Zosta\u0142o zaprojektowane w przemy\u015blany spos\u00f3b, aby stabilnie utrzymywa\u0142o si\u0119 na wybranej powierzchni, a wszystko to dzi\u0119ki antypo\u015blizgowym st\u00f3pkom. Silikonowa obudowa jest odporna na upadki i inne zagro\u017cenia, a lekka konstrukcja pozwala na wielop\u0142aszczyznowe odprowadzanie ciep\u0142a. Od teraz nie musisz obawia\u0107 si\u0119 o przegrzanie sprz\u0119tu.<\/p>\n<p>\n<img decoding=\"async\" src=\"https:\/\/assets.innpro.pl\/12608\/15116\/5.jpg\" border=\"0\" alt=\"\" \/>\n<\/p>\n<h3>Stabilne po\u0142\u0105czenie w pa\u015bmie 5 GHz<\/h3>\n<p>Dzi\u0119ki cz\u0119stotliwo\u015bci 5G oraz szerokim pasmom mo\u017cesz liczy\u0107 na wyj\u0105tkowo ma\u0142e op\u00f3\u017anienia i stabilny sygna\u0142. To oznacza, \u017ce prezentacje, filmy czy ulubione gry wideo b\u0119d\u0105 wolne od zaci\u0119\u0107 i zak\u0142\u00f3ce\u0144. Dodatkowo zasi\u0119g nawet do 30 metr\u00f3w (w zale\u017cno\u015bci od warunk\u00f3w otoczenia) umo\u017cliwia wygodne po\u0142\u0105czenie w niemal ka\u017cdym pomieszczeniu.<\/p>\n<p>\n<img decoding=\"async\" src=\"https:\/\/assets.innpro.pl\/12608\/15116\/4.jpg\" border=\"0\" alt=\"\" \/>\n<\/p>\n<h3>Uniwersalno\u015b\u0107 i wielozadaniowo\u015b\u0107<\/h3>\n<p>Zestaw nadaje si\u0119 do zastosowa\u0144 domowych \u2013 np. przesy\u0142ania film\u00f3w z laptopa na telewizor \u2013 jak i w miejscach pracy, salach konferencyjnych czy szko\u0142ach, gdzie sprawdzi si\u0119 idealnie w trakcie prezentacji. Ponadto urz\u0105dzenie wspiera dwa tryby: Extended i Mirror, kt\u00f3re otwieraj\u0105 przed Tob\u0105 dodatkowe mo\u017cliwo\u015bci. Jest kompatybilny z r\u00f3\u017cnymi systemami operacyjnymi, w tym z Windowsem 7, 8, 10 i 11, Linuxem, MacOS, iOS, oraz androidem. Nadajnik bez problemu pod\u0142\u0105czysz z iPhone\u2019ami, iPadami, MacBookami, tabletami, oraz smartfonami Google i Samsung, natomiast odbiornik wsp\u00f3\u0142pracuje z telewizorami, monitorami i projektorami.\u00a0<\/p>\n<p>\n<img decoding=\"async\" src=\"https:\/\/assets.innpro.pl\/12608\/15116\/7.jpg\" border=\"0\" alt=\"\" \/>\n<\/p>\n<div class=\"table-wrapper\">\n<p>\u00a0<\/p>\n<h3><\/h3>\n<table>\n<tbody>\n<tr>\n<th>Producent<\/th>\n<td>UGREEN<\/td>\n<\/tr>\n<tr>\n<th>Model<\/th>\n<td>CM737<\/td>\n<\/tr>\n<tr>\n<th>Nadajnik<\/th>\n<td>USB-C (PD 60W)<\/td>\n<\/tr>\n<tr>\n<th>Odbiornik<\/th>\n<td>HDMI, USB-A <\/td>\n<\/tr>\n<tr>\n<th>Rozdzielczo\u015b\u0107<\/th>\n<td>do 1080p@60Hz<\/td>\n<\/tr>\n<tr>\n<th>Zasi\u0119g<\/th>\n<td>do 30 m (zale\u017cnie od warunk\u00f3w)<\/td>\n<\/tr>\n<tr>\n<th>Cz\u0119stotliwo\u015b\u0107 Wi-Fi<\/th>\n<td>5G<\/td>\n<\/tr>\n<tr>\n<th>Kompatybilne systemy operacyjne<\/th>\n<td>Windows (7, 8, 10, 11), Linux, MacOS, iOS, Android<\/td>\n<\/tr>\n<\/tbody>\n<\/table>\n<\/div>\n","protected":false},"excerpt":{"rendered":"<p>Bezprzewodowy nadajnik i odbiornik HDMI Ugreen CM737 1080p 30m Bezprzewodowy nadajnik i odbiornik HDMI Ugreen CM737 to niezwykle wygodne i<\/p>\n","protected":false},"featured_media":46878,"comment_status":"closed","ping_status":"open","template":"","meta":{"_acf_changed":false},"product_brand":[],"product_cat":[5930,5929],"product_tag":[],"class_list":{"0":"post-60163","1":"product","2":"type-product","3":"status-publish","4":"has-post-thumbnail","6":"product_cat-adaptery-przejsciowki-konwertery","7":"product_cat-akcesoria-it","8":"pa_okres-gwarancji-5757","9":"pa_producent-ugreen","11":"first","12":"outofstock","13":"taxable","14":"shipping-taxable","15":"purchasable","16":"product-type-simple"},"acf":[],"yoast_head":"<!-- This site is optimized with the Yoast SEO plugin v27.2 - https:\/\/yoast.com\/product\/yoast-seo-wordpress\/ -->\n<title>Adapter HDMI UGREEN CM737 nadajnik+odbiornik (czarny) - IRONSKY.PL Sklep z Dronami<\/title>\n<meta name=\"description\" content=\"Adapter HDMI UGREEN CM737 nadajnik+odbiornik (czarny) - \u2705 sklep z dronami i fachowym doradztwem. \u2705 Tutaj kupisz produkty DJI, Yuneec, Parrot, Syma i wiele innych, a tak\u017ce kursy i licencje na operatora drona.\" \/>\n<meta name=\"robots\" content=\"index, follow, max-snippet:-1, max-image-preview:large, max-video-preview:-1\" \/>\n<link rel=\"canonical\" href=\"https:\/\/ironsky.pl\/sklep\/produkt\/adapter-hdmi-ugreen-cm737-nadajnikodbiornik-czarny\/\" \/>\n<meta property=\"og:locale\" content=\"pl_PL\" \/>\n<meta property=\"og:type\" content=\"article\" \/>\n<meta property=\"og:title\" content=\"Adapter HDMI UGREEN CM737 nadajnik+odbiornik (czarny) - IRONSKY.PL Sklep z Dronami\" \/>\n<meta property=\"og:description\" content=\"Adapter HDMI UGREEN CM737 nadajnik+odbiornik (czarny) - \u2705 sklep z dronami i fachowym doradztwem. \u2705 Tutaj kupisz produkty DJI, Yuneec, Parrot, Syma i wiele innych, a tak\u017ce kursy i licencje na operatora drona.\" \/>\n<meta property=\"og:url\" content=\"https:\/\/ironsky.pl\/sklep\/produkt\/adapter-hdmi-ugreen-cm737-nadajnikodbiornik-czarny\/\" \/>\n<meta property=\"og:site_name\" content=\"IRONSKY.PL Sklep z Dronami\" \/>\n<meta property=\"article:modified_time\" content=\"2026-04-15T08:57:05+00:00\" \/>\n<meta property=\"og:image\" content=\"https:\/\/ironsky.pl\/sklep\/wp-content\/uploads\/2025\/06\/49936_1.webp\" \/>\n\t<meta property=\"og:image:width\" content=\"800\" \/>\n\t<meta property=\"og:image:height\" content=\"800\" \/>\n\t<meta property=\"og:image:type\" content=\"image\/webp\" \/>\n<meta name=\"twitter:card\" content=\"summary_large_image\" \/>\n<meta name=\"twitter:label1\" content=\"Szacowany czas czytania\" \/>\n\t<meta name=\"twitter:data1\" content=\"2 minuty\" \/>\n<script type=\"application\/ld+json\" class=\"yoast-schema-graph\">{\"@context\":\"https:\/\/schema.org\",\"@graph\":[{\"@type\":\"WebPage\",\"@id\":\"https:\/\/ironsky.pl\/sklep\/produkt\/adapter-hdmi-ugreen-cm737-nadajnikodbiornik-czarny\/\",\"url\":\"https:\/\/ironsky.pl\/sklep\/produkt\/adapter-hdmi-ugreen-cm737-nadajnikodbiornik-czarny\/\",\"name\":\"Adapter HDMI UGREEN CM737 nadajnik+odbiornik (czarny) - IRONSKY.PL Sklep z Dronami\",\"isPartOf\":{\"@id\":\"https:\/\/ironsky.pl\/sklep\/#website\"},\"primaryImageOfPage\":{\"@id\":\"https:\/\/ironsky.pl\/sklep\/produkt\/adapter-hdmi-ugreen-cm737-nadajnikodbiornik-czarny\/#primaryimage\"},\"image\":{\"@id\":\"https:\/\/ironsky.pl\/sklep\/produkt\/adapter-hdmi-ugreen-cm737-nadajnikodbiornik-czarny\/#primaryimage\"},\"thumbnailUrl\":\"https:\/\/ironsky.pl\/sklep\/wp-content\/uploads\/2025\/06\/49936_1.webp\",\"datePublished\":\"2026-04-15T08:56:53+00:00\",\"dateModified\":\"2026-04-15T08:57:05+00:00\",\"description\":\"Adapter HDMI UGREEN CM737 nadajnik+odbiornik (czarny) - \u2705 sklep z dronami i fachowym doradztwem. \u2705 Tutaj kupisz produkty DJI, Yuneec, Parrot, Syma i wiele innych, a tak\u017ce kursy i licencje na operatora drona.\",\"breadcrumb\":{\"@id\":\"https:\/\/ironsky.pl\/sklep\/produkt\/adapter-hdmi-ugreen-cm737-nadajnikodbiornik-czarny\/#breadcrumb\"},\"inLanguage\":\"pl-PL\",\"potentialAction\":[{\"@type\":\"ReadAction\",\"target\":[\"https:\/\/ironsky.pl\/sklep\/produkt\/adapter-hdmi-ugreen-cm737-nadajnikodbiornik-czarny\/\"]}]},{\"@type\":\"ImageObject\",\"inLanguage\":\"pl-PL\",\"@id\":\"https:\/\/ironsky.pl\/sklep\/produkt\/adapter-hdmi-ugreen-cm737-nadajnikodbiornik-czarny\/#primaryimage\",\"url\":\"https:\/\/ironsky.pl\/sklep\/wp-content\/uploads\/2025\/06\/49936_1.webp\",\"contentUrl\":\"https:\/\/ironsky.pl\/sklep\/wp-content\/uploads\/2025\/06\/49936_1.webp\",\"width\":800,\"height\":800},{\"@type\":\"BreadcrumbList\",\"@id\":\"https:\/\/ironsky.pl\/sklep\/produkt\/adapter-hdmi-ugreen-cm737-nadajnikodbiornik-czarny\/#breadcrumb\",\"itemListElement\":[{\"@type\":\"ListItem\",\"position\":1,\"name\":\"Strona g\u0142\u00f3wna\",\"item\":\"https:\/\/ironsky.pl\/sklep\/\"},{\"@type\":\"ListItem\",\"position\":2,\"name\":\"Wszystkie produkty\",\"item\":\"https:\/\/ironsky.pl\/sklep\/produkty\/\"},{\"@type\":\"ListItem\",\"position\":3,\"name\":\"Adapter HDMI UGREEN CM737 nadajnik+odbiornik (czarny)\"}]},{\"@type\":\"WebSite\",\"@id\":\"https:\/\/ironsky.pl\/sklep\/#website\",\"url\":\"https:\/\/ironsky.pl\/sklep\/\",\"name\":\"IRONSKY.PL Sklep z Dronami\",\"description\":\"IRONSKY.PL Sklep z Dronami\",\"potentialAction\":[{\"@type\":\"SearchAction\",\"target\":{\"@type\":\"EntryPoint\",\"urlTemplate\":\"https:\/\/ironsky.pl\/sklep\/?s={search_term_string}\"},\"query-input\":{\"@type\":\"PropertyValueSpecification\",\"valueRequired\":true,\"valueName\":\"search_term_string\"}}],\"inLanguage\":\"pl-PL\"}]}<\/script>\n<!-- \/ Yoast SEO plugin. -->","yoast_head_json":{"title":"Adapter HDMI UGREEN CM737 nadajnik+odbiornik (czarny) - IRONSKY.PL Sklep z Dronami","description":"Adapter HDMI UGREEN CM737 nadajnik+odbiornik (czarny) - \u2705 sklep z dronami i fachowym doradztwem. \u2705 Tutaj kupisz produkty DJI, Yuneec, Parrot, Syma i wiele innych, a tak\u017ce kursy i licencje na operatora drona.","robots":{"index":"index","follow":"follow","max-snippet":"max-snippet:-1","max-image-preview":"max-image-preview:large","max-video-preview":"max-video-preview:-1"},"canonical":"https:\/\/ironsky.pl\/sklep\/produkt\/adapter-hdmi-ugreen-cm737-nadajnikodbiornik-czarny\/","og_locale":"pl_PL","og_type":"article","og_title":"Adapter HDMI UGREEN CM737 nadajnik+odbiornik (czarny) - IRONSKY.PL Sklep z Dronami","og_description":"Adapter HDMI UGREEN CM737 nadajnik+odbiornik (czarny) - \u2705 sklep z dronami i fachowym doradztwem. \u2705 Tutaj kupisz produkty DJI, Yuneec, Parrot, Syma i wiele innych, a tak\u017ce kursy i licencje na operatora drona.","og_url":"https:\/\/ironsky.pl\/sklep\/produkt\/adapter-hdmi-ugreen-cm737-nadajnikodbiornik-czarny\/","og_site_name":"IRONSKY.PL Sklep z Dronami","article_modified_time":"2026-04-15T08:57:05+00:00","og_image":[{"width":800,"height":800,"url":"https:\/\/ironsky.pl\/sklep\/wp-content\/uploads\/2025\/06\/49936_1.webp","type":"image\/webp"}],"twitter_card":"summary_large_image","twitter_misc":{"Szacowany czas czytania":"2 minuty"},"schema":{"@context":"https:\/\/schema.org","@graph":[{"@type":"WebPage","@id":"https:\/\/ironsky.pl\/sklep\/produkt\/adapter-hdmi-ugreen-cm737-nadajnikodbiornik-czarny\/","url":"https:\/\/ironsky.pl\/sklep\/produkt\/adapter-hdmi-ugreen-cm737-nadajnikodbiornik-czarny\/","name":"Adapter HDMI UGREEN CM737 nadajnik+odbiornik (czarny) - IRONSKY.PL Sklep z Dronami","isPartOf":{"@id":"https:\/\/ironsky.pl\/sklep\/#website"},"primaryImageOfPage":{"@id":"https:\/\/ironsky.pl\/sklep\/produkt\/adapter-hdmi-ugreen-cm737-nadajnikodbiornik-czarny\/#primaryimage"},"image":{"@id":"https:\/\/ironsky.pl\/sklep\/produkt\/adapter-hdmi-ugreen-cm737-nadajnikodbiornik-czarny\/#primaryimage"},"thumbnailUrl":"https:\/\/ironsky.pl\/sklep\/wp-content\/uploads\/2025\/06\/49936_1.webp","datePublished":"2026-04-15T08:56:53+00:00","dateModified":"2026-04-15T08:57:05+00:00","description":"Adapter HDMI UGREEN CM737 nadajnik+odbiornik (czarny) - \u2705 sklep z dronami i fachowym doradztwem. \u2705 Tutaj kupisz produkty DJI, Yuneec, Parrot, Syma i wiele innych, a tak\u017ce kursy i licencje na operatora drona.","breadcrumb":{"@id":"https:\/\/ironsky.pl\/sklep\/produkt\/adapter-hdmi-ugreen-cm737-nadajnikodbiornik-czarny\/#breadcrumb"},"inLanguage":"pl-PL","potentialAction":[{"@type":"ReadAction","target":["https:\/\/ironsky.pl\/sklep\/produkt\/adapter-hdmi-ugreen-cm737-nadajnikodbiornik-czarny\/"]}]},{"@type":"ImageObject","inLanguage":"pl-PL","@id":"https:\/\/ironsky.pl\/sklep\/produkt\/adapter-hdmi-ugreen-cm737-nadajnikodbiornik-czarny\/#primaryimage","url":"https:\/\/ironsky.pl\/sklep\/wp-content\/uploads\/2025\/06\/49936_1.webp","contentUrl":"https:\/\/ironsky.pl\/sklep\/wp-content\/uploads\/2025\/06\/49936_1.webp","width":800,"height":800},{"@type":"BreadcrumbList","@id":"https:\/\/ironsky.pl\/sklep\/produkt\/adapter-hdmi-ugreen-cm737-nadajnikodbiornik-czarny\/#breadcrumb","itemListElement":[{"@type":"ListItem","position":1,"name":"Strona g\u0142\u00f3wna","item":"https:\/\/ironsky.pl\/sklep\/"},{"@type":"ListItem","position":2,"name":"Wszystkie produkty","item":"https:\/\/ironsky.pl\/sklep\/produkty\/"},{"@type":"ListItem","position":3,"name":"Adapter HDMI UGREEN CM737 nadajnik+odbiornik (czarny)"}]},{"@type":"WebSite","@id":"https:\/\/ironsky.pl\/sklep\/#website","url":"https:\/\/ironsky.pl\/sklep\/","name":"IRONSKY.PL Sklep z Dronami","description":"IRONSKY.PL Sklep z Dronami","potentialAction":[{"@type":"SearchAction","target":{"@type":"EntryPoint","urlTemplate":"https:\/\/ironsky.pl\/sklep\/?s={search_term_string}"},"query-input":{"@type":"PropertyValueSpecification","valueRequired":true,"valueName":"search_term_string"}}],"inLanguage":"pl-PL"}]}},"_links":{"self":[{"href":"https:\/\/ironsky.pl\/sklep\/wp-json\/wp\/v2\/product\/60163","targetHints":{"allow":["GET"]}}],"collection":[{"href":"https:\/\/ironsky.pl\/sklep\/wp-json\/wp\/v2\/product"}],"about":[{"href":"https:\/\/ironsky.pl\/sklep\/wp-json\/wp\/v2\/types\/product"}],"replies":[{"embeddable":true,"href":"https:\/\/ironsky.pl\/sklep\/wp-json\/wp\/v2\/comments?post=60163"}],"wp:featuredmedia":[{"embeddable":true,"href":"https:\/\/ironsky.pl\/sklep\/wp-json\/wp\/v2\/media\/46878"}],"wp:attachment":[{"href":"https:\/\/ironsky.pl\/sklep\/wp-json\/wp\/v2\/media?parent=60163"}],"wp:term":[{"taxonomy":"product_brand","embeddable":true,"href":"https:\/\/ironsky.pl\/sklep\/wp-json\/wp\/v2\/product_brand?post=60163"},{"taxonomy":"product_cat","embeddable":true,"href":"https:\/\/ironsky.pl\/sklep\/wp-json\/wp\/v2\/product_cat?post=60163"},{"taxonomy":"product_tag","embeddable":true,"href":"https:\/\/ironsky.pl\/sklep\/wp-json\/wp\/v2\/product_tag?post=60163"}],"curies":[{"name":"wp","href":"https:\/\/api.w.org\/{rel}","templated":true}]}}