{"id":60137,"date":"2026-04-15T10:56:28","date_gmt":"2026-04-15T08:56:28","guid":{"rendered":"https:\/\/ironsky.pl\/sklep\/produkt\/mini-pc-minis-forum-ms-01-s1390-i9-13900h-barebone\/"},"modified":"2026-04-15T10:56:46","modified_gmt":"2026-04-15T08:56:46","slug":"mini-pc-minis-forum-ms-01-s1390-i9-13900h-barebone","status":"publish","type":"product","link":"https:\/\/ironsky.pl\/sklep\/produkt\/mini-pc-minis-forum-ms-01-s1390-i9-13900h-barebone\/","title":{"rendered":"Mini PC MINIS FORUM MS-01-S1390 i9-13900H barebone"},"content":{"rendered":"<h3>MINI-PC Minisforum MS-01-S1390 Intel Core i9-13900H<\/h3>\n<p>MINISFORUM MS-01-S1390 to kompaktowy, ale niezwykle wydajny Mini-PC, kt\u00f3ry z powodzeniem sprawdzi si\u0119 zar\u00f3wno w pracy, jak i w domu. Wyposa\u017cony w procesor Intel Core i9-13900H z serii Raptor Lake-H, oferuje imponuj\u0105c\u0105 p\u0142ynno\u015b\u0107 dzia\u0142ania, co czyni go idealnym wyborem do pracy z wymagaj\u0105cymi aplikacjami, edycji wideo, czy zarz\u0105dzania rozbudowanymi bazami danych. Uwaga: urz\u0105dzenie nie posiada pami\u0119ci RAM i dysku SSD.<\/p>\n<p>\n<img decoding=\"async\" src=\"https:\/\/assets.innpro.pl\/12387\/14736\/2.jpg\" border=\"0\" alt=\"\" \/>\n<\/p>\n<h3>Wydajno\u015b\u0107 na najwy\u017cszym poziomie<\/h3>\n<p>MINISFORUM MS-01-S1390 zosta\u0142 wyposa\u017cony w 14-rdzeniowy, 20-w\u0105tkowy procesor, kt\u00f3ry osi\u0105ga maksymaln\u0105 cz\u0119stotliwo\u015b\u0107 5,4 GHz. Dzi\u0119ki technologii Intel 7 mo\u017cesz liczy\u0107 na wysok\u0105 wydajno\u015b\u0107 niezb\u0119dn\u0105 do realizacji najbardziej wymagaj\u0105cych zada\u0144. Obs\u0142uga pami\u0119ci RAM DDR5 o cz\u0119stotliwo\u015bci a\u017c 4800 MHz i mo\u017cliwo\u015bci rozszerzenia do 64 GB pozwala na p\u0142ynn\u0105 prac\u0119 wielozadaniow\u0105.<\/p>\n<p>\n<img decoding=\"async\" src=\"https:\/\/assets.innpro.pl\/12387\/14736\/6.jpg\" border=\"0\" alt=\"\" \/>\n<\/p>\n<h3>Elastyczno\u015b\u0107 pami\u0119ci masowej<\/h3>\n<p>Mini-PC pozwala zamontowa\u0107 2 dyski SSD NVMe M.2 (2280\/22110), z mo\u017cliwo\u015bci\u0105 konfiguracji RAID0\/RAID1 i maksymaln\u0105 pojemno\u015bci\u0105 do 4 TB. Ponadto wspiera dyski U.2. Takie rozwi\u0105zanie gwarantuje nie tylko b\u0142yskawiczne pr\u0119dko\u015bci odczytu i zapisu, ale tak\u017ce zapewnia bezpiecze\u0144stwo danych.<\/p>\n<p>\n<img decoding=\"async\" src=\"https:\/\/assets.innpro.pl\/12387\/14736\/5.jpg\" border=\"0\" alt=\"\" \/>\n<\/p>\n<h3>Zaawansowane opcje \u0142\u0105czno\u015bci<\/h3>\n<p>MINISFORUM MS-01-S1390 oferuje szeroki zestaw port\u00f3w. Dost\u0119pne s\u0105 dwa porty 10Gbps SFP+, dwa porty 2.5Gbps RJ45 oraz dwa porty USB4 z obs\u0142ug\u0105 Thunderbolt Ethernet o \u0142\u0105czno\u015bci 20 Gbps ka\u017cdy, co pozwala na osi\u0105gni\u0119cie \u0142\u0105cznej pr\u0119dko\u015bci transferu a\u017c do 65 Gbps.  Mini-PC wyposa\u017cono te\u017c w pe\u0142nowymiarowy port PCIe 4.0. W rezultacie mo\u017cesz b\u0142yskawicznie przesy\u0142a\u0107 dane i zyskujesz wszechstronno\u015b\u0107 w pod\u0142\u0105czaniu urz\u0105dze\u0144 peryferyjnych.<\/p>\n<p>\n<img decoding=\"async\" src=\"https:\/\/assets.innpro.pl\/12387\/14736\/8.jpg\" border=\"0\" alt=\"\" \/>\n<\/p>\n<h3>Ch\u0142odzenie i niezawodno\u015b\u0107<\/h3>\n<p>Dzi\u0119ki zastosowaniu systemu ch\u0142odzenia Cold Wave 2.0 z aktywnym ch\u0142odzeniem RAM i SSD komputer utrzymuje stabiln\u0105 temperatur\u0119 nawet podczas intensywnej pracy. Zapewnia to nie tylko wysok\u0105 wydajno\u015b\u0107, ale r\u00f3wnie\u017c d\u0142u\u017csz\u0105 \u017cywotno\u015b\u0107 komponent\u00f3w.<\/p>\n<p>\n<img decoding=\"async\" src=\"https:\/\/assets.innpro.pl\/12387\/14736\/4.jpg\" border=\"0\" alt=\"\" \/>\n<\/p>\n<div class=\"table-wrapper\">\n<p>\u00a0<\/p>\n<h3><\/h3>\n<table>\n<tbody>\n<tr>\n<th>Producent<\/th>\n<td>Minisforum<\/td>\n<\/tr>\n<tr>\n<th>Model<\/th>\n<td>MS-01-S1390<\/td>\n<\/tr>\n<tr>\n<th>Procesor<\/th>\n<td>Intel Core i9-13900H<\/td>\n<\/tr>\n<tr>\n<th>Architektura<\/th>\n<td>Raptor Lake-H<\/td>\n<\/tr>\n<tr>\n<th>Liczba rdzeni<\/th>\n<td>14<\/td>\n<\/tr>\n<tr>\n<th>Liczba w\u0105tk\u00f3w<\/th>\n<td>20<\/td>\n<\/tr>\n<tr>\n<th>Cz\u0119stotliwo\u015b\u0107 bazowa<\/th>\n<td>\/<\/td>\n<\/tr>\n<tr>\n<th>Maksymalna cz\u0119stotliwo\u015b\u0107<\/th>\n<td>5,4 GHz<\/td>\n<\/tr>\n<tr>\n<th>Technologia procesora<\/th>\n<td>Intel 7<\/td>\n<\/tr>\n<tr>\n<th>Pami\u0119\u0107 RAM<\/th>\n<td>DDR5, 0 GB<\/td>\n<\/tr>\n<tr>\n<th>Cz\u0119stotliwo\u015b\u0107<\/th>\n<td>4800 MHz<\/td>\n<\/tr>\n<tr>\n<th>Maksymalna pojemno\u015b\u0107<\/th>\n<td>64 GB<\/td>\n<\/tr>\n<tr>\n<th>Pami\u0119\u0107 masowa<\/th>\n<td>Typ SSD: M.2 22110\/2280 NVMe SSD x2<\/td>\n<\/tr>\n<tr>\n<th>Pojemno\u015b\u0107 SSD<\/th>\n<td>0 GB<\/td>\n<\/tr>\n<tr>\n<th>Maksymalna pojemno\u015b\u0107 SSD<\/th>\n<td>4 TB<\/td>\n<\/tr>\n<tr>\n<th>Karta graficzna<\/th>\n<td>Intel Iris Xe Graphics<\/td>\n<\/tr>\n<tr>\n<th>\u0141\u0105czno\u015b\u0107<\/th>\n<td>Wi-Fi: M.2 2230 (obs\u0142uga Wi-Fi 6E, BT 5.2)<\/td>\n<\/tr>\n<tr>\n<th>Porty<\/th>\n<td>RJ45 (2.5G Intel KT226V B3) x1; RJ45 (2.5G z vPro, Intel I226-LM) x1; USB 2.0 (ze z\u0142\u0105czem SFP+) x2; USB Typu A (USB 3.2 10 Gbps) x2; SFP+ (PCIe 4.0 x4) x2; USB Typu A (USB 3.2 10 Gbps) x2; USB 2.0 x2; Gniazdo Audio (Combo Jack 3,5 mm) x1; Przycisk zasilania (z LED)<\/td>\n<\/tr>\n<tr>\n<th>System operacyjny<\/th>\n<td>Brak<\/td>\n<\/tr>\n<tr>\n<th>System ch\u0142odzenia<\/th>\n<td>Cold Wave 2.0 (ciek\u0142y metal z aktywnym ch\u0142odzeniem RAM i SSD)<\/td>\n<\/tr>\n<tr>\n<th>Monta\u017c<\/th>\n<td>na biurku<\/td>\n<\/tr>\n<tr>\n<th>Zasilanie<\/th>\n<td>19V \/ 9.47A<\/td>\n<\/tr>\n<\/tbody>\n<\/table>\n<\/div>\n","protected":false},"excerpt":{"rendered":"<p>MINI-PC Minisforum MS-01-S1390 Intel Core i9-13900H MINISFORUM MS-01-S1390 to kompaktowy, ale niezwykle wydajny Mini-PC, kt\u00f3ry z powodzeniem sprawdzi si\u0119 zar\u00f3wno<\/p>\n","protected":false},"featured_media":46867,"comment_status":"closed","ping_status":"open","template":"","meta":{"_acf_changed":false},"product_brand":[],"product_cat":[5929,6006],"product_tag":[],"class_list":{"0":"post-60137","1":"product","2":"type-product","3":"status-publish","4":"has-post-thumbnail","6":"product_cat-akcesoria-it","7":"product_cat-mini-pc","8":"pa_okres-gwarancji-5757","9":"pa_producent-minis-forum","11":"first","12":"outofstock","13":"taxable","14":"shipping-taxable","15":"purchasable","16":"product-type-simple"},"acf":[],"yoast_head":"<!-- This site is optimized with the Yoast SEO plugin v27.2 - https:\/\/yoast.com\/product\/yoast-seo-wordpress\/ -->\n<title>Mini PC MINIS FORUM MS-01-S1390 i9-13900H barebone - IRONSKY.PL Sklep z Dronami<\/title>\n<meta name=\"description\" content=\"Mini PC MINIS FORUM MS-01-S1390 i9-13900H barebone - \u2705 sklep z dronami i fachowym doradztwem. \u2705 Tutaj kupisz produkty DJI, Yuneec, Parrot, Syma i wiele innych, a tak\u017ce kursy i licencje na operatora drona.\" \/>\n<meta name=\"robots\" content=\"index, follow, max-snippet:-1, max-image-preview:large, max-video-preview:-1\" \/>\n<link rel=\"canonical\" href=\"https:\/\/ironsky.pl\/sklep\/produkt\/mini-pc-minis-forum-ms-01-s1390-i9-13900h-barebone\/\" \/>\n<meta property=\"og:locale\" content=\"pl_PL\" \/>\n<meta property=\"og:type\" content=\"article\" \/>\n<meta property=\"og:title\" content=\"Mini PC MINIS FORUM MS-01-S1390 i9-13900H barebone - IRONSKY.PL Sklep z Dronami\" \/>\n<meta property=\"og:description\" content=\"Mini PC MINIS FORUM MS-01-S1390 i9-13900H barebone - \u2705 sklep z dronami i fachowym doradztwem. \u2705 Tutaj kupisz produkty DJI, Yuneec, Parrot, Syma i wiele innych, a tak\u017ce kursy i licencje na operatora drona.\" \/>\n<meta property=\"og:url\" content=\"https:\/\/ironsky.pl\/sklep\/produkt\/mini-pc-minis-forum-ms-01-s1390-i9-13900h-barebone\/\" \/>\n<meta property=\"og:site_name\" content=\"IRONSKY.PL Sklep z Dronami\" \/>\n<meta property=\"article:modified_time\" content=\"2026-04-15T08:56:46+00:00\" \/>\n<meta property=\"og:image\" content=\"https:\/\/ironsky.pl\/sklep\/wp-content\/uploads\/2025\/06\/49862_1.jpg\" \/>\n\t<meta property=\"og:image:width\" content=\"800\" \/>\n\t<meta property=\"og:image:height\" content=\"800\" \/>\n\t<meta property=\"og:image:type\" content=\"image\/jpeg\" \/>\n<meta name=\"twitter:card\" content=\"summary_large_image\" \/>\n<meta name=\"twitter:label1\" content=\"Szacowany czas czytania\" \/>\n\t<meta name=\"twitter:data1\" content=\"2 minuty\" \/>\n<script type=\"application\/ld+json\" class=\"yoast-schema-graph\">{\"@context\":\"https:\/\/schema.org\",\"@graph\":[{\"@type\":\"WebPage\",\"@id\":\"https:\/\/ironsky.pl\/sklep\/produkt\/mini-pc-minis-forum-ms-01-s1390-i9-13900h-barebone\/\",\"url\":\"https:\/\/ironsky.pl\/sklep\/produkt\/mini-pc-minis-forum-ms-01-s1390-i9-13900h-barebone\/\",\"name\":\"Mini PC MINIS FORUM MS-01-S1390 i9-13900H barebone - IRONSKY.PL Sklep z Dronami\",\"isPartOf\":{\"@id\":\"https:\/\/ironsky.pl\/sklep\/#website\"},\"primaryImageOfPage\":{\"@id\":\"https:\/\/ironsky.pl\/sklep\/produkt\/mini-pc-minis-forum-ms-01-s1390-i9-13900h-barebone\/#primaryimage\"},\"image\":{\"@id\":\"https:\/\/ironsky.pl\/sklep\/produkt\/mini-pc-minis-forum-ms-01-s1390-i9-13900h-barebone\/#primaryimage\"},\"thumbnailUrl\":\"https:\/\/ironsky.pl\/sklep\/wp-content\/uploads\/2025\/06\/49862_1.jpg\",\"datePublished\":\"2026-04-15T08:56:28+00:00\",\"dateModified\":\"2026-04-15T08:56:46+00:00\",\"description\":\"Mini PC MINIS FORUM MS-01-S1390 i9-13900H barebone - \u2705 sklep z dronami i fachowym doradztwem. \u2705 Tutaj kupisz produkty DJI, Yuneec, Parrot, Syma i wiele innych, a tak\u017ce kursy i licencje na operatora drona.\",\"breadcrumb\":{\"@id\":\"https:\/\/ironsky.pl\/sklep\/produkt\/mini-pc-minis-forum-ms-01-s1390-i9-13900h-barebone\/#breadcrumb\"},\"inLanguage\":\"pl-PL\",\"potentialAction\":[{\"@type\":\"ReadAction\",\"target\":[\"https:\/\/ironsky.pl\/sklep\/produkt\/mini-pc-minis-forum-ms-01-s1390-i9-13900h-barebone\/\"]}]},{\"@type\":\"ImageObject\",\"inLanguage\":\"pl-PL\",\"@id\":\"https:\/\/ironsky.pl\/sklep\/produkt\/mini-pc-minis-forum-ms-01-s1390-i9-13900h-barebone\/#primaryimage\",\"url\":\"https:\/\/ironsky.pl\/sklep\/wp-content\/uploads\/2025\/06\/49862_1.jpg\",\"contentUrl\":\"https:\/\/ironsky.pl\/sklep\/wp-content\/uploads\/2025\/06\/49862_1.jpg\",\"width\":800,\"height\":800},{\"@type\":\"BreadcrumbList\",\"@id\":\"https:\/\/ironsky.pl\/sklep\/produkt\/mini-pc-minis-forum-ms-01-s1390-i9-13900h-barebone\/#breadcrumb\",\"itemListElement\":[{\"@type\":\"ListItem\",\"position\":1,\"name\":\"Strona g\u0142\u00f3wna\",\"item\":\"https:\/\/ironsky.pl\/sklep\/\"},{\"@type\":\"ListItem\",\"position\":2,\"name\":\"Wszystkie produkty\",\"item\":\"https:\/\/ironsky.pl\/sklep\/produkty\/\"},{\"@type\":\"ListItem\",\"position\":3,\"name\":\"Mini PC MINIS FORUM MS-01-S1390 i9-13900H barebone\"}]},{\"@type\":\"WebSite\",\"@id\":\"https:\/\/ironsky.pl\/sklep\/#website\",\"url\":\"https:\/\/ironsky.pl\/sklep\/\",\"name\":\"IRONSKY.PL Sklep z Dronami\",\"description\":\"IRONSKY.PL Sklep z Dronami\",\"potentialAction\":[{\"@type\":\"SearchAction\",\"target\":{\"@type\":\"EntryPoint\",\"urlTemplate\":\"https:\/\/ironsky.pl\/sklep\/?s={search_term_string}\"},\"query-input\":{\"@type\":\"PropertyValueSpecification\",\"valueRequired\":true,\"valueName\":\"search_term_string\"}}],\"inLanguage\":\"pl-PL\"}]}<\/script>\n<!-- \/ Yoast SEO plugin. -->","yoast_head_json":{"title":"Mini PC MINIS FORUM MS-01-S1390 i9-13900H barebone - IRONSKY.PL Sklep z Dronami","description":"Mini PC MINIS FORUM MS-01-S1390 i9-13900H barebone - \u2705 sklep z dronami i fachowym doradztwem. \u2705 Tutaj kupisz produkty DJI, Yuneec, Parrot, Syma i wiele innych, a tak\u017ce kursy i licencje na operatora drona.","robots":{"index":"index","follow":"follow","max-snippet":"max-snippet:-1","max-image-preview":"max-image-preview:large","max-video-preview":"max-video-preview:-1"},"canonical":"https:\/\/ironsky.pl\/sklep\/produkt\/mini-pc-minis-forum-ms-01-s1390-i9-13900h-barebone\/","og_locale":"pl_PL","og_type":"article","og_title":"Mini PC MINIS FORUM MS-01-S1390 i9-13900H barebone - IRONSKY.PL Sklep z Dronami","og_description":"Mini PC MINIS FORUM MS-01-S1390 i9-13900H barebone - \u2705 sklep z dronami i fachowym doradztwem. \u2705 Tutaj kupisz produkty DJI, Yuneec, Parrot, Syma i wiele innych, a tak\u017ce kursy i licencje na operatora drona.","og_url":"https:\/\/ironsky.pl\/sklep\/produkt\/mini-pc-minis-forum-ms-01-s1390-i9-13900h-barebone\/","og_site_name":"IRONSKY.PL Sklep z Dronami","article_modified_time":"2026-04-15T08:56:46+00:00","og_image":[{"width":800,"height":800,"url":"https:\/\/ironsky.pl\/sklep\/wp-content\/uploads\/2025\/06\/49862_1.jpg","type":"image\/jpeg"}],"twitter_card":"summary_large_image","twitter_misc":{"Szacowany czas czytania":"2 minuty"},"schema":{"@context":"https:\/\/schema.org","@graph":[{"@type":"WebPage","@id":"https:\/\/ironsky.pl\/sklep\/produkt\/mini-pc-minis-forum-ms-01-s1390-i9-13900h-barebone\/","url":"https:\/\/ironsky.pl\/sklep\/produkt\/mini-pc-minis-forum-ms-01-s1390-i9-13900h-barebone\/","name":"Mini PC MINIS FORUM MS-01-S1390 i9-13900H barebone - IRONSKY.PL Sklep z Dronami","isPartOf":{"@id":"https:\/\/ironsky.pl\/sklep\/#website"},"primaryImageOfPage":{"@id":"https:\/\/ironsky.pl\/sklep\/produkt\/mini-pc-minis-forum-ms-01-s1390-i9-13900h-barebone\/#primaryimage"},"image":{"@id":"https:\/\/ironsky.pl\/sklep\/produkt\/mini-pc-minis-forum-ms-01-s1390-i9-13900h-barebone\/#primaryimage"},"thumbnailUrl":"https:\/\/ironsky.pl\/sklep\/wp-content\/uploads\/2025\/06\/49862_1.jpg","datePublished":"2026-04-15T08:56:28+00:00","dateModified":"2026-04-15T08:56:46+00:00","description":"Mini PC MINIS FORUM MS-01-S1390 i9-13900H barebone - \u2705 sklep z dronami i fachowym doradztwem. \u2705 Tutaj kupisz produkty DJI, Yuneec, Parrot, Syma i wiele innych, a tak\u017ce kursy i licencje na operatora drona.","breadcrumb":{"@id":"https:\/\/ironsky.pl\/sklep\/produkt\/mini-pc-minis-forum-ms-01-s1390-i9-13900h-barebone\/#breadcrumb"},"inLanguage":"pl-PL","potentialAction":[{"@type":"ReadAction","target":["https:\/\/ironsky.pl\/sklep\/produkt\/mini-pc-minis-forum-ms-01-s1390-i9-13900h-barebone\/"]}]},{"@type":"ImageObject","inLanguage":"pl-PL","@id":"https:\/\/ironsky.pl\/sklep\/produkt\/mini-pc-minis-forum-ms-01-s1390-i9-13900h-barebone\/#primaryimage","url":"https:\/\/ironsky.pl\/sklep\/wp-content\/uploads\/2025\/06\/49862_1.jpg","contentUrl":"https:\/\/ironsky.pl\/sklep\/wp-content\/uploads\/2025\/06\/49862_1.jpg","width":800,"height":800},{"@type":"BreadcrumbList","@id":"https:\/\/ironsky.pl\/sklep\/produkt\/mini-pc-minis-forum-ms-01-s1390-i9-13900h-barebone\/#breadcrumb","itemListElement":[{"@type":"ListItem","position":1,"name":"Strona g\u0142\u00f3wna","item":"https:\/\/ironsky.pl\/sklep\/"},{"@type":"ListItem","position":2,"name":"Wszystkie produkty","item":"https:\/\/ironsky.pl\/sklep\/produkty\/"},{"@type":"ListItem","position":3,"name":"Mini PC MINIS FORUM MS-01-S1390 i9-13900H barebone"}]},{"@type":"WebSite","@id":"https:\/\/ironsky.pl\/sklep\/#website","url":"https:\/\/ironsky.pl\/sklep\/","name":"IRONSKY.PL Sklep z Dronami","description":"IRONSKY.PL Sklep z Dronami","potentialAction":[{"@type":"SearchAction","target":{"@type":"EntryPoint","urlTemplate":"https:\/\/ironsky.pl\/sklep\/?s={search_term_string}"},"query-input":{"@type":"PropertyValueSpecification","valueRequired":true,"valueName":"search_term_string"}}],"inLanguage":"pl-PL"}]}},"_links":{"self":[{"href":"https:\/\/ironsky.pl\/sklep\/wp-json\/wp\/v2\/product\/60137","targetHints":{"allow":["GET"]}}],"collection":[{"href":"https:\/\/ironsky.pl\/sklep\/wp-json\/wp\/v2\/product"}],"about":[{"href":"https:\/\/ironsky.pl\/sklep\/wp-json\/wp\/v2\/types\/product"}],"replies":[{"embeddable":true,"href":"https:\/\/ironsky.pl\/sklep\/wp-json\/wp\/v2\/comments?post=60137"}],"wp:featuredmedia":[{"embeddable":true,"href":"https:\/\/ironsky.pl\/sklep\/wp-json\/wp\/v2\/media\/46867"}],"wp:attachment":[{"href":"https:\/\/ironsky.pl\/sklep\/wp-json\/wp\/v2\/media?parent=60137"}],"wp:term":[{"taxonomy":"product_brand","embeddable":true,"href":"https:\/\/ironsky.pl\/sklep\/wp-json\/wp\/v2\/product_brand?post=60137"},{"taxonomy":"product_cat","embeddable":true,"href":"https:\/\/ironsky.pl\/sklep\/wp-json\/wp\/v2\/product_cat?post=60137"},{"taxonomy":"product_tag","embeddable":true,"href":"https:\/\/ironsky.pl\/sklep\/wp-json\/wp\/v2\/product_tag?post=60137"}],"curies":[{"name":"wp","href":"https:\/\/api.w.org\/{rel}","templated":true}]}}