{"id":60121,"date":"2026-04-15T10:55:58","date_gmt":"2026-04-15T08:55:58","guid":{"rendered":"https:\/\/ironsky.pl\/sklep\/produkt\/kabel-vention-ctowf-usb-a-usb-c-1m-bialy\/"},"modified":"2026-04-15T10:56:24","modified_gmt":"2026-04-15T08:56:24","slug":"kabel-vention-ctowf-usb-a-usb-c-1m-bialy","status":"publish","type":"product","link":"https:\/\/ironsky.pl\/sklep\/produkt\/kabel-vention-ctowf-usb-a-usb-c-1m-bialy\/","title":{"rendered":"Kabel VENTION CTOWF USB-A-USB-C 1m (bia\u0142y)"},"content":{"rendered":"<h3>Kabel USB 2.0 A do USB-C 6A Vention CTOWF 1M (bia\u0142y)<\/h3>\n<p>Kabel USB 2.0 A do USB-C 6A Vention CTOWF 1M (bia\u0142y) to wszechstronny produkt, kt\u00f3ry zapewnia superszybkie \u0142adowanie dla wielu urz\u0105dze\u0144. Z jego pomoc\u0105 mo\u017cesz b\u0142yskawicznie na\u0142adowa\u0107 swoje smartfony, tablety czy inne urz\u0105dzenia obs\u0142uguj\u0105ce USB-C, ciesz\u0105c si\u0119 wyj\u0105tkow\u0105 wygod\u0105 i efektywno\u015bci\u0105.<\/p>\n<p>\n<img decoding=\"async\" src=\"https:\/\/assets.innpro.pl\/12345\/14685\/1.jpg\" border=\"0\" \/>\n<\/p>\n<h3>Superszybkie \u0142adowanie 100W<\/h3>\n<p>Dzi\u0119ki wsparciu dla technologii szybkiego \u0142adowania o mocy do 100W kabel idealnie sprawdza si\u0119 przy takich urz\u0105dzeniach jak iPhone 15, Xiaomi, vivo czy OPPO. Ponadto jest w pe\u0142ni kompatybilny z \u0142adowaniem 88W, 66W, 40W i 22,5W, co czyni go niezwykle uniwersalnym rozwi\u0105zaniem. Superszybkie \u0142adowanie pozwala oszcz\u0119dzi\u0107 czas i zapewnia niezawodn\u0105 wydajno\u015b\u0107 energetyczn\u0105.<\/p>\n<p>\n<img decoding=\"async\" src=\"https:\/\/assets.innpro.pl\/12345\/14685\/5.jpg\" border=\"0\" \/>\n<\/p>\n<h3>Wyj\u0105tkowa trwa\u0142o\u015b\u0107 i design<\/h3>\n<p>Kabel Vention wyr\u00f3\u017cnia si\u0119 solidn\u0105 konstrukcj\u0105, kt\u00f3ra zosta\u0142a poddana ponad 30 000 testom zginania. Jego os\u0142ona z PVC w po\u0142\u0105czeniu z aluminiowym wyko\u0144czeniem zapewnia d\u0142ugotrwa\u0142e u\u017cytkowanie, odporno\u015b\u0107 na zu\u017cycie oraz stylowy wygl\u0105d. Trwa\u0142a konstrukcja sprawia, \u017ce jest odporny na przetarcia i uszkodzenia, co gwarantuje d\u0142ugowieczno\u015b\u0107 produktu.<\/p>\n<p>\n<img decoding=\"async\" src=\"https:\/\/assets.innpro.pl\/12345\/14685\/7.jpg\" border=\"0\" \/>\n<\/p>\n<h3>Stabilno\u015b\u0107 i bezpiecze\u0144stwo<\/h3>\n<p>Wbudowany rezystor 56\u03a9 skutecznie kontroluje przep\u0142yw pr\u0105du, chroni\u0105c urz\u0105dzenia przed ewentualnym przeci\u0105\u017ceniem. Dzi\u0119ki temu kabel nie tylko dostarcza optymaln\u0105 moc, ale r\u00f3wnie\u017c zapewnia bezpiecze\u0144stwo podczas \u0142adowania. Technologia ta eliminuje r\u00f3wnie\u017c ryzyko uszkodzenia baterii czy innych podzespo\u0142\u00f3w w Twoich urz\u0105dzeniach.<\/p>\n<p>\n<img decoding=\"async\" src=\"https:\/\/assets.innpro.pl\/12345\/14685\/2.jpg\" border=\"0\" \/>\n<\/p>\n<h3>Transfer danych i \u0142adowanie jednocze\u015bnie<\/h3>\n<p>Pr\u0119dko\u015b\u0107 transmisji danych wynosz\u0105ca 480 Mbps sprawia, \u017ce kabel pozwala na szybkie przesy\u0142anie plik\u00f3w, takich jak zdj\u0119cia, filmy czy dokumenty. Mo\u017cesz jednocze\u015bnie \u0142adowa\u0107 swoje urz\u0105dzenie i przesy\u0142a\u0107 dane, co znacznie usprawnia codzienne korzystanie z technologii.<\/p>\n<p>\n<img decoding=\"async\" src=\"https:\/\/assets.innpro.pl\/12345\/14685\/4.jpg\" border=\"0\" \/>\n<\/p>\n<h3>Styl i praktyczno\u015b\u0107 w jednym<\/h3>\n<p>Bia\u0142y kolor i elegancki wygl\u0105d kabla sprawiaj\u0105, \u017ce \u015bwietnie wpisuje si\u0119 w ka\u017cde otoczenie, od domowego biurka po biuro. Jego d\u0142ugo\u015b\u0107 1 metra zapewnia komfortowe u\u017cytkowanie zar\u00f3wno w pracy, jak i podczas podr\u00f3\u017cy. Kabel Vention to idealne po\u0142\u0105czenie estetyki i funkcjonalno\u015bci.<\/p>\n<p>\n<img decoding=\"async\" src=\"https:\/\/assets.innpro.pl\/12345\/14685\/2.jpg\" border=\"0\" \/>\n<\/p>\n<div class=\"table-wrapper\">\n<p>\u00a0<\/p>\n<h3><\/h3>\n<table>\n<tbody>\n<tr>\n<th>Producent<\/th>\n<td>Vention<\/td>\n<\/tr>\n<tr>\n<th>Model<\/th>\n<td>CTOWF<\/td>\n<\/tr>\n<tr>\n<th>Interfejs<\/th>\n<td>USB-C\/USB-A<\/td>\n<\/tr>\n<tr>\n<th>Proces galwanizacji <\/th>\n<td>Niklowany <\/td>\n<\/tr>\n<tr>\n<th>Przewodnik <\/th>\n<td>Mied\u017a cynowana <\/td>\n<\/tr>\n<tr>\n<th>Ekranowanie <\/th>\n<td>Folia aluminiowa <\/td>\n<\/tr>\n<tr>\n<th>Os\u0142ona <\/th>\n<td>PVC + plecionka bawe\u0142niana <\/td>\n<\/tr>\n<tr>\n<th>Pow\u0142oka <\/th>\n<td>PVC + stop aluminium <\/td>\n<\/tr>\n<tr>\n<th>OD <\/th>\n<td>3,8 mm <\/td>\n<\/tr>\n<tr>\n<th>Szybko\u015b\u0107 transmisji danych<\/th>\n<td>480 Mb\/s <\/td>\n<\/tr>\n<tr>\n<th>Pr\u0105d znamionowy<\/th>\n<td>6A<\/td>\n<\/tr>\n<tr>\n<th>Moc znamionowa<\/th>\n<td>100W maks. <\/td>\n<\/tr>\n<tr>\n<th>D\u0142ugo\u015b\u0107<\/th>\n<td>1m <\/td>\n<\/tr>\n<\/tbody>\n<\/table>\n<\/div>\n","protected":false},"excerpt":{"rendered":"<p>Kabel USB 2.0 A do USB-C 6A Vention CTOWF 1M (bia\u0142y) Kabel USB 2.0 A do USB-C 6A Vention CTOWF<\/p>\n","protected":false},"featured_media":46739,"comment_status":"closed","ping_status":"open","template":"","meta":{"_acf_changed":false},"product_brand":[],"product_cat":[5929,5931,5932],"product_tag":[],"class_list":{"0":"post-60121","1":"product","2":"type-product","3":"status-publish","4":"has-post-thumbnail","6":"product_cat-akcesoria-it","7":"product_cat-kable","8":"product_cat-usb","9":"pa_okres-gwarancji-5757","10":"pa_producent-vention","12":"first","13":"outofstock","14":"taxable","15":"shipping-taxable","16":"purchasable","17":"product-type-simple"},"acf":[],"yoast_head":"<!-- This site is optimized with the Yoast SEO plugin v27.2 - https:\/\/yoast.com\/product\/yoast-seo-wordpress\/ -->\n<title>Kabel VENTION CTOWF USB-A-USB-C 1m (bia\u0142y) - IRONSKY.PL Sklep z Dronami<\/title>\n<meta name=\"description\" content=\"Kabel VENTION CTOWF USB-A-USB-C 1m (bia\u0142y) - \u2705 sklep z dronami i fachowym doradztwem. \u2705 Tutaj kupisz produkty DJI, Yuneec, Parrot, Syma i wiele innych, a tak\u017ce kursy i licencje na operatora drona.\" \/>\n<meta name=\"robots\" content=\"index, follow, max-snippet:-1, max-image-preview:large, max-video-preview:-1\" \/>\n<link rel=\"canonical\" href=\"https:\/\/ironsky.pl\/sklep\/produkt\/kabel-vention-ctowf-usb-a-usb-c-1m-bialy\/\" \/>\n<meta property=\"og:locale\" content=\"pl_PL\" \/>\n<meta property=\"og:type\" content=\"article\" \/>\n<meta property=\"og:title\" content=\"Kabel VENTION CTOWF USB-A-USB-C 1m (bia\u0142y) - IRONSKY.PL Sklep z Dronami\" \/>\n<meta property=\"og:description\" content=\"Kabel VENTION CTOWF USB-A-USB-C 1m (bia\u0142y) - \u2705 sklep z dronami i fachowym doradztwem. \u2705 Tutaj kupisz produkty DJI, Yuneec, Parrot, Syma i wiele innych, a tak\u017ce kursy i licencje na operatora drona.\" \/>\n<meta property=\"og:url\" content=\"https:\/\/ironsky.pl\/sklep\/produkt\/kabel-vention-ctowf-usb-a-usb-c-1m-bialy\/\" \/>\n<meta property=\"og:site_name\" content=\"IRONSKY.PL Sklep z Dronami\" \/>\n<meta property=\"article:modified_time\" content=\"2026-04-15T08:56:24+00:00\" \/>\n<meta property=\"og:image\" content=\"https:\/\/ironsky.pl\/sklep\/wp-content\/uploads\/2025\/06\/49803_1.jpg\" \/>\n\t<meta property=\"og:image:width\" content=\"800\" \/>\n\t<meta property=\"og:image:height\" content=\"800\" \/>\n\t<meta property=\"og:image:type\" content=\"image\/jpeg\" \/>\n<meta name=\"twitter:card\" content=\"summary_large_image\" \/>\n<meta name=\"twitter:label1\" content=\"Szacowany czas czytania\" \/>\n\t<meta name=\"twitter:data1\" content=\"2 minuty\" \/>\n<script type=\"application\/ld+json\" class=\"yoast-schema-graph\">{\"@context\":\"https:\/\/schema.org\",\"@graph\":[{\"@type\":\"WebPage\",\"@id\":\"https:\/\/ironsky.pl\/sklep\/produkt\/kabel-vention-ctowf-usb-a-usb-c-1m-bialy\/\",\"url\":\"https:\/\/ironsky.pl\/sklep\/produkt\/kabel-vention-ctowf-usb-a-usb-c-1m-bialy\/\",\"name\":\"Kabel VENTION CTOWF USB-A-USB-C 1m (bia\u0142y) - IRONSKY.PL Sklep z Dronami\",\"isPartOf\":{\"@id\":\"https:\/\/ironsky.pl\/sklep\/#website\"},\"primaryImageOfPage\":{\"@id\":\"https:\/\/ironsky.pl\/sklep\/produkt\/kabel-vention-ctowf-usb-a-usb-c-1m-bialy\/#primaryimage\"},\"image\":{\"@id\":\"https:\/\/ironsky.pl\/sklep\/produkt\/kabel-vention-ctowf-usb-a-usb-c-1m-bialy\/#primaryimage\"},\"thumbnailUrl\":\"https:\/\/ironsky.pl\/sklep\/wp-content\/uploads\/2025\/06\/49803_1.jpg\",\"datePublished\":\"2026-04-15T08:55:58+00:00\",\"dateModified\":\"2026-04-15T08:56:24+00:00\",\"description\":\"Kabel VENTION CTOWF USB-A-USB-C 1m (bia\u0142y) - \u2705 sklep z dronami i fachowym doradztwem. \u2705 Tutaj kupisz produkty DJI, Yuneec, Parrot, Syma i wiele innych, a tak\u017ce kursy i licencje na operatora drona.\",\"breadcrumb\":{\"@id\":\"https:\/\/ironsky.pl\/sklep\/produkt\/kabel-vention-ctowf-usb-a-usb-c-1m-bialy\/#breadcrumb\"},\"inLanguage\":\"pl-PL\",\"potentialAction\":[{\"@type\":\"ReadAction\",\"target\":[\"https:\/\/ironsky.pl\/sklep\/produkt\/kabel-vention-ctowf-usb-a-usb-c-1m-bialy\/\"]}]},{\"@type\":\"ImageObject\",\"inLanguage\":\"pl-PL\",\"@id\":\"https:\/\/ironsky.pl\/sklep\/produkt\/kabel-vention-ctowf-usb-a-usb-c-1m-bialy\/#primaryimage\",\"url\":\"https:\/\/ironsky.pl\/sklep\/wp-content\/uploads\/2025\/06\/49803_1.jpg\",\"contentUrl\":\"https:\/\/ironsky.pl\/sklep\/wp-content\/uploads\/2025\/06\/49803_1.jpg\",\"width\":800,\"height\":800},{\"@type\":\"BreadcrumbList\",\"@id\":\"https:\/\/ironsky.pl\/sklep\/produkt\/kabel-vention-ctowf-usb-a-usb-c-1m-bialy\/#breadcrumb\",\"itemListElement\":[{\"@type\":\"ListItem\",\"position\":1,\"name\":\"Strona g\u0142\u00f3wna\",\"item\":\"https:\/\/ironsky.pl\/sklep\/\"},{\"@type\":\"ListItem\",\"position\":2,\"name\":\"Wszystkie produkty\",\"item\":\"https:\/\/ironsky.pl\/sklep\/produkty\/\"},{\"@type\":\"ListItem\",\"position\":3,\"name\":\"Kabel VENTION CTOWF USB-A-USB-C 1m (bia\u0142y)\"}]},{\"@type\":\"WebSite\",\"@id\":\"https:\/\/ironsky.pl\/sklep\/#website\",\"url\":\"https:\/\/ironsky.pl\/sklep\/\",\"name\":\"IRONSKY.PL Sklep z Dronami\",\"description\":\"IRONSKY.PL Sklep z Dronami\",\"potentialAction\":[{\"@type\":\"SearchAction\",\"target\":{\"@type\":\"EntryPoint\",\"urlTemplate\":\"https:\/\/ironsky.pl\/sklep\/?s={search_term_string}\"},\"query-input\":{\"@type\":\"PropertyValueSpecification\",\"valueRequired\":true,\"valueName\":\"search_term_string\"}}],\"inLanguage\":\"pl-PL\"}]}<\/script>\n<!-- \/ Yoast SEO plugin. -->","yoast_head_json":{"title":"Kabel VENTION CTOWF USB-A-USB-C 1m (bia\u0142y) - IRONSKY.PL Sklep z Dronami","description":"Kabel VENTION CTOWF USB-A-USB-C 1m (bia\u0142y) - \u2705 sklep z dronami i fachowym doradztwem. \u2705 Tutaj kupisz produkty DJI, Yuneec, Parrot, Syma i wiele innych, a tak\u017ce kursy i licencje na operatora drona.","robots":{"index":"index","follow":"follow","max-snippet":"max-snippet:-1","max-image-preview":"max-image-preview:large","max-video-preview":"max-video-preview:-1"},"canonical":"https:\/\/ironsky.pl\/sklep\/produkt\/kabel-vention-ctowf-usb-a-usb-c-1m-bialy\/","og_locale":"pl_PL","og_type":"article","og_title":"Kabel VENTION CTOWF USB-A-USB-C 1m (bia\u0142y) - IRONSKY.PL Sklep z Dronami","og_description":"Kabel VENTION CTOWF USB-A-USB-C 1m (bia\u0142y) - \u2705 sklep z dronami i fachowym doradztwem. \u2705 Tutaj kupisz produkty DJI, Yuneec, Parrot, Syma i wiele innych, a tak\u017ce kursy i licencje na operatora drona.","og_url":"https:\/\/ironsky.pl\/sklep\/produkt\/kabel-vention-ctowf-usb-a-usb-c-1m-bialy\/","og_site_name":"IRONSKY.PL Sklep z Dronami","article_modified_time":"2026-04-15T08:56:24+00:00","og_image":[{"width":800,"height":800,"url":"https:\/\/ironsky.pl\/sklep\/wp-content\/uploads\/2025\/06\/49803_1.jpg","type":"image\/jpeg"}],"twitter_card":"summary_large_image","twitter_misc":{"Szacowany czas czytania":"2 minuty"},"schema":{"@context":"https:\/\/schema.org","@graph":[{"@type":"WebPage","@id":"https:\/\/ironsky.pl\/sklep\/produkt\/kabel-vention-ctowf-usb-a-usb-c-1m-bialy\/","url":"https:\/\/ironsky.pl\/sklep\/produkt\/kabel-vention-ctowf-usb-a-usb-c-1m-bialy\/","name":"Kabel VENTION CTOWF USB-A-USB-C 1m (bia\u0142y) - IRONSKY.PL Sklep z Dronami","isPartOf":{"@id":"https:\/\/ironsky.pl\/sklep\/#website"},"primaryImageOfPage":{"@id":"https:\/\/ironsky.pl\/sklep\/produkt\/kabel-vention-ctowf-usb-a-usb-c-1m-bialy\/#primaryimage"},"image":{"@id":"https:\/\/ironsky.pl\/sklep\/produkt\/kabel-vention-ctowf-usb-a-usb-c-1m-bialy\/#primaryimage"},"thumbnailUrl":"https:\/\/ironsky.pl\/sklep\/wp-content\/uploads\/2025\/06\/49803_1.jpg","datePublished":"2026-04-15T08:55:58+00:00","dateModified":"2026-04-15T08:56:24+00:00","description":"Kabel VENTION CTOWF USB-A-USB-C 1m (bia\u0142y) - \u2705 sklep z dronami i fachowym doradztwem. \u2705 Tutaj kupisz produkty DJI, Yuneec, Parrot, Syma i wiele innych, a tak\u017ce kursy i licencje na operatora drona.","breadcrumb":{"@id":"https:\/\/ironsky.pl\/sklep\/produkt\/kabel-vention-ctowf-usb-a-usb-c-1m-bialy\/#breadcrumb"},"inLanguage":"pl-PL","potentialAction":[{"@type":"ReadAction","target":["https:\/\/ironsky.pl\/sklep\/produkt\/kabel-vention-ctowf-usb-a-usb-c-1m-bialy\/"]}]},{"@type":"ImageObject","inLanguage":"pl-PL","@id":"https:\/\/ironsky.pl\/sklep\/produkt\/kabel-vention-ctowf-usb-a-usb-c-1m-bialy\/#primaryimage","url":"https:\/\/ironsky.pl\/sklep\/wp-content\/uploads\/2025\/06\/49803_1.jpg","contentUrl":"https:\/\/ironsky.pl\/sklep\/wp-content\/uploads\/2025\/06\/49803_1.jpg","width":800,"height":800},{"@type":"BreadcrumbList","@id":"https:\/\/ironsky.pl\/sklep\/produkt\/kabel-vention-ctowf-usb-a-usb-c-1m-bialy\/#breadcrumb","itemListElement":[{"@type":"ListItem","position":1,"name":"Strona g\u0142\u00f3wna","item":"https:\/\/ironsky.pl\/sklep\/"},{"@type":"ListItem","position":2,"name":"Wszystkie produkty","item":"https:\/\/ironsky.pl\/sklep\/produkty\/"},{"@type":"ListItem","position":3,"name":"Kabel VENTION CTOWF USB-A-USB-C 1m (bia\u0142y)"}]},{"@type":"WebSite","@id":"https:\/\/ironsky.pl\/sklep\/#website","url":"https:\/\/ironsky.pl\/sklep\/","name":"IRONSKY.PL Sklep z Dronami","description":"IRONSKY.PL Sklep z Dronami","potentialAction":[{"@type":"SearchAction","target":{"@type":"EntryPoint","urlTemplate":"https:\/\/ironsky.pl\/sklep\/?s={search_term_string}"},"query-input":{"@type":"PropertyValueSpecification","valueRequired":true,"valueName":"search_term_string"}}],"inLanguage":"pl-PL"}]}},"_links":{"self":[{"href":"https:\/\/ironsky.pl\/sklep\/wp-json\/wp\/v2\/product\/60121","targetHints":{"allow":["GET"]}}],"collection":[{"href":"https:\/\/ironsky.pl\/sklep\/wp-json\/wp\/v2\/product"}],"about":[{"href":"https:\/\/ironsky.pl\/sklep\/wp-json\/wp\/v2\/types\/product"}],"replies":[{"embeddable":true,"href":"https:\/\/ironsky.pl\/sklep\/wp-json\/wp\/v2\/comments?post=60121"}],"wp:featuredmedia":[{"embeddable":true,"href":"https:\/\/ironsky.pl\/sklep\/wp-json\/wp\/v2\/media\/46739"}],"wp:attachment":[{"href":"https:\/\/ironsky.pl\/sklep\/wp-json\/wp\/v2\/media?parent=60121"}],"wp:term":[{"taxonomy":"product_brand","embeddable":true,"href":"https:\/\/ironsky.pl\/sklep\/wp-json\/wp\/v2\/product_brand?post=60121"},{"taxonomy":"product_cat","embeddable":true,"href":"https:\/\/ironsky.pl\/sklep\/wp-json\/wp\/v2\/product_cat?post=60121"},{"taxonomy":"product_tag","embeddable":true,"href":"https:\/\/ironsky.pl\/sklep\/wp-json\/wp\/v2\/product_tag?post=60121"}],"curies":[{"name":"wp","href":"https:\/\/api.w.org\/{rel}","templated":true}]}}