{"id":60114,"date":"2026-04-15T10:55:58","date_gmt":"2026-04-15T08:55:58","guid":{"rendered":"https:\/\/ironsky.pl\/sklep\/produkt\/skaner-3d-creality-raptorx-2\/"},"modified":"2026-04-15T10:56:14","modified_gmt":"2026-04-15T08:56:14","slug":"skaner-3d-creality-raptorx-2","status":"publish","type":"product","link":"https:\/\/ironsky.pl\/sklep\/produkt\/skaner-3d-creality-raptorx-2\/","title":{"rendered":"Skaner 3D Creality RaptorX"},"content":{"rendered":"<h3>Skaner 3D Creality RaptorX<\/h3>\n<p>Creality RaptorX to zaawansowany skaner 3D stworzony z my\u015bl\u0105 o profesjonalnych u\u017cytkownikach. Wyposa\u017cony w technologi\u0119 \u015bwiat\u0142a strukturalnego NIR, gwarantuje wyj\u0105tkow\u0105 dok\u0142adno\u015b\u0107 i szybko\u015b\u0107 skanowania. Dzi\u0119ki kompaktowej i bezprzewodowej konstrukcji sprawdzi si\u0119 w r\u00f3\u017cnych warunkach pracy nawet w intensywnym o\u015bwietleniu \u2013 do 100 000 luks\u00f3w w trybie 34 linii laserowych. Ponadto RaptorX oferuje szerok\u0105 gam\u0119 zastosowa\u0144, od skanowania skomplikowanych obiekt\u00f3w po precyzyjne odwzorowanie detali w wysokiej rozdzielczo\u015bci.<\/p>\n<p>\n<img decoding=\"async\" src=\"https:\/\/assets.innpro.pl\/12323\/14659\/8.jpg\" border=\"0\" alt=\"\" \/>\n<\/p>\n<h3>Najwy\u017csza jako\u015b\u0107 skanowania i wszechstronne zastosowanie<\/h3>\n<p>RaptorX osi\u0105ga dok\u0142adno\u015b\u0107 0.02 mm + 0.06 mm\/m i rozdzielczo\u015b\u0107 do 60 fps, co pozwala uchwyci\u0107 ka\u017cdy, nawet najdrobniejszy detal. Dzi\u0119ki mo\u017cliwo\u015bci skanowania w pe\u0142nym kolorze idealnie sprawdza si\u0119 w projektach wymagaj\u0105cych analizy powierzchni. Urz\u0105dzenie obs\u0142uguje obiekty o rozmiarach od 5 mm\u00b3 do 4 m\u00b3, co czyni je uniwersalnym narz\u0119dziem do skanowania drobnych element\u00f3w, sylwetek czy du\u017cych cz\u0119\u015bci mechanicznych.<\/p>\n<p>\n<img decoding=\"async\" src=\"https:\/\/assets.innpro.pl\/12323\/14659\/7.jpg\" border=\"0\" alt=\"\" \/>\n<\/p>\n<h3>Tryby skanowania dopasowane do r\u00f3\u017cnych potrzeb<\/h3>\n<p>RaptorX oferuje r\u00f3\u017cne tryby skanowania: skan r\u0119czny dla wi\u0119kszej swobody, skanowanie stacjonarne z automatycznym obrotem platformy, skanowanie detali w celu odwzorowania najmniejszych element\u00f3w oraz tryb do skanowania du\u017cych obiekt\u00f3w. Dzi\u0119ki temu urz\u0105dzenie doskonale sprawdzi si\u0119 w r\u00f3\u017cnych bran\u017cach, takich jak motoryzacja, medycyna, czy sztuka.<\/p>\n<p>\n<img decoding=\"async\" src=\"https:\/\/assets.innpro.pl\/12323\/14659\/10.jpg\" border=\"0\" alt=\"\" \/>\n<\/p>\n<h3>Mobilno\u015b\u0107 i wygoda u\u017cytkowania<\/h3>\n<p>Konstrukcja bezprzewodowa oraz niska waga wynosz\u0105ca zaledwie 405 g czyni\u0105 Creality RaptorX niezwykle wygodnym w codziennej pracy. Skaner jest wyposa\u017cony w akumulator, kt\u00f3ry pozwala na oko\u0142o 4 godziny nieprzerwanej pracy i \u0142aduje si\u0119 do 80% w oko\u0142o 1,5 h. Dzi\u0119ki temu urz\u0105dzenie doskonale sprawdzi si\u0119 zar\u00f3wno w pracowni, jak i w terenie.<\/p>\n<p>\n<img decoding=\"async\" src=\"https:\/\/assets.innpro.pl\/12323\/14659\/3.jpg\" border=\"0\" alt=\"\" \/>\n<\/p>\n<h3>NIR Structured Light Scanning \u2013 skanowanie bez znacznik\u00f3w<\/h3>\n<p>Creality RaptorX wykorzystuje technologi\u0119 NIR (Near Infrared) Structured Light, kt\u00f3ra umo\u017cliwia skanowanie bez potrzeby stosowania marker\u00f3w. Dzi\u0119ki technologii One-Shot 3D Imaging skaner zapewnia stabilno\u015b\u0107 i zmniejsza ryzyko utraty \u015bledzenia obiektu. Funkcja ta usprawnia skanowanie r\u0119czne, sprawiaj\u0105c, \u017ce proces jest p\u0142ynny i wygodny.<\/p>\n<p>\n<img decoding=\"async\" src=\"https:\/\/assets.innpro.pl\/12323\/14659\/2.jpg\" border=\"0\" alt=\"\" \/>\n<\/p>\n<h3>Niezawodne skanowanie<\/h3>\n<p>RaptorX jest wyposa\u017cony w unikalny algorytm mapowania twarzy i cia\u0142a, kt\u00f3ry pozwala na precyzyjne odwzorowanie takich detali jak w\u0142osy czy kontury sylwetki. Skanowanie ca\u0142ego cia\u0142a potrwa zaledwie 2 minuty. Ponadto urz\u0105dzenie obs\u0142uguje skanowanie w pe\u0142nej palecie barw 24-bit, co pozwala na dok\u0142adne odwzorowanie kolor\u00f3w obiekt\u00f3w. Dzi\u0119ki wysokiej adaptacji materia\u0142owej RaptorX jest w stanie skanowa\u0107 czarne i metalowe obiekty bez konieczno\u015bci stosowania spray\u00f3w lub pow\u0142ok, co oszcz\u0119dza czas i zwi\u0119ksza wygod\u0119 u\u017cytkowania.<\/p>\n<p>\n<img decoding=\"async\" src=\"https:\/\/assets.innpro.pl\/12323\/14659\/1.jpg\" border=\"0\" alt=\"\" \/>\n<\/p>\n<h3>Wysoka jako\u015b\u0107 komponent\u00f3w optycznych<\/h3>\n<p>Skaner RaptorX zosta\u0142 wyposa\u017cony w kamer\u0119 3D o rozdzielczo\u015bci 2,3 miliona pikseli. Obiektyw z dziewi\u0119cioma elementami szklanymi zapewnia minimalne zniekszta\u0142cenia i du\u017c\u0105 g\u0142\u0119bi\u0119 ostro\u015bci. Metalowa konstrukcja soczewek zwi\u0119ksza wytrzyma\u0142o\u015b\u0107 i stabilno\u015b\u0107 pracy nawet w trudnych warunkach.<\/p>\n<p>\n<img decoding=\"async\" src=\"https:\/\/assets.innpro.pl\/12323\/14659\/13.jpg\" border=\"0\" alt=\"\" \/>\n<\/p>\n<h3>Oprogramowanie CrealityScan<\/h3>\n<p>Skaner wsp\u00f3\u0142pracuje z intuicyjnym oprogramowaniem CrealityScan, kt\u00f3re oferuje zaawansowane funkcje, takie jak edycja chmury punkt\u00f3w, tryb skanowania twarzy i cia\u0142a oraz kalibracja jednym klikni\u0119ciem. Oprogramowanie jest kompatybilne z wieloma popularnymi programami, takimi jak SolidWorks, Maya czy Blender, co u\u0142atwia integracj\u0119 skan\u00f3w z dalszymi procesami projektowymi.<\/p>\n<p>\n<img decoding=\"async\" src=\"https:\/\/assets.innpro.pl\/12323\/14659\/14.jpg\" border=\"0\" alt=\"\" \/>\n<\/p>\n<h3>W zestawie<\/h3>\n<ul class=\"list-disc pl-5\">\n<li>skaner<\/li>\n<li>uchwyt na skaner<\/li>\n<li>szklana p\u0142ytka kalibracyjna<\/li>\n<li>szybkoz\u0142\u0105czka<\/li>\n<li>magnetyczny uchwyt na telefon<\/li>\n<li>bezprzewodowy adapter WIFI 6 USB<\/li>\n<li>adapter + przej\u015bci\u00f3wka<\/li>\n<li>kabel USB 3.0 do USB-C<\/li>\n<li>kabel Scan Bridge<\/li>\n<li>kabel \u0142adowania<\/li>\n<li>odblaskowe punkty znakowania (D6mm*40 arkuszy, D3mm*40 arkuszy)<\/li>\n<li>adapter USB-C<\/li>\n<li>\u015bciereczka do czyszczenia<\/li>\n<li>smycz<\/li>\n<li>instrukcja obs\u0142ugi<\/li>\n<\/ul>\n<div class=\"table-wrapper\">\n<p>\u00a0<\/p>\n<h3>Uchwyt na skaner<\/h3>\n<table>\n<tbody>\n<tr>\n<th>Producent<\/th>\n<td>Creality<\/td>\n<\/tr>\n<tr>\n<th>Kompatybilno\u015b\u0107<\/th>\n<td>CR-Scan Otter, CR-Scan Raptor, Creality RaptorX<\/td>\n<\/tr>\n<tr>\n<th>Protoko\u0142y WiFi<\/th>\n<td>WiFi6, kompatybilno\u015b\u0107 wsteczna<\/td>\n<\/tr>\n<tr>\n<th>Pasmo cz\u0119stotliwo\u015bci<\/th>\n<td>5 GHz<\/td>\n<\/tr>\n<tr>\n<th>Pr\u0119dko\u015b\u0107 transferu<\/th>\n<td>Tryb linii r\u00f3wnoleg\u0142ych: \u226450 kl.\/s; tryb podczerwieni: \u226430 kl.\/s<\/td>\n<\/tr>\n<tr>\n<th>Rodzaj akumulatora<\/th>\n<td>litowy<\/td>\n<\/tr>\n<tr>\n<th>Pojemno\u015b\u0107 akumulatora<\/th>\n<td>5000 mAh (2 sztuki)<\/td>\n<\/tr>\n<tr>\n<th>Moc szybkiego \u0142adowania<\/th>\n<td>30 W<\/td>\n<\/tr>\n<tr>\n<th>Protok\u00f3\u0142 szybkiego \u0142adowania<\/th>\n<td>PD \/ AFC \/ FCP<\/td>\n<\/tr>\n<tr>\n<th>Port \u0142adowania<\/th>\n<td>Type-C<\/td>\n<\/tr>\n<tr>\n<th>Interfejs<\/th>\n<td>USB-A \/ USB3.0<\/td>\n<\/tr>\n<tr>\n<th>Interfejs zasilania<\/th>\n<td>DC12V \/ USB5V<\/td>\n<\/tr>\n<tr>\n<th>Uchwyt na telefon<\/th>\n<td>Magnetyczny<\/td>\n<\/tr>\n<tr>\n<th>Przycisk zasilania<\/th>\n<td>Mechaniczny<\/td>\n<\/tr>\n<tr>\n<th>Przycisk uruchamiania skanowania<\/th>\n<td>Mechaniczny<\/td>\n<\/tr>\n<tr>\n<th>Wymiary<\/th>\n<td>193,7 x 119,8 x 81,7 mm<\/td>\n<\/tr>\n<tr>\n<th>Waga<\/th>\n<td>444 g<\/td>\n<\/tr>\n<tr>\n<th>Zakres temperatur pracy<\/th>\n<td>od -10\u00b0C do 40\u00b0C<\/td>\n<\/tr>\n<tr>\n<th>Wilgotno\u015b\u0107 robocza<\/th>\n<td>0-90%RH<\/td>\n<\/tr>\n<\/tbody>\n<\/table>\n<p>\u00a0<\/p>\n<h3>Skaner<\/h3>\n<table>\n<tbody>\n<tr>\n<th>Producent<\/th>\n<td>Creality<\/td>\n<\/tr>\n<tr>\n<th>Tryby skanowania<\/th>\n<td>7 niebieskich r\u00f3wnoleg\u0142ych linii laserowych \/ 34 niebieskie linie laserowe \/ NIR<\/td>\n<\/tr>\n<tr>\n<th>Dok\u0142adno\u015b\u0107<\/th>\n<td>do 0.02 mm (7 niebieskich r\u00f3wnoleg\u0142ych linii laserowych \/ 34 niebieskie linie laserowe); do 0.1 mm (NIR)<\/td>\n<\/tr>\n<tr>\n<th>Dok\u0142adno\u015b\u0107 obj\u0119to\u015bci<\/th>\n<td>0.02 mm + 0.6 mm\/m (7 niebieskich r\u00f3wnoleg\u0142ych linii laserowych \/ 34 niebieskie linie laserowe); 0.05 mm + 0.1 mm\/m (NIR)<\/td>\n<\/tr>\n<tr>\n<th>Cz\u0119stotliwo\u015b\u0107 skanowania<\/th>\n<td>420.000 pomiar\u00f3w\/s (7 niebieskich r\u00f3wnoleg\u0142ych linii laserowych); 1.020000 pomiar\u00f3w\/s (34 niebieskie linie laserowe); 3.580000 pomiar\u00f3w\/s (NIR)<\/td>\n<\/tr>\n<tr>\n<th>Rozdzielczo\u015b\u0107 3D<\/th>\n<td>0.02-2 mm (7 niebieskich r\u00f3wnoleg\u0142ych linii laserowych \/ 34 niebieskie linie laserowe); 0.1-2 mm (NIR)<\/td>\n<\/tr>\n<tr>\n<th>Szybko\u015b\u0107 skanowania<\/th>\n<td>do 60 fps (7 niebieskich r\u00f3wnoleg\u0142ych linii laserowych \/ 34 niebieskie linie laserowe); do 20 fps (NIR)<\/td>\n<\/tr>\n<tr>\n<th>Minimalna obj\u0119to\u015b\u0107 skanowania<\/th>\n<td>5 x 5 x 5 mm (7 niebieskich r\u00f3wnoleg\u0142ych linii laserowych \/ 34 niebieskie linie laserowe); 150 x 150 x 150 mm (NIR)<\/td>\n<\/tr>\n<tr>\n<th>Zakres pojedynczego przechwytywania<\/th>\n<td>270 x 170 @ 300 mm (7 niebieskich r\u00f3wnoleg\u0142ych linii laserowych); 270 x 170 @ 300 mm \/ 341 x 232 @ 400 mm \/ 397 x 290 @ 500 mm \/ 452 x 348 @ 600 mm 600 mm TBD (34 niebieskie linie laserowe); 630 x 550 @ 1000 mm (NIR)<\/td>\n<\/tr>\n<tr>\n<th>Zasi\u0119g roboczy<\/th>\n<td>150-400 mm (7 niebieskich r\u00f3wnoleg\u0142ych linii laserowych); 200-600 mm (34 niebieskie linie laserowe); 170-1200 mm (NIR)<\/td>\n<\/tr>\n<tr>\n<th>Mapowanie kolor\u00f3w<\/th>\n<td>tak<\/td>\n<\/tr>\n<tr>\n<th>Tryb wyr\u00f3wnywania<\/th>\n<td>znacznik (7 niebieskich r\u00f3wnoleg\u0142ych linii laserowych \/ 34 niebieskie linie laserowe); znacznik \/ geometria \/ tekstura (NIR)<\/td>\n<\/tr>\n<tr>\n<th>Rozdzielczo\u015b\u0107 kamery do obrazowania 3D<\/th>\n<td>1920 x 1200<\/td>\n<\/tr>\n<tr>\n<th>Dodatkowe kolorowe \u015bwiat\u0142o RGB<\/th>\n<td>12 bia\u0142ych diod<\/td>\n<\/tr>\n<tr>\n<th>Skanowanie zewn\u0119trzne<\/th>\n<td>poni\u017cej 50 000 lux (7 niebieskich r\u00f3wnoleg\u0142ych linii laserowych); poni\u017cej 10 000 lux (34 niebieskie linie laserowe); poni\u017cej 30 000 lux (NIR)<\/td>\n<\/tr>\n<tr>\n<th>Wspomaganie rozpoznawania znacznik\u00f3w<\/th>\n<td>12 niebieskich diod LED<\/td>\n<\/tr>\n<tr>\n<th>Bezpiecze\u0144stwo laserowe (ochrona wzroku)<\/th>\n<td>klasa I (7 niebieskich r\u00f3wnoleg\u0142ych linii laserowych \/ NIR); klasa II (34 niebieskie linie laserowe)<\/td>\n<\/tr>\n<tr>\n<th>Przycisk <\/th>\n<td>mechaniczny<\/td>\n<\/tr>\n<tr>\n<th>Wsparcie IMU<\/th>\n<td>tak<\/td>\n<\/tr>\n<tr>\n<th>Format wyj\u015bciowy<\/th>\n<td>OBJ \/ STL \/ PLY<\/td>\n<\/tr>\n<tr>\n<th>Napi\u0119cie wej\u015bciowe<\/th>\n<td>12V\/2A<\/td>\n<\/tr>\n<tr>\n<th>Interfejs<\/th>\n<td>USB-C\/USB3.0<\/td>\n<\/tr>\n<tr>\n<th>Wymiary<\/th>\n<td>215 x 50 x 74 mm<\/td>\n<\/tr>\n<tr>\n<th>Waga<\/th>\n<td>405 g<\/td>\n<\/tr>\n<tr>\n<th>P\u0142ytka kalibracyjna<\/th>\n<td>precyzyjna szklana p\u0142ytka kalibracyjna<\/td>\n<\/tr>\n<tr>\n<th>Skanowanie bezprzewodowe<\/th>\n<td>tak<\/td>\n<\/tr>\n<tr>\n<th>System<\/th>\n<td>Windows, MacOS<\/td>\n<\/tr>\n<tr>\n<th>Temperatura robocza<\/th>\n<td>od -10\u00b0C do 40\u00b0C<\/td>\n<\/tr>\n<tr>\n<th>Wilgotno\u015b\u0107 robocza<\/th>\n<td>0-90%RH<\/td>\n<\/tr>\n<\/tbody>\n<\/table>\n<\/div>\n","protected":false},"excerpt":{"rendered":"<p>Skaner 3D Creality RaptorX Creality RaptorX to zaawansowany skaner 3D stworzony z my\u015bl\u0105 o profesjonalnych u\u017cytkownikach. Wyposa\u017cony w technologi\u0119 \u015bwiat\u0142a<\/p>\n","protected":false},"featured_media":46704,"comment_status":"closed","ping_status":"open","template":"","meta":{"_acf_changed":false},"product_brand":[],"product_cat":[6229,6217],"product_tag":[],"class_list":{"0":"post-60114","1":"product","2":"type-product","3":"status-publish","4":"has-post-thumbnail","6":"product_cat-skanery-3d","7":"product_cat-technologie-kreatywne","8":"pa_okres-gwarancji-5754","9":"pa_producent-creality","11":"first","12":"outofstock","13":"taxable","14":"shipping-taxable","15":"purchasable","16":"product-type-simple"},"acf":[],"yoast_head":"<!-- This site is optimized with the Yoast SEO plugin v27.2 - https:\/\/yoast.com\/product\/yoast-seo-wordpress\/ -->\n<title>Skaner 3D Creality RaptorX - IRONSKY.PL Sklep z Dronami<\/title>\n<meta name=\"description\" content=\"Skaner 3D Creality RaptorX - \u2705 sklep z dronami i fachowym doradztwem. \u2705 Tutaj kupisz produkty DJI, Yuneec, Parrot, Syma i wiele innych, a tak\u017ce kursy i licencje na operatora drona.\" \/>\n<meta name=\"robots\" content=\"index, follow, max-snippet:-1, max-image-preview:large, max-video-preview:-1\" \/>\n<link rel=\"canonical\" href=\"https:\/\/ironsky.pl\/sklep\/produkt\/skaner-3d-creality-raptorx-2\/\" \/>\n<meta property=\"og:locale\" content=\"pl_PL\" \/>\n<meta property=\"og:type\" content=\"article\" \/>\n<meta property=\"og:title\" content=\"Skaner 3D Creality RaptorX - IRONSKY.PL Sklep z Dronami\" \/>\n<meta property=\"og:description\" content=\"Skaner 3D Creality RaptorX - \u2705 sklep z dronami i fachowym doradztwem. \u2705 Tutaj kupisz produkty DJI, Yuneec, Parrot, Syma i wiele innych, a tak\u017ce kursy i licencje na operatora drona.\" \/>\n<meta property=\"og:url\" content=\"https:\/\/ironsky.pl\/sklep\/produkt\/skaner-3d-creality-raptorx-2\/\" \/>\n<meta property=\"og:site_name\" content=\"IRONSKY.PL Sklep z Dronami\" \/>\n<meta property=\"article:modified_time\" content=\"2026-04-15T08:56:14+00:00\" \/>\n<meta property=\"og:image\" content=\"https:\/\/ironsky.pl\/sklep\/wp-content\/uploads\/2025\/06\/49777_7.webp\" \/>\n\t<meta property=\"og:image:width\" content=\"800\" \/>\n\t<meta property=\"og:image:height\" content=\"800\" \/>\n\t<meta property=\"og:image:type\" content=\"image\/webp\" \/>\n<meta name=\"twitter:card\" content=\"summary_large_image\" \/>\n<meta name=\"twitter:label1\" content=\"Szacowany czas czytania\" \/>\n\t<meta name=\"twitter:data1\" content=\"5 minut\" \/>\n<script type=\"application\/ld+json\" class=\"yoast-schema-graph\">{\"@context\":\"https:\/\/schema.org\",\"@graph\":[{\"@type\":\"WebPage\",\"@id\":\"https:\/\/ironsky.pl\/sklep\/produkt\/skaner-3d-creality-raptorx-2\/\",\"url\":\"https:\/\/ironsky.pl\/sklep\/produkt\/skaner-3d-creality-raptorx-2\/\",\"name\":\"Skaner 3D Creality RaptorX - IRONSKY.PL Sklep z Dronami\",\"isPartOf\":{\"@id\":\"https:\/\/ironsky.pl\/sklep\/#website\"},\"primaryImageOfPage\":{\"@id\":\"https:\/\/ironsky.pl\/sklep\/produkt\/skaner-3d-creality-raptorx-2\/#primaryimage\"},\"image\":{\"@id\":\"https:\/\/ironsky.pl\/sklep\/produkt\/skaner-3d-creality-raptorx-2\/#primaryimage\"},\"thumbnailUrl\":\"https:\/\/ironsky.pl\/sklep\/wp-content\/uploads\/2025\/06\/49777_7.webp\",\"datePublished\":\"2026-04-15T08:55:58+00:00\",\"dateModified\":\"2026-04-15T08:56:14+00:00\",\"description\":\"Skaner 3D Creality RaptorX - \u2705 sklep z dronami i fachowym doradztwem. \u2705 Tutaj kupisz produkty DJI, Yuneec, Parrot, Syma i wiele innych, a tak\u017ce kursy i licencje na operatora drona.\",\"breadcrumb\":{\"@id\":\"https:\/\/ironsky.pl\/sklep\/produkt\/skaner-3d-creality-raptorx-2\/#breadcrumb\"},\"inLanguage\":\"pl-PL\",\"potentialAction\":[{\"@type\":\"ReadAction\",\"target\":[\"https:\/\/ironsky.pl\/sklep\/produkt\/skaner-3d-creality-raptorx-2\/\"]}]},{\"@type\":\"ImageObject\",\"inLanguage\":\"pl-PL\",\"@id\":\"https:\/\/ironsky.pl\/sklep\/produkt\/skaner-3d-creality-raptorx-2\/#primaryimage\",\"url\":\"https:\/\/ironsky.pl\/sklep\/wp-content\/uploads\/2025\/06\/49777_7.webp\",\"contentUrl\":\"https:\/\/ironsky.pl\/sklep\/wp-content\/uploads\/2025\/06\/49777_7.webp\",\"width\":800,\"height\":800},{\"@type\":\"BreadcrumbList\",\"@id\":\"https:\/\/ironsky.pl\/sklep\/produkt\/skaner-3d-creality-raptorx-2\/#breadcrumb\",\"itemListElement\":[{\"@type\":\"ListItem\",\"position\":1,\"name\":\"Strona g\u0142\u00f3wna\",\"item\":\"https:\/\/ironsky.pl\/sklep\/\"},{\"@type\":\"ListItem\",\"position\":2,\"name\":\"Wszystkie produkty\",\"item\":\"https:\/\/ironsky.pl\/sklep\/produkty\/\"},{\"@type\":\"ListItem\",\"position\":3,\"name\":\"Skaner 3D Creality RaptorX\"}]},{\"@type\":\"WebSite\",\"@id\":\"https:\/\/ironsky.pl\/sklep\/#website\",\"url\":\"https:\/\/ironsky.pl\/sklep\/\",\"name\":\"IRONSKY.PL Sklep z Dronami\",\"description\":\"IRONSKY.PL Sklep z Dronami\",\"potentialAction\":[{\"@type\":\"SearchAction\",\"target\":{\"@type\":\"EntryPoint\",\"urlTemplate\":\"https:\/\/ironsky.pl\/sklep\/?s={search_term_string}\"},\"query-input\":{\"@type\":\"PropertyValueSpecification\",\"valueRequired\":true,\"valueName\":\"search_term_string\"}}],\"inLanguage\":\"pl-PL\"}]}<\/script>\n<!-- \/ Yoast SEO plugin. -->","yoast_head_json":{"title":"Skaner 3D Creality RaptorX - IRONSKY.PL Sklep z Dronami","description":"Skaner 3D Creality RaptorX - \u2705 sklep z dronami i fachowym doradztwem. \u2705 Tutaj kupisz produkty DJI, Yuneec, Parrot, Syma i wiele innych, a tak\u017ce kursy i licencje na operatora drona.","robots":{"index":"index","follow":"follow","max-snippet":"max-snippet:-1","max-image-preview":"max-image-preview:large","max-video-preview":"max-video-preview:-1"},"canonical":"https:\/\/ironsky.pl\/sklep\/produkt\/skaner-3d-creality-raptorx-2\/","og_locale":"pl_PL","og_type":"article","og_title":"Skaner 3D Creality RaptorX - IRONSKY.PL Sklep z Dronami","og_description":"Skaner 3D Creality RaptorX - \u2705 sklep z dronami i fachowym doradztwem. \u2705 Tutaj kupisz produkty DJI, Yuneec, Parrot, Syma i wiele innych, a tak\u017ce kursy i licencje na operatora drona.","og_url":"https:\/\/ironsky.pl\/sklep\/produkt\/skaner-3d-creality-raptorx-2\/","og_site_name":"IRONSKY.PL Sklep z Dronami","article_modified_time":"2026-04-15T08:56:14+00:00","og_image":[{"width":800,"height":800,"url":"https:\/\/ironsky.pl\/sklep\/wp-content\/uploads\/2025\/06\/49777_7.webp","type":"image\/webp"}],"twitter_card":"summary_large_image","twitter_misc":{"Szacowany czas czytania":"5 minut"},"schema":{"@context":"https:\/\/schema.org","@graph":[{"@type":"WebPage","@id":"https:\/\/ironsky.pl\/sklep\/produkt\/skaner-3d-creality-raptorx-2\/","url":"https:\/\/ironsky.pl\/sklep\/produkt\/skaner-3d-creality-raptorx-2\/","name":"Skaner 3D Creality RaptorX - IRONSKY.PL Sklep z Dronami","isPartOf":{"@id":"https:\/\/ironsky.pl\/sklep\/#website"},"primaryImageOfPage":{"@id":"https:\/\/ironsky.pl\/sklep\/produkt\/skaner-3d-creality-raptorx-2\/#primaryimage"},"image":{"@id":"https:\/\/ironsky.pl\/sklep\/produkt\/skaner-3d-creality-raptorx-2\/#primaryimage"},"thumbnailUrl":"https:\/\/ironsky.pl\/sklep\/wp-content\/uploads\/2025\/06\/49777_7.webp","datePublished":"2026-04-15T08:55:58+00:00","dateModified":"2026-04-15T08:56:14+00:00","description":"Skaner 3D Creality RaptorX - \u2705 sklep z dronami i fachowym doradztwem. \u2705 Tutaj kupisz produkty DJI, Yuneec, Parrot, Syma i wiele innych, a tak\u017ce kursy i licencje na operatora drona.","breadcrumb":{"@id":"https:\/\/ironsky.pl\/sklep\/produkt\/skaner-3d-creality-raptorx-2\/#breadcrumb"},"inLanguage":"pl-PL","potentialAction":[{"@type":"ReadAction","target":["https:\/\/ironsky.pl\/sklep\/produkt\/skaner-3d-creality-raptorx-2\/"]}]},{"@type":"ImageObject","inLanguage":"pl-PL","@id":"https:\/\/ironsky.pl\/sklep\/produkt\/skaner-3d-creality-raptorx-2\/#primaryimage","url":"https:\/\/ironsky.pl\/sklep\/wp-content\/uploads\/2025\/06\/49777_7.webp","contentUrl":"https:\/\/ironsky.pl\/sklep\/wp-content\/uploads\/2025\/06\/49777_7.webp","width":800,"height":800},{"@type":"BreadcrumbList","@id":"https:\/\/ironsky.pl\/sklep\/produkt\/skaner-3d-creality-raptorx-2\/#breadcrumb","itemListElement":[{"@type":"ListItem","position":1,"name":"Strona g\u0142\u00f3wna","item":"https:\/\/ironsky.pl\/sklep\/"},{"@type":"ListItem","position":2,"name":"Wszystkie produkty","item":"https:\/\/ironsky.pl\/sklep\/produkty\/"},{"@type":"ListItem","position":3,"name":"Skaner 3D Creality RaptorX"}]},{"@type":"WebSite","@id":"https:\/\/ironsky.pl\/sklep\/#website","url":"https:\/\/ironsky.pl\/sklep\/","name":"IRONSKY.PL Sklep z Dronami","description":"IRONSKY.PL Sklep z Dronami","potentialAction":[{"@type":"SearchAction","target":{"@type":"EntryPoint","urlTemplate":"https:\/\/ironsky.pl\/sklep\/?s={search_term_string}"},"query-input":{"@type":"PropertyValueSpecification","valueRequired":true,"valueName":"search_term_string"}}],"inLanguage":"pl-PL"}]}},"_links":{"self":[{"href":"https:\/\/ironsky.pl\/sklep\/wp-json\/wp\/v2\/product\/60114","targetHints":{"allow":["GET"]}}],"collection":[{"href":"https:\/\/ironsky.pl\/sklep\/wp-json\/wp\/v2\/product"}],"about":[{"href":"https:\/\/ironsky.pl\/sklep\/wp-json\/wp\/v2\/types\/product"}],"replies":[{"embeddable":true,"href":"https:\/\/ironsky.pl\/sklep\/wp-json\/wp\/v2\/comments?post=60114"}],"wp:featuredmedia":[{"embeddable":true,"href":"https:\/\/ironsky.pl\/sklep\/wp-json\/wp\/v2\/media\/46704"}],"wp:attachment":[{"href":"https:\/\/ironsky.pl\/sklep\/wp-json\/wp\/v2\/media?parent=60114"}],"wp:term":[{"taxonomy":"product_brand","embeddable":true,"href":"https:\/\/ironsky.pl\/sklep\/wp-json\/wp\/v2\/product_brand?post=60114"},{"taxonomy":"product_cat","embeddable":true,"href":"https:\/\/ironsky.pl\/sklep\/wp-json\/wp\/v2\/product_cat?post=60114"},{"taxonomy":"product_tag","embeddable":true,"href":"https:\/\/ironsky.pl\/sklep\/wp-json\/wp\/v2\/product_tag?post=60114"}],"curies":[{"name":"wp","href":"https:\/\/api.w.org\/{rel}","templated":true}]}}