{"id":59965,"date":"2026-04-15T10:54:01","date_gmt":"2026-04-15T08:54:01","guid":{"rendered":"https:\/\/ironsky.pl\/sklep\/produkt\/akumulator-tattu-r-line-5-0-1800mah-222v-xt60\/"},"modified":"2026-04-15T10:54:02","modified_gmt":"2026-04-15T08:54:02","slug":"akumulator-tattu-r-line-5-0-1800mah-222v-xt60","status":"publish","type":"product","link":"https:\/\/ironsky.pl\/sklep\/produkt\/akumulator-tattu-r-line-5-0-1800mah-222v-xt60\/","title":{"rendered":"Akumulator TATTU R-Line 5.0 1800mAh 22,2V XT60"},"content":{"rendered":"<h3>Akumulator Lipo Tattu R-Line Version 5.0 1800mAh 22.2V 150C 6S z wtyczk\u0105 XT60<\/h3>\n<p>Akumulator Lipo Tattu R-Line to doskona\u0142y wyb\u00f3r dla profesjonalnych entuzjast\u00f3w FPV racing, kt\u00f3rzy szukaj\u0105 niezawodnej mocy dla swoich modeli FPV. Dzi\u0119ki wyj\u0105tkowej technologii produkcji i zaawansowanym materia\u0142om oferuje on niezwyk\u0142\u0105 moc, wysok\u0105 pojemno\u015b\u0107 i wyj\u0105tkow\u0105 wydajno\u015b\u0107, kt\u00f3re sprawdz\u0105 si\u0119 w najbardziej wymagaj\u0105cych warunkach.<\/p>\n<p>\n<img decoding=\"async\" src=\"https:\/\/assets.innpro.pl\/11947\/14154\/1.jpg\" border=\"0\" \/>\n<\/p>\n<h3>Wydajny sprz\u0119t dla ka\u017cdego profesjonalisty<\/h3>\n<p>Tattu R-Line charakteryzuje si\u0119 wyj\u0105tkowym stosunkiem pojemno\u015bci do rozmiaru. Jego pojemno\u015b\u0107 wynosi 1800 mAh, a jego kompaktowe wymiary (77 x 38 x 53 mm) i lekka waga (288 g) sprawiaj\u0105, \u017ce jest to idealne rozwi\u0105zanie dla multirotor\u00f3w FPV o rozmiarach od 100 do 180, zapewniaj\u0105c im niezr\u00f3wnan\u0105 moc i d\u0142ugi czas lotu.<\/p>\n<p>\n<img decoding=\"async\" src=\"https:\/\/assets.innpro.pl\/11947\/14154\/3.jpg\" border=\"0\" \/>\n<\/p>\n<h3>Niezwyk\u0142a moc i bezpieczne \u0142adowanie<\/h3>\n<p>Akumulator Tattu R-Line oferuje wyj\u0105tkow\u0105 wydajno\u015b\u0107 roz\u0142adowania na poziomie 150C, co zapewnia wystarczaj\u0105c\u0105 ilo\u015b\u0107 mocy nawet podczas najbardziej intensywnych wy\u015bcig\u00f3w. Dzi\u0119ki temu, \u017ce akumulator zosta\u0142 zaprojektowany z my\u015bl\u0105 o profesjonalnych zawodach FPV, jego wydajno\u015b\u0107 nie zawiedzie nawet w ekstremalnych i dynamicznych momentach, daj\u0105c Ci pe\u0142n\u0105 kontrol\u0119 nad maszyn\u0105.<\/p>\n<p>\n<img decoding=\"async\" src=\"https:\/\/assets.innpro.pl\/11947\/14154\/4.jpg\" border=\"0\" \/>\n<\/p>\n<h3>Wykorzystanie zaawansowanych technologii<\/h3>\n<p>Akumulator Tattu R-Line wykorzystuje surowce najwy\u017cszej jako\u015bci z Japonii i Korei, kt\u00f3re gwarantuj\u0105 jego stabilno\u015b\u0107 i d\u0142ugowieczno\u015b\u0107. Zastosowanie technologii &#8222;stacking&#8221; pozwala na uzyskanie wysokiej g\u0119sto\u015bci energii oraz obni\u017cenie wewn\u0119trznego oporu, co przek\u0142ada si\u0119 na d\u0142ugotrwa\u0142e dzia\u0142anie w ka\u017cdej sytuacji. Akumulator jest r\u00f3wnie\u017c mniej podatny na przegrzewanie, co wp\u0142ywa na bezpiecze\u0144stwo i komfort u\u017cytkowania.<\/p>\n<p>\n<img decoding=\"async\" src=\"https:\/\/assets.innpro.pl\/11947\/14154\/2.jpg\" border=\"0\" \/>\n<\/p>\n<div class=\"table-wrapper\">\n<p>\u00a0<\/p>\n<h3><\/h3>\n<table>\n<tbody>\n<tr>\n<th>Producent<\/th>\n<td>Gens ace<\/td>\n<\/tr>\n<tr>\n<th>Model<\/th>\n<td>Lipo Tattu R-Line Version 5.0<\/td>\n<\/tr>\n<tr>\n<th>Pojemno\u015b\u0107<\/th>\n<td>1800 mAh<\/td>\n<\/tr>\n<tr>\n<th>Konfiguracja <\/th>\n<td>6S1P<\/td>\n<\/tr>\n<tr>\n<th>Napi\u0119cie<\/th>\n<td>22.2V<\/td>\n<\/tr>\n<tr>\n<th>Wska\u017anik roz\u0142adowania <\/th>\n<td>150C<\/td>\n<\/tr>\n<tr>\n<th>Waga<\/th>\n<td>288 g<\/td>\n<\/tr>\n<tr>\n<th>Wymiary<\/th>\n<td>77 x 38 x 53 cm<\/td>\n<\/tr>\n<tr>\n<th>Wtyczka \u0142adowania<\/th>\n<td>JST-XHR<\/td>\n<\/tr>\n<\/tbody>\n<\/table>\n<\/div>\n","protected":false},"excerpt":{"rendered":"<p>Akumulator Lipo Tattu R-Line Version 5.0 1800mAh 22.2V 150C 6S z wtyczk\u0105 XT60 Akumulator Lipo Tattu R-Line to doskona\u0142y wyb\u00f3r<\/p>\n","protected":false},"featured_media":59966,"comment_status":"closed","ping_status":"open","template":"","meta":{"_acf_changed":false},"product_brand":[],"product_cat":[1183,1182,1169],"product_tag":[],"class_list":{"0":"post-59965","1":"product","2":"type-product","3":"status-publish","4":"has-post-thumbnail","6":"product_cat-litowe-i-nimh","7":"product_cat-akumulatory","8":"product_cat-modele-rc","9":"pa_okres-gwarancji-5754","10":"pa_producent-tattu","12":"first","13":"outofstock","14":"taxable","15":"shipping-taxable","16":"purchasable","17":"product-type-simple"},"acf":[],"yoast_head":"<!-- This site is optimized with the Yoast SEO plugin v27.2 - https:\/\/yoast.com\/product\/yoast-seo-wordpress\/ -->\n<title>Akumulator TATTU R-Line 5.0 1800mAh 22,2V XT60 - IRONSKY.PL Sklep z Dronami<\/title>\n<meta name=\"description\" content=\"Akumulator TATTU R-Line 5.0 1800mAh 22,2V XT60 - \u2705 sklep z dronami i fachowym doradztwem. \u2705 Tutaj kupisz produkty DJI, Yuneec, Parrot, Syma i wiele innych, a tak\u017ce kursy i licencje na operatora drona.\" \/>\n<meta name=\"robots\" content=\"index, follow, max-snippet:-1, max-image-preview:large, max-video-preview:-1\" \/>\n<link rel=\"canonical\" href=\"https:\/\/ironsky.pl\/sklep\/produkt\/akumulator-tattu-r-line-5-0-1800mah-222v-xt60\/\" \/>\n<meta property=\"og:locale\" content=\"pl_PL\" \/>\n<meta property=\"og:type\" content=\"article\" \/>\n<meta property=\"og:title\" content=\"Akumulator TATTU R-Line 5.0 1800mAh 22,2V XT60 - IRONSKY.PL Sklep z Dronami\" \/>\n<meta property=\"og:description\" content=\"Akumulator TATTU R-Line 5.0 1800mAh 22,2V XT60 - \u2705 sklep z dronami i fachowym doradztwem. \u2705 Tutaj kupisz produkty DJI, Yuneec, Parrot, Syma i wiele innych, a tak\u017ce kursy i licencje na operatora drona.\" \/>\n<meta property=\"og:url\" content=\"https:\/\/ironsky.pl\/sklep\/produkt\/akumulator-tattu-r-line-5-0-1800mah-222v-xt60\/\" \/>\n<meta property=\"og:site_name\" content=\"IRONSKY.PL Sklep z Dronami\" \/>\n<meta property=\"article:modified_time\" content=\"2026-04-15T08:54:02+00:00\" \/>\n<meta property=\"og:image\" content=\"https:\/\/ironsky.pl\/sklep\/wp-content\/uploads\/2026\/04\/49052_1.jpg\" \/>\n\t<meta property=\"og:image:width\" content=\"800\" \/>\n\t<meta property=\"og:image:height\" content=\"800\" \/>\n\t<meta property=\"og:image:type\" content=\"image\/jpeg\" \/>\n<meta name=\"twitter:card\" content=\"summary_large_image\" \/>\n<meta name=\"twitter:label1\" content=\"Szacowany czas czytania\" \/>\n\t<meta name=\"twitter:data1\" content=\"1 minuta\" \/>\n<script type=\"application\/ld+json\" class=\"yoast-schema-graph\">{\"@context\":\"https:\/\/schema.org\",\"@graph\":[{\"@type\":\"WebPage\",\"@id\":\"https:\/\/ironsky.pl\/sklep\/produkt\/akumulator-tattu-r-line-5-0-1800mah-222v-xt60\/\",\"url\":\"https:\/\/ironsky.pl\/sklep\/produkt\/akumulator-tattu-r-line-5-0-1800mah-222v-xt60\/\",\"name\":\"Akumulator TATTU R-Line 5.0 1800mAh 22,2V XT60 - IRONSKY.PL Sklep z Dronami\",\"isPartOf\":{\"@id\":\"https:\/\/ironsky.pl\/sklep\/#website\"},\"primaryImageOfPage\":{\"@id\":\"https:\/\/ironsky.pl\/sklep\/produkt\/akumulator-tattu-r-line-5-0-1800mah-222v-xt60\/#primaryimage\"},\"image\":{\"@id\":\"https:\/\/ironsky.pl\/sklep\/produkt\/akumulator-tattu-r-line-5-0-1800mah-222v-xt60\/#primaryimage\"},\"thumbnailUrl\":\"https:\/\/ironsky.pl\/sklep\/wp-content\/uploads\/2026\/04\/49052_1.jpg\",\"datePublished\":\"2026-04-15T08:54:01+00:00\",\"dateModified\":\"2026-04-15T08:54:02+00:00\",\"description\":\"Akumulator TATTU R-Line 5.0 1800mAh 22,2V XT60 - \u2705 sklep z dronami i fachowym doradztwem. \u2705 Tutaj kupisz produkty DJI, Yuneec, Parrot, Syma i wiele innych, a tak\u017ce kursy i licencje na operatora drona.\",\"breadcrumb\":{\"@id\":\"https:\/\/ironsky.pl\/sklep\/produkt\/akumulator-tattu-r-line-5-0-1800mah-222v-xt60\/#breadcrumb\"},\"inLanguage\":\"pl-PL\",\"potentialAction\":[{\"@type\":\"ReadAction\",\"target\":[\"https:\/\/ironsky.pl\/sklep\/produkt\/akumulator-tattu-r-line-5-0-1800mah-222v-xt60\/\"]}]},{\"@type\":\"ImageObject\",\"inLanguage\":\"pl-PL\",\"@id\":\"https:\/\/ironsky.pl\/sklep\/produkt\/akumulator-tattu-r-line-5-0-1800mah-222v-xt60\/#primaryimage\",\"url\":\"https:\/\/ironsky.pl\/sklep\/wp-content\/uploads\/2026\/04\/49052_1.jpg\",\"contentUrl\":\"https:\/\/ironsky.pl\/sklep\/wp-content\/uploads\/2026\/04\/49052_1.jpg\",\"width\":800,\"height\":800},{\"@type\":\"BreadcrumbList\",\"@id\":\"https:\/\/ironsky.pl\/sklep\/produkt\/akumulator-tattu-r-line-5-0-1800mah-222v-xt60\/#breadcrumb\",\"itemListElement\":[{\"@type\":\"ListItem\",\"position\":1,\"name\":\"Strona g\u0142\u00f3wna\",\"item\":\"https:\/\/ironsky.pl\/sklep\/\"},{\"@type\":\"ListItem\",\"position\":2,\"name\":\"Wszystkie produkty\",\"item\":\"https:\/\/ironsky.pl\/sklep\/produkty\/\"},{\"@type\":\"ListItem\",\"position\":3,\"name\":\"Akumulator TATTU R-Line 5.0 1800mAh 22,2V XT60\"}]},{\"@type\":\"WebSite\",\"@id\":\"https:\/\/ironsky.pl\/sklep\/#website\",\"url\":\"https:\/\/ironsky.pl\/sklep\/\",\"name\":\"IRONSKY.PL Sklep z Dronami\",\"description\":\"IRONSKY.PL Sklep z Dronami\",\"potentialAction\":[{\"@type\":\"SearchAction\",\"target\":{\"@type\":\"EntryPoint\",\"urlTemplate\":\"https:\/\/ironsky.pl\/sklep\/?s={search_term_string}\"},\"query-input\":{\"@type\":\"PropertyValueSpecification\",\"valueRequired\":true,\"valueName\":\"search_term_string\"}}],\"inLanguage\":\"pl-PL\"}]}<\/script>\n<!-- \/ Yoast SEO plugin. -->","yoast_head_json":{"title":"Akumulator TATTU R-Line 5.0 1800mAh 22,2V XT60 - IRONSKY.PL Sklep z Dronami","description":"Akumulator TATTU R-Line 5.0 1800mAh 22,2V XT60 - \u2705 sklep z dronami i fachowym doradztwem. \u2705 Tutaj kupisz produkty DJI, Yuneec, Parrot, Syma i wiele innych, a tak\u017ce kursy i licencje na operatora drona.","robots":{"index":"index","follow":"follow","max-snippet":"max-snippet:-1","max-image-preview":"max-image-preview:large","max-video-preview":"max-video-preview:-1"},"canonical":"https:\/\/ironsky.pl\/sklep\/produkt\/akumulator-tattu-r-line-5-0-1800mah-222v-xt60\/","og_locale":"pl_PL","og_type":"article","og_title":"Akumulator TATTU R-Line 5.0 1800mAh 22,2V XT60 - IRONSKY.PL Sklep z Dronami","og_description":"Akumulator TATTU R-Line 5.0 1800mAh 22,2V XT60 - \u2705 sklep z dronami i fachowym doradztwem. \u2705 Tutaj kupisz produkty DJI, Yuneec, Parrot, Syma i wiele innych, a tak\u017ce kursy i licencje na operatora drona.","og_url":"https:\/\/ironsky.pl\/sklep\/produkt\/akumulator-tattu-r-line-5-0-1800mah-222v-xt60\/","og_site_name":"IRONSKY.PL Sklep z Dronami","article_modified_time":"2026-04-15T08:54:02+00:00","og_image":[{"width":800,"height":800,"url":"https:\/\/ironsky.pl\/sklep\/wp-content\/uploads\/2026\/04\/49052_1.jpg","type":"image\/jpeg"}],"twitter_card":"summary_large_image","twitter_misc":{"Szacowany czas czytania":"1 minuta"},"schema":{"@context":"https:\/\/schema.org","@graph":[{"@type":"WebPage","@id":"https:\/\/ironsky.pl\/sklep\/produkt\/akumulator-tattu-r-line-5-0-1800mah-222v-xt60\/","url":"https:\/\/ironsky.pl\/sklep\/produkt\/akumulator-tattu-r-line-5-0-1800mah-222v-xt60\/","name":"Akumulator TATTU R-Line 5.0 1800mAh 22,2V XT60 - IRONSKY.PL Sklep z Dronami","isPartOf":{"@id":"https:\/\/ironsky.pl\/sklep\/#website"},"primaryImageOfPage":{"@id":"https:\/\/ironsky.pl\/sklep\/produkt\/akumulator-tattu-r-line-5-0-1800mah-222v-xt60\/#primaryimage"},"image":{"@id":"https:\/\/ironsky.pl\/sklep\/produkt\/akumulator-tattu-r-line-5-0-1800mah-222v-xt60\/#primaryimage"},"thumbnailUrl":"https:\/\/ironsky.pl\/sklep\/wp-content\/uploads\/2026\/04\/49052_1.jpg","datePublished":"2026-04-15T08:54:01+00:00","dateModified":"2026-04-15T08:54:02+00:00","description":"Akumulator TATTU R-Line 5.0 1800mAh 22,2V XT60 - \u2705 sklep z dronami i fachowym doradztwem. \u2705 Tutaj kupisz produkty DJI, Yuneec, Parrot, Syma i wiele innych, a tak\u017ce kursy i licencje na operatora drona.","breadcrumb":{"@id":"https:\/\/ironsky.pl\/sklep\/produkt\/akumulator-tattu-r-line-5-0-1800mah-222v-xt60\/#breadcrumb"},"inLanguage":"pl-PL","potentialAction":[{"@type":"ReadAction","target":["https:\/\/ironsky.pl\/sklep\/produkt\/akumulator-tattu-r-line-5-0-1800mah-222v-xt60\/"]}]},{"@type":"ImageObject","inLanguage":"pl-PL","@id":"https:\/\/ironsky.pl\/sklep\/produkt\/akumulator-tattu-r-line-5-0-1800mah-222v-xt60\/#primaryimage","url":"https:\/\/ironsky.pl\/sklep\/wp-content\/uploads\/2026\/04\/49052_1.jpg","contentUrl":"https:\/\/ironsky.pl\/sklep\/wp-content\/uploads\/2026\/04\/49052_1.jpg","width":800,"height":800},{"@type":"BreadcrumbList","@id":"https:\/\/ironsky.pl\/sklep\/produkt\/akumulator-tattu-r-line-5-0-1800mah-222v-xt60\/#breadcrumb","itemListElement":[{"@type":"ListItem","position":1,"name":"Strona g\u0142\u00f3wna","item":"https:\/\/ironsky.pl\/sklep\/"},{"@type":"ListItem","position":2,"name":"Wszystkie produkty","item":"https:\/\/ironsky.pl\/sklep\/produkty\/"},{"@type":"ListItem","position":3,"name":"Akumulator TATTU R-Line 5.0 1800mAh 22,2V XT60"}]},{"@type":"WebSite","@id":"https:\/\/ironsky.pl\/sklep\/#website","url":"https:\/\/ironsky.pl\/sklep\/","name":"IRONSKY.PL Sklep z Dronami","description":"IRONSKY.PL Sklep z Dronami","potentialAction":[{"@type":"SearchAction","target":{"@type":"EntryPoint","urlTemplate":"https:\/\/ironsky.pl\/sklep\/?s={search_term_string}"},"query-input":{"@type":"PropertyValueSpecification","valueRequired":true,"valueName":"search_term_string"}}],"inLanguage":"pl-PL"}]}},"_links":{"self":[{"href":"https:\/\/ironsky.pl\/sklep\/wp-json\/wp\/v2\/product\/59965","targetHints":{"allow":["GET"]}}],"collection":[{"href":"https:\/\/ironsky.pl\/sklep\/wp-json\/wp\/v2\/product"}],"about":[{"href":"https:\/\/ironsky.pl\/sklep\/wp-json\/wp\/v2\/types\/product"}],"replies":[{"embeddable":true,"href":"https:\/\/ironsky.pl\/sklep\/wp-json\/wp\/v2\/comments?post=59965"}],"wp:featuredmedia":[{"embeddable":true,"href":"https:\/\/ironsky.pl\/sklep\/wp-json\/wp\/v2\/media\/59966"}],"wp:attachment":[{"href":"https:\/\/ironsky.pl\/sklep\/wp-json\/wp\/v2\/media?parent=59965"}],"wp:term":[{"taxonomy":"product_brand","embeddable":true,"href":"https:\/\/ironsky.pl\/sklep\/wp-json\/wp\/v2\/product_brand?post=59965"},{"taxonomy":"product_cat","embeddable":true,"href":"https:\/\/ironsky.pl\/sklep\/wp-json\/wp\/v2\/product_cat?post=59965"},{"taxonomy":"product_tag","embeddable":true,"href":"https:\/\/ironsky.pl\/sklep\/wp-json\/wp\/v2\/product_tag?post=59965"}],"curies":[{"name":"wp","href":"https:\/\/api.w.org\/{rel}","templated":true}]}}