{"id":59951,"date":"2026-04-15T10:53:23","date_gmt":"2026-04-15T08:53:23","guid":{"rendered":"https:\/\/ironsky.pl\/sklep\/produkt\/etui-sunnylife-ep2-b930-do-insta360-ace-pro-2-ace-pro\/"},"modified":"2026-04-15T10:53:52","modified_gmt":"2026-04-15T08:53:52","slug":"etui-sunnylife-ep2-b930-do-insta360-ace-pro-2-ace-pro","status":"publish","type":"product","link":"https:\/\/ironsky.pl\/sklep\/produkt\/etui-sunnylife-ep2-b930-do-insta360-ace-pro-2-ace-pro\/","title":{"rendered":"Etui SUNNYLIFE EP2-B930 do Insta360 Ace Pro 2\/Ace Pro"},"content":{"rendered":"<h3>Etui do Insta360 Sunnylife 073527<\/h3>\n<p>Etui Sunnylife EP2-B930 to doskona\u0142e akcesorium dla posiadaczy Insta360 Ace, Ace Pro 2 oraz Ace Pro 1. Jego kompaktowe wymiary i przemy\u015blany design sprawiaj\u0105, \u017ce jest idealnym rozwi\u0105zaniem do przechowywania i transportu sprz\u0119tu. Oferuje miejsce na kamer\u0119, standardowe mocowanie, hub szybkiego \u0142adowania, trzy akumulatory (w tym jeden zamontowany w urz\u0105dzeniu) oraz dodatkowe akcesoria, takie jak kable, \u015bruby czy karty SD. Do jego wykonania zastosowano trwa\u0142e, odporne na uszkodzenia materia\u0142y, dzi\u0119ki czemu b\u0119dzie \u015bwietnie Ci s\u0142u\u017cy\u0107 przez d\u0142ugie lata.<\/p>\n<p>\n<img decoding=\"async\" src=\"https:\/\/assets.innpro.pl\/11504\/13623\/5.jpg\" border=\"0\" \/>\n<\/p>\n<h3>U\u0142atwi zachowanie porz\u0105dku<\/h3>\n<p>Etui Sunnylife EP2-B930 oferuje precyzyjnie zaprojektowane przegr\u00f3dki, dzi\u0119ki kt\u00f3rym kamera oraz akcesoria maj\u0105 swoje miejsce, a Ty z \u0142atwo\u015bci\u0105 zachowasz porz\u0105dek. Do dyspozycji masz tak\u017ce siatkow\u0105 kiesze\u0144 zapinan\u0105 na zamek, kt\u00f3ra zapewnia miejsce na mniejsze elementy, takie jak karty SD, kable czy standardowe mocowania.<\/p>\n<p>\n<img decoding=\"async\" src=\"https:\/\/assets.innpro.pl\/11504\/13623\/3.jpg\" border=\"0\" \/>\n<\/p>\n<h3>Wytrzyma\u0142a konstrukcja i ochrona przed uszkodzeniami<\/h3>\n<p>Etui zosta\u0142o wykonane z wysokiej jako\u015bci materia\u0142\u00f3w \u2013 z zewn\u0105trz pokryte jest tkanin\u0105, a wewn\u0105trz znajduje si\u0119 mi\u0119kka flanela, Dzi\u0119ki temu Tw\u00f3j sprz\u0119t b\u0119dzie skutecznie chroniony przed zarysowaniami, wstrz\u0105sami i innymi uszkodzeniami! Zadbaj o jego bezpiecze\u0144stwo podczas transportu i miej pewno\u015b\u0107, \u017ce pozostanie w nienaruszonym stanie.<\/p>\n<p>\n<img decoding=\"async\" src=\"https:\/\/assets.innpro.pl\/11504\/13623\/4.jpg\" border=\"0\" \/>\n<\/p>\n<h3>Dopracowane w ka\u017cdym szczeg\u00f3le<\/h3>\n<p>Do wykonania etui zastosowano wysokiej jako\u015bci materia\u0142y, kt\u00f3re s\u0105 wytrzyma\u0142e i odporne na zarysowania czy innego rodzaju uszkodzenia. Produkt wyr\u00f3\u017cnia si\u0119 tak\u017ce precyzyjnymi przeszyciami i trwa\u0142ymi zamkami b\u0142yskawicznymi, kt\u00f3re umo\u017cliwiaj\u0105 jego p\u0142ynne otwieranie i zamykanie \u2013 nie b\u0119d\u0105 si\u0119 zacina\u0107. Dodatkowo w zestawie znajdziesz niewielki karabi\u0144czyk. Za jego pomoc\u0105 mo\u017cesz na przyk\u0142ad przymocowa\u0107 etui do plecaka, aby uwolni\u0107 r\u0119ce!<\/p>\n<p>\n<img decoding=\"async\" src=\"https:\/\/assets.innpro.pl\/11504\/13623\/2.jpg\" border=\"0\" \/>\n<\/p>\n<h3>W zestawie<\/h3>\n<ul class=\"list-disc pl-5\">\n<li>Torba<\/li>\n<li>Karabi\u0144czyk<\/li>\n<\/ul>\n<div class=\"table-wrapper\">\n<p>\u00a0<\/p>\n<h3><\/h3>\n<table>\n<tbody>\n<tr>\n<th>Producent<\/th>\n<td>Sunnylife<\/td>\n<\/tr>\n<tr>\n<th>Model<\/th>\n<td>EP2-B930<\/td>\n<\/tr>\n<tr>\n<th>Materia\u0142<\/th>\n<td>Tkanina + flanela<\/td>\n<\/tr>\n<tr>\n<th>Waga<\/th>\n<td>137 g<\/td>\n<\/tr>\n<tr>\n<th>Wymiary<\/th>\n<td>177 x 103 x 64 mm<\/td>\n<\/tr>\n<tr>\n<th>Kompatybilno\u015b\u0107<\/th>\n<td>Insta360 Ace \/ Ace Pro 2 \/ 1<\/td>\n<\/tr>\n<\/tbody>\n<\/table>\n<\/div>\n","protected":false},"excerpt":{"rendered":"<p>Etui do Insta360 Sunnylife 073527 Etui Sunnylife EP2-B930 to doskona\u0142e akcesorium dla posiadaczy Insta360 Ace, Ace Pro 2 oraz Ace<\/p>\n","protected":false},"featured_media":40061,"comment_status":"closed","ping_status":"open","template":"","meta":{"_acf_changed":false},"product_brand":[],"product_cat":[1130,1137,1128],"product_tag":[],"class_list":{"0":"post-59951","1":"product","2":"type-product","3":"status-publish","4":"has-post-thumbnail","6":"product_cat-akcesoria-foto","7":"product_cat-do-kamer-sportowych","8":"product_cat-foto-wideo","9":"pa_okres-gwarancji-5754","10":"pa_producent-sunnylife","12":"first","13":"outofstock","14":"taxable","15":"shipping-taxable","16":"purchasable","17":"product-type-simple"},"acf":[],"yoast_head":"<!-- This site is optimized with the Yoast SEO plugin v27.2 - https:\/\/yoast.com\/product\/yoast-seo-wordpress\/ -->\n<title>Etui SUNNYLIFE EP2-B930 do Insta360 Ace Pro 2\/Ace Pro - IRONSKY.PL Sklep z Dronami<\/title>\n<meta name=\"description\" content=\"Etui SUNNYLIFE EP2-B930 do Insta360 Ace Pro 2\/Ace Pro - \u2705 sklep z dronami i fachowym doradztwem. \u2705 Tutaj kupisz produkty DJI, Yuneec, Parrot, Syma i wiele innych, a tak\u017ce kursy i licencje na operatora drona.\" \/>\n<meta name=\"robots\" content=\"index, follow, max-snippet:-1, max-image-preview:large, max-video-preview:-1\" \/>\n<link rel=\"canonical\" href=\"https:\/\/ironsky.pl\/sklep\/produkt\/etui-sunnylife-ep2-b930-do-insta360-ace-pro-2-ace-pro\/\" \/>\n<meta property=\"og:locale\" content=\"pl_PL\" \/>\n<meta property=\"og:type\" content=\"article\" \/>\n<meta property=\"og:title\" content=\"Etui SUNNYLIFE EP2-B930 do Insta360 Ace Pro 2\/Ace Pro - IRONSKY.PL Sklep z Dronami\" \/>\n<meta property=\"og:description\" content=\"Etui SUNNYLIFE EP2-B930 do Insta360 Ace Pro 2\/Ace Pro - \u2705 sklep z dronami i fachowym doradztwem. \u2705 Tutaj kupisz produkty DJI, Yuneec, Parrot, Syma i wiele innych, a tak\u017ce kursy i licencje na operatora drona.\" \/>\n<meta property=\"og:url\" content=\"https:\/\/ironsky.pl\/sklep\/produkt\/etui-sunnylife-ep2-b930-do-insta360-ace-pro-2-ace-pro\/\" \/>\n<meta property=\"og:site_name\" content=\"IRONSKY.PL Sklep z Dronami\" \/>\n<meta property=\"article:modified_time\" content=\"2026-04-15T08:53:52+00:00\" \/>\n<meta property=\"og:image\" content=\"https:\/\/ironsky.pl\/sklep\/wp-content\/uploads\/2025\/05\/49008_1.jpg\" \/>\n\t<meta property=\"og:image:width\" content=\"800\" \/>\n\t<meta property=\"og:image:height\" content=\"800\" \/>\n\t<meta property=\"og:image:type\" content=\"image\/jpeg\" \/>\n<meta name=\"twitter:card\" content=\"summary_large_image\" \/>\n<meta name=\"twitter:label1\" content=\"Szacowany czas czytania\" \/>\n\t<meta name=\"twitter:data1\" content=\"2 minuty\" \/>\n<script type=\"application\/ld+json\" class=\"yoast-schema-graph\">{\"@context\":\"https:\/\/schema.org\",\"@graph\":[{\"@type\":\"WebPage\",\"@id\":\"https:\/\/ironsky.pl\/sklep\/produkt\/etui-sunnylife-ep2-b930-do-insta360-ace-pro-2-ace-pro\/\",\"url\":\"https:\/\/ironsky.pl\/sklep\/produkt\/etui-sunnylife-ep2-b930-do-insta360-ace-pro-2-ace-pro\/\",\"name\":\"Etui SUNNYLIFE EP2-B930 do Insta360 Ace Pro 2\/Ace Pro - IRONSKY.PL Sklep z Dronami\",\"isPartOf\":{\"@id\":\"https:\/\/ironsky.pl\/sklep\/#website\"},\"primaryImageOfPage\":{\"@id\":\"https:\/\/ironsky.pl\/sklep\/produkt\/etui-sunnylife-ep2-b930-do-insta360-ace-pro-2-ace-pro\/#primaryimage\"},\"image\":{\"@id\":\"https:\/\/ironsky.pl\/sklep\/produkt\/etui-sunnylife-ep2-b930-do-insta360-ace-pro-2-ace-pro\/#primaryimage\"},\"thumbnailUrl\":\"https:\/\/ironsky.pl\/sklep\/wp-content\/uploads\/2025\/05\/49008_1.jpg\",\"datePublished\":\"2026-04-15T08:53:23+00:00\",\"dateModified\":\"2026-04-15T08:53:52+00:00\",\"description\":\"Etui SUNNYLIFE EP2-B930 do Insta360 Ace Pro 2\/Ace Pro - \u2705 sklep z dronami i fachowym doradztwem. \u2705 Tutaj kupisz produkty DJI, Yuneec, Parrot, Syma i wiele innych, a tak\u017ce kursy i licencje na operatora drona.\",\"breadcrumb\":{\"@id\":\"https:\/\/ironsky.pl\/sklep\/produkt\/etui-sunnylife-ep2-b930-do-insta360-ace-pro-2-ace-pro\/#breadcrumb\"},\"inLanguage\":\"pl-PL\",\"potentialAction\":[{\"@type\":\"ReadAction\",\"target\":[\"https:\/\/ironsky.pl\/sklep\/produkt\/etui-sunnylife-ep2-b930-do-insta360-ace-pro-2-ace-pro\/\"]}]},{\"@type\":\"ImageObject\",\"inLanguage\":\"pl-PL\",\"@id\":\"https:\/\/ironsky.pl\/sklep\/produkt\/etui-sunnylife-ep2-b930-do-insta360-ace-pro-2-ace-pro\/#primaryimage\",\"url\":\"https:\/\/ironsky.pl\/sklep\/wp-content\/uploads\/2025\/05\/49008_1.jpg\",\"contentUrl\":\"https:\/\/ironsky.pl\/sklep\/wp-content\/uploads\/2025\/05\/49008_1.jpg\",\"width\":800,\"height\":800},{\"@type\":\"BreadcrumbList\",\"@id\":\"https:\/\/ironsky.pl\/sklep\/produkt\/etui-sunnylife-ep2-b930-do-insta360-ace-pro-2-ace-pro\/#breadcrumb\",\"itemListElement\":[{\"@type\":\"ListItem\",\"position\":1,\"name\":\"Strona g\u0142\u00f3wna\",\"item\":\"https:\/\/ironsky.pl\/sklep\/\"},{\"@type\":\"ListItem\",\"position\":2,\"name\":\"Wszystkie produkty\",\"item\":\"https:\/\/ironsky.pl\/sklep\/produkty\/\"},{\"@type\":\"ListItem\",\"position\":3,\"name\":\"Etui SUNNYLIFE EP2-B930 do Insta360 Ace Pro 2\/Ace Pro\"}]},{\"@type\":\"WebSite\",\"@id\":\"https:\/\/ironsky.pl\/sklep\/#website\",\"url\":\"https:\/\/ironsky.pl\/sklep\/\",\"name\":\"IRONSKY.PL Sklep z Dronami\",\"description\":\"IRONSKY.PL Sklep z Dronami\",\"potentialAction\":[{\"@type\":\"SearchAction\",\"target\":{\"@type\":\"EntryPoint\",\"urlTemplate\":\"https:\/\/ironsky.pl\/sklep\/?s={search_term_string}\"},\"query-input\":{\"@type\":\"PropertyValueSpecification\",\"valueRequired\":true,\"valueName\":\"search_term_string\"}}],\"inLanguage\":\"pl-PL\"}]}<\/script>\n<!-- \/ Yoast SEO plugin. -->","yoast_head_json":{"title":"Etui SUNNYLIFE EP2-B930 do Insta360 Ace Pro 2\/Ace Pro - IRONSKY.PL Sklep z Dronami","description":"Etui SUNNYLIFE EP2-B930 do Insta360 Ace Pro 2\/Ace Pro - \u2705 sklep z dronami i fachowym doradztwem. \u2705 Tutaj kupisz produkty DJI, Yuneec, Parrot, Syma i wiele innych, a tak\u017ce kursy i licencje na operatora drona.","robots":{"index":"index","follow":"follow","max-snippet":"max-snippet:-1","max-image-preview":"max-image-preview:large","max-video-preview":"max-video-preview:-1"},"canonical":"https:\/\/ironsky.pl\/sklep\/produkt\/etui-sunnylife-ep2-b930-do-insta360-ace-pro-2-ace-pro\/","og_locale":"pl_PL","og_type":"article","og_title":"Etui SUNNYLIFE EP2-B930 do Insta360 Ace Pro 2\/Ace Pro - IRONSKY.PL Sklep z Dronami","og_description":"Etui SUNNYLIFE EP2-B930 do Insta360 Ace Pro 2\/Ace Pro - \u2705 sklep z dronami i fachowym doradztwem. \u2705 Tutaj kupisz produkty DJI, Yuneec, Parrot, Syma i wiele innych, a tak\u017ce kursy i licencje na operatora drona.","og_url":"https:\/\/ironsky.pl\/sklep\/produkt\/etui-sunnylife-ep2-b930-do-insta360-ace-pro-2-ace-pro\/","og_site_name":"IRONSKY.PL Sklep z Dronami","article_modified_time":"2026-04-15T08:53:52+00:00","og_image":[{"width":800,"height":800,"url":"https:\/\/ironsky.pl\/sklep\/wp-content\/uploads\/2025\/05\/49008_1.jpg","type":"image\/jpeg"}],"twitter_card":"summary_large_image","twitter_misc":{"Szacowany czas czytania":"2 minuty"},"schema":{"@context":"https:\/\/schema.org","@graph":[{"@type":"WebPage","@id":"https:\/\/ironsky.pl\/sklep\/produkt\/etui-sunnylife-ep2-b930-do-insta360-ace-pro-2-ace-pro\/","url":"https:\/\/ironsky.pl\/sklep\/produkt\/etui-sunnylife-ep2-b930-do-insta360-ace-pro-2-ace-pro\/","name":"Etui SUNNYLIFE EP2-B930 do Insta360 Ace Pro 2\/Ace Pro - IRONSKY.PL Sklep z Dronami","isPartOf":{"@id":"https:\/\/ironsky.pl\/sklep\/#website"},"primaryImageOfPage":{"@id":"https:\/\/ironsky.pl\/sklep\/produkt\/etui-sunnylife-ep2-b930-do-insta360-ace-pro-2-ace-pro\/#primaryimage"},"image":{"@id":"https:\/\/ironsky.pl\/sklep\/produkt\/etui-sunnylife-ep2-b930-do-insta360-ace-pro-2-ace-pro\/#primaryimage"},"thumbnailUrl":"https:\/\/ironsky.pl\/sklep\/wp-content\/uploads\/2025\/05\/49008_1.jpg","datePublished":"2026-04-15T08:53:23+00:00","dateModified":"2026-04-15T08:53:52+00:00","description":"Etui SUNNYLIFE EP2-B930 do Insta360 Ace Pro 2\/Ace Pro - \u2705 sklep z dronami i fachowym doradztwem. \u2705 Tutaj kupisz produkty DJI, Yuneec, Parrot, Syma i wiele innych, a tak\u017ce kursy i licencje na operatora drona.","breadcrumb":{"@id":"https:\/\/ironsky.pl\/sklep\/produkt\/etui-sunnylife-ep2-b930-do-insta360-ace-pro-2-ace-pro\/#breadcrumb"},"inLanguage":"pl-PL","potentialAction":[{"@type":"ReadAction","target":["https:\/\/ironsky.pl\/sklep\/produkt\/etui-sunnylife-ep2-b930-do-insta360-ace-pro-2-ace-pro\/"]}]},{"@type":"ImageObject","inLanguage":"pl-PL","@id":"https:\/\/ironsky.pl\/sklep\/produkt\/etui-sunnylife-ep2-b930-do-insta360-ace-pro-2-ace-pro\/#primaryimage","url":"https:\/\/ironsky.pl\/sklep\/wp-content\/uploads\/2025\/05\/49008_1.jpg","contentUrl":"https:\/\/ironsky.pl\/sklep\/wp-content\/uploads\/2025\/05\/49008_1.jpg","width":800,"height":800},{"@type":"BreadcrumbList","@id":"https:\/\/ironsky.pl\/sklep\/produkt\/etui-sunnylife-ep2-b930-do-insta360-ace-pro-2-ace-pro\/#breadcrumb","itemListElement":[{"@type":"ListItem","position":1,"name":"Strona g\u0142\u00f3wna","item":"https:\/\/ironsky.pl\/sklep\/"},{"@type":"ListItem","position":2,"name":"Wszystkie produkty","item":"https:\/\/ironsky.pl\/sklep\/produkty\/"},{"@type":"ListItem","position":3,"name":"Etui SUNNYLIFE EP2-B930 do Insta360 Ace Pro 2\/Ace Pro"}]},{"@type":"WebSite","@id":"https:\/\/ironsky.pl\/sklep\/#website","url":"https:\/\/ironsky.pl\/sklep\/","name":"IRONSKY.PL Sklep z Dronami","description":"IRONSKY.PL Sklep z Dronami","potentialAction":[{"@type":"SearchAction","target":{"@type":"EntryPoint","urlTemplate":"https:\/\/ironsky.pl\/sklep\/?s={search_term_string}"},"query-input":{"@type":"PropertyValueSpecification","valueRequired":true,"valueName":"search_term_string"}}],"inLanguage":"pl-PL"}]}},"_links":{"self":[{"href":"https:\/\/ironsky.pl\/sklep\/wp-json\/wp\/v2\/product\/59951","targetHints":{"allow":["GET"]}}],"collection":[{"href":"https:\/\/ironsky.pl\/sklep\/wp-json\/wp\/v2\/product"}],"about":[{"href":"https:\/\/ironsky.pl\/sklep\/wp-json\/wp\/v2\/types\/product"}],"replies":[{"embeddable":true,"href":"https:\/\/ironsky.pl\/sklep\/wp-json\/wp\/v2\/comments?post=59951"}],"wp:featuredmedia":[{"embeddable":true,"href":"https:\/\/ironsky.pl\/sklep\/wp-json\/wp\/v2\/media\/40061"}],"wp:attachment":[{"href":"https:\/\/ironsky.pl\/sklep\/wp-json\/wp\/v2\/media?parent=59951"}],"wp:term":[{"taxonomy":"product_brand","embeddable":true,"href":"https:\/\/ironsky.pl\/sklep\/wp-json\/wp\/v2\/product_brand?post=59951"},{"taxonomy":"product_cat","embeddable":true,"href":"https:\/\/ironsky.pl\/sklep\/wp-json\/wp\/v2\/product_cat?post=59951"},{"taxonomy":"product_tag","embeddable":true,"href":"https:\/\/ironsky.pl\/sklep\/wp-json\/wp\/v2\/product_tag?post=59951"}],"curies":[{"name":"wp","href":"https:\/\/api.w.org\/{rel}","templated":true}]}}