{"id":59946,"date":"2026-04-15T10:53:23","date_gmt":"2026-04-15T08:53:23","guid":{"rendered":"https:\/\/ironsky.pl\/sklep\/produkt\/zestaw-ochronny-sunnylife-do-gopro-hero-2x-szklo-2x-folia\/"},"modified":"2026-04-15T10:53:46","modified_gmt":"2026-04-15T08:53:46","slug":"zestaw-ochronny-sunnylife-do-gopro-hero-2x-szklo-2x-folia","status":"publish","type":"product","link":"https:\/\/ironsky.pl\/sklep\/produkt\/zestaw-ochronny-sunnylife-do-gopro-hero-2x-szklo-2x-folia\/","title":{"rendered":"Zestaw ochronny SUNNYLIFE do GoPro Hero 2x szk\u0142o 2x folia"},"content":{"rendered":"<h3>Pokrowiec Sunnylife GoPro (073521)<\/h3>\n<p>Sunnylife GO-BHM889 to zestaw ochronny, kt\u00f3ry zapewni kompleksowe zabezpieczenie Twojej kamery GoPro. Zawiera wszystko, czego potrzebujesz, aby ochroni\u0107 zar\u00f3wno jej przedni, jak i tylny ekran przed zarysowaniami, uderzeniami i innymi uszkodzeniami. Akcesoria nie wp\u0142ywaj\u0105 na jako\u015b\u0107 obrazu ani na komfort u\u017cytkowania urz\u0105dzenia, a ponadto s\u0105 bardzo proste w monta\u017cu.<\/p>\n<p>\n<img decoding=\"async\" src=\"https:\/\/assets.innpro.pl\/11496\/13615\/2.jpg\" border=\"0\" \/>\n<\/p>\n<h3>Niezr\u00f3wnana wytrzyma\u0142o\u015b\u0107 i bezpiecze\u0144stwo<\/h3>\n<p>Wchodz\u0105ce w sk\u0142ad zestaw szk\u0142o hartowane wyr\u00f3\u017cnia si\u0119 twardo\u015bci\u0105 a\u017c 9H, co zapewnia wyj\u0105tkow\u0105 odporno\u015b\u0107 na zarysowania i uszkodzenia mechaniczne. Dzi\u0119ki temu Twoja kamera GoPro b\u0119dzie bezpieczna nawet w najtrudniejszych warunkach! Niezale\u017cnie od tego, czy nagrywasz w g\u00f3rach, nad wod\u0105, czy na zimowym stoku, teraz masz pewno\u015b\u0107, \u017ce Tw\u00f3j sprz\u0119t jest dobrze chroniony.<\/p>\n<p>\n<img decoding=\"async\" src=\"https:\/\/assets.innpro.pl\/11496\/13615\/4.jpg\" border=\"0\" \/>\n<\/p>\n<h3>Przejrzysto\u015b\u0107 i wierne odwzorowanie kolor\u00f3w<\/h3>\n<p>Zastosowanie wysokiej jako\u015bci szk\u0142a hartowanego sprawia, \u017ce akcesorium nie wp\u0142ywa na odwzorowanie kolor\u00f3w czy jako\u015b\u0107 obrazu. Dzi\u0119ki wysokiej przepuszczalno\u015bci \u015bwiat\u0142a zar\u00f3wno ekran, jak i obiektyw kamery GoPro b\u0119d\u0105 prezentowa\u0107 si\u0119 naturalnie, a Ty b\u0119dziesz w stanie nadal wygodnie pracowa\u0107 nad kadrami i sprawdza\u0107 efekty swojej pracy!<\/p>\n<p>\n<img decoding=\"async\" src=\"https:\/\/assets.innpro.pl\/11496\/13615\/1.jpg\" border=\"0\" \/>\n<\/p>\n<h3>\u0141atwy monta\u017c, wygodne u\u017cytkowanie<\/h3>\n<p>Instalacja szk\u0142a jest wyj\u0105tkowo prosta \u2013 zapomnij o irytuj\u0105cych b\u0105belkach powietrza. Dodatkowo powierzchnia akcesorium jest odporna na odciski palc\u00f3w, t\u0142uste plamy i kurz, dzi\u0119ki czemu z \u0142atwo\u015bci\u0105 zachowasz ekran w czysto\u015bci. Nie musisz te\u017c obawia\u0107 si\u0119 problem\u00f3w z obs\u0142ug\u0105 dotykow\u0105 urz\u0105dzenia. Grubo\u015b\u0107 szk\u0142a wynosi zaledwie 0,33 mm, co sprawia, \u017ce nie wp\u0142ywa ono na komfort u\u017cytkowania.<\/p>\n<p>\n<img decoding=\"async\" src=\"https:\/\/assets.innpro.pl\/11496\/13615\/6.jpg\" border=\"0\" \/>\n<\/p>\n<h3>W zestawie<\/h3>\n<ul class=\"list-disc pl-5\">\n<li>Szk\u0142o hartowane na przedni ekran x2<\/li>\n<li>Szk\u0142o hartowane na tylny ekran x2<\/li>\n<li>Akcesoria monta\u017cowe x2<\/li>\n<li>\u015aciereczka do czyszczenia x2<\/li>\n<li>Pude\u0142ko<\/li>\n<\/ul>\n<div class=\"table-wrapper\">\n<p>\u00a0<\/p>\n<h3><\/h3>\n<table>\n<tbody>\n<tr>\n<th>Producent<\/th>\n<td>Sunnylife<\/td>\n<\/tr>\n<tr>\n<th>Model<\/th>\n<td>GO-BHM889<\/td>\n<\/tr>\n<tr>\n<th>Materia\u0142<\/th>\n<td>Szk\u0142o hartowane<\/td>\n<\/tr>\n<tr>\n<th>Kompatybilno\u015b\u0107<\/th>\n<td>Kamery GoPro<\/td>\n<\/tr>\n<\/tbody>\n<\/table>\n<\/div>\n","protected":false},"excerpt":{"rendered":"<p>Pokrowiec Sunnylife GoPro (073521) Sunnylife GO-BHM889 to zestaw ochronny, kt\u00f3ry zapewni kompleksowe zabezpieczenie Twojej kamery GoPro. Zawiera wszystko, czego potrzebujesz,<\/p>\n","protected":false},"featured_media":40034,"comment_status":"closed","ping_status":"open","template":"","meta":{"_acf_changed":false},"product_brand":[],"product_cat":[1130,1137,1128],"product_tag":[],"class_list":{"0":"post-59946","1":"product","2":"type-product","3":"status-publish","4":"has-post-thumbnail","6":"product_cat-akcesoria-foto","7":"product_cat-do-kamer-sportowych","8":"product_cat-foto-wideo","9":"pa_okres-gwarancji-5754","10":"pa_producent-sunnylife","12":"first","13":"outofstock","14":"taxable","15":"shipping-taxable","16":"purchasable","17":"product-type-simple"},"acf":[],"yoast_head":"<!-- This site is optimized with the Yoast SEO plugin v27.2 - https:\/\/yoast.com\/product\/yoast-seo-wordpress\/ -->\n<title>Zestaw ochronny SUNNYLIFE do GoPro Hero 2x szk\u0142o 2x folia - IRONSKY.PL Sklep z Dronami<\/title>\n<meta name=\"description\" content=\"Zestaw ochronny SUNNYLIFE do GoPro Hero 2x szk\u0142o 2x folia - \u2705 sklep z dronami i fachowym doradztwem. \u2705 Tutaj kupisz produkty DJI, Yuneec, Parrot, Syma i wiele innych, a tak\u017ce kursy i licencje na operatora drona.\" \/>\n<meta name=\"robots\" content=\"index, follow, max-snippet:-1, max-image-preview:large, max-video-preview:-1\" \/>\n<link rel=\"canonical\" href=\"https:\/\/ironsky.pl\/sklep\/produkt\/zestaw-ochronny-sunnylife-do-gopro-hero-2x-szklo-2x-folia\/\" \/>\n<meta property=\"og:locale\" content=\"pl_PL\" \/>\n<meta property=\"og:type\" content=\"article\" \/>\n<meta property=\"og:title\" content=\"Zestaw ochronny SUNNYLIFE do GoPro Hero 2x szk\u0142o 2x folia - IRONSKY.PL Sklep z Dronami\" \/>\n<meta property=\"og:description\" content=\"Zestaw ochronny SUNNYLIFE do GoPro Hero 2x szk\u0142o 2x folia - \u2705 sklep z dronami i fachowym doradztwem. \u2705 Tutaj kupisz produkty DJI, Yuneec, Parrot, Syma i wiele innych, a tak\u017ce kursy i licencje na operatora drona.\" \/>\n<meta property=\"og:url\" content=\"https:\/\/ironsky.pl\/sklep\/produkt\/zestaw-ochronny-sunnylife-do-gopro-hero-2x-szklo-2x-folia\/\" \/>\n<meta property=\"og:site_name\" content=\"IRONSKY.PL Sklep z Dronami\" \/>\n<meta property=\"article:modified_time\" content=\"2026-04-15T08:53:46+00:00\" \/>\n<meta property=\"og:image\" content=\"https:\/\/ironsky.pl\/sklep\/wp-content\/uploads\/2025\/05\/48995_1.jpg\" \/>\n\t<meta property=\"og:image:width\" content=\"800\" \/>\n\t<meta property=\"og:image:height\" content=\"800\" \/>\n\t<meta property=\"og:image:type\" content=\"image\/jpeg\" \/>\n<meta name=\"twitter:card\" content=\"summary_large_image\" \/>\n<meta name=\"twitter:label1\" content=\"Szacowany czas czytania\" \/>\n\t<meta name=\"twitter:data1\" content=\"1 minuta\" \/>\n<script type=\"application\/ld+json\" class=\"yoast-schema-graph\">{\"@context\":\"https:\/\/schema.org\",\"@graph\":[{\"@type\":\"WebPage\",\"@id\":\"https:\/\/ironsky.pl\/sklep\/produkt\/zestaw-ochronny-sunnylife-do-gopro-hero-2x-szklo-2x-folia\/\",\"url\":\"https:\/\/ironsky.pl\/sklep\/produkt\/zestaw-ochronny-sunnylife-do-gopro-hero-2x-szklo-2x-folia\/\",\"name\":\"Zestaw ochronny SUNNYLIFE do GoPro Hero 2x szk\u0142o 2x folia - IRONSKY.PL Sklep z Dronami\",\"isPartOf\":{\"@id\":\"https:\/\/ironsky.pl\/sklep\/#website\"},\"primaryImageOfPage\":{\"@id\":\"https:\/\/ironsky.pl\/sklep\/produkt\/zestaw-ochronny-sunnylife-do-gopro-hero-2x-szklo-2x-folia\/#primaryimage\"},\"image\":{\"@id\":\"https:\/\/ironsky.pl\/sklep\/produkt\/zestaw-ochronny-sunnylife-do-gopro-hero-2x-szklo-2x-folia\/#primaryimage\"},\"thumbnailUrl\":\"https:\/\/ironsky.pl\/sklep\/wp-content\/uploads\/2025\/05\/48995_1.jpg\",\"datePublished\":\"2026-04-15T08:53:23+00:00\",\"dateModified\":\"2026-04-15T08:53:46+00:00\",\"description\":\"Zestaw ochronny SUNNYLIFE do GoPro Hero 2x szk\u0142o 2x folia - \u2705 sklep z dronami i fachowym doradztwem. \u2705 Tutaj kupisz produkty DJI, Yuneec, Parrot, Syma i wiele innych, a tak\u017ce kursy i licencje na operatora drona.\",\"breadcrumb\":{\"@id\":\"https:\/\/ironsky.pl\/sklep\/produkt\/zestaw-ochronny-sunnylife-do-gopro-hero-2x-szklo-2x-folia\/#breadcrumb\"},\"inLanguage\":\"pl-PL\",\"potentialAction\":[{\"@type\":\"ReadAction\",\"target\":[\"https:\/\/ironsky.pl\/sklep\/produkt\/zestaw-ochronny-sunnylife-do-gopro-hero-2x-szklo-2x-folia\/\"]}]},{\"@type\":\"ImageObject\",\"inLanguage\":\"pl-PL\",\"@id\":\"https:\/\/ironsky.pl\/sklep\/produkt\/zestaw-ochronny-sunnylife-do-gopro-hero-2x-szklo-2x-folia\/#primaryimage\",\"url\":\"https:\/\/ironsky.pl\/sklep\/wp-content\/uploads\/2025\/05\/48995_1.jpg\",\"contentUrl\":\"https:\/\/ironsky.pl\/sklep\/wp-content\/uploads\/2025\/05\/48995_1.jpg\",\"width\":800,\"height\":800},{\"@type\":\"BreadcrumbList\",\"@id\":\"https:\/\/ironsky.pl\/sklep\/produkt\/zestaw-ochronny-sunnylife-do-gopro-hero-2x-szklo-2x-folia\/#breadcrumb\",\"itemListElement\":[{\"@type\":\"ListItem\",\"position\":1,\"name\":\"Strona g\u0142\u00f3wna\",\"item\":\"https:\/\/ironsky.pl\/sklep\/\"},{\"@type\":\"ListItem\",\"position\":2,\"name\":\"Wszystkie produkty\",\"item\":\"https:\/\/ironsky.pl\/sklep\/produkty\/\"},{\"@type\":\"ListItem\",\"position\":3,\"name\":\"Zestaw ochronny SUNNYLIFE do GoPro Hero 2x szk\u0142o 2x folia\"}]},{\"@type\":\"WebSite\",\"@id\":\"https:\/\/ironsky.pl\/sklep\/#website\",\"url\":\"https:\/\/ironsky.pl\/sklep\/\",\"name\":\"IRONSKY.PL Sklep z Dronami\",\"description\":\"IRONSKY.PL Sklep z Dronami\",\"potentialAction\":[{\"@type\":\"SearchAction\",\"target\":{\"@type\":\"EntryPoint\",\"urlTemplate\":\"https:\/\/ironsky.pl\/sklep\/?s={search_term_string}\"},\"query-input\":{\"@type\":\"PropertyValueSpecification\",\"valueRequired\":true,\"valueName\":\"search_term_string\"}}],\"inLanguage\":\"pl-PL\"}]}<\/script>\n<!-- \/ Yoast SEO plugin. -->","yoast_head_json":{"title":"Zestaw ochronny SUNNYLIFE do GoPro Hero 2x szk\u0142o 2x folia - IRONSKY.PL Sklep z Dronami","description":"Zestaw ochronny SUNNYLIFE do GoPro Hero 2x szk\u0142o 2x folia - \u2705 sklep z dronami i fachowym doradztwem. \u2705 Tutaj kupisz produkty DJI, Yuneec, Parrot, Syma i wiele innych, a tak\u017ce kursy i licencje na operatora drona.","robots":{"index":"index","follow":"follow","max-snippet":"max-snippet:-1","max-image-preview":"max-image-preview:large","max-video-preview":"max-video-preview:-1"},"canonical":"https:\/\/ironsky.pl\/sklep\/produkt\/zestaw-ochronny-sunnylife-do-gopro-hero-2x-szklo-2x-folia\/","og_locale":"pl_PL","og_type":"article","og_title":"Zestaw ochronny SUNNYLIFE do GoPro Hero 2x szk\u0142o 2x folia - IRONSKY.PL Sklep z Dronami","og_description":"Zestaw ochronny SUNNYLIFE do GoPro Hero 2x szk\u0142o 2x folia - \u2705 sklep z dronami i fachowym doradztwem. \u2705 Tutaj kupisz produkty DJI, Yuneec, Parrot, Syma i wiele innych, a tak\u017ce kursy i licencje na operatora drona.","og_url":"https:\/\/ironsky.pl\/sklep\/produkt\/zestaw-ochronny-sunnylife-do-gopro-hero-2x-szklo-2x-folia\/","og_site_name":"IRONSKY.PL Sklep z Dronami","article_modified_time":"2026-04-15T08:53:46+00:00","og_image":[{"width":800,"height":800,"url":"https:\/\/ironsky.pl\/sklep\/wp-content\/uploads\/2025\/05\/48995_1.jpg","type":"image\/jpeg"}],"twitter_card":"summary_large_image","twitter_misc":{"Szacowany czas czytania":"1 minuta"},"schema":{"@context":"https:\/\/schema.org","@graph":[{"@type":"WebPage","@id":"https:\/\/ironsky.pl\/sklep\/produkt\/zestaw-ochronny-sunnylife-do-gopro-hero-2x-szklo-2x-folia\/","url":"https:\/\/ironsky.pl\/sklep\/produkt\/zestaw-ochronny-sunnylife-do-gopro-hero-2x-szklo-2x-folia\/","name":"Zestaw ochronny SUNNYLIFE do GoPro Hero 2x szk\u0142o 2x folia - IRONSKY.PL Sklep z Dronami","isPartOf":{"@id":"https:\/\/ironsky.pl\/sklep\/#website"},"primaryImageOfPage":{"@id":"https:\/\/ironsky.pl\/sklep\/produkt\/zestaw-ochronny-sunnylife-do-gopro-hero-2x-szklo-2x-folia\/#primaryimage"},"image":{"@id":"https:\/\/ironsky.pl\/sklep\/produkt\/zestaw-ochronny-sunnylife-do-gopro-hero-2x-szklo-2x-folia\/#primaryimage"},"thumbnailUrl":"https:\/\/ironsky.pl\/sklep\/wp-content\/uploads\/2025\/05\/48995_1.jpg","datePublished":"2026-04-15T08:53:23+00:00","dateModified":"2026-04-15T08:53:46+00:00","description":"Zestaw ochronny SUNNYLIFE do GoPro Hero 2x szk\u0142o 2x folia - \u2705 sklep z dronami i fachowym doradztwem. \u2705 Tutaj kupisz produkty DJI, Yuneec, Parrot, Syma i wiele innych, a tak\u017ce kursy i licencje na operatora drona.","breadcrumb":{"@id":"https:\/\/ironsky.pl\/sklep\/produkt\/zestaw-ochronny-sunnylife-do-gopro-hero-2x-szklo-2x-folia\/#breadcrumb"},"inLanguage":"pl-PL","potentialAction":[{"@type":"ReadAction","target":["https:\/\/ironsky.pl\/sklep\/produkt\/zestaw-ochronny-sunnylife-do-gopro-hero-2x-szklo-2x-folia\/"]}]},{"@type":"ImageObject","inLanguage":"pl-PL","@id":"https:\/\/ironsky.pl\/sklep\/produkt\/zestaw-ochronny-sunnylife-do-gopro-hero-2x-szklo-2x-folia\/#primaryimage","url":"https:\/\/ironsky.pl\/sklep\/wp-content\/uploads\/2025\/05\/48995_1.jpg","contentUrl":"https:\/\/ironsky.pl\/sklep\/wp-content\/uploads\/2025\/05\/48995_1.jpg","width":800,"height":800},{"@type":"BreadcrumbList","@id":"https:\/\/ironsky.pl\/sklep\/produkt\/zestaw-ochronny-sunnylife-do-gopro-hero-2x-szklo-2x-folia\/#breadcrumb","itemListElement":[{"@type":"ListItem","position":1,"name":"Strona g\u0142\u00f3wna","item":"https:\/\/ironsky.pl\/sklep\/"},{"@type":"ListItem","position":2,"name":"Wszystkie produkty","item":"https:\/\/ironsky.pl\/sklep\/produkty\/"},{"@type":"ListItem","position":3,"name":"Zestaw ochronny SUNNYLIFE do GoPro Hero 2x szk\u0142o 2x folia"}]},{"@type":"WebSite","@id":"https:\/\/ironsky.pl\/sklep\/#website","url":"https:\/\/ironsky.pl\/sklep\/","name":"IRONSKY.PL Sklep z Dronami","description":"IRONSKY.PL Sklep z Dronami","potentialAction":[{"@type":"SearchAction","target":{"@type":"EntryPoint","urlTemplate":"https:\/\/ironsky.pl\/sklep\/?s={search_term_string}"},"query-input":{"@type":"PropertyValueSpecification","valueRequired":true,"valueName":"search_term_string"}}],"inLanguage":"pl-PL"}]}},"_links":{"self":[{"href":"https:\/\/ironsky.pl\/sklep\/wp-json\/wp\/v2\/product\/59946","targetHints":{"allow":["GET"]}}],"collection":[{"href":"https:\/\/ironsky.pl\/sklep\/wp-json\/wp\/v2\/product"}],"about":[{"href":"https:\/\/ironsky.pl\/sklep\/wp-json\/wp\/v2\/types\/product"}],"replies":[{"embeddable":true,"href":"https:\/\/ironsky.pl\/sklep\/wp-json\/wp\/v2\/comments?post=59946"}],"wp:featuredmedia":[{"embeddable":true,"href":"https:\/\/ironsky.pl\/sklep\/wp-json\/wp\/v2\/media\/40034"}],"wp:attachment":[{"href":"https:\/\/ironsky.pl\/sklep\/wp-json\/wp\/v2\/media?parent=59946"}],"wp:term":[{"taxonomy":"product_brand","embeddable":true,"href":"https:\/\/ironsky.pl\/sklep\/wp-json\/wp\/v2\/product_brand?post=59946"},{"taxonomy":"product_cat","embeddable":true,"href":"https:\/\/ironsky.pl\/sklep\/wp-json\/wp\/v2\/product_cat?post=59946"},{"taxonomy":"product_tag","embeddable":true,"href":"https:\/\/ironsky.pl\/sklep\/wp-json\/wp\/v2\/product_tag?post=59946"}],"curies":[{"name":"wp","href":"https:\/\/api.w.org\/{rel}","templated":true}]}}