{"id":59944,"date":"2026-04-15T10:53:23","date_gmt":"2026-04-15T08:53:23","guid":{"rendered":"https:\/\/ironsky.pl\/sklep\/produkt\/statyw-pgytech-caplock-mantispod-power-do-gopro-hero-2\/"},"modified":"2026-04-15T10:53:44","modified_gmt":"2026-04-15T08:53:44","slug":"statyw-pgytech-caplock-mantispod-power-do-gopro-hero-2","status":"publish","type":"product","link":"https:\/\/ironsky.pl\/sklep\/produkt\/statyw-pgytech-caplock-mantispod-power-do-gopro-hero-2\/","title":{"rendered":"Statyw PGYTECH CapLock MantisPod Power do GoPro Hero"},"content":{"rendered":"<h3>Statyw PGYTECH Caplock MantisPod Power do GoPro Hero<\/h3>\n<p>Poznaj PGYTECH Caplock MantisPod Power \u2013 wszechstronne narz\u0119dzie do nagrywania, kt\u00f3re \u0142\u0105czy funkcjonalno\u015b\u0107, ergonomiczny design i niezawodno\u015b\u0107. Wbudowany akumulator o pojemno\u015bci 5000 mAh pozwala jednocze\u015bnie korzysta\u0107 ze statywu i \u0142adowa\u0107 przymocowane urz\u0105dzenie. Odpinany pilot zapewnia wygodn\u0105 obs\u0142ug\u0119, a funkcja obrotu o 360\u00b0 zwi\u0119ksza mo\u017cliwo\u015bci nagrywania. Ponadto tryb Mantis umo\u017cliwia przymocowanie statywu do wybranej powierzchni dla kreatywnych uj\u0119\u0107. To idealne narz\u0119dzie do vlogowania, tworzenia tre\u015bci na media spo\u0142eczno\u015bciowe czy dokumentowania wa\u017cnych chwil.<\/p>\n<p>\n<img decoding=\"async\" src=\"https:\/\/assets.innpro.pl\/11292\/13398\/2.jpg\" border=\"0\" \/>\n<\/p>\n<h3>Kreatywno\u015b\u0107 z nowej perspektywy<\/h3>\n<p>Statyw wyr\u00f3\u017cnia si\u0119 innowacyjnym rozwi\u0105zaniem w postaci haka w trybie Mantis, kt\u00f3ry umo\u017cliwia zawieszanie urz\u0105dzenia w niemal dowolnym miejscu i zapewnia stabilno\u015b\u0107 dzi\u0119ki 3 n\u00f3\u017ckom. To otwiera zupe\u0142nie nowe mo\u017cliwo\u015bci rejestrowania uj\u0119\u0107 \u2013 od nietypowych kadr\u00f3w w trudnych warunkach po dynamiczne zdj\u0119cia i wideo w plenerze. Wystarczy zawiesi\u0107 urz\u0105dzenie na barierce, monitorze czy innej dost\u0119pnej powierzchni, by zyska\u0107 nowe perspektywy i niepowtarzalne kadry. Mo\u017cesz tak\u017ce korzysta\u0107 ze statywu w formie tripodu, selfie sticka lub uchwytu.\u00a0<\/p>\n<p>\n<img decoding=\"async\" src=\"https:\/\/assets.innpro.pl\/11292\/13398\/3.jpg\" border=\"0\" \/>\n<\/p>\n<h3>Obr\u00f3t 360\u00b0 dla pe\u0142nej swobody nagrywania<\/h3>\n<p>Dzi\u0119ki przegubowej konstrukcji kulowej mo\u017cesz cieszy\u0107 si\u0119 pe\u0142n\u0105 elastyczno\u015bci\u0105 w dostosowywaniu pozycji kamery lub smartfona. Obr\u00f3t o 360\u00b0 umo\u017cliwia p\u0142ynne prze\u0142\u0105czanie mi\u0119dzy uj\u0119ciami poziomymi a pionowymi, bez konieczno\u015bci demontowania sprz\u0119tu. To rozwi\u0105zanie sprawia, \u017ce statyw doskonale sprawdzi si\u0119 zar\u00f3wno do nagrywania wideo, jak i tworzenia tre\u015bci w formacie pionowym, idealnym dla medi\u00f3w spo\u0142eczno\u015bciowych.\u00a0<\/p>\n<p>\n<img decoding=\"async\" src=\"https:\/\/assets.innpro.pl\/11292\/13398\/8.jpg\" border=\"0\" \/>\n<\/p>\n<h3>Wygodna obs\u0142uga dzi\u0119ki intuicyjnemu pilotowi<\/h3>\n<p>Statyw wyposa\u017cono w pilot zdalnego sterowania. Magnetyczne mocowanie pozwala na \u0142atwe przechowywanie i szybki dost\u0119p do pilota \u2013 wystarczy przyczepi\u0107 go do statywu, by zawsze mie\u0107 go pod r\u0119k\u0105. Umo\u017cliwia wygodne sterowanie podstawowymi funkcjami, takimi jak robienie zdj\u0119\u0107, nagrywanie wideo, czy zmiana trybu pracy. Jego zasi\u0119g wynosi 10 m, a wska\u017anik \u015bwietlny poinformuje Ci\u0119 o statusie pracy produktu.<\/p>\n<p>\n<img decoding=\"async\" src=\"https:\/\/assets.innpro.pl\/11292\/13398\/12.jpg\" border=\"0\" \/>\n<\/p>\n<h3>B\u0142yskawiczny monta\u017c dzi\u0119ki systemowi CapLock<\/h3>\n<p>Opatentowany przez PGYTECH system CapLock to gwarancja szybkiego i \u0142atwego monta\u017cu. Dzi\u0119ki niemu instalacja sprz\u0119tu zajmuje dos\u0142ownie chwil\u0119. Dodatkowo system wyposa\u017cono w podw\u00f3jny mechanizm blokuj\u0105cy, kt\u00f3ry zapewnia maksymaln\u0105 stabilno\u015b\u0107 oraz bezpiecze\u0144stwo zamontowanego urz\u0105dzenia. Niezale\u017cnie od tego, czy u\u017cywasz kamery sportowej, smartfona czy innego sprz\u0119tu, mo\u017cesz mie\u0107 pewno\u015b\u0107, \u017ce statyw utrzyma go w odpowiedniej pozycji. Mo\u017cesz go tak\u017ce u\u017cywa\u0107 wraz z mocowaniem do kierownicy, lusterka, mocowania z przyssawk\u0105, na szyj\u0119, lamp\u0105 LED itp. Doskonale sprawdzi si\u0119 podczas wycieczek rowerowych, samochodowych, sport\u00f3w wodnych i wielu innych aktywno\u015bci.<\/p>\n<p>\n<img decoding=\"async\" src=\"https:\/\/assets.innpro.pl\/11292\/13398\/1.jpg\" border=\"0\" \/>\n<\/p>\n<h3>Wydajny akumulator \u2013 bezpiecze\u0144stwo u\u017cytkowania<\/h3>\n<p>Statyw wyposa\u017cono w wysokiej jako\u015bci ogniwo litowe 21700 o pojemno\u015bci 5000 mAh, kt\u00f3re zapewnia niezawodne zasilanie podczas pracy. Dzi\u0119ki temu mo\u017cesz na\u0142adowa\u0107 swoj\u0105 kamer\u0119 nawet 2,5 razy, co znacz\u0105co wyd\u0142u\u017ca czas nagrywania i pozwala uchwyci\u0107 wi\u0119cej niezapomnianych chwil. Dodatkowo zastosowano zaawansowany system zarz\u0105dzania bateri\u0105 (BMS), kt\u00f3ry oferuje pe\u0142n\u0105 ochron\u0119 urz\u0105dzenia. Funkcje takie jak ochrona przed prze\u0142adowaniem, roz\u0142adowaniem, przeci\u0105\u017ceniem, przepi\u0119ciem czy zwarciem zapewniaj\u0105 bezpieczne i stabilne dzia\u0142anie w ka\u017cdych warunkach. Akumulator jest r\u00f3wnie\u017c zabezpieczony przed wysokimi i niskimi temperaturami, dzi\u0119ki czemu mo\u017cesz korzysta\u0107 z urz\u0105dzenia w r\u00f3\u017cnych warunkach pogodowych.<\/p>\n<p>\n<img decoding=\"async\" src=\"https:\/\/assets.innpro.pl\/11292\/13398\/8.jpg\" border=\"0\" \/>\n<\/p>\n<h3>W zestawie<\/h3>\n<ul class=\"list-disc pl-5\">\n<li>statyw<\/li>\n<li>adapter \u00bc\u201d<\/li>\n<li>klucz S4<\/li>\n<li>opaska na nadgarstek<\/li>\n<li>instrukcja obs\u0142ugi<\/li>\n<\/ul>\n<div class=\"table-wrapper\">\n<p>\u00a0<\/p>\n<h3><\/h3>\n<table>\n<tbody>\n<tr>\n<th>Producent<\/th>\n<td>PGYTECH<\/td>\n<\/tr>\n<tr>\n<th>Model<\/th>\n<td>P-GM-149<\/td>\n<\/tr>\n<tr>\n<th>Kolor<\/th>\n<td>czarny<\/td>\n<\/tr>\n<tr>\n<th>Pojemno\u015b\u0107 akumulatora (statyw)<\/th>\n<td>5000 mAh<\/td>\n<\/tr>\n<tr>\n<th>Czas pracy (pilot)<\/th>\n<td>25 h<\/td>\n<\/tr>\n<tr>\n<th>Czas \u0142adowania (pilot)<\/th>\n<td>1 h<\/td>\n<\/tr>\n<tr>\n<th>Napi\u0119cie wej\u015bciowe<\/th>\n<td>USB-C: 5V\/2.4A (12W)<\/td>\n<\/tr>\n<tr>\n<th>Napi\u0119cie wyj\u015bciowe<\/th>\n<td>USB-C: 5V\/2A (10W)<\/td>\n<\/tr>\n<tr>\n<th>Zasi\u0119g Bluetooth (pilot)<\/th>\n<td>10 m<\/td>\n<\/tr>\n<tr>\n<th>Materia\u0142<\/th>\n<td>nylon, w\u0142\u00f3kno szklane<\/td>\n<\/tr>\n<tr>\n<th>Waga<\/th>\n<td>284 g<\/td>\n<\/tr>\n<tr>\n<th>Wymiary<\/th>\n<td>225 x 50 x 60 mm<\/td>\n<\/tr>\n<tr>\n<th>Kompatybilno\u015b\u0107<\/th>\n<td>GoPro 5\/6\/7\/8\/9\/10\/11\/12, smartfony z systemami Android, iOS (z portem USB-C), Harmony OS<\/td>\n<\/tr>\n<tr>\n<th>Maksymalne obci\u0105\u017cenie<\/th>\n<td>1 kg<\/td>\n<\/tr>\n<\/tbody>\n<\/table>\n<\/div>\n","protected":false},"excerpt":{"rendered":"<p>Statyw PGYTECH Caplock MantisPod Power do GoPro Hero Poznaj PGYTECH Caplock MantisPod Power \u2013 wszechstronne narz\u0119dzie do nagrywania, kt\u00f3re \u0142\u0105czy<\/p>\n","protected":false},"featured_media":59945,"comment_status":"closed","ping_status":"open","template":"","meta":{"_acf_changed":false},"product_brand":[],"product_cat":[1128,1129],"product_tag":[],"class_list":{"0":"post-59944","1":"product","2":"type-product","3":"status-publish","4":"has-post-thumbnail","6":"product_cat-foto-wideo","7":"product_cat-gimbale-i-stabilizatory","8":"pa_okres-gwarancji-5754","9":"pa_producent-pgytech","11":"first","12":"outofstock","13":"taxable","14":"shipping-taxable","15":"purchasable","16":"product-type-simple"},"acf":[],"yoast_head":"<!-- This site is optimized with the Yoast SEO plugin v27.2 - https:\/\/yoast.com\/product\/yoast-seo-wordpress\/ -->\n<title>Statyw PGYTECH CapLock MantisPod Power do GoPro Hero - IRONSKY.PL Sklep z Dronami<\/title>\n<meta name=\"description\" content=\"Statyw PGYTECH CapLock MantisPod Power do GoPro Hero - \u2705 sklep z dronami i fachowym doradztwem. \u2705 Tutaj kupisz produkty DJI, Yuneec, Parrot, Syma i wiele innych, a tak\u017ce kursy i licencje na operatora drona.\" \/>\n<meta name=\"robots\" content=\"index, follow, max-snippet:-1, max-image-preview:large, max-video-preview:-1\" \/>\n<link rel=\"canonical\" href=\"https:\/\/ironsky.pl\/sklep\/produkt\/statyw-pgytech-caplock-mantispod-power-do-gopro-hero-2\/\" \/>\n<meta property=\"og:locale\" content=\"pl_PL\" \/>\n<meta property=\"og:type\" content=\"article\" \/>\n<meta property=\"og:title\" content=\"Statyw PGYTECH CapLock MantisPod Power do GoPro Hero - IRONSKY.PL Sklep z Dronami\" \/>\n<meta property=\"og:description\" content=\"Statyw PGYTECH CapLock MantisPod Power do GoPro Hero - \u2705 sklep z dronami i fachowym doradztwem. \u2705 Tutaj kupisz produkty DJI, Yuneec, Parrot, Syma i wiele innych, a tak\u017ce kursy i licencje na operatora drona.\" \/>\n<meta property=\"og:url\" content=\"https:\/\/ironsky.pl\/sklep\/produkt\/statyw-pgytech-caplock-mantispod-power-do-gopro-hero-2\/\" \/>\n<meta property=\"og:site_name\" content=\"IRONSKY.PL Sklep z Dronami\" \/>\n<meta property=\"article:modified_time\" content=\"2026-04-15T08:53:44+00:00\" \/>\n<meta property=\"og:image\" content=\"https:\/\/ironsky.pl\/sklep\/wp-content\/uploads\/2026\/04\/48958_1.jpg\" \/>\n\t<meta property=\"og:image:width\" content=\"800\" \/>\n\t<meta property=\"og:image:height\" content=\"800\" \/>\n\t<meta property=\"og:image:type\" content=\"image\/jpeg\" \/>\n<meta name=\"twitter:card\" content=\"summary_large_image\" \/>\n<meta name=\"twitter:label1\" content=\"Szacowany czas czytania\" \/>\n\t<meta name=\"twitter:data1\" content=\"3 minuty\" \/>\n<script type=\"application\/ld+json\" class=\"yoast-schema-graph\">{\"@context\":\"https:\/\/schema.org\",\"@graph\":[{\"@type\":\"WebPage\",\"@id\":\"https:\/\/ironsky.pl\/sklep\/produkt\/statyw-pgytech-caplock-mantispod-power-do-gopro-hero-2\/\",\"url\":\"https:\/\/ironsky.pl\/sklep\/produkt\/statyw-pgytech-caplock-mantispod-power-do-gopro-hero-2\/\",\"name\":\"Statyw PGYTECH CapLock MantisPod Power do GoPro Hero - IRONSKY.PL Sklep z Dronami\",\"isPartOf\":{\"@id\":\"https:\/\/ironsky.pl\/sklep\/#website\"},\"primaryImageOfPage\":{\"@id\":\"https:\/\/ironsky.pl\/sklep\/produkt\/statyw-pgytech-caplock-mantispod-power-do-gopro-hero-2\/#primaryimage\"},\"image\":{\"@id\":\"https:\/\/ironsky.pl\/sklep\/produkt\/statyw-pgytech-caplock-mantispod-power-do-gopro-hero-2\/#primaryimage\"},\"thumbnailUrl\":\"https:\/\/ironsky.pl\/sklep\/wp-content\/uploads\/2026\/04\/48958_1.jpg\",\"datePublished\":\"2026-04-15T08:53:23+00:00\",\"dateModified\":\"2026-04-15T08:53:44+00:00\",\"description\":\"Statyw PGYTECH CapLock MantisPod Power do GoPro Hero - \u2705 sklep z dronami i fachowym doradztwem. \u2705 Tutaj kupisz produkty DJI, Yuneec, Parrot, Syma i wiele innych, a tak\u017ce kursy i licencje na operatora drona.\",\"breadcrumb\":{\"@id\":\"https:\/\/ironsky.pl\/sklep\/produkt\/statyw-pgytech-caplock-mantispod-power-do-gopro-hero-2\/#breadcrumb\"},\"inLanguage\":\"pl-PL\",\"potentialAction\":[{\"@type\":\"ReadAction\",\"target\":[\"https:\/\/ironsky.pl\/sklep\/produkt\/statyw-pgytech-caplock-mantispod-power-do-gopro-hero-2\/\"]}]},{\"@type\":\"ImageObject\",\"inLanguage\":\"pl-PL\",\"@id\":\"https:\/\/ironsky.pl\/sklep\/produkt\/statyw-pgytech-caplock-mantispod-power-do-gopro-hero-2\/#primaryimage\",\"url\":\"https:\/\/ironsky.pl\/sklep\/wp-content\/uploads\/2026\/04\/48958_1.jpg\",\"contentUrl\":\"https:\/\/ironsky.pl\/sklep\/wp-content\/uploads\/2026\/04\/48958_1.jpg\",\"width\":800,\"height\":800},{\"@type\":\"BreadcrumbList\",\"@id\":\"https:\/\/ironsky.pl\/sklep\/produkt\/statyw-pgytech-caplock-mantispod-power-do-gopro-hero-2\/#breadcrumb\",\"itemListElement\":[{\"@type\":\"ListItem\",\"position\":1,\"name\":\"Strona g\u0142\u00f3wna\",\"item\":\"https:\/\/ironsky.pl\/sklep\/\"},{\"@type\":\"ListItem\",\"position\":2,\"name\":\"Wszystkie produkty\",\"item\":\"https:\/\/ironsky.pl\/sklep\/produkty\/\"},{\"@type\":\"ListItem\",\"position\":3,\"name\":\"Statyw PGYTECH CapLock MantisPod Power do GoPro Hero\"}]},{\"@type\":\"WebSite\",\"@id\":\"https:\/\/ironsky.pl\/sklep\/#website\",\"url\":\"https:\/\/ironsky.pl\/sklep\/\",\"name\":\"IRONSKY.PL Sklep z Dronami\",\"description\":\"IRONSKY.PL Sklep z Dronami\",\"potentialAction\":[{\"@type\":\"SearchAction\",\"target\":{\"@type\":\"EntryPoint\",\"urlTemplate\":\"https:\/\/ironsky.pl\/sklep\/?s={search_term_string}\"},\"query-input\":{\"@type\":\"PropertyValueSpecification\",\"valueRequired\":true,\"valueName\":\"search_term_string\"}}],\"inLanguage\":\"pl-PL\"}]}<\/script>\n<!-- \/ Yoast SEO plugin. -->","yoast_head_json":{"title":"Statyw PGYTECH CapLock MantisPod Power do GoPro Hero - IRONSKY.PL Sklep z Dronami","description":"Statyw PGYTECH CapLock MantisPod Power do GoPro Hero - \u2705 sklep z dronami i fachowym doradztwem. \u2705 Tutaj kupisz produkty DJI, Yuneec, Parrot, Syma i wiele innych, a tak\u017ce kursy i licencje na operatora drona.","robots":{"index":"index","follow":"follow","max-snippet":"max-snippet:-1","max-image-preview":"max-image-preview:large","max-video-preview":"max-video-preview:-1"},"canonical":"https:\/\/ironsky.pl\/sklep\/produkt\/statyw-pgytech-caplock-mantispod-power-do-gopro-hero-2\/","og_locale":"pl_PL","og_type":"article","og_title":"Statyw PGYTECH CapLock MantisPod Power do GoPro Hero - IRONSKY.PL Sklep z Dronami","og_description":"Statyw PGYTECH CapLock MantisPod Power do GoPro Hero - \u2705 sklep z dronami i fachowym doradztwem. \u2705 Tutaj kupisz produkty DJI, Yuneec, Parrot, Syma i wiele innych, a tak\u017ce kursy i licencje na operatora drona.","og_url":"https:\/\/ironsky.pl\/sklep\/produkt\/statyw-pgytech-caplock-mantispod-power-do-gopro-hero-2\/","og_site_name":"IRONSKY.PL Sklep z Dronami","article_modified_time":"2026-04-15T08:53:44+00:00","og_image":[{"width":800,"height":800,"url":"https:\/\/ironsky.pl\/sklep\/wp-content\/uploads\/2026\/04\/48958_1.jpg","type":"image\/jpeg"}],"twitter_card":"summary_large_image","twitter_misc":{"Szacowany czas czytania":"3 minuty"},"schema":{"@context":"https:\/\/schema.org","@graph":[{"@type":"WebPage","@id":"https:\/\/ironsky.pl\/sklep\/produkt\/statyw-pgytech-caplock-mantispod-power-do-gopro-hero-2\/","url":"https:\/\/ironsky.pl\/sklep\/produkt\/statyw-pgytech-caplock-mantispod-power-do-gopro-hero-2\/","name":"Statyw PGYTECH CapLock MantisPod Power do GoPro Hero - IRONSKY.PL Sklep z Dronami","isPartOf":{"@id":"https:\/\/ironsky.pl\/sklep\/#website"},"primaryImageOfPage":{"@id":"https:\/\/ironsky.pl\/sklep\/produkt\/statyw-pgytech-caplock-mantispod-power-do-gopro-hero-2\/#primaryimage"},"image":{"@id":"https:\/\/ironsky.pl\/sklep\/produkt\/statyw-pgytech-caplock-mantispod-power-do-gopro-hero-2\/#primaryimage"},"thumbnailUrl":"https:\/\/ironsky.pl\/sklep\/wp-content\/uploads\/2026\/04\/48958_1.jpg","datePublished":"2026-04-15T08:53:23+00:00","dateModified":"2026-04-15T08:53:44+00:00","description":"Statyw PGYTECH CapLock MantisPod Power do GoPro Hero - \u2705 sklep z dronami i fachowym doradztwem. \u2705 Tutaj kupisz produkty DJI, Yuneec, Parrot, Syma i wiele innych, a tak\u017ce kursy i licencje na operatora drona.","breadcrumb":{"@id":"https:\/\/ironsky.pl\/sklep\/produkt\/statyw-pgytech-caplock-mantispod-power-do-gopro-hero-2\/#breadcrumb"},"inLanguage":"pl-PL","potentialAction":[{"@type":"ReadAction","target":["https:\/\/ironsky.pl\/sklep\/produkt\/statyw-pgytech-caplock-mantispod-power-do-gopro-hero-2\/"]}]},{"@type":"ImageObject","inLanguage":"pl-PL","@id":"https:\/\/ironsky.pl\/sklep\/produkt\/statyw-pgytech-caplock-mantispod-power-do-gopro-hero-2\/#primaryimage","url":"https:\/\/ironsky.pl\/sklep\/wp-content\/uploads\/2026\/04\/48958_1.jpg","contentUrl":"https:\/\/ironsky.pl\/sklep\/wp-content\/uploads\/2026\/04\/48958_1.jpg","width":800,"height":800},{"@type":"BreadcrumbList","@id":"https:\/\/ironsky.pl\/sklep\/produkt\/statyw-pgytech-caplock-mantispod-power-do-gopro-hero-2\/#breadcrumb","itemListElement":[{"@type":"ListItem","position":1,"name":"Strona g\u0142\u00f3wna","item":"https:\/\/ironsky.pl\/sklep\/"},{"@type":"ListItem","position":2,"name":"Wszystkie produkty","item":"https:\/\/ironsky.pl\/sklep\/produkty\/"},{"@type":"ListItem","position":3,"name":"Statyw PGYTECH CapLock MantisPod Power do GoPro Hero"}]},{"@type":"WebSite","@id":"https:\/\/ironsky.pl\/sklep\/#website","url":"https:\/\/ironsky.pl\/sklep\/","name":"IRONSKY.PL Sklep z Dronami","description":"IRONSKY.PL Sklep z Dronami","potentialAction":[{"@type":"SearchAction","target":{"@type":"EntryPoint","urlTemplate":"https:\/\/ironsky.pl\/sklep\/?s={search_term_string}"},"query-input":{"@type":"PropertyValueSpecification","valueRequired":true,"valueName":"search_term_string"}}],"inLanguage":"pl-PL"}]}},"_links":{"self":[{"href":"https:\/\/ironsky.pl\/sklep\/wp-json\/wp\/v2\/product\/59944","targetHints":{"allow":["GET"]}}],"collection":[{"href":"https:\/\/ironsky.pl\/sklep\/wp-json\/wp\/v2\/product"}],"about":[{"href":"https:\/\/ironsky.pl\/sklep\/wp-json\/wp\/v2\/types\/product"}],"replies":[{"embeddable":true,"href":"https:\/\/ironsky.pl\/sklep\/wp-json\/wp\/v2\/comments?post=59944"}],"wp:featuredmedia":[{"embeddable":true,"href":"https:\/\/ironsky.pl\/sklep\/wp-json\/wp\/v2\/media\/59945"}],"wp:attachment":[{"href":"https:\/\/ironsky.pl\/sklep\/wp-json\/wp\/v2\/media?parent=59944"}],"wp:term":[{"taxonomy":"product_brand","embeddable":true,"href":"https:\/\/ironsky.pl\/sklep\/wp-json\/wp\/v2\/product_brand?post=59944"},{"taxonomy":"product_cat","embeddable":true,"href":"https:\/\/ironsky.pl\/sklep\/wp-json\/wp\/v2\/product_cat?post=59944"},{"taxonomy":"product_tag","embeddable":true,"href":"https:\/\/ironsky.pl\/sklep\/wp-json\/wp\/v2\/product_tag?post=59944"}],"curies":[{"name":"wp","href":"https:\/\/api.w.org\/{rel}","templated":true}]}}