{"id":59866,"date":"2026-04-15T10:52:49","date_gmt":"2026-04-15T08:52:49","guid":{"rendered":"https:\/\/ironsky.pl\/sklep\/produkt\/listwa-zasilajaca-blitzwolf-bw-ec1-4-gniazda-czarna\/"},"modified":"2026-04-15T10:52:50","modified_gmt":"2026-04-15T08:52:50","slug":"listwa-zasilajaca-blitzwolf-bw-ec1-4-gniazda-czarna","status":"publish","type":"product","link":"https:\/\/ironsky.pl\/sklep\/produkt\/listwa-zasilajaca-blitzwolf-bw-ec1-4-gniazda-czarna\/","title":{"rendered":"Listwa zasilaj\u0105ca BLITZWOLF BW-EC1 4 gniazda (czarna)"},"content":{"rendered":"<h3>Przed\u0142u\u017cacz BlitzWolf BW-EC1 4xAC 2xUSB-A 2xUSB-C\u00a0<\/h3>\n<p>Ciesz si\u0119 wygodnym zasilaniem i \u0142adowaniem swoich urz\u0105dze\u0144. Przed\u0142u\u017cacz BlitzWolf BW-EC1 oferuje cztery gniazda AC, dwa porty USB-A i dwa porty USB-C, mo\u017cesz wi\u0119c podpi\u0105\u0107 do niego nawet osiem sprz\u0119t\u00f3w jednocze\u015bnie. Oferuje maksymaln\u0105 moc wyj\u015bciow\u0105 4000 W, zapewniaj\u0105c przy tym bezpiecze\u0144stwo u\u017cytkowania. Wyr\u00f3\u017cnia si\u0119 tak\u017ce wytrzyma\u0142\u0105, odporn\u0105 na uszkodzenia konstrukcj\u0105 \u2013 jego obudowa powsta\u0142a z trwa\u0142ego tworzywa PC.<\/p>\n<p>\n<img decoding=\"async\" src=\"https:\/\/assets.innpro.pl\/11582\/13714\/1.jpg\" border=\"0\" \/>\n<\/p>\n<h3>Mn\u00f3stwo mo\u017cliwo\u015bci<\/h3>\n<p>Gniazda AC przed\u0142u\u017cacza zapewniaj\u0105 maksymaln\u0105 moc wyj\u015bciow\u0105 4000 W, mo\u017cesz wi\u0119c wykorzysta\u0107 go do zasilania wi\u0119kszo\u015bci sprz\u0119t\u00f3w, na przyk\u0142ad komputer\u00f3w, monitor\u00f3w, lamp i nie tylko. Z kolei jego porty USB-A i USB-C umo\u017cliwiaj\u0105 sprawne \u0142adowanie urz\u0105dze\u0144 takich jak smartfony, g\u0142o\u015bniki bezprzewodowe czy tablety. Nie musisz si\u0119 ogranicza\u0107!<\/p>\n<p>\n<img decoding=\"async\" src=\"https:\/\/assets.innpro.pl\/11582\/13714\/2.jpg\" border=\"0\" \/>\n<\/p>\n<h3>Trwa\u0142o\u015b\u0107 i bezpiecze\u0144stwo<\/h3>\n<p>Obudowa przed\u0142u\u017cacza powsta\u0142a z trwa\u0142ego tworzywa PC, a do wykonania jego metalowych element\u00f3w zastosowano br\u0105z fosforowy. Dzi\u0119ki temu urz\u0105dzenie wyr\u00f3\u017cnia si\u0119 du\u017c\u0105 wytrzyma\u0142o\u015bci\u0105 i odporno\u015bci\u0105 na uszkodzenia! Co wi\u0119cej, model BW-EC1 zosta\u0142 wyposa\u017cony w ochron\u0119 przed przepi\u0119ciem, przeci\u0105\u017ceniem i innymi zagro\u017ceniami. Mo\u017cesz wi\u0119c cieszy\u0107 si\u0119 pe\u0142nym bezpiecze\u0144stwem u\u017cytkowania.<\/p>\n<p>\n<img decoding=\"async\" src=\"https:\/\/assets.innpro.pl\/11582\/13714\/3.jpg\" border=\"0\" \/>\n<\/p>\n<div class=\"table-wrapper\">\n<p>\u00a0<\/p>\n<h3><\/h3>\n<table>\n<tbody>\n<tr>\n<th>Producent<\/th>\n<td>BlitzWolf<\/td>\n<\/tr>\n<tr>\n<th>Model<\/th>\n<td>BW-EC1<\/td>\n<\/tr>\n<tr>\n<th>Maksymalne obci\u0105\u017cenie<\/th>\n<td>16 A, 250 V<\/td>\n<\/tr>\n<tr>\n<th>Moc wyj\u015bciowa<\/th>\n<td>100-250 V AC 50-60 Hz (100 V \/ 1600 W, 250 V \/ 4000 W)<\/td>\n<\/tr>\n<tr>\n<th>Dost\u0119pne porty<\/th>\n<td>4x gniazdo AC, 2x USB-A, 2x USB-C<\/td>\n<\/tr>\n<tr>\n<th>Pr\u0105d wyj\u015bciowy jednego portu USB-A<\/th>\n<td>5 V \/ 3 A maks.<\/td>\n<\/tr>\n<tr>\n<th>Pr\u0105d wyj\u015bciowy jednego portu USB-C<\/th>\n<td>5 V \/ 3 A maks.<\/td>\n<\/tr>\n<tr>\n<th>Ca\u0142kowity pr\u0105d wyj\u015bciowy port\u00f3w USB<\/th>\n<td>DC 5 V \/ 3,4 A (maks.)<\/td>\n<\/tr>\n<tr>\n<th>Materia\u0142 obudowy<\/th>\n<td>PC<\/td>\n<\/tr>\n<tr>\n<th>D\u0142ugo\u015b\u0107 kabla<\/th>\n<td>1,8 m<\/td>\n<\/tr>\n<tr>\n<th>Wymiary<\/th>\n<td>75,5 x 75,5 x 75,5 mm (g\u0142\u00f3wny modu\u0142)<\/td>\n<\/tr>\n<\/tbody>\n<\/table>\n<\/div>\n","protected":false},"excerpt":{"rendered":"<p>Przed\u0142u\u017cacz BlitzWolf BW-EC1 4xAC 2xUSB-A 2xUSB-C\u00a0 Ciesz si\u0119 wygodnym zasilaniem i \u0142adowaniem swoich urz\u0105dze\u0144. Przed\u0142u\u017cacz BlitzWolf BW-EC1 oferuje cztery gniazda<\/p>\n","protected":false},"featured_media":48948,"comment_status":"closed","ping_status":"open","template":"","meta":{"_acf_changed":false},"product_brand":[],"product_cat":[5929,5966],"product_tag":[],"class_list":{"0":"post-59866","1":"product","2":"type-product","3":"status-publish","4":"has-post-thumbnail","6":"product_cat-akcesoria-it","7":"product_cat-listwy-zasilajace","8":"pa_okres-gwarancji-5768","9":"pa_producent-blitzwolf","11":"first","12":"outofstock","13":"taxable","14":"shipping-taxable","15":"purchasable","16":"product-type-simple"},"acf":[],"yoast_head":"<!-- This site is optimized with the Yoast SEO plugin v27.2 - https:\/\/yoast.com\/product\/yoast-seo-wordpress\/ -->\n<title>Listwa zasilaj\u0105ca BLITZWOLF BW-EC1 4 gniazda (czarna) - IRONSKY.PL Sklep z Dronami<\/title>\n<meta name=\"description\" content=\"Listwa zasilaj\u0105ca BLITZWOLF BW-EC1 4 gniazda (czarna) - \u2705 sklep z dronami i fachowym doradztwem. \u2705 Tutaj kupisz produkty DJI, Yuneec, Parrot, Syma i wiele innych, a tak\u017ce kursy i licencje na operatora drona.\" \/>\n<meta name=\"robots\" content=\"index, follow, max-snippet:-1, max-image-preview:large, max-video-preview:-1\" \/>\n<link rel=\"canonical\" href=\"https:\/\/ironsky.pl\/sklep\/produkt\/listwa-zasilajaca-blitzwolf-bw-ec1-4-gniazda-czarna\/\" \/>\n<meta property=\"og:locale\" content=\"pl_PL\" \/>\n<meta property=\"og:type\" content=\"article\" \/>\n<meta property=\"og:title\" content=\"Listwa zasilaj\u0105ca BLITZWOLF BW-EC1 4 gniazda (czarna) - IRONSKY.PL Sklep z Dronami\" \/>\n<meta property=\"og:description\" content=\"Listwa zasilaj\u0105ca BLITZWOLF BW-EC1 4 gniazda (czarna) - \u2705 sklep z dronami i fachowym doradztwem. \u2705 Tutaj kupisz produkty DJI, Yuneec, Parrot, Syma i wiele innych, a tak\u017ce kursy i licencje na operatora drona.\" \/>\n<meta property=\"og:url\" content=\"https:\/\/ironsky.pl\/sklep\/produkt\/listwa-zasilajaca-blitzwolf-bw-ec1-4-gniazda-czarna\/\" \/>\n<meta property=\"og:site_name\" content=\"IRONSKY.PL Sklep z Dronami\" \/>\n<meta property=\"article:modified_time\" content=\"2026-04-15T08:52:50+00:00\" \/>\n<meta property=\"og:image\" content=\"https:\/\/ironsky.pl\/sklep\/wp-content\/uploads\/2025\/10\/48544_1.jpg\" \/>\n\t<meta property=\"og:image:width\" content=\"800\" \/>\n\t<meta property=\"og:image:height\" content=\"800\" \/>\n\t<meta property=\"og:image:type\" content=\"image\/jpeg\" \/>\n<meta name=\"twitter:card\" content=\"summary_large_image\" \/>\n<meta name=\"twitter:label1\" content=\"Szacowany czas czytania\" \/>\n\t<meta name=\"twitter:data1\" content=\"1 minuta\" \/>\n<script type=\"application\/ld+json\" class=\"yoast-schema-graph\">{\"@context\":\"https:\/\/schema.org\",\"@graph\":[{\"@type\":\"WebPage\",\"@id\":\"https:\/\/ironsky.pl\/sklep\/produkt\/listwa-zasilajaca-blitzwolf-bw-ec1-4-gniazda-czarna\/\",\"url\":\"https:\/\/ironsky.pl\/sklep\/produkt\/listwa-zasilajaca-blitzwolf-bw-ec1-4-gniazda-czarna\/\",\"name\":\"Listwa zasilaj\u0105ca BLITZWOLF BW-EC1 4 gniazda (czarna) - IRONSKY.PL Sklep z Dronami\",\"isPartOf\":{\"@id\":\"https:\/\/ironsky.pl\/sklep\/#website\"},\"primaryImageOfPage\":{\"@id\":\"https:\/\/ironsky.pl\/sklep\/produkt\/listwa-zasilajaca-blitzwolf-bw-ec1-4-gniazda-czarna\/#primaryimage\"},\"image\":{\"@id\":\"https:\/\/ironsky.pl\/sklep\/produkt\/listwa-zasilajaca-blitzwolf-bw-ec1-4-gniazda-czarna\/#primaryimage\"},\"thumbnailUrl\":\"https:\/\/ironsky.pl\/sklep\/wp-content\/uploads\/2025\/10\/48544_1.jpg\",\"datePublished\":\"2026-04-15T08:52:49+00:00\",\"dateModified\":\"2026-04-15T08:52:50+00:00\",\"description\":\"Listwa zasilaj\u0105ca BLITZWOLF BW-EC1 4 gniazda (czarna) - \u2705 sklep z dronami i fachowym doradztwem. \u2705 Tutaj kupisz produkty DJI, Yuneec, Parrot, Syma i wiele innych, a tak\u017ce kursy i licencje na operatora drona.\",\"breadcrumb\":{\"@id\":\"https:\/\/ironsky.pl\/sklep\/produkt\/listwa-zasilajaca-blitzwolf-bw-ec1-4-gniazda-czarna\/#breadcrumb\"},\"inLanguage\":\"pl-PL\",\"potentialAction\":[{\"@type\":\"ReadAction\",\"target\":[\"https:\/\/ironsky.pl\/sklep\/produkt\/listwa-zasilajaca-blitzwolf-bw-ec1-4-gniazda-czarna\/\"]}]},{\"@type\":\"ImageObject\",\"inLanguage\":\"pl-PL\",\"@id\":\"https:\/\/ironsky.pl\/sklep\/produkt\/listwa-zasilajaca-blitzwolf-bw-ec1-4-gniazda-czarna\/#primaryimage\",\"url\":\"https:\/\/ironsky.pl\/sklep\/wp-content\/uploads\/2025\/10\/48544_1.jpg\",\"contentUrl\":\"https:\/\/ironsky.pl\/sklep\/wp-content\/uploads\/2025\/10\/48544_1.jpg\",\"width\":800,\"height\":800},{\"@type\":\"BreadcrumbList\",\"@id\":\"https:\/\/ironsky.pl\/sklep\/produkt\/listwa-zasilajaca-blitzwolf-bw-ec1-4-gniazda-czarna\/#breadcrumb\",\"itemListElement\":[{\"@type\":\"ListItem\",\"position\":1,\"name\":\"Strona g\u0142\u00f3wna\",\"item\":\"https:\/\/ironsky.pl\/sklep\/\"},{\"@type\":\"ListItem\",\"position\":2,\"name\":\"Wszystkie produkty\",\"item\":\"https:\/\/ironsky.pl\/sklep\/produkty\/\"},{\"@type\":\"ListItem\",\"position\":3,\"name\":\"Listwa zasilaj\u0105ca BLITZWOLF BW-EC1 4 gniazda (czarna)\"}]},{\"@type\":\"WebSite\",\"@id\":\"https:\/\/ironsky.pl\/sklep\/#website\",\"url\":\"https:\/\/ironsky.pl\/sklep\/\",\"name\":\"IRONSKY.PL Sklep z Dronami\",\"description\":\"IRONSKY.PL Sklep z Dronami\",\"potentialAction\":[{\"@type\":\"SearchAction\",\"target\":{\"@type\":\"EntryPoint\",\"urlTemplate\":\"https:\/\/ironsky.pl\/sklep\/?s={search_term_string}\"},\"query-input\":{\"@type\":\"PropertyValueSpecification\",\"valueRequired\":true,\"valueName\":\"search_term_string\"}}],\"inLanguage\":\"pl-PL\"}]}<\/script>\n<!-- \/ Yoast SEO plugin. -->","yoast_head_json":{"title":"Listwa zasilaj\u0105ca BLITZWOLF BW-EC1 4 gniazda (czarna) - IRONSKY.PL Sklep z Dronami","description":"Listwa zasilaj\u0105ca BLITZWOLF BW-EC1 4 gniazda (czarna) - \u2705 sklep z dronami i fachowym doradztwem. \u2705 Tutaj kupisz produkty DJI, Yuneec, Parrot, Syma i wiele innych, a tak\u017ce kursy i licencje na operatora drona.","robots":{"index":"index","follow":"follow","max-snippet":"max-snippet:-1","max-image-preview":"max-image-preview:large","max-video-preview":"max-video-preview:-1"},"canonical":"https:\/\/ironsky.pl\/sklep\/produkt\/listwa-zasilajaca-blitzwolf-bw-ec1-4-gniazda-czarna\/","og_locale":"pl_PL","og_type":"article","og_title":"Listwa zasilaj\u0105ca BLITZWOLF BW-EC1 4 gniazda (czarna) - IRONSKY.PL Sklep z Dronami","og_description":"Listwa zasilaj\u0105ca BLITZWOLF BW-EC1 4 gniazda (czarna) - \u2705 sklep z dronami i fachowym doradztwem. \u2705 Tutaj kupisz produkty DJI, Yuneec, Parrot, Syma i wiele innych, a tak\u017ce kursy i licencje na operatora drona.","og_url":"https:\/\/ironsky.pl\/sklep\/produkt\/listwa-zasilajaca-blitzwolf-bw-ec1-4-gniazda-czarna\/","og_site_name":"IRONSKY.PL Sklep z Dronami","article_modified_time":"2026-04-15T08:52:50+00:00","og_image":[{"width":800,"height":800,"url":"https:\/\/ironsky.pl\/sklep\/wp-content\/uploads\/2025\/10\/48544_1.jpg","type":"image\/jpeg"}],"twitter_card":"summary_large_image","twitter_misc":{"Szacowany czas czytania":"1 minuta"},"schema":{"@context":"https:\/\/schema.org","@graph":[{"@type":"WebPage","@id":"https:\/\/ironsky.pl\/sklep\/produkt\/listwa-zasilajaca-blitzwolf-bw-ec1-4-gniazda-czarna\/","url":"https:\/\/ironsky.pl\/sklep\/produkt\/listwa-zasilajaca-blitzwolf-bw-ec1-4-gniazda-czarna\/","name":"Listwa zasilaj\u0105ca BLITZWOLF BW-EC1 4 gniazda (czarna) - IRONSKY.PL Sklep z Dronami","isPartOf":{"@id":"https:\/\/ironsky.pl\/sklep\/#website"},"primaryImageOfPage":{"@id":"https:\/\/ironsky.pl\/sklep\/produkt\/listwa-zasilajaca-blitzwolf-bw-ec1-4-gniazda-czarna\/#primaryimage"},"image":{"@id":"https:\/\/ironsky.pl\/sklep\/produkt\/listwa-zasilajaca-blitzwolf-bw-ec1-4-gniazda-czarna\/#primaryimage"},"thumbnailUrl":"https:\/\/ironsky.pl\/sklep\/wp-content\/uploads\/2025\/10\/48544_1.jpg","datePublished":"2026-04-15T08:52:49+00:00","dateModified":"2026-04-15T08:52:50+00:00","description":"Listwa zasilaj\u0105ca BLITZWOLF BW-EC1 4 gniazda (czarna) - \u2705 sklep z dronami i fachowym doradztwem. \u2705 Tutaj kupisz produkty DJI, Yuneec, Parrot, Syma i wiele innych, a tak\u017ce kursy i licencje na operatora drona.","breadcrumb":{"@id":"https:\/\/ironsky.pl\/sklep\/produkt\/listwa-zasilajaca-blitzwolf-bw-ec1-4-gniazda-czarna\/#breadcrumb"},"inLanguage":"pl-PL","potentialAction":[{"@type":"ReadAction","target":["https:\/\/ironsky.pl\/sklep\/produkt\/listwa-zasilajaca-blitzwolf-bw-ec1-4-gniazda-czarna\/"]}]},{"@type":"ImageObject","inLanguage":"pl-PL","@id":"https:\/\/ironsky.pl\/sklep\/produkt\/listwa-zasilajaca-blitzwolf-bw-ec1-4-gniazda-czarna\/#primaryimage","url":"https:\/\/ironsky.pl\/sklep\/wp-content\/uploads\/2025\/10\/48544_1.jpg","contentUrl":"https:\/\/ironsky.pl\/sklep\/wp-content\/uploads\/2025\/10\/48544_1.jpg","width":800,"height":800},{"@type":"BreadcrumbList","@id":"https:\/\/ironsky.pl\/sklep\/produkt\/listwa-zasilajaca-blitzwolf-bw-ec1-4-gniazda-czarna\/#breadcrumb","itemListElement":[{"@type":"ListItem","position":1,"name":"Strona g\u0142\u00f3wna","item":"https:\/\/ironsky.pl\/sklep\/"},{"@type":"ListItem","position":2,"name":"Wszystkie produkty","item":"https:\/\/ironsky.pl\/sklep\/produkty\/"},{"@type":"ListItem","position":3,"name":"Listwa zasilaj\u0105ca BLITZWOLF BW-EC1 4 gniazda (czarna)"}]},{"@type":"WebSite","@id":"https:\/\/ironsky.pl\/sklep\/#website","url":"https:\/\/ironsky.pl\/sklep\/","name":"IRONSKY.PL Sklep z Dronami","description":"IRONSKY.PL Sklep z Dronami","potentialAction":[{"@type":"SearchAction","target":{"@type":"EntryPoint","urlTemplate":"https:\/\/ironsky.pl\/sklep\/?s={search_term_string}"},"query-input":{"@type":"PropertyValueSpecification","valueRequired":true,"valueName":"search_term_string"}}],"inLanguage":"pl-PL"}]}},"_links":{"self":[{"href":"https:\/\/ironsky.pl\/sklep\/wp-json\/wp\/v2\/product\/59866","targetHints":{"allow":["GET"]}}],"collection":[{"href":"https:\/\/ironsky.pl\/sklep\/wp-json\/wp\/v2\/product"}],"about":[{"href":"https:\/\/ironsky.pl\/sklep\/wp-json\/wp\/v2\/types\/product"}],"replies":[{"embeddable":true,"href":"https:\/\/ironsky.pl\/sklep\/wp-json\/wp\/v2\/comments?post=59866"}],"wp:featuredmedia":[{"embeddable":true,"href":"https:\/\/ironsky.pl\/sklep\/wp-json\/wp\/v2\/media\/48948"}],"wp:attachment":[{"href":"https:\/\/ironsky.pl\/sklep\/wp-json\/wp\/v2\/media?parent=59866"}],"wp:term":[{"taxonomy":"product_brand","embeddable":true,"href":"https:\/\/ironsky.pl\/sklep\/wp-json\/wp\/v2\/product_brand?post=59866"},{"taxonomy":"product_cat","embeddable":true,"href":"https:\/\/ironsky.pl\/sklep\/wp-json\/wp\/v2\/product_cat?post=59866"},{"taxonomy":"product_tag","embeddable":true,"href":"https:\/\/ironsky.pl\/sklep\/wp-json\/wp\/v2\/product_tag?post=59866"}],"curies":[{"name":"wp","href":"https:\/\/api.w.org\/{rel}","templated":true}]}}