{"id":59861,"date":"2026-04-15T10:52:20","date_gmt":"2026-04-15T08:52:20","guid":{"rendered":"https:\/\/ironsky.pl\/sklep\/produkt\/etui-na-laptopa-tomtoc-voyage-a10-13-czarne\/"},"modified":"2026-04-15T10:52:43","modified_gmt":"2026-04-15T08:52:43","slug":"etui-na-laptopa-tomtoc-voyage-a10-13-czarne","status":"publish","type":"product","link":"https:\/\/ironsky.pl\/sklep\/produkt\/etui-na-laptopa-tomtoc-voyage-a10-13-czarne\/","title":{"rendered":"Etui na laptopa TOMTOC Voyage-A10 13&#8243; (czarne)"},"content":{"rendered":"<h3>Etui na laptopa 13&#8221; Tomtoc Voyage-A10 (czarny)<\/h3>\n<p>Voyage-A10 to stylowa i elegancka propozycja dla posiadaczy laptop\u00f3w i tablet\u00f3w, zaprojektowana z my\u015bl\u0105 o ochronie i wygodnym u\u017cytkowaniu urz\u0105dzenia. Etui inspirowane minimalistycznym wzornictwem, \u0142\u0105czy w sobie dwa rodzaje materia\u0142\u00f3w, wyko\u0144czone charakterystycznymi uko\u015bnymi liniami, kt\u00f3re nadaj\u0105 mu nowoczesny i estetyczny wygl\u0105d. Dzi\u0119ki temu jest ono nie tylko funkcjonalne, ale tak\u017ce wyr\u00f3\u017cnia si\u0119 unikatowym stylem.<\/p>\n<p>\n<img decoding=\"async\" src=\"https:\/\/assets.innpro.pl\/10819\/12747\/5.jpg\" border=\"0\" \/>\n<\/p>\n<h3>Elegancki design z praktycznymi kieszeniami<\/h3>\n<p>Ten model etui \u0142\u0105czy elegancj\u0119 z funkcjonalno\u015bci\u0105. Poza g\u0142\u00f3wn\u0105 komor\u0105 na laptopa wyposa\u017cono je w praktyczn\u0105 przedni\u0105 kiesze\u0144, kt\u00f3ra pozwala na szybki dost\u0119p do akcesori\u00f3w, takich jak telefon, \u0142adowarka czy dokumenty. Minimalistyczny wygl\u0105d idzie w parze z przemy\u015blanym uk\u0142adem, kt\u00f3ry sprawia, \u017ce wszystkie niezb\u0119dne rzeczy masz zawsze pod r\u0119k\u0105.<\/p>\n<p>\n<img decoding=\"async\" src=\"https:\/\/assets.innpro.pl\/10819\/12747\/6.jpg\" border=\"0\" \/>\n<\/p>\n<h3>Ochrona bez kompromis\u00f3w<\/h3>\n<p>Voyage-A10 zapewnia zaawansowan\u0105 ochron\u0119 dzi\u0119ki wy\u015bci\u00f3\u0142ce z pianki Memory Foam, kt\u00f3ra skutecznie amortyzuje wstrz\u0105sy i chroni urz\u0105dzenie przed uszkodzeniami mechanicznymi. Wn\u0119trze etui jest wyko\u0144czone mi\u0119kk\u0105 mikrofibr\u0105, kt\u00f3ra zapobiega zarysowaniom i utrzymuje powierzchni\u0119 laptopa w idealnym stanie. Wyko\u0144czenie z wodoodpornego nylonu Cordura 420D, zapewnia trwa\u0142o\u015b\u0107 i ochron\u0119 przed przypadkowymi zachlapaniami.<\/p>\n<p>\n<img decoding=\"async\" src=\"https:\/\/assets.innpro.pl\/10819\/12747\/3.jpg\" border=\"0\" \/>\n<\/p>\n<h3>Lekka i smuk\u0142a konstrukcja<\/h3>\n<p>Akcesorium wyr\u00f3\u017cnia si\u0119 lekk\u0105 i ultra-smuk\u0142\u0105 konstrukcj\u0105, co sprawia, \u017ce umo\u017cliwia ono wygodne przenoszenie sprz\u0119tu w r\u0119ce lub w wi\u0119kszej torbie. Podw\u00f3jny zamek umo\u017cliwia \u0142atwe wyjmowanie i wk\u0142adanie laptopa, a dzi\u0119ki zastosowaniu wytrzyma\u0142ych, cho\u0107 lekkich materia\u0142\u00f3w, nie dodaje urz\u0105dzeniu wagi.<\/p>\n<p>\n<img decoding=\"async\" src=\"https:\/\/assets.innpro.pl\/10819\/12747\/1.jpg\" border=\"0\" \/>\n<\/p>\n<div class=\"table-wrapper\">\n<p>\u00a0<\/p>\n<h3><\/h3>\n<table>\n<tbody>\n<tr>\n<th>Producent<\/th>\n<td>Tomtoc<\/td>\n<\/tr>\n<tr>\n<th>Model<\/th>\n<td>Voyager-A10<\/td>\n<\/tr>\n<tr>\n<th>Kod producenta<\/th>\n<td>A10C2D1<\/td>\n<\/tr>\n<tr>\n<th>Kolor<\/th>\n<td>Czarny<\/td>\n<\/tr>\n<tr>\n<th>Kompatybilno\u015b\u0107<\/th>\n<td>Laptopy, tablety do 13\u2019\u2019<\/td>\n<\/tr>\n<tr>\n<th>Wymiary<\/th>\n<td>35 x 25,5 x 2 cm<\/td>\n<\/tr>\n<tr><\/tr>\n<\/tbody>\n<\/table>\n<\/div>\n","protected":false},"excerpt":{"rendered":"<p>Etui na laptopa 13&#8221; Tomtoc Voyage-A10 (czarny) Voyage-A10 to stylowa i elegancka propozycja dla posiadaczy laptop\u00f3w i tablet\u00f3w, zaprojektowana z<\/p>\n","protected":false},"featured_media":46381,"comment_status":"closed","ping_status":"open","template":"","meta":{"_acf_changed":false},"product_brand":[],"product_cat":[5929,5955],"product_tag":[],"class_list":{"0":"post-59861","1":"product","2":"type-product","3":"status-publish","4":"has-post-thumbnail","6":"product_cat-akcesoria-it","7":"product_cat-przenoszenie","8":"pa_okres-gwarancji-5757","9":"pa_producent-tomtoc","11":"first","12":"outofstock","13":"taxable","14":"shipping-taxable","15":"purchasable","16":"product-type-simple"},"acf":[],"yoast_head":"<!-- This site is optimized with the Yoast SEO plugin v27.2 - https:\/\/yoast.com\/product\/yoast-seo-wordpress\/ -->\n<title>Etui na laptopa TOMTOC Voyage-A10 13&quot; (czarne) - IRONSKY.PL Sklep z Dronami<\/title>\n<meta name=\"description\" content=\"Etui na laptopa TOMTOC Voyage-A10 13&quot; (czarne) - \u2705 sklep z dronami i fachowym doradztwem. \u2705 Tutaj kupisz produkty DJI, Yuneec, Parrot, Syma i wiele innych, a tak\u017ce kursy i licencje na operatora drona.\" \/>\n<meta name=\"robots\" content=\"index, follow, max-snippet:-1, max-image-preview:large, max-video-preview:-1\" \/>\n<link rel=\"canonical\" href=\"https:\/\/ironsky.pl\/sklep\/produkt\/etui-na-laptopa-tomtoc-voyage-a10-13-czarne\/\" \/>\n<meta property=\"og:locale\" content=\"pl_PL\" \/>\n<meta property=\"og:type\" content=\"article\" \/>\n<meta property=\"og:title\" content=\"Etui na laptopa TOMTOC Voyage-A10 13&quot; (czarne) - IRONSKY.PL Sklep z Dronami\" \/>\n<meta property=\"og:description\" content=\"Etui na laptopa TOMTOC Voyage-A10 13&quot; (czarne) - \u2705 sklep z dronami i fachowym doradztwem. \u2705 Tutaj kupisz produkty DJI, Yuneec, Parrot, Syma i wiele innych, a tak\u017ce kursy i licencje na operatora drona.\" \/>\n<meta property=\"og:url\" content=\"https:\/\/ironsky.pl\/sklep\/produkt\/etui-na-laptopa-tomtoc-voyage-a10-13-czarne\/\" \/>\n<meta property=\"og:site_name\" content=\"IRONSKY.PL Sklep z Dronami\" \/>\n<meta property=\"article:modified_time\" content=\"2026-04-15T08:52:43+00:00\" \/>\n<meta property=\"og:image\" content=\"https:\/\/ironsky.pl\/sklep\/wp-content\/uploads\/2025\/06\/48489_1.jpg\" \/>\n\t<meta property=\"og:image:width\" content=\"800\" \/>\n\t<meta property=\"og:image:height\" content=\"800\" \/>\n\t<meta property=\"og:image:type\" content=\"image\/jpeg\" \/>\n<meta name=\"twitter:card\" content=\"summary_large_image\" \/>\n<meta name=\"twitter:label1\" content=\"Szacowany czas czytania\" \/>\n\t<meta name=\"twitter:data1\" content=\"1 minuta\" \/>\n<script type=\"application\/ld+json\" class=\"yoast-schema-graph\">{\"@context\":\"https:\/\/schema.org\",\"@graph\":[{\"@type\":\"WebPage\",\"@id\":\"https:\/\/ironsky.pl\/sklep\/produkt\/etui-na-laptopa-tomtoc-voyage-a10-13-czarne\/\",\"url\":\"https:\/\/ironsky.pl\/sklep\/produkt\/etui-na-laptopa-tomtoc-voyage-a10-13-czarne\/\",\"name\":\"Etui na laptopa TOMTOC Voyage-A10 13\\\" (czarne) - IRONSKY.PL Sklep z Dronami\",\"isPartOf\":{\"@id\":\"https:\/\/ironsky.pl\/sklep\/#website\"},\"primaryImageOfPage\":{\"@id\":\"https:\/\/ironsky.pl\/sklep\/produkt\/etui-na-laptopa-tomtoc-voyage-a10-13-czarne\/#primaryimage\"},\"image\":{\"@id\":\"https:\/\/ironsky.pl\/sklep\/produkt\/etui-na-laptopa-tomtoc-voyage-a10-13-czarne\/#primaryimage\"},\"thumbnailUrl\":\"https:\/\/ironsky.pl\/sklep\/wp-content\/uploads\/2025\/06\/48489_1.jpg\",\"datePublished\":\"2026-04-15T08:52:20+00:00\",\"dateModified\":\"2026-04-15T08:52:43+00:00\",\"description\":\"Etui na laptopa TOMTOC Voyage-A10 13\\\" (czarne) - \u2705 sklep z dronami i fachowym doradztwem. \u2705 Tutaj kupisz produkty DJI, Yuneec, Parrot, Syma i wiele innych, a tak\u017ce kursy i licencje na operatora drona.\",\"breadcrumb\":{\"@id\":\"https:\/\/ironsky.pl\/sklep\/produkt\/etui-na-laptopa-tomtoc-voyage-a10-13-czarne\/#breadcrumb\"},\"inLanguage\":\"pl-PL\",\"potentialAction\":[{\"@type\":\"ReadAction\",\"target\":[\"https:\/\/ironsky.pl\/sklep\/produkt\/etui-na-laptopa-tomtoc-voyage-a10-13-czarne\/\"]}]},{\"@type\":\"ImageObject\",\"inLanguage\":\"pl-PL\",\"@id\":\"https:\/\/ironsky.pl\/sklep\/produkt\/etui-na-laptopa-tomtoc-voyage-a10-13-czarne\/#primaryimage\",\"url\":\"https:\/\/ironsky.pl\/sklep\/wp-content\/uploads\/2025\/06\/48489_1.jpg\",\"contentUrl\":\"https:\/\/ironsky.pl\/sklep\/wp-content\/uploads\/2025\/06\/48489_1.jpg\",\"width\":800,\"height\":800},{\"@type\":\"BreadcrumbList\",\"@id\":\"https:\/\/ironsky.pl\/sklep\/produkt\/etui-na-laptopa-tomtoc-voyage-a10-13-czarne\/#breadcrumb\",\"itemListElement\":[{\"@type\":\"ListItem\",\"position\":1,\"name\":\"Strona g\u0142\u00f3wna\",\"item\":\"https:\/\/ironsky.pl\/sklep\/\"},{\"@type\":\"ListItem\",\"position\":2,\"name\":\"Wszystkie produkty\",\"item\":\"https:\/\/ironsky.pl\/sklep\/produkty\/\"},{\"@type\":\"ListItem\",\"position\":3,\"name\":\"Etui na laptopa TOMTOC Voyage-A10 13&#8243; (czarne)\"}]},{\"@type\":\"WebSite\",\"@id\":\"https:\/\/ironsky.pl\/sklep\/#website\",\"url\":\"https:\/\/ironsky.pl\/sklep\/\",\"name\":\"IRONSKY.PL Sklep z Dronami\",\"description\":\"IRONSKY.PL Sklep z Dronami\",\"potentialAction\":[{\"@type\":\"SearchAction\",\"target\":{\"@type\":\"EntryPoint\",\"urlTemplate\":\"https:\/\/ironsky.pl\/sklep\/?s={search_term_string}\"},\"query-input\":{\"@type\":\"PropertyValueSpecification\",\"valueRequired\":true,\"valueName\":\"search_term_string\"}}],\"inLanguage\":\"pl-PL\"}]}<\/script>\n<!-- \/ Yoast SEO plugin. -->","yoast_head_json":{"title":"Etui na laptopa TOMTOC Voyage-A10 13\" (czarne) - IRONSKY.PL Sklep z Dronami","description":"Etui na laptopa TOMTOC Voyage-A10 13\" (czarne) - \u2705 sklep z dronami i fachowym doradztwem. \u2705 Tutaj kupisz produkty DJI, Yuneec, Parrot, Syma i wiele innych, a tak\u017ce kursy i licencje na operatora drona.","robots":{"index":"index","follow":"follow","max-snippet":"max-snippet:-1","max-image-preview":"max-image-preview:large","max-video-preview":"max-video-preview:-1"},"canonical":"https:\/\/ironsky.pl\/sklep\/produkt\/etui-na-laptopa-tomtoc-voyage-a10-13-czarne\/","og_locale":"pl_PL","og_type":"article","og_title":"Etui na laptopa TOMTOC Voyage-A10 13\" (czarne) - IRONSKY.PL Sklep z Dronami","og_description":"Etui na laptopa TOMTOC Voyage-A10 13\" (czarne) - \u2705 sklep z dronami i fachowym doradztwem. \u2705 Tutaj kupisz produkty DJI, Yuneec, Parrot, Syma i wiele innych, a tak\u017ce kursy i licencje na operatora drona.","og_url":"https:\/\/ironsky.pl\/sklep\/produkt\/etui-na-laptopa-tomtoc-voyage-a10-13-czarne\/","og_site_name":"IRONSKY.PL Sklep z Dronami","article_modified_time":"2026-04-15T08:52:43+00:00","og_image":[{"width":800,"height":800,"url":"https:\/\/ironsky.pl\/sklep\/wp-content\/uploads\/2025\/06\/48489_1.jpg","type":"image\/jpeg"}],"twitter_card":"summary_large_image","twitter_misc":{"Szacowany czas czytania":"1 minuta"},"schema":{"@context":"https:\/\/schema.org","@graph":[{"@type":"WebPage","@id":"https:\/\/ironsky.pl\/sklep\/produkt\/etui-na-laptopa-tomtoc-voyage-a10-13-czarne\/","url":"https:\/\/ironsky.pl\/sklep\/produkt\/etui-na-laptopa-tomtoc-voyage-a10-13-czarne\/","name":"Etui na laptopa TOMTOC Voyage-A10 13\" (czarne) - IRONSKY.PL Sklep z Dronami","isPartOf":{"@id":"https:\/\/ironsky.pl\/sklep\/#website"},"primaryImageOfPage":{"@id":"https:\/\/ironsky.pl\/sklep\/produkt\/etui-na-laptopa-tomtoc-voyage-a10-13-czarne\/#primaryimage"},"image":{"@id":"https:\/\/ironsky.pl\/sklep\/produkt\/etui-na-laptopa-tomtoc-voyage-a10-13-czarne\/#primaryimage"},"thumbnailUrl":"https:\/\/ironsky.pl\/sklep\/wp-content\/uploads\/2025\/06\/48489_1.jpg","datePublished":"2026-04-15T08:52:20+00:00","dateModified":"2026-04-15T08:52:43+00:00","description":"Etui na laptopa TOMTOC Voyage-A10 13\" (czarne) - \u2705 sklep z dronami i fachowym doradztwem. \u2705 Tutaj kupisz produkty DJI, Yuneec, Parrot, Syma i wiele innych, a tak\u017ce kursy i licencje na operatora drona.","breadcrumb":{"@id":"https:\/\/ironsky.pl\/sklep\/produkt\/etui-na-laptopa-tomtoc-voyage-a10-13-czarne\/#breadcrumb"},"inLanguage":"pl-PL","potentialAction":[{"@type":"ReadAction","target":["https:\/\/ironsky.pl\/sklep\/produkt\/etui-na-laptopa-tomtoc-voyage-a10-13-czarne\/"]}]},{"@type":"ImageObject","inLanguage":"pl-PL","@id":"https:\/\/ironsky.pl\/sklep\/produkt\/etui-na-laptopa-tomtoc-voyage-a10-13-czarne\/#primaryimage","url":"https:\/\/ironsky.pl\/sklep\/wp-content\/uploads\/2025\/06\/48489_1.jpg","contentUrl":"https:\/\/ironsky.pl\/sklep\/wp-content\/uploads\/2025\/06\/48489_1.jpg","width":800,"height":800},{"@type":"BreadcrumbList","@id":"https:\/\/ironsky.pl\/sklep\/produkt\/etui-na-laptopa-tomtoc-voyage-a10-13-czarne\/#breadcrumb","itemListElement":[{"@type":"ListItem","position":1,"name":"Strona g\u0142\u00f3wna","item":"https:\/\/ironsky.pl\/sklep\/"},{"@type":"ListItem","position":2,"name":"Wszystkie produkty","item":"https:\/\/ironsky.pl\/sklep\/produkty\/"},{"@type":"ListItem","position":3,"name":"Etui na laptopa TOMTOC Voyage-A10 13&#8243; (czarne)"}]},{"@type":"WebSite","@id":"https:\/\/ironsky.pl\/sklep\/#website","url":"https:\/\/ironsky.pl\/sklep\/","name":"IRONSKY.PL Sklep z Dronami","description":"IRONSKY.PL Sklep z Dronami","potentialAction":[{"@type":"SearchAction","target":{"@type":"EntryPoint","urlTemplate":"https:\/\/ironsky.pl\/sklep\/?s={search_term_string}"},"query-input":{"@type":"PropertyValueSpecification","valueRequired":true,"valueName":"search_term_string"}}],"inLanguage":"pl-PL"}]}},"_links":{"self":[{"href":"https:\/\/ironsky.pl\/sklep\/wp-json\/wp\/v2\/product\/59861","targetHints":{"allow":["GET"]}}],"collection":[{"href":"https:\/\/ironsky.pl\/sklep\/wp-json\/wp\/v2\/product"}],"about":[{"href":"https:\/\/ironsky.pl\/sklep\/wp-json\/wp\/v2\/types\/product"}],"replies":[{"embeddable":true,"href":"https:\/\/ironsky.pl\/sklep\/wp-json\/wp\/v2\/comments?post=59861"}],"wp:featuredmedia":[{"embeddable":true,"href":"https:\/\/ironsky.pl\/sklep\/wp-json\/wp\/v2\/media\/46381"}],"wp:attachment":[{"href":"https:\/\/ironsky.pl\/sklep\/wp-json\/wp\/v2\/media?parent=59861"}],"wp:term":[{"taxonomy":"product_brand","embeddable":true,"href":"https:\/\/ironsky.pl\/sklep\/wp-json\/wp\/v2\/product_brand?post=59861"},{"taxonomy":"product_cat","embeddable":true,"href":"https:\/\/ironsky.pl\/sklep\/wp-json\/wp\/v2\/product_cat?post=59861"},{"taxonomy":"product_tag","embeddable":true,"href":"https:\/\/ironsky.pl\/sklep\/wp-json\/wp\/v2\/product_tag?post=59861"}],"curies":[{"name":"wp","href":"https:\/\/api.w.org\/{rel}","templated":true}]}}