{"id":59843,"date":"2026-04-15T10:52:20","date_gmt":"2026-04-15T08:52:20","guid":{"rendered":"https:\/\/ironsky.pl\/sklep\/produkt\/powerbank-ecoflow-rapid-10000mah-magnetyczny-czarny\/"},"modified":"2026-04-15T10:52:28","modified_gmt":"2026-04-15T08:52:28","slug":"powerbank-ecoflow-rapid-10000mah-magnetyczny-czarny","status":"publish","type":"product","link":"https:\/\/ironsky.pl\/sklep\/produkt\/powerbank-ecoflow-rapid-10000mah-magnetyczny-czarny\/","title":{"rendered":"Powerbank ECOFLOW RAPID 10000mAh magnetyczny (czarny)"},"content":{"rendered":"<h3>Powerbank magnetyczny EcoFlow RAPID, 10000mAh (czarny)<\/h3>\n<p>EcoFlow RAPID to magnetyczny powerbank o pojemno\u015bci 10 000 mAh, zapewniaj\u0105cy szybkie i bezpieczne \u0142adowanie urz\u0105dze\u0144 mobilnych. Dzi\u0119ki mocy \u0142adowania przewodowego si\u0119gaj\u0105cej 65W oraz mo\u017cliwo\u015bci bezprzewodowego \u0142adowania z moc\u0105 15W gwarantuje on niezawodne zasilanie dla nowoczesnych smartfon\u00f3w, tablet\u00f3w czy laptop\u00f3w. Do Twojej dyspozycji b\u0119dzie zintegrowany kabel USB-C oraz port USB-C. Zgodno\u015b\u0107 z popularnymi protoko\u0142ami, w tym PD, QC, PPS, FCP, SCP i UFCS, zapewnia szerok\u0105 kompatybilno\u015b\u0107.<\/p>\n<p>\n<img decoding=\"async\" src=\"https:\/\/assets.innpro.pl\/11067\/13052\/3.jpg\" border=\"0\" \/>\n<\/p>\n<h3>\u0141adowanie przewodowe z moc\u0105 65W<\/h3>\n<p>Powerbank EcoFlow RAPID oferuje moc \u0142adowania przewodowego na poziomie 65W, pozwalaj\u0105c na efektywne \u0142adowanie urz\u0105dze\u0144. Dzi\u0119ki zintegrowanemu kablowi USB-C oraz portowi USB-C mo\u017cesz cieszy\u0107 si\u0119 maksymaln\u0105 wydajno\u015bci\u0105 i zaoszcz\u0119dzi\u0107 czas. Wystarczy 11 minut, aby poziom na\u0142adowania osi\u0105gn\u0105\u0142 30%, 27 minut dla 70%, a pe\u0142ne na\u0142adowanie zajmuje jedynie 52 minuty. Obs\u0142uga najpopularniejszych protoko\u0142\u00f3w \u0142adowania, takich jak PD, QC, PPS, FCP, SCP i UFCS, gwarantuje kompatybilno\u015b\u0107 z r\u00f3\u017cnorodnymi urz\u0105dzeniami i zapewnia stabilne oraz bezpieczne odnawianie energii.<\/p>\n<p>\n<img decoding=\"async\" src=\"https:\/\/assets.innpro.pl\/11067\/13052\/6.jpg\" border=\"0\" \/>\n<\/p>\n<h3>Bezprzewodowa swoboda<\/h3>\n<p>Produkt EcoFlow wspiera r\u00f3wnie\u017c bezprzewodowe \u0142adowanie z moc\u0105 15W, umo\u017cliwiaj\u0105c szybkie \u0142adowanie bez konieczno\u015bci korzystania z kabli. Dzi\u0119ki kompatybilno\u015bci ze standardami Qi1.0 (5W) oraz Qi2.0 (15W) powerbank dostosowany jest do bezprzewodowego odnawiania energii urz\u0105dze\u0144 z systemem Android oraz iPhone\u2019\u00f3w od modelu 13 wzwy\u017c. Aby na\u0142adowa\u0107 iPhone\u2019a 15 do 50%, wystarcz\u0105 44 minuty.<\/p>\n<p>\n<img decoding=\"async\" src=\"https:\/\/assets.innpro.pl\/11067\/13052\/4.jpg\" border=\"0\" \/>\n<\/p>\n<h3>Lekka, kompaktowa konstrukcja<\/h3>\n<p>Mimo du\u017cej pojemno\u015bci powerbank EcoFlow RAPID zachowuje kompaktowe wymiary (108 x 70 x 22.9 mm) i wa\u017cy jedynie 258 g, dzi\u0119ki czemu mo\u017cesz wygodnie umie\u015bci\u0107 go nawet w kieszeni. Postaw na przeno\u015bne \u017ar\u00f3d\u0142o energii, kt\u00f3re idealnie sprawdzi si\u0119 zar\u00f3wno w podr\u00f3\u017cy, jak i na co dzie\u0144 bez zb\u0119dnego obci\u0105\u017cania swojej torby!<\/p>\n<p>\n<img decoding=\"async\" src=\"https:\/\/assets.innpro.pl\/11067\/13052\/8.jpg\" border=\"0\" \/>\n<\/p>\n<div class=\"table-wrapper\">\n<p>\u00a0<\/p>\n<h3><\/h3>\n<table>\n<tbody>\n<tr>\n<th>Producent<\/th>\n<td>EcoFlow<\/td>\n<\/tr>\n<tr>\n<th>Model<\/th>\n<td>RAPID<\/td>\n<\/tr>\n<tr>\n<th>Kolor<\/th>\n<td>czarny<\/td>\n<\/tr>\n<tr>\n<th>Typ akumulatora<\/th>\n<td>litowo-kobaltowy<\/td>\n<\/tr>\n<tr>\n<th>Pojemno\u015b\u0107 akumulatora<\/th>\n<td>10 000 mAh<\/td>\n<\/tr>\n<tr>\n<th>Porty<\/th>\n<td>C1: wbudowany kabel USB-C (wej\u015bcie\/wyj\u015bcie) \/ C2: Port USB-C (wej\u015bcie\/wyj\u015bcie)<\/td>\n<\/tr>\n<tr>\n<th>Moc wej\u015bciowa \u0142adowania przewodowego<\/th>\n<td>65W<\/td>\n<\/tr>\n<tr>\n<th>Czas \u0142adowania<\/th>\n<td>11 min \u2013 30% \/ 27 min \u2013 70% \/ 52 min \u2013 100%<\/td>\n<\/tr>\n<tr>\n<th>Moc wyj\u015bciowa \u0142adowania przewodowego<\/th>\n<td>65W<\/td>\n<\/tr>\n<tr>\n<th>Obs\u0142ugiwane protoko\u0142y \u0142adowania przewodowego<\/th>\n<td>PD, QC, PPS, FCP, SCP, UFCS<\/td>\n<\/tr>\n<tr>\n<th>Moc wyj\u015bciowa \u0142adowania bezprzewodowego<\/th>\n<td>15W<\/td>\n<\/tr>\n<tr>\n<th>Obs\u0142ugiwane protoko\u0142y \u0142adowania bezprzewodowego<\/th>\n<td>Qi1.0 (5W, Android) \/ Qi2.0 (15W, iPhone 13 i nowsze)<\/td>\n<\/tr>\n<tr>\n<th>Czas \u0142adowania bezprzewodowego <\/th>\n<td>44 min, aby na\u0142adowa\u0107 iPhone&#8217;a 15 do 50%<\/td>\n<\/tr>\n<tr>\n<th>Bluetooth<\/th>\n<td>tak<\/td>\n<\/tr>\n<tr>\n<th>Cyfrowy wy\u015bwietlacz<\/th>\n<td>tak<\/td>\n<\/tr>\n<tr>\n<th>Wbudowany sygnalizator d\u017awi\u0119kowy<\/th>\n<td>tak<\/td>\n<\/tr>\n<tr>\n<th>Kompatybilno\u015b\u0107 z aplikacj\u0105<\/th>\n<td>tak<\/td>\n<\/tr>\n<tr>\n<th>EMC<\/th>\n<td>klasa B<\/td>\n<\/tr>\n<tr>\n<th>Wymiary<\/th>\n<td>108 x 70 x 22.9 mm<\/td>\n<\/tr>\n<tr>\n<th>Waga <\/th>\n<td>258 g<\/td>\n<\/tr>\n<\/tbody>\n<\/table>\n<\/div>\n","protected":false},"excerpt":{"rendered":"<p>Powerbank magnetyczny EcoFlow RAPID, 10000mAh (czarny) EcoFlow RAPID to magnetyczny powerbank o pojemno\u015bci 10 000 mAh, zapewniaj\u0105cy szybkie i bezpieczne<\/p>\n","protected":false},"featured_media":48928,"comment_status":"closed","ping_status":"open","template":"","meta":{"_acf_changed":false},"product_brand":[],"product_cat":[1108,1113],"product_tag":[],"class_list":{"0":"post-59843","1":"product","2":"type-product","3":"status-publish","4":"has-post-thumbnail","6":"product_cat-energia","7":"product_cat-powerbanki","8":"pa_okres-gwarancji-5757","9":"pa_producent-ecoflow","11":"first","12":"outofstock","13":"taxable","14":"shipping-taxable","15":"purchasable","16":"product-type-simple"},"acf":[],"yoast_head":"<!-- This site is optimized with the Yoast SEO plugin v27.2 - https:\/\/yoast.com\/product\/yoast-seo-wordpress\/ -->\n<title>Powerbank ECOFLOW RAPID 10000mAh magnetyczny (czarny) - IRONSKY.PL Sklep z Dronami<\/title>\n<meta name=\"description\" content=\"Powerbank ECOFLOW RAPID 10000mAh magnetyczny (czarny) - \u2705 sklep z dronami i fachowym doradztwem. \u2705 Tutaj kupisz produkty DJI, Yuneec, Parrot, Syma i wiele innych, a tak\u017ce kursy i licencje na operatora drona.\" \/>\n<meta name=\"robots\" content=\"index, follow, max-snippet:-1, max-image-preview:large, max-video-preview:-1\" \/>\n<link rel=\"canonical\" href=\"https:\/\/ironsky.pl\/sklep\/produkt\/powerbank-ecoflow-rapid-10000mah-magnetyczny-czarny\/\" \/>\n<meta property=\"og:locale\" content=\"pl_PL\" \/>\n<meta property=\"og:type\" content=\"article\" \/>\n<meta property=\"og:title\" content=\"Powerbank ECOFLOW RAPID 10000mAh magnetyczny (czarny) - IRONSKY.PL Sklep z Dronami\" \/>\n<meta property=\"og:description\" content=\"Powerbank ECOFLOW RAPID 10000mAh magnetyczny (czarny) - \u2705 sklep z dronami i fachowym doradztwem. \u2705 Tutaj kupisz produkty DJI, Yuneec, Parrot, Syma i wiele innych, a tak\u017ce kursy i licencje na operatora drona.\" \/>\n<meta property=\"og:url\" content=\"https:\/\/ironsky.pl\/sklep\/produkt\/powerbank-ecoflow-rapid-10000mah-magnetyczny-czarny\/\" \/>\n<meta property=\"og:site_name\" content=\"IRONSKY.PL Sklep z Dronami\" \/>\n<meta property=\"article:modified_time\" content=\"2026-04-15T08:52:28+00:00\" \/>\n<meta property=\"og:image\" content=\"https:\/\/ironsky.pl\/sklep\/wp-content\/uploads\/2025\/10\/48396_1.jpg\" \/>\n\t<meta property=\"og:image:width\" content=\"800\" \/>\n\t<meta property=\"og:image:height\" content=\"800\" \/>\n\t<meta property=\"og:image:type\" content=\"image\/jpeg\" \/>\n<meta name=\"twitter:card\" content=\"summary_large_image\" \/>\n<meta name=\"twitter:label1\" content=\"Szacowany czas czytania\" \/>\n\t<meta name=\"twitter:data1\" content=\"2 minuty\" \/>\n<script type=\"application\/ld+json\" class=\"yoast-schema-graph\">{\"@context\":\"https:\/\/schema.org\",\"@graph\":[{\"@type\":\"WebPage\",\"@id\":\"https:\/\/ironsky.pl\/sklep\/produkt\/powerbank-ecoflow-rapid-10000mah-magnetyczny-czarny\/\",\"url\":\"https:\/\/ironsky.pl\/sklep\/produkt\/powerbank-ecoflow-rapid-10000mah-magnetyczny-czarny\/\",\"name\":\"Powerbank ECOFLOW RAPID 10000mAh magnetyczny (czarny) - IRONSKY.PL Sklep z Dronami\",\"isPartOf\":{\"@id\":\"https:\/\/ironsky.pl\/sklep\/#website\"},\"primaryImageOfPage\":{\"@id\":\"https:\/\/ironsky.pl\/sklep\/produkt\/powerbank-ecoflow-rapid-10000mah-magnetyczny-czarny\/#primaryimage\"},\"image\":{\"@id\":\"https:\/\/ironsky.pl\/sklep\/produkt\/powerbank-ecoflow-rapid-10000mah-magnetyczny-czarny\/#primaryimage\"},\"thumbnailUrl\":\"https:\/\/ironsky.pl\/sklep\/wp-content\/uploads\/2025\/10\/48396_1.jpg\",\"datePublished\":\"2026-04-15T08:52:20+00:00\",\"dateModified\":\"2026-04-15T08:52:28+00:00\",\"description\":\"Powerbank ECOFLOW RAPID 10000mAh magnetyczny (czarny) - \u2705 sklep z dronami i fachowym doradztwem. \u2705 Tutaj kupisz produkty DJI, Yuneec, Parrot, Syma i wiele innych, a tak\u017ce kursy i licencje na operatora drona.\",\"breadcrumb\":{\"@id\":\"https:\/\/ironsky.pl\/sklep\/produkt\/powerbank-ecoflow-rapid-10000mah-magnetyczny-czarny\/#breadcrumb\"},\"inLanguage\":\"pl-PL\",\"potentialAction\":[{\"@type\":\"ReadAction\",\"target\":[\"https:\/\/ironsky.pl\/sklep\/produkt\/powerbank-ecoflow-rapid-10000mah-magnetyczny-czarny\/\"]}]},{\"@type\":\"ImageObject\",\"inLanguage\":\"pl-PL\",\"@id\":\"https:\/\/ironsky.pl\/sklep\/produkt\/powerbank-ecoflow-rapid-10000mah-magnetyczny-czarny\/#primaryimage\",\"url\":\"https:\/\/ironsky.pl\/sklep\/wp-content\/uploads\/2025\/10\/48396_1.jpg\",\"contentUrl\":\"https:\/\/ironsky.pl\/sklep\/wp-content\/uploads\/2025\/10\/48396_1.jpg\",\"width\":800,\"height\":800},{\"@type\":\"BreadcrumbList\",\"@id\":\"https:\/\/ironsky.pl\/sklep\/produkt\/powerbank-ecoflow-rapid-10000mah-magnetyczny-czarny\/#breadcrumb\",\"itemListElement\":[{\"@type\":\"ListItem\",\"position\":1,\"name\":\"Strona g\u0142\u00f3wna\",\"item\":\"https:\/\/ironsky.pl\/sklep\/\"},{\"@type\":\"ListItem\",\"position\":2,\"name\":\"Wszystkie produkty\",\"item\":\"https:\/\/ironsky.pl\/sklep\/produkty\/\"},{\"@type\":\"ListItem\",\"position\":3,\"name\":\"Powerbank ECOFLOW RAPID 10000mAh magnetyczny (czarny)\"}]},{\"@type\":\"WebSite\",\"@id\":\"https:\/\/ironsky.pl\/sklep\/#website\",\"url\":\"https:\/\/ironsky.pl\/sklep\/\",\"name\":\"IRONSKY.PL Sklep z Dronami\",\"description\":\"IRONSKY.PL Sklep z Dronami\",\"potentialAction\":[{\"@type\":\"SearchAction\",\"target\":{\"@type\":\"EntryPoint\",\"urlTemplate\":\"https:\/\/ironsky.pl\/sklep\/?s={search_term_string}\"},\"query-input\":{\"@type\":\"PropertyValueSpecification\",\"valueRequired\":true,\"valueName\":\"search_term_string\"}}],\"inLanguage\":\"pl-PL\"}]}<\/script>\n<!-- \/ Yoast SEO plugin. -->","yoast_head_json":{"title":"Powerbank ECOFLOW RAPID 10000mAh magnetyczny (czarny) - IRONSKY.PL Sklep z Dronami","description":"Powerbank ECOFLOW RAPID 10000mAh magnetyczny (czarny) - \u2705 sklep z dronami i fachowym doradztwem. \u2705 Tutaj kupisz produkty DJI, Yuneec, Parrot, Syma i wiele innych, a tak\u017ce kursy i licencje na operatora drona.","robots":{"index":"index","follow":"follow","max-snippet":"max-snippet:-1","max-image-preview":"max-image-preview:large","max-video-preview":"max-video-preview:-1"},"canonical":"https:\/\/ironsky.pl\/sklep\/produkt\/powerbank-ecoflow-rapid-10000mah-magnetyczny-czarny\/","og_locale":"pl_PL","og_type":"article","og_title":"Powerbank ECOFLOW RAPID 10000mAh magnetyczny (czarny) - IRONSKY.PL Sklep z Dronami","og_description":"Powerbank ECOFLOW RAPID 10000mAh magnetyczny (czarny) - \u2705 sklep z dronami i fachowym doradztwem. \u2705 Tutaj kupisz produkty DJI, Yuneec, Parrot, Syma i wiele innych, a tak\u017ce kursy i licencje na operatora drona.","og_url":"https:\/\/ironsky.pl\/sklep\/produkt\/powerbank-ecoflow-rapid-10000mah-magnetyczny-czarny\/","og_site_name":"IRONSKY.PL Sklep z Dronami","article_modified_time":"2026-04-15T08:52:28+00:00","og_image":[{"width":800,"height":800,"url":"https:\/\/ironsky.pl\/sklep\/wp-content\/uploads\/2025\/10\/48396_1.jpg","type":"image\/jpeg"}],"twitter_card":"summary_large_image","twitter_misc":{"Szacowany czas czytania":"2 minuty"},"schema":{"@context":"https:\/\/schema.org","@graph":[{"@type":"WebPage","@id":"https:\/\/ironsky.pl\/sklep\/produkt\/powerbank-ecoflow-rapid-10000mah-magnetyczny-czarny\/","url":"https:\/\/ironsky.pl\/sklep\/produkt\/powerbank-ecoflow-rapid-10000mah-magnetyczny-czarny\/","name":"Powerbank ECOFLOW RAPID 10000mAh magnetyczny (czarny) - IRONSKY.PL Sklep z Dronami","isPartOf":{"@id":"https:\/\/ironsky.pl\/sklep\/#website"},"primaryImageOfPage":{"@id":"https:\/\/ironsky.pl\/sklep\/produkt\/powerbank-ecoflow-rapid-10000mah-magnetyczny-czarny\/#primaryimage"},"image":{"@id":"https:\/\/ironsky.pl\/sklep\/produkt\/powerbank-ecoflow-rapid-10000mah-magnetyczny-czarny\/#primaryimage"},"thumbnailUrl":"https:\/\/ironsky.pl\/sklep\/wp-content\/uploads\/2025\/10\/48396_1.jpg","datePublished":"2026-04-15T08:52:20+00:00","dateModified":"2026-04-15T08:52:28+00:00","description":"Powerbank ECOFLOW RAPID 10000mAh magnetyczny (czarny) - \u2705 sklep z dronami i fachowym doradztwem. \u2705 Tutaj kupisz produkty DJI, Yuneec, Parrot, Syma i wiele innych, a tak\u017ce kursy i licencje na operatora drona.","breadcrumb":{"@id":"https:\/\/ironsky.pl\/sklep\/produkt\/powerbank-ecoflow-rapid-10000mah-magnetyczny-czarny\/#breadcrumb"},"inLanguage":"pl-PL","potentialAction":[{"@type":"ReadAction","target":["https:\/\/ironsky.pl\/sklep\/produkt\/powerbank-ecoflow-rapid-10000mah-magnetyczny-czarny\/"]}]},{"@type":"ImageObject","inLanguage":"pl-PL","@id":"https:\/\/ironsky.pl\/sklep\/produkt\/powerbank-ecoflow-rapid-10000mah-magnetyczny-czarny\/#primaryimage","url":"https:\/\/ironsky.pl\/sklep\/wp-content\/uploads\/2025\/10\/48396_1.jpg","contentUrl":"https:\/\/ironsky.pl\/sklep\/wp-content\/uploads\/2025\/10\/48396_1.jpg","width":800,"height":800},{"@type":"BreadcrumbList","@id":"https:\/\/ironsky.pl\/sklep\/produkt\/powerbank-ecoflow-rapid-10000mah-magnetyczny-czarny\/#breadcrumb","itemListElement":[{"@type":"ListItem","position":1,"name":"Strona g\u0142\u00f3wna","item":"https:\/\/ironsky.pl\/sklep\/"},{"@type":"ListItem","position":2,"name":"Wszystkie produkty","item":"https:\/\/ironsky.pl\/sklep\/produkty\/"},{"@type":"ListItem","position":3,"name":"Powerbank ECOFLOW RAPID 10000mAh magnetyczny (czarny)"}]},{"@type":"WebSite","@id":"https:\/\/ironsky.pl\/sklep\/#website","url":"https:\/\/ironsky.pl\/sklep\/","name":"IRONSKY.PL Sklep z Dronami","description":"IRONSKY.PL Sklep z Dronami","potentialAction":[{"@type":"SearchAction","target":{"@type":"EntryPoint","urlTemplate":"https:\/\/ironsky.pl\/sklep\/?s={search_term_string}"},"query-input":{"@type":"PropertyValueSpecification","valueRequired":true,"valueName":"search_term_string"}}],"inLanguage":"pl-PL"}]}},"_links":{"self":[{"href":"https:\/\/ironsky.pl\/sklep\/wp-json\/wp\/v2\/product\/59843","targetHints":{"allow":["GET"]}}],"collection":[{"href":"https:\/\/ironsky.pl\/sklep\/wp-json\/wp\/v2\/product"}],"about":[{"href":"https:\/\/ironsky.pl\/sklep\/wp-json\/wp\/v2\/types\/product"}],"replies":[{"embeddable":true,"href":"https:\/\/ironsky.pl\/sklep\/wp-json\/wp\/v2\/comments?post=59843"}],"wp:featuredmedia":[{"embeddable":true,"href":"https:\/\/ironsky.pl\/sklep\/wp-json\/wp\/v2\/media\/48928"}],"wp:attachment":[{"href":"https:\/\/ironsky.pl\/sklep\/wp-json\/wp\/v2\/media?parent=59843"}],"wp:term":[{"taxonomy":"product_brand","embeddable":true,"href":"https:\/\/ironsky.pl\/sklep\/wp-json\/wp\/v2\/product_brand?post=59843"},{"taxonomy":"product_cat","embeddable":true,"href":"https:\/\/ironsky.pl\/sklep\/wp-json\/wp\/v2\/product_cat?post=59843"},{"taxonomy":"product_tag","embeddable":true,"href":"https:\/\/ironsky.pl\/sklep\/wp-json\/wp\/v2\/product_tag?post=59843"}],"curies":[{"name":"wp","href":"https:\/\/api.w.org\/{rel}","templated":true}]}}