{"id":59816,"date":"2026-04-15T10:51:52","date_gmt":"2026-04-15T08:51:52","guid":{"rendered":"https:\/\/ironsky.pl\/sklep\/produkt\/drukarka-3d-elegoo-mars-5-2\/"},"modified":"2026-04-15T10:52:07","modified_gmt":"2026-04-15T08:52:07","slug":"drukarka-3d-elegoo-mars-5-2","status":"publish","type":"product","link":"https:\/\/ironsky.pl\/sklep\/produkt\/drukarka-3d-elegoo-mars-5-2\/","title":{"rendered":"Drukarka 3D ELEGOO Mars 5"},"content":{"rendered":"<h3>Drukarka 3D ELEGOO Mars 5<\/h3>\n<p>ELEGOO Mars 5 to drukarka 3D, kt\u00f3ra \u0142\u0105czy zaawansowan\u0105 technologi\u0119 i \u0142atwo\u015b\u0107 obs\u0142ugi, dzi\u0119ki czemu doskonale sprawdzi si\u0119 zar\u00f3wno w r\u0119kach pocz\u0105tkuj\u0105cych, jak i do\u015bwiadczonych u\u017cytkownik\u00f3w. Niezale\u017cnie od tego, czy pracujesz nad prototypem, szczeg\u00f3\u0142owym modelem figurki czy skomplikowanym projektem technicznym, Mars 5 pozwoli Ci cieszy\u0107 si\u0119 niezawodno\u015bci\u0105 i jako\u015bci\u0105, kt\u00f3re przek\u0142adaj\u0105 si\u0119 na imponuj\u0105ce rezultaty.<\/p>\n<p>\n<img decoding=\"async\" src=\"https:\/\/assets.innpro.pl\/10941\/12891\/10.jpg\" border=\"0\" \/>\n<\/p>\n<h3>Automatyczne poziomowanie\u00a0<\/h3>\n<p>Po\u017cegnaj si\u0119 z czasoch\u0142onn\u0105 kalibracj\u0105 i skomplikowanymi ustawieniami. Dzi\u0119ki funkcji automatycznego poziomowania Mars 5 wystarczy jedno klikni\u0119cie, aby drukarka samodzielnie przygotowa\u0142a powierzchni\u0119 robocz\u0105 do pracy. Bez zb\u0119dnych krok\u00f3w \u2013 po prostu w\u0142\u0105cz urz\u0105dzenie i zacznij drukowa\u0107. Mars 5 to prostota, kt\u00f3ra pozwala od razu przej\u015b\u0107 do dzia\u0142ania, niezale\u017cnie od Twojego poziomu do\u015bwiadczenia.<\/p>\n<p>\n<img decoding=\"async\" src=\"https:\/\/assets.innpro.pl\/10941\/12891\/9.jpg\" border=\"0\" \/>\n<\/p>\n<h3>Inteligentne czujniki dla Twojego spokoju<\/h3>\n<p>Zastosowany w Mars 5 inteligentny czujnik mechaniczny zapewnia pe\u0142n\u0105 ochron\u0119 urz\u0105dzenia i p\u0142ynno\u015b\u0107 procesu drukowania. Czujnik ten wykrywa pozosta\u0142o\u015bci \u017cywicy, aby zapobiec uszkodzeniu ekranu LCD, a tak\u017ce na bie\u017c\u0105co monitoruje poziom materia\u0142u i stan wyr\u00f3wnania powierzchni roboczej. Alarmy w przypadku braku \u017cywicy lub b\u0142\u0119d\u00f3w wyr\u00f3wnania minimalizuj\u0105 ryzyko przerw i strat, zapewniaj\u0105c niezak\u0142\u00f3cony proces drukowania i wysok\u0105 jako\u015b\u0107 ka\u017cdego wydruku.<\/p>\n<p>\n<img decoding=\"async\" src=\"https:\/\/assets.innpro.pl\/10941\/12891\/1.jpg\" border=\"0\" \/>\n<\/p>\n<h3>Pewno\u015b\u0107 przed ka\u017cdym drukiem<\/h3>\n<p>Nie chcesz marnowa\u0107 materia\u0142u na b\u0142\u0119dnie wydrukowane modele? Mars 5 posiada funkcj\u0119 One-Click Self-Check, dzi\u0119ki kt\u00f3rej drukarka sprawdza swoje komponenty i przygotowanie przed ka\u017cdym drukiem. Wystarczy jedno klikni\u0119cie, a drukarka upewni si\u0119, \u017ce wszystko dzia\u0142a optymalnie. Dzi\u0119ki temu mo\u017cesz mie\u0107 pewno\u015b\u0107, \u017ce ka\u017cdy wydruk zako\u0144czy si\u0119 sukcesem, a Ty nie zmarnujesz czasu ani materia\u0142u na niespodziewane usterki.<\/p>\n<p>\n<img decoding=\"async\" src=\"https:\/\/assets.innpro.pl\/10941\/12891\/8.jpg\" border=\"0\" \/>\n<\/p>\n<h3>Zachwycaj\u0105ce detale<\/h3>\n<p>Drukarka Mars 5 jest wyposa\u017cona w 6,6-calowy ekran LCD o rozdzielczo\u015bci 4K, co pozwala uchwyci\u0107 najdrobniejsze szczeg\u00f3\u0142y z imponuj\u0105c\u0105 precyzj\u0105. Dzi\u0119ki rozdzielczo\u015bci XY na poziomie 35 \u03bcm oraz zaawansowanemu \u017ar\u00f3d\u0142u \u015bwiat\u0142a COB Twoje modele zyskaj\u0105 niespotykan\u0105 g\u0142\u0119bi\u0119 i tekstur\u0119, kt\u00f3re oddadz\u0105 ka\u017cdy detal Twojego projektu. Idealne rozwi\u0105zanie do tworzenia realistycznych modeli, bi\u017cuterii, detali architektonicznych i wsz\u0119dzie tam, gdzie liczy si\u0119 perfekcja.<\/p>\n<p>\n<img decoding=\"async\" src=\"https:\/\/assets.innpro.pl\/10941\/12891\/6.jpg\" border=\"0\" \/>\n<\/p>\n<h3>Zaawansowana ochrona przed przegrzaniem\u00a0<\/h3>\n<p>Mars 5 dba o Twoj\u0105 wygod\u0119 i bezpiecze\u0144stwo dzi\u0119ki zaawansowanej ochronie przed przegrzaniem. W momencie, gdy temperatura LED przekroczy 80\u2103, system automatycznie przerwie prac\u0119 i wyda ostrze\u017cenie. Dzi\u0119ki temu drukarka chroni swoje komponenty, zapewniaj\u0105c d\u0142ug\u0105 \u017cywotno\u015b\u0107 i sta\u0142\u0105 wydajno\u015b\u0107, a Ty mo\u017cesz drukowa\u0107 bez obaw o stabilno\u015b\u0107 pracy urz\u0105dzenia.<\/p>\n<p>\n<img decoding=\"async\" src=\"https:\/\/assets.innpro.pl\/10941\/12891\/7.jpg\" border=\"0\" \/>\n<\/p>\n<h3>W zestawie<\/h3>\n<ul class=\"list-disc pl-5\">\n<li>Drukarka 3D Mars 5<\/li>\n<li>P\u0142yta robocza<\/li>\n<li>Zbiornik na \u017cywic\u0119<\/li>\n<li>Dysk USB<\/li>\n<li>Maska ochronna<\/li>\n<li>R\u0119kawiczki<\/li>\n<li>Lejek<\/li>\n<li>Zapasowe \u015bruby<\/li>\n<li>Instrukcja obs\u0142ugi<\/li>\n<li>Zasilacz<\/li>\n<li>Zestaw narz\u0119dzi<\/li>\n<li>Skrobak<\/li>\n<\/ul>\n<div class=\"table-wrapper\">\n<p>\u00a0<\/p>\n<h3><\/h3>\n<table>\n<tbody>\n<tr>\n<th>Producent: <\/th>\n<td>ELEGOO<\/td>\n<\/tr>\n<tr>\n<th>Model: <\/th>\n<td>Mars 5<\/td>\n<\/tr>\n<tr>\n<th>Technologia druku: <\/th>\n<td>MSLA<\/td>\n<\/tr>\n<tr>\n<th>Obj\u0119to\u015b\u0107 robocza: <\/th>\n<td>143.43 x 89.6 x 150 mm\u00b3<\/td>\n<\/tr>\n<tr>\n<th>Pr\u0119dko\u015b\u0107 drukowania: <\/th>\n<td>Do 70 mm\/h<\/td>\n<\/tr>\n<tr>\n<th>Grubo\u015b\u0107 warstwy: <\/th>\n<td>0,01\u20130,2 mm<\/td>\n<\/tr>\n<tr>\n<th>Rozdzielczo\u015b\u0107 XY: <\/th>\n<td>35 x 35 \u03bcm (4098 x 2560 pikseli)<\/td>\n<\/tr>\n<tr>\n<th>Dok\u0142adno\u015b\u0107 osi Z: <\/th>\n<td>0,02 mm<\/td>\n<\/tr>\n<tr>\n<th>\u0179r\u00f3d\u0142o \u015bwiat\u0142a: <\/th>\n<td>COB (d\u0142ugo\u015b\u0107 fali 405 nm)<\/td>\n<\/tr>\n<tr>\n<th>Rozmiar ekranu LCD: <\/th>\n<td>6,6 cala, 4K Mono LCD<\/td>\n<\/tr>\n<tr>\n<th>Ochrona ekranu LCD: <\/th>\n<td>Folia PET odporna na zarysowania<\/td>\n<\/tr>\n<tr>\n<th>Metoda po\u0142\u0105czenia: <\/th>\n<td>Interfejs USB<\/td>\n<\/tr>\n<tr>\n<th>System: <\/th>\n<td>EL3D-3.0.1<\/td>\n<\/tr>\n<tr>\n<th>Kompatybilne oprogramowanie: <\/th>\n<td>Chitubox, Voxeldance Tango<\/td>\n<\/tr>\n<tr>\n<th>J\u0119zyki interfejsu: <\/th>\n<td>Chi\u0144ski, Angielski<\/td>\n<\/tr>\n<tr>\n<th>Funkcje dodatkowe: <\/th>\n<td>Automatyczne poziomowanie, One-Click Self-Check, ochrona przed przegrzaniem, inteligentny czujnik mechaniczny (alarm poziomu \u017cywicy, alarm detekcji pozosta\u0142o\u015bci, alarm b\u0142\u0119du poziomowania)<\/td>\n<\/tr>\n<tr>\n<th>Kompatybilne \u017cywice: <\/th>\n<td>Wi\u0119kszo\u015b\u0107 na rynku (standardowe, wodoodporne, ABS, ro\u015blinne)<\/td>\n<\/tr>\n<tr>\n<th>Wymagania zasilania: <\/th>\n<td>100-240V 50\/60Hz 24V 3A<\/td>\n<\/tr>\n<tr>\n<th>System ch\u0142odzenia: <\/th>\n<td>3 rurki cieplne + wentylator<\/td>\n<\/tr>\n<tr>\n<th>Wymiary: <\/th>\n<td>230 x 230 x 433,5 mm<\/td>\n<\/tr>\n<tr>\n<th>Waga netto: <\/th>\n<td>6,6 kg<\/td>\n<\/tr>\n<tr>\n<th>Waga brutto: <\/th>\n<td>8,6 kg<\/td>\n<\/tr>\n<\/tbody>\n<\/table>\n<\/div>\n","protected":false},"excerpt":{"rendered":"<p>Drukarka 3D ELEGOO Mars 5 ELEGOO Mars 5 to drukarka 3D, kt\u00f3ra \u0142\u0105czy zaawansowan\u0105 technologi\u0119 i \u0142atwo\u015b\u0107 obs\u0142ugi, dzi\u0119ki czemu<\/p>\n","protected":false},"featured_media":46347,"comment_status":"closed","ping_status":"open","template":"","meta":{"_acf_changed":false},"product_brand":[],"product_cat":[6222,6223,6217],"product_tag":[],"class_list":{"0":"post-59816","1":"product","2":"type-product","3":"status-publish","4":"has-post-thumbnail","6":"product_cat-druk-3d-technologie-kreatywne","7":"product_cat-drukarki-3d","8":"product_cat-technologie-kreatywne","9":"pa_okres-gwarancji-5754","10":"pa_producent-elegoo","12":"first","13":"outofstock","14":"taxable","15":"shipping-taxable","16":"purchasable","17":"product-type-simple"},"acf":[],"yoast_head":"<!-- This site is optimized with the Yoast SEO plugin v27.2 - https:\/\/yoast.com\/product\/yoast-seo-wordpress\/ -->\n<title>Drukarka 3D ELEGOO Mars 5 - IRONSKY.PL Sklep z Dronami<\/title>\n<meta name=\"description\" content=\"Drukarka 3D ELEGOO Mars 5 - \u2705 sklep z dronami i fachowym doradztwem. \u2705 Tutaj kupisz produkty DJI, Yuneec, Parrot, Syma i wiele innych, a tak\u017ce kursy i licencje na operatora drona.\" \/>\n<meta name=\"robots\" content=\"index, follow, max-snippet:-1, max-image-preview:large, max-video-preview:-1\" \/>\n<link rel=\"canonical\" href=\"https:\/\/ironsky.pl\/sklep\/produkt\/drukarka-3d-elegoo-mars-5-2\/\" \/>\n<meta property=\"og:locale\" content=\"pl_PL\" \/>\n<meta property=\"og:type\" content=\"article\" \/>\n<meta property=\"og:title\" content=\"Drukarka 3D ELEGOO Mars 5 - IRONSKY.PL Sklep z Dronami\" \/>\n<meta property=\"og:description\" content=\"Drukarka 3D ELEGOO Mars 5 - \u2705 sklep z dronami i fachowym doradztwem. \u2705 Tutaj kupisz produkty DJI, Yuneec, Parrot, Syma i wiele innych, a tak\u017ce kursy i licencje na operatora drona.\" \/>\n<meta property=\"og:url\" content=\"https:\/\/ironsky.pl\/sklep\/produkt\/drukarka-3d-elegoo-mars-5-2\/\" \/>\n<meta property=\"og:site_name\" content=\"IRONSKY.PL Sklep z Dronami\" \/>\n<meta property=\"article:modified_time\" content=\"2026-04-15T08:52:07+00:00\" \/>\n<meta property=\"og:image\" content=\"https:\/\/ironsky.pl\/sklep\/wp-content\/uploads\/2025\/06\/48317_1.jpg\" \/>\n\t<meta property=\"og:image:width\" content=\"800\" \/>\n\t<meta property=\"og:image:height\" content=\"800\" \/>\n\t<meta property=\"og:image:type\" content=\"image\/jpeg\" \/>\n<meta name=\"twitter:card\" content=\"summary_large_image\" \/>\n<meta name=\"twitter:label1\" content=\"Szacowany czas czytania\" \/>\n\t<meta name=\"twitter:data1\" content=\"3 minuty\" \/>\n<script type=\"application\/ld+json\" class=\"yoast-schema-graph\">{\"@context\":\"https:\/\/schema.org\",\"@graph\":[{\"@type\":\"WebPage\",\"@id\":\"https:\/\/ironsky.pl\/sklep\/produkt\/drukarka-3d-elegoo-mars-5-2\/\",\"url\":\"https:\/\/ironsky.pl\/sklep\/produkt\/drukarka-3d-elegoo-mars-5-2\/\",\"name\":\"Drukarka 3D ELEGOO Mars 5 - IRONSKY.PL Sklep z Dronami\",\"isPartOf\":{\"@id\":\"https:\/\/ironsky.pl\/sklep\/#website\"},\"primaryImageOfPage\":{\"@id\":\"https:\/\/ironsky.pl\/sklep\/produkt\/drukarka-3d-elegoo-mars-5-2\/#primaryimage\"},\"image\":{\"@id\":\"https:\/\/ironsky.pl\/sklep\/produkt\/drukarka-3d-elegoo-mars-5-2\/#primaryimage\"},\"thumbnailUrl\":\"https:\/\/ironsky.pl\/sklep\/wp-content\/uploads\/2025\/06\/48317_1.jpg\",\"datePublished\":\"2026-04-15T08:51:52+00:00\",\"dateModified\":\"2026-04-15T08:52:07+00:00\",\"description\":\"Drukarka 3D ELEGOO Mars 5 - \u2705 sklep z dronami i fachowym doradztwem. \u2705 Tutaj kupisz produkty DJI, Yuneec, Parrot, Syma i wiele innych, a tak\u017ce kursy i licencje na operatora drona.\",\"breadcrumb\":{\"@id\":\"https:\/\/ironsky.pl\/sklep\/produkt\/drukarka-3d-elegoo-mars-5-2\/#breadcrumb\"},\"inLanguage\":\"pl-PL\",\"potentialAction\":[{\"@type\":\"ReadAction\",\"target\":[\"https:\/\/ironsky.pl\/sklep\/produkt\/drukarka-3d-elegoo-mars-5-2\/\"]}]},{\"@type\":\"ImageObject\",\"inLanguage\":\"pl-PL\",\"@id\":\"https:\/\/ironsky.pl\/sklep\/produkt\/drukarka-3d-elegoo-mars-5-2\/#primaryimage\",\"url\":\"https:\/\/ironsky.pl\/sklep\/wp-content\/uploads\/2025\/06\/48317_1.jpg\",\"contentUrl\":\"https:\/\/ironsky.pl\/sklep\/wp-content\/uploads\/2025\/06\/48317_1.jpg\",\"width\":800,\"height\":800},{\"@type\":\"BreadcrumbList\",\"@id\":\"https:\/\/ironsky.pl\/sklep\/produkt\/drukarka-3d-elegoo-mars-5-2\/#breadcrumb\",\"itemListElement\":[{\"@type\":\"ListItem\",\"position\":1,\"name\":\"Strona g\u0142\u00f3wna\",\"item\":\"https:\/\/ironsky.pl\/sklep\/\"},{\"@type\":\"ListItem\",\"position\":2,\"name\":\"Wszystkie produkty\",\"item\":\"https:\/\/ironsky.pl\/sklep\/produkty\/\"},{\"@type\":\"ListItem\",\"position\":3,\"name\":\"Drukarka 3D ELEGOO Mars 5\"}]},{\"@type\":\"WebSite\",\"@id\":\"https:\/\/ironsky.pl\/sklep\/#website\",\"url\":\"https:\/\/ironsky.pl\/sklep\/\",\"name\":\"IRONSKY.PL Sklep z Dronami\",\"description\":\"IRONSKY.PL Sklep z Dronami\",\"potentialAction\":[{\"@type\":\"SearchAction\",\"target\":{\"@type\":\"EntryPoint\",\"urlTemplate\":\"https:\/\/ironsky.pl\/sklep\/?s={search_term_string}\"},\"query-input\":{\"@type\":\"PropertyValueSpecification\",\"valueRequired\":true,\"valueName\":\"search_term_string\"}}],\"inLanguage\":\"pl-PL\"}]}<\/script>\n<!-- \/ Yoast SEO plugin. -->","yoast_head_json":{"title":"Drukarka 3D ELEGOO Mars 5 - IRONSKY.PL Sklep z Dronami","description":"Drukarka 3D ELEGOO Mars 5 - \u2705 sklep z dronami i fachowym doradztwem. \u2705 Tutaj kupisz produkty DJI, Yuneec, Parrot, Syma i wiele innych, a tak\u017ce kursy i licencje na operatora drona.","robots":{"index":"index","follow":"follow","max-snippet":"max-snippet:-1","max-image-preview":"max-image-preview:large","max-video-preview":"max-video-preview:-1"},"canonical":"https:\/\/ironsky.pl\/sklep\/produkt\/drukarka-3d-elegoo-mars-5-2\/","og_locale":"pl_PL","og_type":"article","og_title":"Drukarka 3D ELEGOO Mars 5 - IRONSKY.PL Sklep z Dronami","og_description":"Drukarka 3D ELEGOO Mars 5 - \u2705 sklep z dronami i fachowym doradztwem. \u2705 Tutaj kupisz produkty DJI, Yuneec, Parrot, Syma i wiele innych, a tak\u017ce kursy i licencje na operatora drona.","og_url":"https:\/\/ironsky.pl\/sklep\/produkt\/drukarka-3d-elegoo-mars-5-2\/","og_site_name":"IRONSKY.PL Sklep z Dronami","article_modified_time":"2026-04-15T08:52:07+00:00","og_image":[{"width":800,"height":800,"url":"https:\/\/ironsky.pl\/sklep\/wp-content\/uploads\/2025\/06\/48317_1.jpg","type":"image\/jpeg"}],"twitter_card":"summary_large_image","twitter_misc":{"Szacowany czas czytania":"3 minuty"},"schema":{"@context":"https:\/\/schema.org","@graph":[{"@type":"WebPage","@id":"https:\/\/ironsky.pl\/sklep\/produkt\/drukarka-3d-elegoo-mars-5-2\/","url":"https:\/\/ironsky.pl\/sklep\/produkt\/drukarka-3d-elegoo-mars-5-2\/","name":"Drukarka 3D ELEGOO Mars 5 - IRONSKY.PL Sklep z Dronami","isPartOf":{"@id":"https:\/\/ironsky.pl\/sklep\/#website"},"primaryImageOfPage":{"@id":"https:\/\/ironsky.pl\/sklep\/produkt\/drukarka-3d-elegoo-mars-5-2\/#primaryimage"},"image":{"@id":"https:\/\/ironsky.pl\/sklep\/produkt\/drukarka-3d-elegoo-mars-5-2\/#primaryimage"},"thumbnailUrl":"https:\/\/ironsky.pl\/sklep\/wp-content\/uploads\/2025\/06\/48317_1.jpg","datePublished":"2026-04-15T08:51:52+00:00","dateModified":"2026-04-15T08:52:07+00:00","description":"Drukarka 3D ELEGOO Mars 5 - \u2705 sklep z dronami i fachowym doradztwem. \u2705 Tutaj kupisz produkty DJI, Yuneec, Parrot, Syma i wiele innych, a tak\u017ce kursy i licencje na operatora drona.","breadcrumb":{"@id":"https:\/\/ironsky.pl\/sklep\/produkt\/drukarka-3d-elegoo-mars-5-2\/#breadcrumb"},"inLanguage":"pl-PL","potentialAction":[{"@type":"ReadAction","target":["https:\/\/ironsky.pl\/sklep\/produkt\/drukarka-3d-elegoo-mars-5-2\/"]}]},{"@type":"ImageObject","inLanguage":"pl-PL","@id":"https:\/\/ironsky.pl\/sklep\/produkt\/drukarka-3d-elegoo-mars-5-2\/#primaryimage","url":"https:\/\/ironsky.pl\/sklep\/wp-content\/uploads\/2025\/06\/48317_1.jpg","contentUrl":"https:\/\/ironsky.pl\/sklep\/wp-content\/uploads\/2025\/06\/48317_1.jpg","width":800,"height":800},{"@type":"BreadcrumbList","@id":"https:\/\/ironsky.pl\/sklep\/produkt\/drukarka-3d-elegoo-mars-5-2\/#breadcrumb","itemListElement":[{"@type":"ListItem","position":1,"name":"Strona g\u0142\u00f3wna","item":"https:\/\/ironsky.pl\/sklep\/"},{"@type":"ListItem","position":2,"name":"Wszystkie produkty","item":"https:\/\/ironsky.pl\/sklep\/produkty\/"},{"@type":"ListItem","position":3,"name":"Drukarka 3D ELEGOO Mars 5"}]},{"@type":"WebSite","@id":"https:\/\/ironsky.pl\/sklep\/#website","url":"https:\/\/ironsky.pl\/sklep\/","name":"IRONSKY.PL Sklep z Dronami","description":"IRONSKY.PL Sklep z Dronami","potentialAction":[{"@type":"SearchAction","target":{"@type":"EntryPoint","urlTemplate":"https:\/\/ironsky.pl\/sklep\/?s={search_term_string}"},"query-input":{"@type":"PropertyValueSpecification","valueRequired":true,"valueName":"search_term_string"}}],"inLanguage":"pl-PL"}]}},"_links":{"self":[{"href":"https:\/\/ironsky.pl\/sklep\/wp-json\/wp\/v2\/product\/59816","targetHints":{"allow":["GET"]}}],"collection":[{"href":"https:\/\/ironsky.pl\/sklep\/wp-json\/wp\/v2\/product"}],"about":[{"href":"https:\/\/ironsky.pl\/sklep\/wp-json\/wp\/v2\/types\/product"}],"replies":[{"embeddable":true,"href":"https:\/\/ironsky.pl\/sklep\/wp-json\/wp\/v2\/comments?post=59816"}],"wp:featuredmedia":[{"embeddable":true,"href":"https:\/\/ironsky.pl\/sklep\/wp-json\/wp\/v2\/media\/46347"}],"wp:attachment":[{"href":"https:\/\/ironsky.pl\/sklep\/wp-json\/wp\/v2\/media?parent=59816"}],"wp:term":[{"taxonomy":"product_brand","embeddable":true,"href":"https:\/\/ironsky.pl\/sklep\/wp-json\/wp\/v2\/product_brand?post=59816"},{"taxonomy":"product_cat","embeddable":true,"href":"https:\/\/ironsky.pl\/sklep\/wp-json\/wp\/v2\/product_cat?post=59816"},{"taxonomy":"product_tag","embeddable":true,"href":"https:\/\/ironsky.pl\/sklep\/wp-json\/wp\/v2\/product_tag?post=59816"}],"curies":[{"name":"wp","href":"https:\/\/api.w.org\/{rel}","templated":true}]}}